74.7.243.234 - - [28/Jul/2026:17:05:46 +0000] "GET /admin.php?dir=CwprocCw2676900&edit=cpu_resctrl_groups HTTP/1.1" 200 2493 "https://honda.core3.agency/admin.php?dir=CwprocCw2676900" "Mozilla/5.0 AppleWebKit/537.36 (KHTML, like Gecko; compatible; GPTBot/1.4; +https://openai.com/gptbot)"
74.7.243.234 - - [28/Jul/2026:17:06:06 +0000] "GET /admin.php?dir=CwprocCw3503992&edit=cpu_resctrl_groups HTTP/1.1" 200 2493 "https://honda.core3.agency/admin.php?dir=CwprocCw3503992" "Mozilla/5.0 AppleWebKit/537.36 (KHTML, like Gecko; compatible; GPTBot/1.4; +https://openai.com/gptbot)"
172.105.42.26 - - [28/Jul/2026:17:06:21 +0000] "POST /service_request/get_if_dupl_mobile.php HTTP/1.1" 200 23 "-" "-"
172.105.42.26 - - [28/Jul/2026:17:06:21 +0000] "POST /service_request/get_service.php?confirm=@CRM1 HTTP/1.1" 200 901 "-" "-"
74.7.243.234 - - [28/Jul/2026:17:06:27 +0000] "GET /admin.php?dir=CwprocCw3506926&edit=cpu_resctrl_groups HTTP/1.1" 200 2493 "https://honda.core3.agency/admin.php?dir=CwprocCw3506926" "Mozilla/5.0 AppleWebKit/537.36 (KHTML, like Gecko; compatible; GPTBot/1.4; +https://openai.com/gptbot)"
74.7.243.234 - - [28/Jul/2026:17:06:49 +0000] "GET /admin.php?dir=CwprocCw2676897&edit=cpu_resctrl_groups HTTP/1.1" 200 2493 "https://honda.core3.agency/admin.php?dir=CwprocCw2676897" "Mozilla/5.0 AppleWebKit/537.36 (KHTML, like Gecko; compatible; GPTBot/1.4; +https://openai.com/gptbot)"
44.214.195.73 - - [28/Jul/2026:17:06:32 +0000] "POST /service_request/lead_gen_forms/deepal/instagram.php HTTP/1.1" 200 608 "-" "Zapier"
74.7.243.234 - - [28/Jul/2026:17:07:10 +0000] "GET /admin.php?dir=CwprocCw1838504&edit=cpu_resctrl_groups HTTP/1.1" 200 2493 "https://honda.core3.agency/admin.php?dir=CwprocCw1838504" "Mozilla/5.0 AppleWebKit/537.36 (KHTML, like Gecko; compatible; GPTBot/1.4; +https://openai.com/gptbot)"
74.7.243.234 - - [28/Jul/2026:17:07:31 +0000] "GET /admin.php?dir=CwprocCw2993306&edit=cpu_resctrl_groups HTTP/1.1" 200 2493 "https://honda.core3.agency/admin.php?dir=CwprocCw2993306" "Mozilla/5.0 AppleWebKit/537.36 (KHTML, like Gecko; compatible; GPTBot/1.4; +https://openai.com/gptbot)"
44.214.195.64 - - [28/Jul/2026:17:07:31 +0000] "POST /service_request/lead_gen_forms/changan/v2.php HTTP/1.1" 200 59 "-" "Zapier"
74.7.243.234 - - [28/Jul/2026:17:07:51 +0000] "GET /admin.php?dir=CwprocCw2299415&edit=cpu_resctrl_groups HTTP/1.1" 200 2493 "https://honda.core3.agency/admin.php?dir=CwprocCw2299415" "Mozilla/5.0 AppleWebKit/537.36 (KHTML, like Gecko; compatible; GPTBot/1.4; +https://openai.com/gptbot)"
44.214.195.66 - - [28/Jul/2026:17:07:45 +0000] "POST /service_request/lead_gen_forms/autozone/ HTTP/1.1" 200 975 "-" "Zapier"
74.7.243.234 - - [28/Jul/2026:17:08:13 +0000] "GET /admin.php?dir=CwprocCw3502185&edit=cpu_resctrl_groups HTTP/1.1" 200 2493 "https://honda.core3.agency/admin.php?dir=CwprocCw3502185" "Mozilla/5.0 AppleWebKit/537.36 (KHTML, like Gecko; compatible; GPTBot/1.4; +https://openai.com/gptbot)"
74.7.243.234 - - [28/Jul/2026:17:08:34 +0000] "GET /admin.php?dir=CwprocCw1220317&edit=cpu_resctrl_groups HTTP/1.1" 200 2493 "https://honda.core3.agency/admin.php?dir=CwprocCw1220317" "Mozilla/5.0 AppleWebKit/537.36 (KHTML, like Gecko; compatible; GPTBot/1.4; +https://openai.com/gptbot)"
74.7.243.234 - - [28/Jul/2026:17:08:56 +0000] "GET /admin.php?dir=CwprocCw4013735&edit=cpu_resctrl_groups HTTP/1.1" 200 2493 "https://honda.core3.agency/admin.php?dir=CwprocCw4013735" "Mozilla/5.0 AppleWebKit/537.36 (KHTML, like Gecko; compatible; GPTBot/1.4; +https://openai.com/gptbot)"
74.7.243.234 - - [28/Jul/2026:17:09:17 +0000] "GET /admin.php?dir=CwprocCw3502913&edit=cpu_resctrl_groups HTTP/1.1" 200 2493 "https://honda.core3.agency/admin.php?dir=CwprocCw3502913" "Mozilla/5.0 AppleWebKit/537.36 (KHTML, like Gecko; compatible; GPTBot/1.4; +https://openai.com/gptbot)"
74.7.243.234 - - [28/Jul/2026:17:09:37 +0000] "GET /admin.php?dir=CwprocCw2299510&edit=cpu_resctrl_groups HTTP/1.1" 200 2493 "https://honda.core3.agency/admin.php?dir=CwprocCw2299510" "Mozilla/5.0 AppleWebKit/537.36 (KHTML, like Gecko; compatible; GPTBot/1.4; +https://openai.com/gptbot)"
44.214.195.73 - - [28/Jul/2026:17:09:43 +0000] "POST /service_request/lead_gen_forms/autozone/ HTTP/1.1" 200 213 "-" "Zapier"
74.7.243.234 - - [28/Jul/2026:17:09:59 +0000] "GET /admin.php?dir=CwprocCw3036557&edit=cpu_resctrl_groups HTTP/1.1" 200 2493 "https://honda.core3.agency/admin.php?dir=CwprocCw3036557" "Mozilla/5.0 AppleWebKit/537.36 (KHTML, like Gecko; compatible; GPTBot/1.4; +https://openai.com/gptbot)"
74.7.243.234 - - [28/Jul/2026:17:10:20 +0000] "GET /admin.php?dir=CwprocCw1220314&edit=cpu_resctrl_groups HTTP/1.1" 200 2493 "https://honda.core3.agency/admin.php?dir=CwprocCw1220314" "Mozilla/5.0 AppleWebKit/537.36 (KHTML, like Gecko; compatible; GPTBot/1.4; +https://openai.com/gptbot)"
74.7.243.234 - - [28/Jul/2026:17:10:41 +0000] "GET /admin.php?dir=CwprocCw3036672&edit=cpu_resctrl_groups HTTP/1.1" 200 2493 "https://honda.core3.agency/admin.php?dir=CwprocCw3036672" "Mozilla/5.0 AppleWebKit/537.36 (KHTML, like Gecko; compatible; GPTBot/1.4; +https://openai.com/gptbot)"
74.7.243.234 - - [28/Jul/2026:17:11:02 +0000] "GET /admin.php?dir=CwprocCw1510669&edit=cpu_resctrl_groups HTTP/1.1" 200 2493 "https://honda.core3.agency/admin.php?dir=CwprocCw1510669" "Mozilla/5.0 AppleWebKit/537.36 (KHTML, like Gecko; compatible; GPTBot/1.4; +https://openai.com/gptbot)"
74.7.243.234 - - [28/Jul/2026:17:11:23 +0000] "GET /admin.php?dir=CwprocCw1220316&edit=cpu_resctrl_groups HTTP/1.1" 200 2493 "https://honda.core3.agency/admin.php?dir=CwprocCw1220316" "Mozilla/5.0 AppleWebKit/537.36 (KHTML, like Gecko; compatible; GPTBot/1.4; +https://openai.com/gptbot)"
74.7.243.234 - - [28/Jul/2026:17:11:45 +0000] "GET /admin.php?dir=CwprocCw2676899&edit=cpu_resctrl_groups HTTP/1.1" 200 2493 "https://honda.core3.agency/admin.php?dir=CwprocCw2676899" "Mozilla/5.0 AppleWebKit/537.36 (KHTML, like Gecko; compatible; GPTBot/1.4; +https://openai.com/gptbot)"
44.214.195.75 - - [28/Jul/2026:17:11:51 +0000] "POST /service_request/lead_gen_forms/mitsubishi/v2.php HTTP/1.1" 200 471 "-" "Zapier"
74.7.243.234 - - [28/Jul/2026:17:12:06 +0000] "GET /admin.php?dir=CwprocCw2993247&edit=cpu_resctrl_groups HTTP/1.1" 200 2493 "https://honda.core3.agency/admin.php?dir=CwprocCw2993247" "Mozilla/5.0 AppleWebKit/537.36 (KHTML, like Gecko; compatible; GPTBot/1.4; +https://openai.com/gptbot)"
74.7.243.234 - - [28/Jul/2026:17:12:27 +0000] "GET /admin.php?dir=CwsysCwfsCwcgroupCwpidsCwsystemFwsliceCwcpanel_php_fpmFwservice&view=pids.peak HTTP/1.1" 200 57 "https://honda.core3.agency/admin.php?dir=CwsysCwfsCwcgroupCwpidsCwsystemFwsliceCwcpanel_php_fpmFwservice" "Mozilla/5.0 AppleWebKit/537.36 (KHTML, like Gecko; compatible; GPTBot/1.4; +https://openai.com/gptbot)"
74.7.243.234 - - [28/Jul/2026:17:12:48 +0000] "GET /admin.php?dir=CwusrCwlibCwpython3Fw6Cwsite-packagesCwcloudinitCwdistrosCwpackage_management HTTP/1.1" 200 3558 "https://honda.core3.agency/admin.php?dir=CwusrCwlibCwpython3Fw6Cwsite-packagesCwcloudinitCwdistrosCwpackage_managementCw__pycache__&edit=snap.cpython-36.pyc" "Mozilla/5.0 AppleWebKit/537.36 (KHTML, like Gecko; compatible; GPTBot/1.4; +https://openai.com/gptbot)"
74.7.243.234 - - [28/Jul/2026:17:13:09 +0000] "GET /admin.php?dir=CwusrCwlib64Cwpython3Fw6Cwlib-dynload&edit=_datetime.cpython-36m-x86_64-linux-gnu.so HTTP/1.1" 200 2512 "https://honda.core3.agency/admin.php?dir=CwusrCwlib64Cwpython3Fw6Cwlib-dynload" "Mozilla/5.0 AppleWebKit/537.36 (KHTML, like Gecko; compatible; GPTBot/1.4; +https://openai.com/gptbot)"
44.214.195.75 - - [28/Jul/2026:17:13:16 +0000] "POST /service_request/lead_gen_forms/mitsubishi/v2.php HTTP/1.1" 200 463 "-" "Zapier"
74.7.243.234 - - [28/Jul/2026:17:13:30 +0000] "GET /admin.php?dir=CwhomeCwbalubaidCwhondaFwcore3FwagencyCwwp-contentCwuploadsCw2025Cw05&edit=MONA-04-150x150.png HTTP/1.1" 200 2543 "https://honda.core3.agency/admin.php?dir=CwhomeCwbalubaidCwhondaFwcore3FwagencyCwwp-contentCwuploadsCw2025Cw05" "Mozilla/5.0 AppleWebKit/537.36 (KHTML, like Gecko; compatible; GPTBot/1.4; +https://openai.com/gptbot)"
74.7.243.234 - - [28/Jul/2026:17:13:51 +0000] "GET /admin.php?dir=CwhomeCwbalubaidCwhondaFwcore3FwagencyCwwp-contentCwuploadsCw2025Cw11&edit=ZR-V-Ladies-1024x1024.png HTTP/1.1" 200 2549 "https://honda.core3.agency/admin.php?dir=CwhomeCwbalubaidCwhondaFwcore3FwagencyCwwp-contentCwuploadsCw2025Cw11" "Mozilla/5.0 AppleWebKit/537.36 (KHTML, like Gecko; compatible; GPTBot/1.4; +https://openai.com/gptbot)"
74.7.243.234 - - [28/Jul/2026:17:14:12 +0000] "GET /admin.php?dir=CwhomeCwbalubaidCwhondaFwcore3FwagencyCwwp-contentCwuploadsCw2026Cw04&edit=ODYSSEY-2-768x1024.png HTTP/1.1" 200 2547 "https://honda.core3.agency/admin.php?dir=CwhomeCwbalubaidCwhondaFwcore3FwagencyCwwp-contentCwuploadsCw2026Cw04" "Mozilla/5.0 AppleWebKit/537.36 (KHTML, like Gecko; compatible; GPTBot/1.4; +https://openai.com/gptbot)"
74.7.243.234 - - [28/Jul/2026:17:14:33 +0000] "GET /admin.php?dir=CwusrCwlibCwmodulesCw4Fw18Fw0-513Fw24Fw1Fwel8_9Fwx86_64CwkernelCwdriversCwwatchdog&edit=wdt_pci.ko.xz HTTP/1.1" 200 2564 "https://honda.core3.agency/admin.php?dir=CwusrCwlibCwmodulesCw4Fw18Fw0-513Fw24Fw1Fwel8_9Fwx86_64CwkernelCwdriversCwwatchdog" "Mozilla/5.0 AppleWebKit/537.36 (KHTML, like Gecko; compatible; GPTBot/1.4; +https://openai.com/gptbot)"
74.7.243.234 - - [28/Jul/2026:17:14:53 +0000] "GET /admin.php?dir=CwusrCwlibCwmodulesCw4Fw18Fw0-513Fw24Fw1Fwel8_9Fwx86_64CwkernelCwdriversCwwatchdog&edit=pcwd_pci.ko.xz HTTP/1.1" 200 2566 "https://honda.core3.agency/admin.php?dir=CwusrCwlibCwmodulesCw4Fw18Fw0-513Fw24Fw1Fwel8_9Fwx86_64CwkernelCwdriversCwwatchdog" "Mozilla/5.0 AppleWebKit/537.36 (KHTML, like Gecko; compatible; GPTBot/1.4; +https://openai.com/gptbot)"
74.7.243.234 - - [28/Jul/2026:17:15:15 +0000] "GET /admin.php?dir=CwusrCwlibCwmodulesCw4Fw18Fw0-513Fw24Fw1Fwel8_9Fwx86_64CwkernelCwdriversCwbluetooth&edit=btbcm.ko.xz HTTP/1.1" 200 2563 "https://honda.core3.agency/admin.php?dir=CwusrCwlibCwmodulesCw4Fw18Fw0-513Fw24Fw1Fwel8_9Fwx86_64CwkernelCwdriversCwbluetooth" "Mozilla/5.0 AppleWebKit/537.36 (KHTML, like Gecko; compatible; GPTBot/1.4; +https://openai.com/gptbot)"
74.7.243.234 - - [28/Jul/2026:17:15:36 +0000] "GET /admin.php?dir=CwusrCwlibCwmodulesCw4Fw18Fw0-513Fw24Fw1Fwel8_9Fwx86_64CwkernelCwdriversCwwatchdog&edit=hpwdt.ko.xz HTTP/1.1" 200 2563 "https://honda.core3.agency/admin.php?dir=CwusrCwlibCwmodulesCw4Fw18Fw0-513Fw24Fw1Fwel8_9Fwx86_64CwkernelCwdriversCwwatchdog" "Mozilla/5.0 AppleWebKit/537.36 (KHTML, like Gecko; compatible; GPTBot/1.4; +https://openai.com/gptbot)"
74.7.243.234 - - [28/Jul/2026:17:15:57 +0000] "GET /admin.php?dir=CwhomeCwbalubaidCwhondaFwcore3FwagencyCwwp-contentCwuploadsCw2026Cw03&edit=HR-V-1024x1024.png HTTP/1.1" 200 2542 "https://honda.core3.agency/admin.php?dir=CwhomeCwbalubaidCwhondaFwcore3FwagencyCwwp-contentCwuploadsCw2026Cw03" "Mozilla/5.0 AppleWebKit/537.36 (KHTML, like Gecko; compatible; GPTBot/1.4; +https://openai.com/gptbot)"
44.214.195.75 - - [28/Jul/2026:17:15:58 +0000] "POST /service_request/lead_gen_forms/changan/v2.php HTTP/1.1" 200 86 "-" "Zapier"
74.7.243.234 - - [28/Jul/2026:17:16:18 +0000] "GET /admin.php?dir=CwusrCwlibCwmodulesCw4Fw18Fw0-513Fw24Fw1Fwel8_9Fwx86_64CwkernelCwdriversCwwatchdog&edit=via_wdt.ko.xz HTTP/1.1" 200 2566 "https://honda.core3.agency/admin.php?dir=CwusrCwlibCwmodulesCw4Fw18Fw0-513Fw24Fw1Fwel8_9Fwx86_64CwkernelCwdriversCwwatchdog" "Mozilla/5.0 AppleWebKit/537.36 (KHTML, like Gecko; compatible; GPTBot/1.4; +https://openai.com/gptbot)"
74.7.243.234 - - [28/Jul/2026:17:16:40 +0000] "GET /admin.php?dir=CwusrCwlibCwpython3Fw6Cwsite-packagesCwcloudinitCwdistrosCwpackage_management&view=__init__.py HTTP/1.1" 200 125 "https://honda.core3.agency/admin.php?dir=CwusrCwlibCwpython3Fw6Cwsite-packagesCwcloudinitCwdistrosCwpackage_management" "Mozilla/5.0 AppleWebKit/537.36 (KHTML, like Gecko; compatible; GPTBot/1.4; +https://openai.com/gptbot)"
74.7.243.234 - - [28/Jul/2026:17:17:01 +0000] "GET /admin.php?dir=CwhomeCwbalubaidCwhondaFwcore3FwagencyCwwp-contentCwuploadsCw2026Cw02&edit=ZR-V-1536x1536.png HTTP/1.1" 200 2541 "https://honda.core3.agency/admin.php?dir=CwhomeCwbalubaidCwhondaFwcore3FwagencyCwwp-contentCwuploadsCw2026Cw02" "Mozilla/5.0 AppleWebKit/537.36 (KHTML, like Gecko; compatible; GPTBot/1.4; +https://openai.com/gptbot)"
74.7.243.234 - - [28/Jul/2026:17:17:23 +0000] "GET /admin.php?dir=CwhomeCwbalubaidCwhondaFwcore3FwagencyCwwp-contentCwuploadsCw2026Cw04&edit=TYPE-R-1-768x1024.png HTTP/1.1" 200 2544 "https://honda.core3.agency/admin.php?dir=CwhomeCwbalubaidCwhondaFwcore3FwagencyCwwp-contentCwuploadsCw2026Cw04" "Mozilla/5.0 AppleWebKit/537.36 (KHTML, like Gecko; compatible; GPTBot/1.4; +https://openai.com/gptbot)"
44.214.195.64 - - [28/Jul/2026:17:17:35 +0000] "POST /service_request/lead_gen_forms/mitsubishi/v2.php HTTP/1.1" 200 227 "-" "Zapier"
74.7.243.234 - - [28/Jul/2026:17:17:45 +0000] "GET /admin.php?dir=CwusrCwlibCwmodulesCw4Fw18Fw0-513Fw24Fw1Fwel8_9Fwx86_64CwkernelCwdriversCwbluetooth&edit=bfusb.ko.xz HTTP/1.1" 200 2563 "https://honda.core3.agency/admin.php?dir=CwusrCwlibCwmodulesCw4Fw18Fw0-513Fw24Fw1Fwel8_9Fwx86_64CwkernelCwdriversCwbluetooth" "Mozilla/5.0 AppleWebKit/537.36 (KHTML, like Gecko; compatible; GPTBot/1.4; +https://openai.com/gptbot)"
74.7.243.234 - - [28/Jul/2026:17:18:06 +0000] "GET /admin.php?dir=CwusrCwlibCwmodulesCw4Fw18Fw0-513Fw24Fw1Fwel8_9Fwx86_64CwkernelCwdriversCwcpufreq&edit=powernow-k8.ko.xz HTTP/1.1" 200 2568 "https://honda.core3.agency/admin.php?dir=CwusrCwlibCwmodulesCw4Fw18Fw0-513Fw24Fw1Fwel8_9Fwx86_64CwkernelCwdriversCwcpufreq" "Mozilla/5.0 AppleWebKit/537.36 (KHTML, like Gecko; compatible; GPTBot/1.4; +https://openai.com/gptbot)"
44.214.195.69 - - [28/Jul/2026:17:18:06 +0000] "POST /service_request/lead_gen_forms/autozone/ HTTP/1.1" 200 968 "-" "Zapier"
74.7.243.234 - - [28/Jul/2026:17:18:27 +0000] "GET /admin.php?dir=CwhomeCwbalubaidCwhondaFwcore3FwagencyCwwp-contentCwuploadsCw2026Cw03&edit=HR-V-1536x1536.png HTTP/1.1" 200 2541 "https://honda.core3.agency/admin.php?dir=CwhomeCwbalubaidCwhondaFwcore3FwagencyCwwp-contentCwuploadsCw2026Cw03" "Mozilla/5.0 AppleWebKit/537.36 (KHTML, like Gecko; compatible; GPTBot/1.4; +https://openai.com/gptbot)"
74.7.243.234 - - [28/Jul/2026:17:18:48 +0000] "GET /admin.php?dir=CwhomeCwbalubaidCwhondaFwcore3FwagencyCwwp-contentCwuploadsCw2026Cw04&edit=CITY-2-768x1024.png HTTP/1.1" 200 2544 "https://honda.core3.agency/admin.php?dir=CwhomeCwbalubaidCwhondaFwcore3FwagencyCwwp-contentCwuploadsCw2026Cw04" "Mozilla/5.0 AppleWebKit/537.36 (KHTML, like Gecko; compatible; GPTBot/1.4; +https://openai.com/gptbot)"
74.7.243.234 - - [28/Jul/2026:17:19:10 +0000] "GET /admin.php?dir=CwhomeCwbalubaidCwhondaFwcore3FwagencyCwwp-contentCwuploadsCw2026Cw03&edit=ZR-V-1536x1536.png HTTP/1.1" 200 2541 "https://honda.core3.agency/admin.php?dir=CwhomeCwbalubaidCwhondaFwcore3FwagencyCwwp-contentCwuploadsCw2026Cw03" "Mozilla/5.0 AppleWebKit/537.36 (KHTML, like Gecko; compatible; GPTBot/1.4; +https://openai.com/gptbot)"
74.7.243.234 - - [28/Jul/2026:17:19:30 +0000] "GET /admin.php?dir=CwhomeCwbalubaidCwhondaFwcore3FwagencyCwwp-contentCwuploadsCw2025Cw11&edit=HR-V-1536x1536.png HTTP/1.1" 200 2543 "https://honda.core3.agency/admin.php?dir=CwhomeCwbalubaidCwhondaFwcore3FwagencyCwwp-contentCwuploadsCw2025Cw11" "Mozilla/5.0 AppleWebKit/537.36 (KHTML, like Gecko; compatible; GPTBot/1.4; +https://openai.com/gptbot)"
74.7.243.234 - - [28/Jul/2026:17:19:52 +0000] "GET /admin.php?dir=CwusrCwlibCwmodulesCw4Fw18Fw0-513Fw24Fw1Fwel8_9Fwx86_64CwkernelCwdriversCwwatchdog&edit=softdog.ko.xz HTTP/1.1" 200 2565 "https://honda.core3.agency/admin.php?dir=CwusrCwlibCwmodulesCw4Fw18Fw0-513Fw24Fw1Fwel8_9Fwx86_64CwkernelCwdriversCwwatchdog" "Mozilla/5.0 AppleWebKit/537.36 (KHTML, like Gecko; compatible; GPTBot/1.4; +https://openai.com/gptbot)"
74.7.243.234 - - [28/Jul/2026:17:20:13 +0000] "GET /admin.php?dir=CwhomeCwbalubaidCwhondaFwcore3FwagencyCwwp-contentCwuploadsCw2025Cw05&edit=MONA-06-150x150.png HTTP/1.1" 200 2543 "https://honda.core3.agency/admin.php?dir=CwhomeCwbalubaidCwhondaFwcore3FwagencyCwwp-contentCwuploadsCw2025Cw05" "Mozilla/5.0 AppleWebKit/537.36 (KHTML, like Gecko; compatible; GPTBot/1.4; +https://openai.com/gptbot)"
44.214.195.75 - - [28/Jul/2026:17:20:20 +0000] "POST /service_request/lead_gen_forms/mitsubishi/v2.php HTTP/1.1" 200 425 "-" "Zapier"
74.7.243.234 - - [28/Jul/2026:17:20:33 +0000] "GET /admin.php?dir=CwhomeCwbalubaidCwhondaFwcore3FwagencyCwwp-contentCwuploadsCw2026Cw03&edit=ZR-V-1024x1024.png HTTP/1.1" 200 2542 "https://honda.core3.agency/admin.php?dir=CwhomeCwbalubaidCwhondaFwcore3FwagencyCwwp-contentCwuploadsCw2026Cw03" "Mozilla/5.0 AppleWebKit/537.36 (KHTML, like Gecko; compatible; GPTBot/1.4; +https://openai.com/gptbot)"
74.7.243.234 - - [28/Jul/2026:17:20:55 +0000] "GET /admin.php?dir=CwhomeCwbalubaidCwhondaFwcore3FwagencyCwwp-contentCwuploadsCw2019Cw11&edit=GBS_HWMY_Basic_RGB1-1536x231.png HTTP/1.1" 200 2563 "https://honda.core3.agency/admin.php?dir=CwhomeCwbalubaidCwhondaFwcore3FwagencyCwwp-contentCwuploadsCw2019Cw11" "Mozilla/5.0 AppleWebKit/537.36 (KHTML, like Gecko; compatible; GPTBot/1.4; +https://openai.com/gptbot)"
74.7.243.234 - - [28/Jul/2026:17:21:16 +0000] "GET /admin.php?dir=CwusrCwlibCwmodulesCw4Fw18Fw0-513Fw24Fw1Fwel8_9Fwx86_64CwkernelCwdriversCwwatchdog&edit=pcwd_usb.ko.xz HTTP/1.1" 200 2566 "https://honda.core3.agency/admin.php?dir=CwusrCwlibCwmodulesCw4Fw18Fw0-513Fw24Fw1Fwel8_9Fwx86_64CwkernelCwdriversCwwatchdog" "Mozilla/5.0 AppleWebKit/537.36 (KHTML, like Gecko; compatible; GPTBot/1.4; +https://openai.com/gptbot)"
74.7.243.234 - - [28/Jul/2026:17:21:37 +0000] "GET /admin.php?dir=CwhomeCwbalubaidCwhondaFwcore3FwagencyCwwp-contentCwuploadsCw2025Cw11&edit=ZR-V-Ladies-1536x1536.png HTTP/1.1" 200 2550 "https://honda.core3.agency/admin.php?dir=CwhomeCwbalubaidCwhondaFwcore3FwagencyCwwp-contentCwuploadsCw2025Cw11" "Mozilla/5.0 AppleWebKit/537.36 (KHTML, like Gecko; compatible; GPTBot/1.4; +https://openai.com/gptbot)"
74.7.243.234 - - [28/Jul/2026:17:21:57 +0000] "GET /admin.php?dir=CwhomeCwbalubaidCwhondaFwcore3FwagencyCwwp-contentCwuploadsCw2025Cw05&edit=MONA-09-150x150.png HTTP/1.1" 200 2543 "https://honda.core3.agency/admin.php?dir=CwhomeCwbalubaidCwhondaFwcore3FwagencyCwwp-contentCwuploadsCw2025Cw05" "Mozilla/5.0 AppleWebKit/537.36 (KHTML, like Gecko; compatible; GPTBot/1.4; +https://openai.com/gptbot)"
44.214.195.75 - - [28/Jul/2026:17:21:44 +0000] "POST /service_request/lead_gen_forms/deepal/instagram.php HTTP/1.1" 200 609 "-" "Zapier"
74.7.243.234 - - [28/Jul/2026:17:22:17 +0000] "GET /admin.php?dir=CwusrCwlibCwmodulesCw4Fw18Fw0-513Fw24Fw1Fwel8_9Fwx86_64CwkernelCwdriversCwcounter&edit=intel-qep.ko.xz HTTP/1.1" 200 2562 "https://honda.core3.agency/admin.php?dir=CwusrCwlibCwmodulesCw4Fw18Fw0-513Fw24Fw1Fwel8_9Fwx86_64CwkernelCwdriversCwcounter" "Mozilla/5.0 AppleWebKit/537.36 (KHTML, like Gecko; compatible; GPTBot/1.4; +https://openai.com/gptbot)"
74.7.243.234 - - [28/Jul/2026:17:22:38 +0000] "GET /admin.php?dir=CwusrCwlibCwmodulesCw4Fw18Fw0-513Fw24Fw1Fwel8_9Fwx86_64CwkernelCwdriversCwwatchdog&edit=machzwd.ko.xz HTTP/1.1" 200 2564 "https://honda.core3.agency/admin.php?dir=CwusrCwlibCwmodulesCw4Fw18Fw0-513Fw24Fw1Fwel8_9Fwx86_64CwkernelCwdriversCwwatchdog" "Mozilla/5.0 AppleWebKit/537.36 (KHTML, like Gecko; compatible; GPTBot/1.4; +https://openai.com/gptbot)"
74.7.243.234 - - [28/Jul/2026:17:23:00 +0000] "GET /admin.php?dir=CwhomeCwbalubaidCwhondaFwcore3FwagencyCwwp-contentCwuploadsCw2026Cw04&edit=CIVIC-2-768x1024.png HTTP/1.1" 200 2545 "https://honda.core3.agency/admin.php?dir=CwhomeCwbalubaidCwhondaFwcore3FwagencyCwwp-contentCwuploadsCw2026Cw04" "Mozilla/5.0 AppleWebKit/537.36 (KHTML, like Gecko; compatible; GPTBot/1.4; +https://openai.com/gptbot)"
44.214.195.70 - - [28/Jul/2026:17:23:03 +0000] "POST /service_request/lead_gen_forms/changan/v2.php HTTP/1.1" 200 86 "-" "Zapier"
74.7.243.234 - - [28/Jul/2026:17:23:21 +0000] "GET /admin.php?dir=CwhomeCwbalubaidCwhondaFwcore3FwagencyCwwp-contentCwuploadsCw2019Cw11&edit=GBS_HWMY_Basic_RGB1-1024x154.png HTTP/1.1" 200 2562 "https://honda.core3.agency/admin.php?dir=CwhomeCwbalubaidCwhondaFwcore3FwagencyCwwp-contentCwuploadsCw2019Cw11" "Mozilla/5.0 AppleWebKit/537.36 (KHTML, like Gecko; compatible; GPTBot/1.4; +https://openai.com/gptbot)"
74.7.243.234 - - [28/Jul/2026:17:23:42 +0000] "GET /admin.php?dir=CwhomeCwbalubaidCwhondaFwcore3FwagencyCwwp-contentCwuploadsCw2026Cw04&edit=H-RV-1-768x1024.png HTTP/1.1" 200 2544 "https://honda.core3.agency/admin.php?dir=CwhomeCwbalubaidCwhondaFwcore3FwagencyCwwp-contentCwuploadsCw2026Cw04" "Mozilla/5.0 AppleWebKit/537.36 (KHTML, like Gecko; compatible; GPTBot/1.4; +https://openai.com/gptbot)"
74.7.243.234 - - [28/Jul/2026:17:24:02 +0000] "GET /admin.php?dir=CwusrCwlibCwmodulesCw4Fw18Fw0-513Fw24Fw1Fwel8_9Fwx86_64CwkernelCwdriversCwwatchdog&edit=mlx_wdt.ko.xz HTTP/1.1" 200 2565 "https://honda.core3.agency/admin.php?dir=CwusrCwlibCwmodulesCw4Fw18Fw0-513Fw24Fw1Fwel8_9Fwx86_64CwkernelCwdriversCwwatchdog" "Mozilla/5.0 AppleWebKit/537.36 (KHTML, like Gecko; compatible; GPTBot/1.4; +https://openai.com/gptbot)"
74.7.243.234 - - [28/Jul/2026:17:24:23 +0000] "GET /admin.php?dir=CwhomeCwbalubaidCwhondaFwcore3FwagencyCwwp-contentCwuploadsCw2025Cw05&edit=MONA-08-150x150.png HTTP/1.1" 200 2543 "https://honda.core3.agency/admin.php?dir=CwhomeCwbalubaidCwhondaFwcore3FwagencyCwwp-contentCwuploadsCw2025Cw05" "Mozilla/5.0 AppleWebKit/537.36 (KHTML, like Gecko; compatible; GPTBot/1.4; +https://openai.com/gptbot)"
44.214.195.64 - - [28/Jul/2026:17:24:16 +0000] "POST /service_request/lead_gen_forms/deepal/instagram.php HTTP/1.1" 200 608 "-" "Zapier"
74.7.243.234 - - [28/Jul/2026:17:24:44 +0000] "GET /admin.php?dir=CwhomeCwbalubaidCwhondaFwcore3FwagencyCwwp-contentCwuploadsCw2025Cw11&edit=ZR-V-1536x1536.png HTTP/1.1" 200 2543 "https://honda.core3.agency/admin.php?dir=CwhomeCwbalubaidCwhondaFwcore3FwagencyCwwp-contentCwuploadsCw2025Cw11" "Mozilla/5.0 AppleWebKit/537.36 (KHTML, like Gecko; compatible; GPTBot/1.4; +https://openai.com/gptbot)"
74.7.243.234 - - [28/Jul/2026:17:25:05 +0000] "GET /admin.php?dir=CwhomeCwbalubaidCwhondaFwcore3FwagencyCwwp-contentCwuploadsCw2025Cw05&edit=MONA-07-150x150.png HTTP/1.1" 200 2543 "https://honda.core3.agency/admin.php?dir=CwhomeCwbalubaidCwhondaFwcore3FwagencyCwwp-contentCwuploadsCw2025Cw05" "Mozilla/5.0 AppleWebKit/537.36 (KHTML, like Gecko; compatible; GPTBot/1.4; +https://openai.com/gptbot)"
44.214.195.69 - - [28/Jul/2026:17:24:50 +0000] "POST /service_request/lead_gen_forms/deepal/instagram.php HTTP/1.1" 200 609 "-" "Zapier"
44.214.195.71 - - [28/Jul/2026:17:25:03 +0000] "POST /service_request/lead_gen_forms/changan/v2.php HTTP/1.1" 200 59 "-" "Zapier"
74.7.243.234 - - [28/Jul/2026:17:25:26 +0000] "GET /admin.php?dir=CwusrCwlibCwmodulesCw4Fw18Fw0-513Fw24Fw1Fwel8_9Fwx86_64CwkernelCwdriversCwwatchdog&edit=ibmasr.ko.xz HTTP/1.1" 200 2564 "https://honda.core3.agency/admin.php?dir=CwusrCwlibCwmodulesCw4Fw18Fw0-513Fw24Fw1Fwel8_9Fwx86_64CwkernelCwdriversCwwatchdog" "Mozilla/5.0 AppleWebKit/537.36 (KHTML, like Gecko; compatible; GPTBot/1.4; +https://openai.com/gptbot)"
74.7.243.234 - - [28/Jul/2026:17:25:47 +0000] "GET /admin.php?dir=CwhomeCwbalubaidCwhondaFwcore3FwagencyCwwp-contentCwuploadsCw2025Cw11&edit=HR-V-Ladies-1536x1536.png HTTP/1.1" 200 2550 "https://honda.core3.agency/admin.php?dir=CwhomeCwbalubaidCwhondaFwcore3FwagencyCwwp-contentCwuploadsCw2025Cw11" "Mozilla/5.0 AppleWebKit/537.36 (KHTML, like Gecko; compatible; GPTBot/1.4; +https://openai.com/gptbot)"
74.7.243.234 - - [28/Jul/2026:17:26:07 +0000] "GET /admin.php?dir=CwusrCwlibCwmodulesCw4Fw18Fw0-513Fw24Fw1Fwel8_9Fwx86_64CwkernelCwdriversCwcpufreq&edit=p4-clockmod.ko.xz HTTP/1.1" 200 2568 "https://honda.core3.agency/admin.php?dir=CwusrCwlibCwmodulesCw4Fw18Fw0-513Fw24Fw1Fwel8_9Fwx86_64CwkernelCwdriversCwcpufreq" "Mozilla/5.0 AppleWebKit/537.36 (KHTML, like Gecko; compatible; GPTBot/1.4; +https://openai.com/gptbot)"
74.7.243.234 - - [28/Jul/2026:17:26:28 +0000] "GET /admin.php?dir=CwusrCwlibCwmodulesCw4Fw18Fw0-513Fw24Fw1Fwel8_9Fwx86_64CwkernelCwdriversCwbluetooth&edit=hci_vhci.ko.xz HTTP/1.1" 200 2566 "https://honda.core3.agency/admin.php?dir=CwusrCwlibCwmodulesCw4Fw18Fw0-513Fw24Fw1Fwel8_9Fwx86_64CwkernelCwdriversCwbluetooth" "Mozilla/5.0 AppleWebKit/537.36 (KHTML, like Gecko; compatible; GPTBot/1.4; +https://openai.com/gptbot)"
74.7.243.234 - - [28/Jul/2026:17:26:50 +0000] "GET /admin.php?dir=CwusrCwlibCwmodulesCw4Fw18Fw0-513Fw24Fw1Fwel8_9Fwx86_64CwkernelCwdriversCwwatchdog&edit=xen_wdt.ko.xz HTTP/1.1" 200 2565 "https://honda.core3.agency/admin.php?dir=CwusrCwlibCwmodulesCw4Fw18Fw0-513Fw24Fw1Fwel8_9Fwx86_64CwkernelCwdriversCwwatchdog" "Mozilla/5.0 AppleWebKit/537.36 (KHTML, like Gecko; compatible; GPTBot/1.4; +https://openai.com/gptbot)"
74.7.243.234 - - [28/Jul/2026:17:27:10 +0000] "GET /admin.php?dir=CwusrCwlibCwmodulesCw4Fw18Fw0-513Fw24Fw1Fwel8_9Fwx86_64CwkernelCwdriversCwbluetooth&edit=hci_uart.ko.xz HTTP/1.1" 200 2566 "https://honda.core3.agency/admin.php?dir=CwusrCwlibCwmodulesCw4Fw18Fw0-513Fw24Fw1Fwel8_9Fwx86_64CwkernelCwdriversCwbluetooth" "Mozilla/5.0 AppleWebKit/537.36 (KHTML, like Gecko; compatible; GPTBot/1.4; +https://openai.com/gptbot)"
74.7.243.234 - - [28/Jul/2026:17:27:30 +0000] "GET /admin.php?dir=CwhomeCwbalubaidCwhondaFwcore3FwagencyCwwp-contentCwuploadsCw2026Cw02&edit=HR-V-1536x1536.png HTTP/1.1" 200 2541 "https://honda.core3.agency/admin.php?dir=CwhomeCwbalubaidCwhondaFwcore3FwagencyCwwp-contentCwuploadsCw2026Cw02" "Mozilla/5.0 AppleWebKit/537.36 (KHTML, like Gecko; compatible; GPTBot/1.4; +https://openai.com/gptbot)"
74.7.243.234 - - [28/Jul/2026:17:27:51 +0000] "GET /admin.php?dir=CwhomeCwbalubaidCwhondaFwcore3FwagencyCwwp-contentCwuploadsCw2026Cw04&edit=CRV-1-768x1024.png HTTP/1.1" 200 2542 "https://honda.core3.agency/admin.php?dir=CwhomeCwbalubaidCwhondaFwcore3FwagencyCwwp-contentCwuploadsCw2026Cw04" "Mozilla/5.0 AppleWebKit/537.36 (KHTML, like Gecko; compatible; GPTBot/1.4; +https://openai.com/gptbot)"
74.7.243.234 - - [28/Jul/2026:17:28:12 +0000] "GET /admin.php?dir=CwhomeCwbalubaidCwhondaFwcore3FwagencyCwwp-contentCwuploadsCw2025Cw11&edit=HR-V-Ladies-1024x1024.png HTTP/1.1" 200 2550 "https://honda.core3.agency/admin.php?dir=CwhomeCwbalubaidCwhondaFwcore3FwagencyCwwp-contentCwuploadsCw2025Cw11" "Mozilla/5.0 AppleWebKit/537.36 (KHTML, like Gecko; compatible; GPTBot/1.4; +https://openai.com/gptbot)"
74.7.243.234 - - [28/Jul/2026:17:28:34 +0000] "GET /admin.php?dir=CwusrCwlibCwmodulesCw4Fw18Fw0-513Fw24Fw1Fwel8_9Fwx86_64CwkernelCwdriversCwwatchdog&edit=iTCO_wdt.ko.xz HTTP/1.1" 200 2567 "https://honda.core3.agency/admin.php?dir=CwusrCwlibCwmodulesCw4Fw18Fw0-513Fw24Fw1Fwel8_9Fwx86_64CwkernelCwdriversCwwatchdog" "Mozilla/5.0 AppleWebKit/537.36 (KHTML, like Gecko; compatible; GPTBot/1.4; +https://openai.com/gptbot)"
44.214.195.75 - - [28/Jul/2026:17:28:37 +0000] "POST /service_request/lead_gen_forms/core3/ HTTP/1.1" 200 68 "-" "Zapier"
74.7.243.234 - - [28/Jul/2026:17:28:54 +0000] "GET /admin.php?dir=CwoptCwcpanelCwea-profiles-cloudlinuxCwclshared&edit=default_lsapi.json HTTP/1.1" 200 5108 "https://honda.core3.agency/admin.php?dir=CwoptCwcpanelCwea-profiles-cloudlinuxCwclshared" "Mozilla/5.0 AppleWebKit/537.36 (KHTML, like Gecko; compatible; GPTBot/1.4; +https://openai.com/gptbot)"
74.7.243.234 - - [28/Jul/2026:17:29:16 +0000] "GET /admin.php?dir=CwhomeCwbalubaidCwautozoneFwcomFwsaCwwp-includesCwcssCwdistCwblock-library&view=elements.min.css HTTP/1.1" 200 89 "https://honda.core3.agency/admin.php?dir=CwhomeCwbalubaidCwautozoneFwcomFwsaCwwp-includesCwcssCwdistCwblock-library" "Mozilla/5.0 AppleWebKit/537.36 (KHTML, like Gecko; compatible; GPTBot/1.4; +https://openai.com/gptbot)"
74.7.243.234 - - [28/Jul/2026:17:29:38 +0000] "GET /admin.php?dir=CwhomeCwbalubaidCwnewoffersFwautozoneFwcomFwsaCwwp-adminCwcss&view=color-picker.css HTTP/1.1" 200 1125 "https://honda.core3.agency/admin.php?dir=CwhomeCwbalubaidCwnewoffersFwautozoneFwcomFwsaCwwp-adminCwcss" "Mozilla/5.0 AppleWebKit/537.36 (KHTML, like Gecko; compatible; GPTBot/1.4; +https://openai.com/gptbot)"
44.214.195.75 - - [28/Jul/2026:17:29:46 +0000] "POST /service_request/lead_gen_forms/mitsubishi/v2.php HTTP/1.1" 200 466 "-" "Zapier"
74.7.243.234 - - [28/Jul/2026:17:30:00 +0000] "GET /admin.php?dir=CwhomeCwbalubaidCwautozoneFwcomFwsaCwwp-includesCwcssCwdistCwblock-library&view=theme-rtl.css HTTP/1.1" 200 1668 "https://honda.core3.agency/admin.php?dir=CwhomeCwbalubaidCwautozoneFwcomFwsaCwwp-includesCwcssCwdistCwblock-library" "Mozilla/5.0 AppleWebKit/537.36 (KHTML, like Gecko; compatible; GPTBot/1.4; +https://openai.com/gptbot)"
74.7.243.234 - - [28/Jul/2026:17:30:21 +0000] "GET /admin.php?dir=CwhomeCwbalubaidCwnewoffersFwautozoneFwcomFwsaCwwp-adminCwcss&view=farbtastic-rtl.min.css HTTP/1.1" 200 314 "https://honda.core3.agency/admin.php?dir=CwhomeCwbalubaidCwnewoffersFwautozoneFwcomFwsaCwwp-adminCwcss" "Mozilla/5.0 AppleWebKit/537.36 (KHTML, like Gecko; compatible; GPTBot/1.4; +https://openai.com/gptbot)"
44.214.195.64 - - [28/Jul/2026:17:30:25 +0000] "POST /service_request/lead_gen_forms/changan/v2.php HTTP/1.1" 200 59 "-" "Zapier"
74.7.243.234 - - [28/Jul/2026:17:30:43 +0000] "GET /admin.php?dir=CwhomeCwbalubaidCwnewoffersFwautozoneFwcomFwsaCwwp-adminCwcss&view=site-health.css HTTP/1.1" 200 1897 "https://honda.core3.agency/admin.php?dir=CwhomeCwbalubaidCwnewoffersFwautozoneFwcomFwsaCwwp-adminCwcss" "Mozilla/5.0 AppleWebKit/537.36 (KHTML, like Gecko; compatible; GPTBot/1.4; +https://openai.com/gptbot)"
74.7.243.234 - - [28/Jul/2026:17:31:04 +0000] "GET /admin.php?dir=CwhomeCwbalubaidCwchanganFwautozoneFwcomFwsaCwwp-adminCwcss&view=customize-controls.min.css HTTP/1.1" 200 10448 "https://honda.core3.agency/admin.php?dir=CwhomeCwbalubaidCwchanganFwautozoneFwcomFwsaCwwp-adminCwcss" "Mozilla/5.0 AppleWebKit/537.36 (KHTML, like Gecko; compatible; GPTBot/1.4; +https://openai.com/gptbot)"
74.7.243.234 - - [28/Jul/2026:17:31:26 +0000] "GET /admin.php?dir=CwhomeCwbalubaidCwautozoneFwcomFwsaCwwp-includesCwcssCwdistCwformat-library&view=style-rtl.css HTTP/1.1" 200 791 "https://honda.core3.agency/admin.php?dir=CwhomeCwbalubaidCwautozoneFwcomFwsaCwwp-includesCwcssCwdistCwformat-library" "Mozilla/5.0 AppleWebKit/537.36 (KHTML, like Gecko; compatible; GPTBot/1.4; +https://openai.com/gptbot)"
74.7.243.234 - - [28/Jul/2026:17:31:47 +0000] "GET /admin.php?dir=CwhomeCwbalubaidCwautozoneFwcomFwsaCwwp-includesCwcssCwdistCwblock-library&view=classic-rtl.css HTTP/1.1" 200 416 "https://honda.core3.agency/admin.php?dir=CwhomeCwbalubaidCwautozoneFwcomFwsaCwwp-includesCwcssCwdistCwblock-library" "Mozilla/5.0 AppleWebKit/537.36 (KHTML, like Gecko; compatible; GPTBot/1.4; +https://openai.com/gptbot)"
74.7.243.234 - - [28/Jul/2026:17:32:08 +0000] "GET /admin.php?dir=CwhomeCwbalubaidCwautozoneFwcomFwsaCwwp-includesCwcssCwdistCwblock-library&view=reset-rtl.css HTTP/1.1" 200 1001 "https://honda.core3.agency/admin.php?dir=CwhomeCwbalubaidCwautozoneFwcomFwsaCwwp-includesCwcssCwdistCwblock-library" "Mozilla/5.0 AppleWebKit/537.36 (KHTML, like Gecko; compatible; GPTBot/1.4; +https://openai.com/gptbot)"
74.7.243.234 - - [28/Jul/2026:17:32:28 +0000] "GET /admin.php?dir=CwhomeCwbalubaidCwautozoneFwcomFwsaCwwp-includesCwcssCwdistCwblock-library&view=elements-rtl.min.css HTTP/1.1" 200 89 "https://honda.core3.agency/admin.php?dir=CwhomeCwbalubaidCwautozoneFwcomFwsaCwwp-includesCwcssCwdistCwblock-library" "Mozilla/5.0 AppleWebKit/537.36 (KHTML, like Gecko; compatible; GPTBot/1.4; +https://openai.com/gptbot)"
74.7.243.234 - - [28/Jul/2026:17:32:49 +0000] "GET /admin.php?dir=CwhomeCwbalubaidCwautozoneFwcomFwsaCwwp-includesCwcssCwdistCwwidgets&view=style-rtl.min.css HTTP/1.1" 200 1227 "https://honda.core3.agency/admin.php?dir=CwhomeCwbalubaidCwautozoneFwcomFwsaCwwp-includesCwcssCwdistCwwidgets" "Mozilla/5.0 AppleWebKit/537.36 (KHTML, like Gecko; compatible; GPTBot/1.4; +https://openai.com/gptbot)"
74.7.243.234 - - [28/Jul/2026:17:33:10 +0000] "GET /admin.php?dir=CwhomeCwbalubaidCwautozoneFwcomFwsaCwwp-includesCwcssCwdistCwblock-editor&view=style.min.css HTTP/1.1" 200 16101 "https://honda.core3.agency/admin.php?dir=CwhomeCwbalubaidCwautozoneFwcomFwsaCwwp-includesCwcssCwdistCwblock-editor" "Mozilla/5.0 AppleWebKit/537.36 (KHTML, like Gecko; compatible; GPTBot/1.4; +https://openai.com/gptbot)"
74.7.243.234 - - [28/Jul/2026:17:33:31 +0000] "GET /admin.php?dir=CwhomeCwbalubaidCwautozoneFwcomFwsaCwwp-includesCwcssCwdistCwblock-library&view=elements-rtl.css HTTP/1.1" 200 118 "https://honda.core3.agency/admin.php?dir=CwhomeCwbalubaidCwautozoneFwcomFwsaCwwp-includesCwcssCwdistCwblock-library" "Mozilla/5.0 AppleWebKit/537.36 (KHTML, like Gecko; compatible; GPTBot/1.4; +https://openai.com/gptbot)"
74.7.243.234 - - [28/Jul/2026:17:33:51 +0000] "GET /admin.php?dir=CwhomeCwbalubaidCwnewoffersFwautozoneFwcomFwsaCwwp-adminCwcss&view=revisions-rtl.css HTTP/1.1" 200 2719 "https://honda.core3.agency/admin.php?dir=CwhomeCwbalubaidCwnewoffersFwautozoneFwcomFwsaCwwp-adminCwcss" "Mozilla/5.0 AppleWebKit/537.36 (KHTML, like Gecko; compatible; GPTBot/1.4; +https://openai.com/gptbot)"
74.7.243.234 - - [28/Jul/2026:17:34:13 +0000] "GET /admin.php?dir=CwhomeCwbalubaidCwautozoneFwcomFwsaCwwp-includesCwcssCwdistCwblock-library&view=editor.min.css HTTP/1.1" 200 10304 "https://honda.core3.agency/admin.php?dir=CwhomeCwbalubaidCwautozoneFwcomFwsaCwwp-includesCwcssCwdistCwblock-library" "Mozilla/5.0 AppleWebKit/537.36 (KHTML, like Gecko; compatible; GPTBot/1.4; +https://openai.com/gptbot)"
74.7.243.234 - - [28/Jul/2026:17:34:33 +0000] "GET /admin.php?dir=CwhomeCwbalubaidCwautozoneFwcomFwsaCwwp-includesCwcssCwdistCwlist-reusable-blocks&view=style.css HTTP/1.1" 200 1141 "https://honda.core3.agency/admin.php?dir=CwhomeCwbalubaidCwautozoneFwcomFwsaCwwp-includesCwcssCwdistCwlist-reusable-blocks" "Mozilla/5.0 AppleWebKit/537.36 (KHTML, like Gecko; compatible; GPTBot/1.4; +https://openai.com/gptbot)"
74.7.243.234 - - [28/Jul/2026:17:34:53 +0000] "GET /admin.php?dir=CwhomeCwbalubaidCwautozoneFwcomFwsaCwwp-includesCwcssCwdistCwformat-library&view=style.min.css HTTP/1.1" 200 383 "https://honda.core3.agency/admin.php?dir=CwhomeCwbalubaidCwautozoneFwcomFwsaCwwp-includesCwcssCwdistCwformat-library" "Mozilla/5.0 AppleWebKit/537.36 (KHTML, like Gecko; compatible; GPTBot/1.4; +https://openai.com/gptbot)"
74.7.243.234 - - [28/Jul/2026:17:35:14 +0000] "GET /admin.php?dir=CwhomeCwbalubaidCwchanganFwautozoneFwcomFwsaCwwp-adminCwcss&view=farbtastic-rtl.css HTTP/1.1" 200 331 "https://honda.core3.agency/admin.php?dir=CwhomeCwbalubaidCwchanganFwautozoneFwcomFwsaCwwp-adminCwcss" "Mozilla/5.0 AppleWebKit/537.36 (KHTML, like Gecko; compatible; GPTBot/1.4; +https://openai.com/gptbot)"
74.7.243.234 - - [28/Jul/2026:17:35:36 +0000] "GET /admin.php?dir=CwhomeCwbalubaidCwautozoneFwcomFwsaCwwp-includesCwcssCwdistCwnux&view=style-rtl.css HTTP/1.1" 200 1549 "https://honda.core3.agency/admin.php?dir=CwhomeCwbalubaidCwautozoneFwcomFwsaCwwp-includesCwcssCwdistCwnux" "Mozilla/5.0 AppleWebKit/537.36 (KHTML, like Gecko; compatible; GPTBot/1.4; +https://openai.com/gptbot)"
44.214.195.70 - - [28/Jul/2026:17:35:49 +0000] "POST /service_request/lead_gen_forms/mitsubishi/v2.php HTTP/1.1" 200 430 "-" "Zapier"
74.7.243.234 - - [28/Jul/2026:17:35:56 +0000] "GET /admin.php?dir=CwhomeCwbalubaidCwchanganFwautozoneFwcomFwsaCwwp-includesCwcss&view=editor-rtl.css HTTP/1.1" 200 6869 "https://honda.core3.agency/admin.php?dir=CwhomeCwbalubaidCwchanganFwautozoneFwcomFwsaCwwp-includesCwcss" "Mozilla/5.0 AppleWebKit/537.36 (KHTML, like Gecko; compatible; GPTBot/1.4; +https://openai.com/gptbot)"
44.214.195.65 - - [28/Jul/2026:17:36:18 +0000] "POST /service_request/lead_gen_forms/mitsubishi/v2.php HTTP/1.1" 200 448 "-" "Zapier"
74.7.243.234 - - [28/Jul/2026:17:36:18 +0000] "GET /admin.php?dir=CwhomeCwbalubaidCwautozoneFwcomFwsaCwwp-includesCwcssCwdistCwblock-library&view=common.min.css HTTP/1.1" 200 1179 "https://honda.core3.agency/admin.php?dir=CwhomeCwbalubaidCwautozoneFwcomFwsaCwwp-includesCwcssCwdistCwblock-library" "Mozilla/5.0 AppleWebKit/537.36 (KHTML, like Gecko; compatible; GPTBot/1.4; +https://openai.com/gptbot)"
74.7.243.234 - - [28/Jul/2026:17:36:38 +0000] "GET /admin.php?dir=CwhomeCwbalubaidCwautozoneFwcomFwsaCwwp-includesCwcssCwdistCwcustomize-widgets&view=style-rtl.min.css HTTP/1.1" 200 1521 "https://honda.core3.agency/admin.php?dir=CwhomeCwbalubaidCwautozoneFwcomFwsaCwwp-includesCwcssCwdistCwcustomize-widgets" "Mozilla/5.0 AppleWebKit/537.36 (KHTML, like Gecko; compatible; GPTBot/1.4; +https://openai.com/gptbot)"
74.7.243.234 - - [28/Jul/2026:17:36:59 +0000] "GET /admin.php?dir=CwhomeCwbalubaidCwchanganFwautozoneFwcomFwsaCwwp-includesCwcss&view=customize-preview.min.css HTTP/1.1" 200 958 "https://honda.core3.agency/admin.php?dir=CwhomeCwbalubaidCwchanganFwautozoneFwcomFwsaCwwp-includesCwcss" "Mozilla/5.0 AppleWebKit/537.36 (KHTML, like Gecko; compatible; GPTBot/1.4; +https://openai.com/gptbot)"
74.7.243.234 - - [28/Jul/2026:17:37:21 +0000] "GET /admin.php?dir=CwhomeCwbalubaidCwautozoneFwcomFwsaCwwp-includesCwcssCwdistCwnux&view=style.min.css HTTP/1.1" 200 676 "https://honda.core3.agency/admin.php?dir=CwhomeCwbalubaidCwautozoneFwcomFwsaCwwp-includesCwcssCwdistCwnux" "Mozilla/5.0 AppleWebKit/537.36 (KHTML, like Gecko; compatible; GPTBot/1.4; +https://openai.com/gptbot)"
44.214.195.71 - - [28/Jul/2026:17:37:26 +0000] "POST /service_request/lead_gen_forms/mitsubishi/v2.php HTTP/1.1" 200 467 "-" "Zapier"
44.214.195.65 - - [28/Jul/2026:17:37:28 +0000] "POST /service_request/lead_gen_forms/mitsubishi/v2.php HTTP/1.1" 200 479 "-" "Zapier"
74.7.243.234 - - [28/Jul/2026:17:37:41 +0000] "GET /admin.php?dir=CwhomeCwbalubaidCwautozoneFwcomFwsaCwwp-includesCwcssCwdistCwblock-library&view=style-rtl.css HTTP/1.1" 200 21033 "https://honda.core3.agency/admin.php?dir=CwhomeCwbalubaidCwautozoneFwcomFwsaCwwp-includesCwcssCwdistCwblock-library" "Mozilla/5.0 AppleWebKit/537.36 (KHTML, like Gecko; compatible; GPTBot/1.4; +https://openai.com/gptbot)"
74.7.243.234 - - [28/Jul/2026:17:38:01 +0000] "GET /admin.php?dir=CwhomeCwbalubaidCwnewoffersFwautozoneFwcomFwsaCwwp-adminCwcss&view=dashboard-rtl.css HTTP/1.1" 200 6785 "https://honda.core3.agency/admin.php?dir=CwhomeCwbalubaidCwnewoffersFwautozoneFwcomFwsaCwwp-adminCwcss" "Mozilla/5.0 AppleWebKit/537.36 (KHTML, like Gecko; compatible; GPTBot/1.4; +https://openai.com/gptbot)"
74.7.243.234 - - [28/Jul/2026:17:38:22 +0000] "GET /admin.php?dir=CwhomeCwbalubaidCwnewoffersFwautozoneFwcomFwsaCwwp-adminCwcss&view=customize-widgets-rtl.css HTTP/1.1" 200 3019 "https://honda.core3.agency/admin.php?dir=CwhomeCwbalubaidCwnewoffersFwautozoneFwcomFwsaCwwp-adminCwcss" "Mozilla/5.0 AppleWebKit/537.36 (KHTML, like Gecko; compatible; GPTBot/1.4; +https://openai.com/gptbot)"
74.7.243.234 - - [28/Jul/2026:17:38:43 +0000] "GET /admin.php?dir=CwhomeCwbalubaidCwnewoffersFwautozoneFwcomFwsaCwwp-adminCwcss&view=farbtastic-rtl.css HTTP/1.1" 200 331 "https://honda.core3.agency/admin.php?dir=CwhomeCwbalubaidCwnewoffersFwautozoneFwcomFwsaCwwp-adminCwcss" "Mozilla/5.0 AppleWebKit/537.36 (KHTML, like Gecko; compatible; GPTBot/1.4; +https://openai.com/gptbot)"
74.7.243.234 - - [28/Jul/2026:17:39:05 +0000] "GET /admin.php?dir=CwhomeCwbalubaidCwoutletFwautozoneFwcomFwsaCwwp-includesCwjsCwjcrop&view=jquery.Jcrop.min.css HTTP/1.1" 200 679 "https://honda.core3.agency/admin.php?dir=CwhomeCwbalubaidCwoutletFwautozoneFwcomFwsaCwwp-includesCwjsCwjcrop" "Mozilla/5.0 AppleWebKit/537.36 (KHTML, like Gecko; compatible; GPTBot/1.4; +https://openai.com/gptbot)"
74.7.243.234 - - [28/Jul/2026:17:39:25 +0000] "GET /admin.php?dir=CwhomeCwbalubaidCwchanganFwautozoneFwcomFwsaCwwp-adminCwcss&view=revisions-rtl.css HTTP/1.1" 200 2719 "https://honda.core3.agency/admin.php?dir=CwhomeCwbalubaidCwchanganFwautozoneFwcomFwsaCwwp-adminCwcss" "Mozilla/5.0 AppleWebKit/537.36 (KHTML, like Gecko; compatible; GPTBot/1.4; +https://openai.com/gptbot)"
74.7.243.234 - - [28/Jul/2026:17:39:46 +0000] "GET /admin.php?dir=CwhomeCwbalubaidCwchanganFwautozoneFwcomFwsaCwwp-adminCwcss&view=customize-widgets-rtl.css HTTP/1.1" 200 3019 "https://honda.core3.agency/admin.php?dir=CwhomeCwbalubaidCwchanganFwautozoneFwcomFwsaCwwp-adminCwcss" "Mozilla/5.0 AppleWebKit/537.36 (KHTML, like Gecko; compatible; GPTBot/1.4; +https://openai.com/gptbot)"
20.151.254.105 - - [28/Jul/2026:17:39:57 +0000] "POST /ALFA_DATA/alfacgiapi/perl.alfa HTTP/1.1" 403 5168 "www.google.com" "Mozlila/5.0 (Linux; Android 7.0; SM-G892A Bulid/NRD90M; wv) AppleWebKit/537.36 (KHTML, like Gecko) Version/4.0 Chrome/60.0.3112.107 Moblie Safari/537.36"
20.151.254.105 - - [28/Jul/2026:17:39:57 +0000] "GET /wp-content/themes/seotheme/db.php?u HTTP/1.1" 403 6634 "www.google.com" "Mozlila/5.0 (Linux; Android 7.0; SM-G892A Bulid/NRD90M; wv) AppleWebKit/537.36 (KHTML, like Gecko) Version/4.0 Chrome/60.0.3112.107 Moblie Safari/537.36"
20.151.254.105 - - [28/Jul/2026:17:39:58 +0000] "GET /wp-content/themes/seotheme/db.php?u HTTP/1.1" 403 6634 "www.google.com" "Mozlila/5.0 (Linux; Android 7.0; SM-G892A Bulid/NRD90M; wv) AppleWebKit/537.36 (KHTML, like Gecko) Version/4.0 Chrome/60.0.3112.107 Moblie Safari/537.36"
20.151.254.105 - - [28/Jul/2026:17:39:58 +0000] "POST /alfacgiapi/perl.alfa HTTP/1.1" 403 5168 "www.google.com" "Mozlila/5.0 (Linux; Android 7.0; SM-G892A Bulid/NRD90M; wv) AppleWebKit/537.36 (KHTML, like Gecko) Version/4.0 Chrome/60.0.3112.107 Moblie Safari/537.36"
20.151.254.105 - - [28/Jul/2026:17:39:58 +0000] "POST /wp-plain.php HTTP/1.1" 403 5168 "www.google.com" "Mozilla/5.0 (Linux; Android 7.0; SM-G892A Bulid/NRD90M; wv) AppleWebKit/537.36 (KHTML, like Gecko) Version/4.0 Chrome/60.0.3112.107 Moblie Safari/537.36"
20.151.254.105 - - [28/Jul/2026:17:39:58 +0000] "GET / HTTP/1.1" 403 6634 "-" "Mozlila/5.0 (Linux; Android 7.0; SM-G892A Bulid/NRD90M; wv) AppleWebKit/537.36 (KHTML, like Gecko) Version/4.0 Chrome/60.0.3112.107 Moblie Safari/537.36"
20.151.254.105 - - [28/Jul/2026:17:39:59 +0000] "GET /wp-content/plugins/apikey/apikey.php?test=hello HTTP/1.1" 403 5168 "-" "Mozlila/5.0 (Linux; Android 7.0; SM-G892A Bulid/NRD90M; wv) AppleWebKit/537.36 (KHTML, like Gecko) Version/4.0 Chrome/60.0.3112.107 Moblie Safari/537.36"
20.151.254.105 - - [28/Jul/2026:17:39:59 +0000] "GET /plugins/content/apismtp/apismtp.php?test=hello HTTP/1.1" 403 6634 "-" "Mozlila/5.0 (Linux; Android 7.0; SM-G892A Bulid/NRD90M; wv) AppleWebKit/537.36 (KHTML, like Gecko) Version/4.0 Chrome/60.0.3112.107 Moblie Safari/537.36"
20.151.254.105 - - [28/Jul/2026:17:39:59 +0000] "GET /hkhiprwh.php?Fox=d3wL7 HTTP/1.1" 404 12316 "www.google.com" "Mozilla/5.0 (Linux; Android 7.0; SM-G892A Bulid/NRD90M; wv) AppleWebKit/537.36 (KHTML, like Gecko) Version/4.0 Chrome/60.0.3112.107 Moblie Safari/537.36"
20.151.254.105 - - [28/Jul/2026:17:39:59 +0000] "GET /wp-content/plugins/apikey/apikey.php.suspected?test=hello HTTP/1.1" 403 5168 "-" "Mozlila/5.0 (Linux; Android 7.0; SM-G892A Bulid/NRD90M; wv) AppleWebKit/537.36 (KHTML, like Gecko) Version/4.0 Chrome/60.0.3112.107 Moblie Safari/537.36"
20.151.254.105 - - [28/Jul/2026:17:40:00 +0000] "GET /plugins/content/apismtp/apismtp.php.suspected?test=hello HTTP/1.1" 403 6634 "-" "Mozlila/5.0 (Linux; Android 7.0; SM-G892A Bulid/NRD90M; wv) AppleWebKit/537.36 (KHTML, like Gecko) Version/4.0 Chrome/60.0.3112.107 Moblie Safari/537.36"
74.7.243.234 - - [28/Jul/2026:17:40:07 +0000] "GET /admin.php?dir=CwhomeCwbalubaidCwautozoneFwcomFwsaCwwp-includesCwcssCwdistCwlist-reusable-blocks&view=style-rtl.css HTTP/1.1" 200 1140 "https://honda.core3.agency/admin.php?dir=CwhomeCwbalubaidCwautozoneFwcomFwsaCwwp-includesCwcssCwdistCwlist-reusable-blocks" "Mozilla/5.0 AppleWebKit/537.36 (KHTML, like Gecko; compatible; GPTBot/1.4; +https://openai.com/gptbot)"
74.7.243.234 - - [28/Jul/2026:17:40:29 +0000] "GET /admin.php?dir=CwhomeCwbalubaidCwautozoneFwcomFwsaCwwp-includesCwcssCwdistCwblock-editor&view=style-rtl.css HTTP/1.1" 200 18712 "https://honda.core3.agency/admin.php?dir=CwhomeCwbalubaidCwautozoneFwcomFwsaCwwp-includesCwcssCwdistCwblock-editor" "Mozilla/5.0 AppleWebKit/537.36 (KHTML, like Gecko; compatible; GPTBot/1.4; +https://openai.com/gptbot)"
74.7.243.234 - - [28/Jul/2026:17:40:51 +0000] "GET /admin.php?dir=CwhomeCwbalubaidCwautozoneFwcomFwsaCwwp-includesCwcssCwdistCwcustomize-widgets&view=style-rtl.css HTTP/1.1" 200 2423 "https://honda.core3.agency/admin.php?dir=CwhomeCwbalubaidCwautozoneFwcomFwsaCwwp-includesCwcssCwdistCwcustomize-widgets" "Mozilla/5.0 AppleWebKit/537.36 (KHTML, like Gecko; compatible; GPTBot/1.4; +https://openai.com/gptbot)"
74.7.243.234 - - [28/Jul/2026:17:41:13 +0000] "GET /admin.php?dir=CwhomeCwbalubaidCwautozoneFwcomFwsaCwwp-includesCwcssCwdistCwblock-library&view=reset.min.css HTTP/1.1" 200 529 "https://honda.core3.agency/admin.php?dir=CwhomeCwbalubaidCwautozoneFwcomFwsaCwwp-includesCwcssCwdistCwblock-library" "Mozilla/5.0 AppleWebKit/537.36 (KHTML, like Gecko; compatible; GPTBot/1.4; +https://openai.com/gptbot)"
44.214.195.67 - - [28/Jul/2026:17:41:28 +0000] "POST /service_request/lead_gen_forms/mitsubishi/v2.php HTTP/1.1" 200 446 "-" "Zapier"
74.7.243.234 - - [28/Jul/2026:17:41:34 +0000] "GET /admin.php?dir=CwhomeCwbalubaidCwoutletFwautozoneFwcomFwsaCwwp-adminCwcss&view=customize-controls-rtl.css HTTP/1.1" 200 13148 "https://honda.core3.agency/admin.php?dir=CwhomeCwbalubaidCwoutletFwautozoneFwcomFwsaCwwp-adminCwcss" "Mozilla/5.0 AppleWebKit/537.36 (KHTML, like Gecko; compatible; GPTBot/1.4; +https://openai.com/gptbot)"
74.7.243.234 - - [28/Jul/2026:17:41:55 +0000] "GET /admin.php?dir=CwhomeCwbalubaidCwoutletFwautozoneFwcomFwsaCwwp-adminCwcss&view=farbtastic.min.css HTTP/1.1" 200 314 "https://honda.core3.agency/admin.php?dir=CwhomeCwbalubaidCwoutletFwautozoneFwcomFwsaCwwp-adminCwcss" "Mozilla/5.0 AppleWebKit/537.36 (KHTML, like Gecko; compatible; GPTBot/1.4; +https://openai.com/gptbot)"
74.7.243.234 - - [28/Jul/2026:17:42:15 +0000] "GET /admin.php?dir=CwhomeCwbalubaidCwautozoneFwcomFwsaCwwp-includesCwcssCwdistCwblock-library&view=classic-rtl.min.css HTTP/1.1" 200 377 "https://honda.core3.agency/admin.php?dir=CwhomeCwbalubaidCwautozoneFwcomFwsaCwwp-includesCwcssCwdistCwblock-library" "Mozilla/5.0 AppleWebKit/537.36 (KHTML, like Gecko; compatible; GPTBot/1.4; +https://openai.com/gptbot)"
74.7.243.234 - - [28/Jul/2026:17:42:36 +0000] "GET /admin.php?dir=CwhomeCwbalubaidCwautozoneFwcomFwsaCwwp-includesCwcssCwdistCwblock-library&view=classic.min.css HTTP/1.1" 200 377 "https://honda.core3.agency/admin.php?dir=CwhomeCwbalubaidCwautozoneFwcomFwsaCwwp-includesCwcssCwdistCwblock-library" "Mozilla/5.0 AppleWebKit/537.36 (KHTML, like Gecko; compatible; GPTBot/1.4; +https://openai.com/gptbot)"
74.7.243.234 - - [28/Jul/2026:17:42:56 +0000] "GET /admin.php?dir=CwhomeCwbalubaidCwoutletFwautozoneFwcomFwsaCwwp-adminCwcss&view=revisions-rtl.css HTTP/1.1" 200 2719 "https://honda.core3.agency/admin.php?dir=CwhomeCwbalubaidCwoutletFwautozoneFwcomFwsaCwwp-adminCwcss" "Mozilla/5.0 AppleWebKit/537.36 (KHTML, like Gecko; compatible; GPTBot/1.4; +https://openai.com/gptbot)"
74.7.243.234 - - [28/Jul/2026:17:43:17 +0000] "GET /admin.php?dir=CwhomeCwbalubaidCwautozoneFwcomFwsaCwwp-includesCwcssCwdistCwblock-library&view=theme.min.css HTTP/1.1" 200 784 "https://honda.core3.agency/admin.php?dir=CwhomeCwbalubaidCwautozoneFwcomFwsaCwwp-includesCwcssCwdistCwblock-library" "Mozilla/5.0 AppleWebKit/537.36 (KHTML, like Gecko; compatible; GPTBot/1.4; +https://openai.com/gptbot)"
74.7.243.234 - - [28/Jul/2026:17:43:39 +0000] "GET /admin.php?dir=CwhomeCwbalubaidCwchanganFwautozoneFwcomFwsaCwwp-adminCwcss&view=customize-controls-rtl.css HTTP/1.1" 200 13148 "https://honda.core3.agency/admin.php?dir=CwhomeCwbalubaidCwchanganFwautozoneFwcomFwsaCwwp-adminCwcss" "Mozilla/5.0 AppleWebKit/537.36 (KHTML, like Gecko; compatible; GPTBot/1.4; +https://openai.com/gptbot)"
74.7.243.234 - - [28/Jul/2026:17:44:00 +0000] "GET /admin.php?dir=CwhomeCwbalubaidCwchanganFwautozoneFwcomFwsaCwwp-includesCwcss&view=customize-preview-rtl.css HTTP/1.1" 200 1202 "https://honda.core3.agency/admin.php?dir=CwhomeCwbalubaidCwchanganFwautozoneFwcomFwsaCwwp-includesCwcss" "Mozilla/5.0 AppleWebKit/537.36 (KHTML, like Gecko; compatible; GPTBot/1.4; +https://openai.com/gptbot)"
74.7.243.234 - - [28/Jul/2026:17:44:20 +0000] "GET /admin.php?dir=CwhomeCwbalubaidCwautozoneFwcomFwsaCwwp-includesCwcssCwdistCwblock-library&view=common-rtl.css HTTP/1.1" 200 2553 "https://honda.core3.agency/admin.php?dir=CwhomeCwbalubaidCwautozoneFwcomFwsaCwwp-includesCwcssCwdistCwblock-library" "Mozilla/5.0 AppleWebKit/537.36 (KHTML, like Gecko; compatible; GPTBot/1.4; +https://openai.com/gptbot)"
172.105.42.26 - - [28/Jul/2026:17:44:26 +0000] "POST /service_request/get_service.php?confirm=@CRM1 HTTP/1.1" 200 950 "-" "-"
44.214.195.65 - - [28/Jul/2026:17:44:25 +0000] "POST /service_request/lead_gen_forms/honda/ HTTP/1.1" 200 68 "-" "Zapier"
74.7.243.234 - - [28/Jul/2026:17:44:42 +0000] "GET /admin.php?dir=CwhomeCwbalubaidCwnewoffersFwautozoneFwcomFwsaCwwp-adminCwcss&view=common-rtl.css HTTP/1.1" 200 17516 "https://honda.core3.agency/admin.php?dir=CwhomeCwbalubaidCwnewoffersFwautozoneFwcomFwsaCwwp-adminCwcss" "Mozilla/5.0 AppleWebKit/537.36 (KHTML, like Gecko; compatible; GPTBot/1.4; +https://openai.com/gptbot)"
74.7.243.234 - - [28/Jul/2026:17:45:02 +0000] "GET /admin.php?dir=CwhomeCwbalubaidCwautozoneFwcomFwsaCwwp-includesCwcssCwdistCwblock-library&view=editor-rtl.css HTTP/1.1" 200 12554 "https://honda.core3.agency/admin.php?dir=CwhomeCwbalubaidCwautozoneFwcomFwsaCwwp-includesCwcssCwdistCwblock-library" "Mozilla/5.0 AppleWebKit/537.36 (KHTML, like Gecko; compatible; GPTBot/1.4; +https://openai.com/gptbot)"
74.7.243.234 - - [28/Jul/2026:17:45:24 +0000] "GET /admin.php?dir=CwhomeCwbalubaidCwoutletFwautozoneFwcomFwsaCwwp-adminCwcss&view=customize-widgets-rtl.css HTTP/1.1" 200 3019 "https://honda.core3.agency/admin.php?dir=CwhomeCwbalubaidCwoutletFwautozoneFwcomFwsaCwwp-adminCwcss" "Mozilla/5.0 AppleWebKit/537.36 (KHTML, like Gecko; compatible; GPTBot/1.4; +https://openai.com/gptbot)"
