136.143.176.44 - - [28/Jul/2026:22:34:15 +0000] "GET /service_request/lead_gen_forms/hyundai/fetch_leads/?token=K9xP7mQ2vN8dR4tY6jH1wF5cL3sZ0aEb&offset=92000&limit=1000 HTTP/1.1" 200 122 "-" "Zoho_Analytics"
74.7.243.234 - - [28/Jul/2026:22:34:14 +0000] "GET /admin.php?dir=CwusrCwlibCwFwbuild-idCw9f HTTP/1.1" 200 4534 "https://honda.core3.agency/admin.php?dir=CwusrCwlibCwFwbuild-id" "Mozilla/5.0 AppleWebKit/537.36 (KHTML, like Gecko; compatible; GPTBot/1.4; +https://openai.com/gptbot)"
136.143.176.44 - - [28/Jul/2026:22:34:16 +0000] "GET /service_request/lead_gen_forms/hyundai/fetch_leads/?token=K9xP7mQ2vN8dR4tY6jH1wF5cL3sZ0aEb&offset=93000&limit=1000 HTTP/1.1" 200 122 "-" "Zoho_Analytics"
136.143.176.44 - - [28/Jul/2026:22:34:16 +0000] "GET /service_request/lead_gen_forms/hyundai/fetch_leads/?token=K9xP7mQ2vN8dR4tY6jH1wF5cL3sZ0aEb&offset=94000&limit=1000 HTTP/1.1" 200 122 "-" "Zoho_Analytics"
136.143.176.44 - - [28/Jul/2026:22:34:16 +0000] "GET /service_request/lead_gen_forms/hyundai/fetch_leads/?token=K9xP7mQ2vN8dR4tY6jH1wF5cL3sZ0aEb&offset=95000&limit=1000 HTTP/1.1" 200 123 "-" "Zoho_Analytics"
136.143.176.44 - - [28/Jul/2026:22:34:17 +0000] "GET /service_request/lead_gen_forms/hyundai/fetch_leads/?token=K9xP7mQ2vN8dR4tY6jH1wF5cL3sZ0aEb&offset=96000&limit=1000 HTTP/1.1" 200 122 "-" "Zoho_Analytics"
136.143.176.44 - - [28/Jul/2026:22:34:17 +0000] "GET /service_request/lead_gen_forms/hyundai/fetch_leads/?token=K9xP7mQ2vN8dR4tY6jH1wF5cL3sZ0aEb&offset=97000&limit=1000 HTTP/1.1" 200 122 "-" "Zoho_Analytics"
136.143.176.44 - - [28/Jul/2026:22:34:18 +0000] "GET /service_request/lead_gen_forms/hyundai/fetch_leads/?token=K9xP7mQ2vN8dR4tY6jH1wF5cL3sZ0aEb&offset=98000&limit=1000 HTTP/1.1" 200 122 "-" "Zoho_Analytics"
136.143.176.44 - - [28/Jul/2026:22:34:18 +0000] "GET /service_request/lead_gen_forms/hyundai/fetch_leads/?token=K9xP7mQ2vN8dR4tY6jH1wF5cL3sZ0aEb&offset=99000&limit=1000 HTTP/1.1" 200 122 "-" "Zoho_Analytics"
74.7.243.234 - - [28/Jul/2026:22:34:34 +0000] "GET /admin.php?dir=CwusrCwlibCwFwbuild-idCwe4 HTTP/1.1" 200 4072 "https://honda.core3.agency/admin.php?dir=CwusrCwlibCwFwbuild-id" "Mozilla/5.0 AppleWebKit/537.36 (KHTML, like Gecko; compatible; GPTBot/1.4; +https://openai.com/gptbot)"
74.7.243.234 - - [28/Jul/2026:22:34:55 +0000] "GET /admin.php?dir=CwusrCwlibCwFwbuild-idCwd6 HTTP/1.1" 200 4215 "https://honda.core3.agency/admin.php?dir=CwusrCwlibCwFwbuild-id" "Mozilla/5.0 AppleWebKit/537.36 (KHTML, like Gecko; compatible; GPTBot/1.4; +https://openai.com/gptbot)"
74.7.243.234 - - [28/Jul/2026:22:35:16 +0000] "GET /admin.php?dir=CwusrCwlibCwFwbuild-idCwb1&view=754c8b9ae80e688d562188be394c2707841117 HTTP/1.1" 200 363716 "https://honda.core3.agency/admin.php?dir=CwusrCwlibCwFwbuild-idCwb1" "Mozilla/5.0 AppleWebKit/537.36 (KHTML, like Gecko; compatible; GPTBot/1.4; +https://openai.com/gptbot)"
74.7.243.234 - - [28/Jul/2026:22:35:37 +0000] "GET /admin.php?dir=CwusrCwlibCwFwbuild-idCwb1&view=2449ca6610e47809e8ee9d0720c0d2 HTTP/1.1" 200 589592 "https://honda.core3.agency/admin.php?dir=CwusrCwlibCwFwbuild-idCwb1" "Mozilla/5.0 AppleWebKit/537.36 (KHTML, like Gecko; compatible; GPTBot/1.4; +https://openai.com/gptbot)"
74.7.243.234 - - [28/Jul/2026:22:35:59 +0000] "GET /admin.php?dir=CwusrCwlibCwFwbuild-idCwe7 HTTP/1.1" 200 4820 "https://honda.core3.agency/admin.php?dir=CwusrCwlibCwFwbuild-id" "Mozilla/5.0 AppleWebKit/537.36 (KHTML, like Gecko; compatible; GPTBot/1.4; +https://openai.com/gptbot)"
74.7.243.234 - - [28/Jul/2026:22:36:20 +0000] "GET /admin.php?dir=CwusrCwlibCwFwbuild-idCw0c HTTP/1.1" 200 5032 "https://honda.core3.agency/admin.php?dir=CwusrCwlibCwFwbuild-id" "Mozilla/5.0 AppleWebKit/537.36 (KHTML, like Gecko; compatible; GPTBot/1.4; +https://openai.com/gptbot)"
44.214.195.64 - - [28/Jul/2026:22:36:28 +0000] "POST /service_request/lead_gen_forms/autozone/ HTTP/1.1" 200 210 "-" "Zapier"
74.7.243.234 - - [28/Jul/2026:22:36:41 +0000] "GET /admin.php?dir=CwusrCwlibCwFwbuild-idCwf5 HTTP/1.1" 200 4084 "https://honda.core3.agency/admin.php?dir=CwusrCwlibCwFwbuild-id" "Mozilla/5.0 AppleWebKit/537.36 (KHTML, like Gecko; compatible; GPTBot/1.4; +https://openai.com/gptbot)"
74.7.243.234 - - [28/Jul/2026:22:37:02 +0000] "GET /admin.php?dir=CwusrCwlibCwFwbuild-idCw4e HTTP/1.1" 200 4256 "https://honda.core3.agency/admin.php?dir=CwusrCwlibCwFwbuild-id" "Mozilla/5.0 AppleWebKit/537.36 (KHTML, like Gecko; compatible; GPTBot/1.4; +https://openai.com/gptbot)"
74.7.243.234 - - [28/Jul/2026:22:37:22 +0000] "GET /admin.php?dir=CwusrCwlibCwFwbuild-idCw3c HTTP/1.1" 200 4324 "https://honda.core3.agency/admin.php?dir=CwusrCwlibCwFwbuild-id" "Mozilla/5.0 AppleWebKit/537.36 (KHTML, like Gecko; compatible; GPTBot/1.4; +https://openai.com/gptbot)"
74.7.243.234 - - [28/Jul/2026:22:37:43 +0000] "GET /admin.php?dir=CwusrCwlibCwFwbuild-idCwf9 HTTP/1.1" 200 4157 "https://honda.core3.agency/admin.php?dir=CwusrCwlibCwFwbuild-id" "Mozilla/5.0 AppleWebKit/537.36 (KHTML, like Gecko; compatible; GPTBot/1.4; +https://openai.com/gptbot)"
74.7.243.234 - - [28/Jul/2026:22:38:04 +0000] "GET /admin.php?dir=CwusrCwlibCwFwbuild-idCw0a HTTP/1.1" 200 4069 "https://honda.core3.agency/admin.php?dir=CwusrCwlibCwFwbuild-id" "Mozilla/5.0 AppleWebKit/537.36 (KHTML, like Gecko; compatible; GPTBot/1.4; +https://openai.com/gptbot)"
74.7.243.234 - - [28/Jul/2026:22:38:25 +0000] "GET /admin.php?dir=CwusrCwlibCwFwbuild-idCw7a HTTP/1.1" 200 5405 "https://honda.core3.agency/admin.php?dir=CwusrCwlibCwFwbuild-id" "Mozilla/5.0 AppleWebKit/537.36 (KHTML, like Gecko; compatible; GPTBot/1.4; +https://openai.com/gptbot)"
74.7.243.234 - - [28/Jul/2026:22:38:46 +0000] "GET /admin.php?dir=CwusrCwlibCwFwbuild-idCwa8 HTTP/1.1" 200 4535 "https://honda.core3.agency/admin.php?dir=CwusrCwlibCwFwbuild-id" "Mozilla/5.0 AppleWebKit/537.36 (KHTML, like Gecko; compatible; GPTBot/1.4; +https://openai.com/gptbot)"
44.214.195.75 - - [28/Jul/2026:22:38:54 +0000] "POST /service_request/lead_gen_forms/autozone/ HTTP/1.1" 200 1042 "-" "Zapier"
74.7.243.234 - - [28/Jul/2026:22:39:08 +0000] "GET /admin.php?dir=CwusrCwlibCwFwbuild-idCw0f HTTP/1.1" 200 4080 "https://honda.core3.agency/admin.php?dir=CwusrCwlibCwFwbuild-id" "Mozilla/5.0 AppleWebKit/537.36 (KHTML, like Gecko; compatible; GPTBot/1.4; +https://openai.com/gptbot)"
74.7.243.234 - - [28/Jul/2026:22:39:29 +0000] "GET /admin.php?dir=CwusrCwlibCwFwbuild-idCw1e HTTP/1.1" 200 4362 "https://honda.core3.agency/admin.php?dir=CwusrCwlibCwFwbuild-id" "Mozilla/5.0 AppleWebKit/537.36 (KHTML, like Gecko; compatible; GPTBot/1.4; +https://openai.com/gptbot)"
74.7.243.234 - - [28/Jul/2026:22:39:51 +0000] "GET /admin.php?dir=CwusrCwlibCwFwbuild-idCw5b HTTP/1.1" 200 4942 "https://honda.core3.agency/admin.php?dir=CwusrCwlibCwFwbuild-id" "Mozilla/5.0 AppleWebKit/537.36 (KHTML, like Gecko; compatible; GPTBot/1.4; +https://openai.com/gptbot)"
44.214.195.70 - - [28/Jul/2026:22:39:56 +0000] "POST /service_request/lead_gen_forms/autozone/ HTTP/1.1" 200 217 "-" "Zapier"
44.214.195.65 - - [28/Jul/2026:22:40:06 +0000] "POST /service_request/lead_gen_forms/autozone/ HTTP/1.1" 200 223 "-" "Zapier"
74.7.243.234 - - [28/Jul/2026:22:40:12 +0000] "GET /admin.php?dir=CwusrCwlibCwFwbuild-idCwd9 HTTP/1.1" 200 4433 "https://honda.core3.agency/admin.php?dir=CwusrCwlibCwFwbuild-id" "Mozilla/5.0 AppleWebKit/537.36 (KHTML, like Gecko; compatible; GPTBot/1.4; +https://openai.com/gptbot)"
74.7.243.234 - - [28/Jul/2026:22:40:33 +0000] "GET /admin.php?dir=CwusrCwlibCwFwbuild-idCwe1 HTTP/1.1" 200 4318 "https://honda.core3.agency/admin.php?dir=CwusrCwlibCwFwbuild-id" "Mozilla/5.0 AppleWebKit/537.36 (KHTML, like Gecko; compatible; GPTBot/1.4; +https://openai.com/gptbot)"
74.7.243.234 - - [28/Jul/2026:22:40:53 +0000] "GET /admin.php?dir=CwusrCwlibCwFwbuild-idCwc6 HTTP/1.1" 200 4678 "https://honda.core3.agency/admin.php?dir=CwusrCwlibCwFwbuild-id" "Mozilla/5.0 AppleWebKit/537.36 (KHTML, like Gecko; compatible; GPTBot/1.4; +https://openai.com/gptbot)"
74.7.243.234 - - [28/Jul/2026:22:41:15 +0000] "GET /admin.php?dir=CwusrCwlibCwFwbuild-idCw3c&view=6a6794c55666095404859d71e3b8b04d5b376d HTTP/1.1" 200 214876 "https://honda.core3.agency/admin.php?dir=CwusrCwlibCwFwbuild-idCw3c" "Mozilla/5.0 AppleWebKit/537.36 (KHTML, like Gecko; compatible; GPTBot/1.4; +https://openai.com/gptbot)"
74.7.243.234 - - [28/Jul/2026:22:41:35 +0000] "GET /admin.php?dir=CwusrCwlibCwFwbuild-idCw7e HTTP/1.1" 200 4660 "https://honda.core3.agency/admin.php?dir=CwusrCwlibCwFwbuild-id" "Mozilla/5.0 AppleWebKit/537.36 (KHTML, like Gecko; compatible; GPTBot/1.4; +https://openai.com/gptbot)"
74.7.243.234 - - [28/Jul/2026:22:41:56 +0000] "GET /admin.php?dir=CwusrCwlibCwFwbuild-idCwb6 HTTP/1.1" 200 4436 "https://honda.core3.agency/admin.php?dir=CwusrCwlibCwFwbuild-id" "Mozilla/5.0 AppleWebKit/537.36 (KHTML, like Gecko; compatible; GPTBot/1.4; +https://openai.com/gptbot)"
74.7.243.234 - - [28/Jul/2026:22:42:17 +0000] "GET /admin.php?dir=CwusrCwlibCwFwbuild-idCw1b HTTP/1.1" 200 4842 "https://honda.core3.agency/admin.php?dir=CwusrCwlibCwFwbuild-id" "Mozilla/5.0 AppleWebKit/537.36 (KHTML, like Gecko; compatible; GPTBot/1.4; +https://openai.com/gptbot)"
74.7.243.234 - - [28/Jul/2026:22:42:38 +0000] "GET /admin.php?dir=CwusrCwlibCwFwbuild-idCw2e HTTP/1.1" 200 4236 "https://honda.core3.agency/admin.php?dir=CwusrCwlibCwFwbuild-id" "Mozilla/5.0 AppleWebKit/537.36 (KHTML, like Gecko; compatible; GPTBot/1.4; +https://openai.com/gptbot)"
44.214.195.75 - - [28/Jul/2026:22:42:42 +0000] "POST /service_request/lead_gen_forms/autozone/ HTTP/1.1" 200 993 "-" "Zapier"
74.7.243.234 - - [28/Jul/2026:22:42:59 +0000] "GET /admin.php?dir=CwusrCwlibCwFwbuild-idCwf7 HTTP/1.1" 200 3994 "https://honda.core3.agency/admin.php?dir=CwusrCwlibCwFwbuild-id" "Mozilla/5.0 AppleWebKit/537.36 (KHTML, like Gecko; compatible; GPTBot/1.4; +https://openai.com/gptbot)"
74.7.243.234 - - [28/Jul/2026:22:43:20 +0000] "GET /admin.php?dir=CwusrCwlibCwFwbuild-idCw9e HTTP/1.1" 200 4371 "https://honda.core3.agency/admin.php?dir=CwusrCwlibCwFwbuild-id" "Mozilla/5.0 AppleWebKit/537.36 (KHTML, like Gecko; compatible; GPTBot/1.4; +https://openai.com/gptbot)"
74.7.243.234 - - [28/Jul/2026:22:43:41 +0000] "GET /admin.php?dir=CwusrCwlibCwFwbuild-idCw6b HTTP/1.1" 200 4571 "https://honda.core3.agency/admin.php?dir=CwusrCwlibCwFwbuild-id" "Mozilla/5.0 AppleWebKit/537.36 (KHTML, like Gecko; compatible; GPTBot/1.4; +https://openai.com/gptbot)"
44.214.195.67 - - [28/Jul/2026:22:43:26 +0000] "POST /service_request/lead_gen_forms/deepal/instagram.php HTTP/1.1" 200 607 "-" "Zapier"
74.7.243.234 - - [28/Jul/2026:22:44:02 +0000] "GET /admin.php?dir=CwusrCwlibCwFwbuild-idCwf4 HTTP/1.1" 200 4455 "https://honda.core3.agency/admin.php?dir=CwusrCwlibCwFwbuild-id" "Mozilla/5.0 AppleWebKit/537.36 (KHTML, like Gecko; compatible; GPTBot/1.4; +https://openai.com/gptbot)"
74.7.243.234 - - [28/Jul/2026:22:44:24 +0000] "GET /admin.php?dir=CwusrCwlibCwFwbuild-idCwa3 HTTP/1.1" 200 4374 "https://honda.core3.agency/admin.php?dir=CwusrCwlibCwFwbuild-id" "Mozilla/5.0 AppleWebKit/537.36 (KHTML, like Gecko; compatible; GPTBot/1.4; +https://openai.com/gptbot)"
74.7.243.234 - - [28/Jul/2026:22:44:46 +0000] "GET /admin.php?dir=CwusrCwlibCwFwbuild-idCwa5 HTTP/1.1" 200 4517 "https://honda.core3.agency/admin.php?dir=CwusrCwlibCwFwbuild-id" "Mozilla/5.0 AppleWebKit/537.36 (KHTML, like Gecko; compatible; GPTBot/1.4; +https://openai.com/gptbot)"
74.7.243.234 - - [28/Jul/2026:22:45:07 +0000] "GET /admin.php?dir=CwusrCwlibCwFwbuild-idCwc3 HTTP/1.1" 200 4314 "https://honda.core3.agency/admin.php?dir=CwusrCwlibCwFwbuild-id" "Mozilla/5.0 AppleWebKit/537.36 (KHTML, like Gecko; compatible; GPTBot/1.4; +https://openai.com/gptbot)"
74.7.243.234 - - [28/Jul/2026:22:45:28 +0000] "GET /admin.php?dir=CwusrCwlibCwFwbuild-idCw6c HTTP/1.1" 200 4211 "https://honda.core3.agency/admin.php?dir=CwusrCwlibCwFwbuild-id" "Mozilla/5.0 AppleWebKit/537.36 (KHTML, like Gecko; compatible; GPTBot/1.4; +https://openai.com/gptbot)"
74.7.243.234 - - [28/Jul/2026:22:45:48 +0000] "GET /admin.php?dir=CwusrCwlibCwFwbuild-idCw4d HTTP/1.1" 200 4371 "https://honda.core3.agency/admin.php?dir=CwusrCwlibCwFwbuild-id" "Mozilla/5.0 AppleWebKit/537.36 (KHTML, like Gecko; compatible; GPTBot/1.4; +https://openai.com/gptbot)"
74.7.243.234 - - [28/Jul/2026:22:46:09 +0000] "GET /admin.php?dir=CwusrCwlibCwFwbuild-idCwc2 HTTP/1.1" 200 4934 "https://honda.core3.agency/admin.php?dir=CwusrCwlibCwFwbuild-id" "Mozilla/5.0 AppleWebKit/537.36 (KHTML, like Gecko; compatible; GPTBot/1.4; +https://openai.com/gptbot)"
44.214.195.71 - - [28/Jul/2026:22:46:16 +0000] "POST /service_request/lead_gen_forms/honda/ HTTP/1.1" 200 86 "-" "Zapier"
74.7.243.234 - - [28/Jul/2026:22:46:29 +0000] "GET /admin.php?dir=CwusrCwlibCwFwbuild-idCw3a HTTP/1.1" 200 4745 "https://honda.core3.agency/admin.php?dir=CwusrCwlibCwFwbuild-id" "Mozilla/5.0 AppleWebKit/537.36 (KHTML, like Gecko; compatible; GPTBot/1.4; +https://openai.com/gptbot)"
74.7.243.234 - - [28/Jul/2026:22:46:50 +0000] "GET /admin.php?dir=CwusrCwlibCwFwbuild-idCw9b HTTP/1.1" 200 4773 "https://honda.core3.agency/admin.php?dir=CwusrCwlibCwFwbuild-id" "Mozilla/5.0 AppleWebKit/537.36 (KHTML, like Gecko; compatible; GPTBot/1.4; +https://openai.com/gptbot)"
74.7.243.234 - - [28/Jul/2026:22:47:12 +0000] "GET /admin.php?dir=CwusrCwlibCwFwbuild-idCwb4 HTTP/1.1" 200 4557 "https://honda.core3.agency/admin.php?dir=CwusrCwlibCwFwbuild-id" "Mozilla/5.0 AppleWebKit/537.36 (KHTML, like Gecko; compatible; GPTBot/1.4; +https://openai.com/gptbot)"
44.214.195.67 - - [28/Jul/2026:22:47:17 +0000] "POST /service_request/lead_gen_forms/core3/ HTTP/1.1" 200 68 "-" "Zapier"
74.7.243.234 - - [28/Jul/2026:22:47:32 +0000] "GET /admin.php?dir=CwusrCwlibCwFwbuild-idCw6a HTTP/1.1" 200 4548 "https://honda.core3.agency/admin.php?dir=CwusrCwlibCwFwbuild-id" "Mozilla/5.0 AppleWebKit/537.36 (KHTML, like Gecko; compatible; GPTBot/1.4; +https://openai.com/gptbot)"
74.7.243.234 - - [28/Jul/2026:22:47:52 +0000] "GET /admin.php?dir=CwusrCwlibCwFwbuild-idCwf6 HTTP/1.1" 200 5096 "https://honda.core3.agency/admin.php?dir=CwusrCwlibCwFwbuild-id" "Mozilla/5.0 AppleWebKit/537.36 (KHTML, like Gecko; compatible; GPTBot/1.4; +https://openai.com/gptbot)"
44.214.195.71 - - [28/Jul/2026:22:48:05 +0000] "POST /service_request/lead_gen_forms/autozone/ HTTP/1.1" 200 961 "-" "Zapier"
74.7.243.234 - - [28/Jul/2026:22:48:13 +0000] "GET /admin.php?dir=CwusrCwlibCwFwbuild-idCwd7 HTTP/1.1" 200 4173 "https://honda.core3.agency/admin.php?dir=CwusrCwlibCwFwbuild-id" "Mozilla/5.0 AppleWebKit/537.36 (KHTML, like Gecko; compatible; GPTBot/1.4; +https://openai.com/gptbot)"
74.7.243.234 - - [28/Jul/2026:22:48:33 +0000] "GET /admin.php?dir=CwusrCwlibCwFwbuild-idCw0b HTTP/1.1" 200 4988 "https://honda.core3.agency/admin.php?dir=CwusrCwlibCwFwbuild-id" "Mozilla/5.0 AppleWebKit/537.36 (KHTML, like Gecko; compatible; GPTBot/1.4; +https://openai.com/gptbot)"
74.7.243.234 - - [28/Jul/2026:22:48:53 +0000] "GET /admin.php?dir=CwusrCwlibCwFwbuild-idCwc3&view=4333a50b9437a63370128831f636e93c04e30f HTTP/1.1" 200 4036 "https://honda.core3.agency/admin.php?dir=CwusrCwlibCwFwbuild-idCwc3" "Mozilla/5.0 AppleWebKit/537.36 (KHTML, like Gecko; compatible; GPTBot/1.4; +https://openai.com/gptbot)"
74.7.243.234 - - [28/Jul/2026:22:49:14 +0000] "GET /admin.php?dir=CwusrCwlibCwFwbuild-idCw6c&view=5c311e21c6652e483503bf26c63444874098a0 HTTP/1.1" 200 6274 "https://honda.core3.agency/admin.php?dir=CwusrCwlibCwFwbuild-idCw6c" "Mozilla/5.0 AppleWebKit/537.36 (KHTML, like Gecko; compatible; GPTBot/1.4; +https://openai.com/gptbot)"
44.214.195.75 - - [28/Jul/2026:22:49:26 +0000] "POST /service_request/lead_gen_forms/mitsubishi/v2.php HTTP/1.1" 200 440 "-" "Zapier"
44.214.195.69 - - [28/Jul/2026:22:49:26 +0000] "POST /service_request/lead_gen_forms/mitsubishi/v2.php HTTP/1.1" 200 474 "-" "Zapier"
74.7.243.234 - - [28/Jul/2026:22:49:35 +0000] "GET /admin.php?dir=CwusrCwlibCwFwbuild-idCw0d HTTP/1.1" 200 4535 "https://honda.core3.agency/admin.php?dir=CwusrCwlibCwFwbuild-id" "Mozilla/5.0 AppleWebKit/537.36 (KHTML, like Gecko; compatible; GPTBot/1.4; +https://openai.com/gptbot)"
74.7.243.234 - - [28/Jul/2026:22:49:56 +0000] "GET /admin.php?dir=CwusrCwlibCwFwbuild-idCw5e HTTP/1.1" 200 4307 "https://honda.core3.agency/admin.php?dir=CwusrCwlibCwFwbuild-id" "Mozilla/5.0 AppleWebKit/537.36 (KHTML, like Gecko; compatible; GPTBot/1.4; +https://openai.com/gptbot)"
74.7.243.234 - - [28/Jul/2026:22:50:17 +0000] "GET /admin.php?dir=CwusrCwlibCwpython3Fw6Cwsite-packagesCwdnfCwmoduleCw__pycache__ HTTP/1.1" 200 3516 "https://honda.core3.agency/admin.php?dir=CwusrCwlibCwpython3Fw6Cwsite-packagesCwdnfCwmodule" "Mozilla/5.0 AppleWebKit/537.36 (KHTML, like Gecko; compatible; GPTBot/1.4; +https://openai.com/gptbot)"
74.7.243.234 - - [28/Jul/2026:22:50:38 +0000] "GET /admin.php?dir=CwusrCwlibCwFwbuild-idCw9b&view=0023330e20dedd469946886e1001030b7416fc HTTP/1.1" 200 4141 "https://honda.core3.agency/admin.php?dir=CwusrCwlibCwFwbuild-idCw9b" "Mozilla/5.0 AppleWebKit/537.36 (KHTML, like Gecko; compatible; GPTBot/1.4; +https://openai.com/gptbot)"
74.7.243.234 - - [28/Jul/2026:22:50:59 +0000] "GET /admin.php?dir=CwusrCwlibCwFwbuild-idCwb4&view=2071cee27525b87074b597369888e88a4c0d27 HTTP/1.1" 200 360709 "https://honda.core3.agency/admin.php?dir=CwusrCwlibCwFwbuild-idCwb4" "Mozilla/5.0 AppleWebKit/537.36 (KHTML, like Gecko; compatible; GPTBot/1.4; +https://openai.com/gptbot)"
74.7.243.234 - - [28/Jul/2026:22:51:19 +0000] "GET /admin.php?dir=CwusrCwlibCwFwbuild-idCw9b&view=7fd15f303b9196324918bf64194888068fe073 HTTP/1.1" 200 232036 "https://honda.core3.agency/admin.php?dir=CwusrCwlibCwFwbuild-idCw9b" "Mozilla/5.0 AppleWebKit/537.36 (KHTML, like Gecko; compatible; GPTBot/1.4; +https://openai.com/gptbot)"
44.214.195.70 - - [28/Jul/2026:22:51:26 +0000] "POST /service_request/lead_gen_forms/core3/ HTTP/1.1" 200 68 "-" "Zapier"
74.7.243.234 - - [28/Jul/2026:22:51:40 +0000] "GET /admin.php?dir=CwusrCwlibCwFwbuild-idCwf6&view=003f195139966653132625d7d3d752ecbf769c HTTP/1.1" 200 3065961 "https://honda.core3.agency/admin.php?dir=CwusrCwlibCwFwbuild-idCwf6" "Mozilla/5.0 AppleWebKit/537.36 (KHTML, like Gecko; compatible; GPTBot/1.4; +https://openai.com/gptbot)"
74.7.243.234 - - [28/Jul/2026:22:52:01 +0000] "GET /admin.php?dir=CwoptCwcpanelCwlibmcrypt HTTP/1.1" 200 3269 "https://honda.core3.agency/admin.php?dir=CwoptCwcpanelCwlibmcryptCwshareCwdoc" "Mozilla/5.0 AppleWebKit/537.36 (KHTML, like Gecko; compatible; GPTBot/1.4; +https://openai.com/gptbot)"
44.214.195.73 - - [28/Jul/2026:22:52:16 +0000] "POST /service_request/lead_gen_forms/mitsubishi/v2.php HTTP/1.1" 200 475 "-" "Zapier"
74.7.243.234 - - [28/Jul/2026:22:52:22 +0000] "GET /admin.php?dir=CwusrCwshareCwgettextCwpo HTTP/1.1" 200 3638 "https://honda.core3.agency/admin.php?dir=CwusrCwshareCwgettextCwpo&edit=Makefile.in.in" "Mozilla/5.0 AppleWebKit/537.36 (KHTML, like Gecko; compatible; GPTBot/1.4; +https://openai.com/gptbot)"
74.7.243.234 - - [28/Jul/2026:22:52:42 +0000] "GET /admin.php?dir=CwusrCwshareCwmodulefiles HTTP/1.1" 200 2931 "https://honda.core3.agency/admin.php?dir=CwusrCwshare" "Mozilla/5.0 AppleWebKit/537.36 (KHTML, like Gecko; compatible; GPTBot/1.4; +https://openai.com/gptbot)"
74.7.243.234 - - [28/Jul/2026:22:53:02 +0000] "GET /admin.php?dir=CwhomeCwbalubaidCwFwrazor HTTP/1.1" 200 3643 "https://honda.core3.agency/admin.php?dir=CwhomeCwbalubaid" "Mozilla/5.0 AppleWebKit/537.36 (KHTML, like Gecko; compatible; GPTBot/1.4; +https://openai.com/gptbot)"
172.105.42.26 - - [28/Jul/2026:22:53:17 +0000] "POST /service_request/get_service.php?confirm=@CRM1 HTTP/1.1" 200 928 "-" "-"
44.214.195.71 - - [28/Jul/2026:22:53:17 +0000] "POST /service_request/lead_gen_forms/honda/ HTTP/1.1" 200 68 "-" "Zapier"
74.7.243.234 - - [28/Jul/2026:22:53:24 +0000] "GET /admin.php?dir=CwusrCwshareCwdocCwexpect HTTP/1.1" 200 3370 "https://honda.core3.agency/admin.php?dir=CwusrCwshareCwdocCwexpect&edit=FAQ" "Mozilla/5.0 AppleWebKit/537.36 (KHTML, like Gecko; compatible; GPTBot/1.4; +https://openai.com/gptbot)"
74.7.243.234 - - [28/Jul/2026:22:53:46 +0000] "GET /admin.php?dir=CwusrCwincludeCwnetatalk HTTP/1.1" 200 3179 "https://honda.core3.agency/admin.php?dir=CwusrCwinclude" "Mozilla/5.0 AppleWebKit/537.36 (KHTML, like Gecko; compatible; GPTBot/1.4; +https://openai.com/gptbot)"
74.7.243.234 - - [28/Jul/2026:22:54:07 +0000] "GET /admin.php?dir=CwvarCwspoolCweximCwinput HTTP/1.1" 200 2940 "https://honda.core3.agency/admin.php?dir=CwvarCwspoolCwexim" "Mozilla/5.0 AppleWebKit/537.36 (KHTML, like Gecko; compatible; GPTBot/1.4; +https://openai.com/gptbot)"
74.7.243.234 - - [28/Jul/2026:22:54:29 +0000] "GET /admin.php?dir=CwprocCwsysCwkernelCwyama HTTP/1.1" 200 3193 "https://honda.core3.agency/admin.php?dir=CwprocCwsysCwkernel" "Mozilla/5.0 AppleWebKit/537.36 (KHTML, like Gecko; compatible; GPTBot/1.4; +https://openai.com/gptbot)"
74.7.243.234 - - [28/Jul/2026:22:54:50 +0000] "GET /admin.php?dir=CwusrCwincludeCwsecurity HTTP/1.1" 200 3606 "https://honda.core3.agency/admin.php?dir=CwusrCwinclude" "Mozilla/5.0 AppleWebKit/537.36 (KHTML, like Gecko; compatible; GPTBot/1.4; +https://openai.com/gptbot)"
74.7.243.234 - - [28/Jul/2026:22:55:10 +0000] "GET /admin.php?dir=CwhomeCwbalubaidCwFwcache HTTP/1.1" 200 3299 "https://honda.core3.agency/admin.php?dir=CwhomeCwbalubaid" "Mozilla/5.0 AppleWebKit/537.36 (KHTML, like Gecko; compatible; GPTBot/1.4; +https://openai.com/gptbot)"
74.7.243.234 - - [28/Jul/2026:22:55:32 +0000] "GET /admin.php?dir=CwhomeCwbalubaidCwlscache HTTP/1.1" 200 3784 "https://honda.core3.agency/admin.php?dir=CwhomeCwbalubaid" "Mozilla/5.0 AppleWebKit/537.36 (KHTML, like Gecko; compatible; GPTBot/1.4; +https://openai.com/gptbot)"
74.7.243.234 - - [28/Jul/2026:22:55:53 +0000] "GET /admin.php?dir=CwetcCwauthselectCwcustom HTTP/1.1" 200 2930 "https://honda.core3.agency/admin.php?dir=CwetcCwauthselect" "Mozilla/5.0 AppleWebKit/537.36 (KHTML, like Gecko; compatible; GPTBot/1.4; +https://openai.com/gptbot)"
74.7.243.234 - - [28/Jul/2026:22:56:14 +0000] "GET /admin.php?dir=CwusrCwshareCwdocCwlibdnf HTTP/1.1" 200 3263 "https://honda.core3.agency/admin.php?dir=CwusrCwshareCwdocCwlibdnf&edit=README.md" "Mozilla/5.0 AppleWebKit/537.36 (KHTML, like Gecko; compatible; GPTBot/1.4; +https://openai.com/gptbot)"
74.7.243.234 - - [28/Jul/2026:22:56:36 +0000] "GET /admin.php?dir=CwsysCwmoduleCwttmCwnotes HTTP/1.1" 200 3198 "https://honda.core3.agency/admin.php?dir=CwsysCwmoduleCwdrmCwholdersCwttm" "Mozilla/5.0 AppleWebKit/537.36 (KHTML, like Gecko; compatible; GPTBot/1.4; +https://openai.com/gptbot)"
74.7.243.234 - - [28/Jul/2026:22:56:57 +0000] "GET /admin.php?dir=CwusrCwincludeCwnetpacket HTTP/1.1" 200 3183 "https://honda.core3.agency/admin.php?dir=CwusrCwinclude" "Mozilla/5.0 AppleWebKit/537.36 (KHTML, like Gecko; compatible; GPTBot/1.4; +https://openai.com/gptbot)"
74.7.243.234 - - [28/Jul/2026:22:57:19 +0000] "GET /admin.php?dir=CwusrCwincludeCwprotocols HTTP/1.1" 200 3350 "https://honda.core3.agency/admin.php?dir=CwusrCwinclude" "Mozilla/5.0 AppleWebKit/537.36 (KHTML, like Gecko; compatible; GPTBot/1.4; +https://openai.com/gptbot)"
44.214.195.73 - - [28/Jul/2026:22:57:27 +0000] "POST /service_request/lead_gen_forms/mitsubishi/v2.php HTTP/1.1" 200 464 "-" "Zapier"
74.7.243.234 - - [28/Jul/2026:22:57:40 +0000] "GET /admin.php?dir=CwhomeCwbalubaidCwFwlocal HTTP/1.1" 200 3318 "https://honda.core3.agency/admin.php?dir=CwhomeCwbalubaid" "Mozilla/5.0 AppleWebKit/537.36 (KHTML, like Gecko; compatible; GPTBot/1.4; +https://openai.com/gptbot)"
74.7.243.234 - - [28/Jul/2026:22:58:00 +0000] "GET /admin.php?dir=CwrunCwsystemdCwgenerator HTTP/1.1" 200 3476 "https://honda.core3.agency/admin.php?dir=CwrunCwsystemd" "Mozilla/5.0 AppleWebKit/537.36 (KHTML, like Gecko; compatible; GPTBot/1.4; +https://openai.com/gptbot)"
74.7.243.234 - - [28/Jul/2026:22:58:21 +0000] "GET /admin.php?dir=CwvarCwlibCwsmartmontools HTTP/1.1" 200 2931 "https://honda.core3.agency/admin.php?dir=CwvarCwlib" "Mozilla/5.0 AppleWebKit/537.36 (KHTML, like Gecko; compatible; GPTBot/1.4; +https://openai.com/gptbot)"
44.214.195.69 - - [28/Jul/2026:22:58:27 +0000] "POST /service_request/lead_gen_forms/core3/ HTTP/1.1" 200 68 "-" "Zapier"
74.7.243.234 - - [28/Jul/2026:22:58:42 +0000] "GET /admin.php?dir=CwhomeCwbalubaidCwFwtrash HTTP/1.1" 200 3587 "https://honda.core3.agency/admin.php?dir=CwhomeCwbalubaid" "Mozilla/5.0 AppleWebKit/537.36 (KHTML, like Gecko; compatible; GPTBot/1.4; +https://openai.com/gptbot)"
74.7.243.234 - - [28/Jul/2026:22:59:04 +0000] "GET /admin.php?dir=CwusrCwshareCwdocCwncftp HTTP/1.1" 200 3612 "https://honda.core3.agency/admin.php?dir=CwusrCwshareCwdocCwncftp&edit=LICENSE.txt" "Mozilla/5.0 AppleWebKit/537.36 (KHTML, like Gecko; compatible; GPTBot/1.4; +https://openai.com/gptbot)"
44.214.195.75 - - [28/Jul/2026:22:58:52 +0000] "POST /service_request/lead_gen_forms/changan/v2.php HTTP/1.1" 200 59 "-" "Zapier"
74.7.243.234 - - [28/Jul/2026:22:59:26 +0000] "GET /admin.php?dir=CwprocCw4CwtaskCw4&view=gid_map HTTP/1.1" 200 73 "https://honda.core3.agency/admin.php?dir=CwprocCw4CwtaskCw4&view=exe" "Mozilla/5.0 AppleWebKit/537.36 (KHTML, like Gecko; compatible; GPTBot/1.4; +https://openai.com/gptbot)"
74.7.243.234 - - [28/Jul/2026:22:59:48 +0000] "GET /admin.php?dir=CwprocCw4CwtaskCw4&view=uid_map HTTP/1.1" 200 73 "https://honda.core3.agency/admin.php?dir=CwprocCw4CwtaskCw4&view=exe" "Mozilla/5.0 AppleWebKit/537.36 (KHTML, like Gecko; compatible; GPTBot/1.4; +https://openai.com/gptbot)"
74.7.243.234 - - [28/Jul/2026:23:00:08 +0000] "GET /admin.php?dir=CwprocCw7CwtaskCw7&view=uid_map HTTP/1.1" 200 73 "https://honda.core3.agency/admin.php?dir=CwprocCw7CwtaskCw7&view=exe" "Mozilla/5.0 AppleWebKit/537.36 (KHTML, like Gecko; compatible; GPTBot/1.4; +https://openai.com/gptbot)"
74.7.243.234 - - [28/Jul/2026:23:00:28 +0000] "GET /admin.php?dir=CwprocCw2CwtaskCw2&view=uid_map HTTP/1.1" 200 73 "https://honda.core3.agency/admin.php?dir=CwprocCw2CwtaskCw2&view=exe" "Mozilla/5.0 AppleWebKit/537.36 (KHTML, like Gecko; compatible; GPTBot/1.4; +https://openai.com/gptbot)"
74.7.243.234 - - [28/Jul/2026:23:00:48 +0000] "GET /admin.php?dir=CwprocCw1CwtaskCw1&view=uid_map HTTP/1.1" 200 73 "https://honda.core3.agency/admin.php?dir=CwprocCw1CwtaskCw1&view=exe" "Mozilla/5.0 AppleWebKit/537.36 (KHTML, like Gecko; compatible; GPTBot/1.4; +https://openai.com/gptbot)"
74.7.243.234 - - [28/Jul/2026:23:01:10 +0000] "GET /admin.php?dir=CwprocCw1CwtaskCw1&view=gid_map HTTP/1.1" 200 73 "https://honda.core3.agency/admin.php?dir=CwprocCw1CwtaskCw1&view=exe" "Mozilla/5.0 AppleWebKit/537.36 (KHTML, like Gecko; compatible; GPTBot/1.4; +https://openai.com/gptbot)"
74.7.243.234 - - [28/Jul/2026:23:01:30 +0000] "GET /admin.php?dir=CwprocCw7CwtaskCw7&view=gid_map HTTP/1.1" 200 73 "https://honda.core3.agency/admin.php?dir=CwprocCw7CwtaskCw7&view=exe" "Mozilla/5.0 AppleWebKit/537.36 (KHTML, like Gecko; compatible; GPTBot/1.4; +https://openai.com/gptbot)"
74.7.243.234 - - [28/Jul/2026:23:01:51 +0000] "GET /admin.php?dir=CwprocCw3CwtaskCw3&view=uid_map HTTP/1.1" 200 73 "https://honda.core3.agency/admin.php?dir=CwprocCw3CwtaskCw3&view=exe" "Mozilla/5.0 AppleWebKit/537.36 (KHTML, like Gecko; compatible; GPTBot/1.4; +https://openai.com/gptbot)"
74.7.243.234 - - [28/Jul/2026:23:02:12 +0000] "GET /admin.php?dir=CwprocCw2CwtaskCw2&view=gid_map HTTP/1.1" 200 73 "https://honda.core3.agency/admin.php?dir=CwprocCw2CwtaskCw2&view=exe" "Mozilla/5.0 AppleWebKit/537.36 (KHTML, like Gecko; compatible; GPTBot/1.4; +https://openai.com/gptbot)"
74.7.243.234 - - [28/Jul/2026:23:02:33 +0000] "GET /admin.php?dir=CwprocCw3CwtaskCw3&view=gid_map HTTP/1.1" 200 73 "https://honda.core3.agency/admin.php?dir=CwprocCw3CwtaskCw3&view=exe" "Mozilla/5.0 AppleWebKit/537.36 (KHTML, like Gecko; compatible; GPTBot/1.4; +https://openai.com/gptbot)"
74.7.243.234 - - [28/Jul/2026:23:02:53 +0000] "GET /admin.php?dir=CwprocCw5CwtaskCw5&view=uid_map HTTP/1.1" 200 73 "https://honda.core3.agency/admin.php?dir=CwprocCw5CwtaskCw5&view=exe" "Mozilla/5.0 AppleWebKit/537.36 (KHTML, like Gecko; compatible; GPTBot/1.4; +https://openai.com/gptbot)"
74.7.243.234 - - [28/Jul/2026:23:03:13 +0000] "GET /admin.php?dir=CwprocCw5CwtaskCw5&view=gid_map HTTP/1.1" 200 73 "https://honda.core3.agency/admin.php?dir=CwprocCw5CwtaskCw5&view=exe" "Mozilla/5.0 AppleWebKit/537.36 (KHTML, like Gecko; compatible; GPTBot/1.4; +https://openai.com/gptbot)"
44.214.195.69 - - [28/Jul/2026:23:03:20 +0000] "POST /service_request/lead_gen_forms/mitsubishi/v2.php HTTP/1.1" 200 438 "-" "Zapier"
74.7.243.234 - - [28/Jul/2026:23:03:33 +0000] "GET /admin.php?dir=CwetcCwsysctlFwd&edit=91-webshield-ip-local-reserved.conf HTTP/1.1" 200 2532 "https://honda.core3.agency/admin.php?dir=CwetcCwsysctlFwd" "Mozilla/5.0 AppleWebKit/537.36 (KHTML, like Gecko; compatible; GPTBot/1.4; +https://openai.com/gptbot)"
44.214.195.64 - - [28/Jul/2026:23:03:33 +0000] "POST /service_request/lead_gen_forms/core3/ HTTP/1.1" 200 68 "-" "Zapier"
74.7.243.234 - - [28/Jul/2026:23:03:55 +0000] "GET /admin.php?dir=CwusrCwshareCwtk8Fw6Cwmsgs&view=da.msg HTTP/1.1" 200 1098 "https://honda.core3.agency/admin.php?dir=CwusrCwshareCwtk8Fw6Cwmsgs" "Mozilla/5.0 AppleWebKit/537.36 (KHTML, like Gecko; compatible; GPTBot/1.4; +https://openai.com/gptbot)"
74.7.243.234 - - [28/Jul/2026:23:04:15 +0000] "GET /admin.php?dir=CwusrCwlib64Cwpython3Fw6CwdistutilsCw__pycache__&view=unixccompiler.cpython-36.opt-2.pyc HTTP/1.1" 200 3372 "https://honda.core3.agency/admin.php?dir=CwusrCwlib64Cwpython3Fw6CwdistutilsCw__pycache__" "Mozilla/5.0 AppleWebKit/537.36 (KHTML, like Gecko; compatible; GPTBot/1.4; +https://openai.com/gptbot)"
74.7.243.234 - - [28/Jul/2026:23:04:37 +0000] "GET /admin.php?dir=CwusrCwlib64Cwpython3Fw6CwmultiprocessingCw__pycache__&view=context.cpython-36.opt-2.pyc HTTP/1.1" 200 4179 "https://honda.core3.agency/admin.php?dir=CwusrCwlib64Cwpython3Fw6CwmultiprocessingCw__pycache__" "Mozilla/5.0 AppleWebKit/537.36 (KHTML, like Gecko; compatible; GPTBot/1.4; +https://openai.com/gptbot)"
44.214.195.75 - - [28/Jul/2026:23:04:47 +0000] "POST /service_request/lead_gen_forms/autozone/ HTTP/1.1" 200 213 "-" "Zapier"
74.7.243.234 - - [28/Jul/2026:23:04:57 +0000] "GET /admin.php?dir=CwusrCwlib64Cwpython3Fw6CwmultiprocessingCw__pycache__&view=managers.cpython-36.opt-1.pyc HTTP/1.1" 200 13892 "https://honda.core3.agency/admin.php?dir=CwusrCwlib64Cwpython3Fw6CwmultiprocessingCw__pycache__" "Mozilla/5.0 AppleWebKit/537.36 (KHTML, like Gecko; compatible; GPTBot/1.4; +https://openai.com/gptbot)"
74.7.243.234 - - [28/Jul/2026:23:05:17 +0000] "GET /admin.php?dir=CwusrCwlib64Cwpython3Fw6CwmultiprocessingCw__pycache__&view=managers.cpython-36.opt-2.pyc HTTP/1.1" 200 12870 "https://honda.core3.agency/admin.php?dir=CwusrCwlib64Cwpython3Fw6CwmultiprocessingCw__pycache__" "Mozilla/5.0 AppleWebKit/537.36 (KHTML, like Gecko; compatible; GPTBot/1.4; +https://openai.com/gptbot)"
74.7.243.234 - - [28/Jul/2026:23:05:38 +0000] "GET /admin.php?dir=CwusrCwlib64Cwpython3Fw6CwdistutilsCw__pycache__&view=unixccompiler.cpython-36.opt-1.pyc HTTP/1.1" 200 3664 "https://honda.core3.agency/admin.php?dir=CwusrCwlib64Cwpython3Fw6CwdistutilsCw__pycache__" "Mozilla/5.0 AppleWebKit/537.36 (KHTML, like Gecko; compatible; GPTBot/1.4; +https://openai.com/gptbot)"
74.7.243.234 - - [28/Jul/2026:23:05:59 +0000] "GET /admin.php?dir=CwusrCwlib64Cwpython3Fw6CwmultiprocessingCw__pycache__&view=context.cpython-36.opt-1.pyc HTTP/1.1" 200 4842 "https://honda.core3.agency/admin.php?dir=CwusrCwlib64Cwpython3Fw6CwmultiprocessingCw__pycache__" "Mozilla/5.0 AppleWebKit/537.36 (KHTML, like Gecko; compatible; GPTBot/1.4; +https://openai.com/gptbot)"
74.7.243.234 - - [28/Jul/2026:23:06:19 +0000] "GET /admin.php?dir=CwusrCwshareCwvimCwvim80Cwkeymap&view=polish-slash_utf-8.vim HTTP/1.1" 200 586 "https://honda.core3.agency/admin.php?dir=CwusrCwshareCwvimCwvim80Cwkeymap" "Mozilla/5.0 AppleWebKit/537.36 (KHTML, like Gecko; compatible; GPTBot/1.4; +https://openai.com/gptbot)"
74.7.243.234 - - [28/Jul/2026:23:06:39 +0000] "GET /admin.php?dir=CwusrCwlib64Cwpython3Fw6Cwlib-dynload&edit=_curses.cpython-36m-x86_64-linux-gnu.so HTTP/1.1" 200 2510 "https://honda.core3.agency/admin.php?dir=CwusrCwlib64Cwpython3Fw6Cwlib-dynload" "Mozilla/5.0 AppleWebKit/537.36 (KHTML, like Gecko; compatible; GPTBot/1.4; +https://openai.com/gptbot)"
74.7.243.234 - - [28/Jul/2026:23:07:00 +0000] "GET /admin.php?dir=CwusrCwlib64Cwpython3Fw6Cwlib-dynload&edit=_socket.cpython-36m-x86_64-linux-gnu.so HTTP/1.1" 200 2511 "https://honda.core3.agency/admin.php?dir=CwusrCwlib64Cwpython3Fw6Cwlib-dynload" "Mozilla/5.0 AppleWebKit/537.36 (KHTML, like Gecko; compatible; GPTBot/1.4; +https://openai.com/gptbot)"
172.105.42.26 - - [28/Jul/2026:23:07:16 +0000] "POST /service_request/get_service.php?confirm=@CRM1 HTTP/1.1" 200 948 "-" "-"
44.214.195.71 - - [28/Jul/2026:23:07:16 +0000] "POST /service_request/lead_gen_forms/honda/ HTTP/1.1" 200 68 "-" "Zapier"
74.7.243.234 - - [28/Jul/2026:23:07:21 +0000] "GET /admin.php?dir=CwusrCwlib64Cwpython3Fw6Cwlib-dynload&edit=_pickle.cpython-36m-x86_64-linux-gnu.so HTTP/1.1" 200 2511 "https://honda.core3.agency/admin.php?dir=CwusrCwlib64Cwpython3Fw6Cwlib-dynload" "Mozilla/5.0 AppleWebKit/537.36 (KHTML, like Gecko; compatible; GPTBot/1.4; +https://openai.com/gptbot)"
44.214.195.67 - - [28/Jul/2026:23:07:10 +0000] "POST /service_request/lead_gen_forms/deepal/instagram.php HTTP/1.1" 200 608 "-" "Zapier"
74.7.243.234 - - [28/Jul/2026:23:07:42 +0000] "GET /html/whydisclaim.html HTTP/1.1" 404 12313 "https://honda.core3.agency/admin.php?dir=CwusrCwshareCwgettextCwprojectsCwTP&view=teams.html" "Mozilla/5.0 AppleWebKit/537.36 (KHTML, like Gecko; compatible; GPTBot/1.4; +https://openai.com/gptbot)"
74.7.243.234 - - [28/Jul/2026:23:08:04 +0000] "GET /admin.php?dir=CwhomeCwbalubaidCwfurFwcore3FwagencyCwwp-contentCwpluginsCwus-coreCwconfig&view=web-safe-fonts.php HTTP/1.1" 200 386 "https://honda.core3.agency/admin.php?dir=CwhomeCwbalubaidCwfurFwcore3FwagencyCwwp-contentCwpluginsCwus-coreCwconfig" "Mozilla/5.0 AppleWebKit/537.36 (KHTML, like Gecko; compatible; GPTBot/1.4; +https://openai.com/gptbot)"
74.7.243.234 - - [28/Jul/2026:23:08:26 +0000] "GET /admin.php?dir=CwhomeCwbalubaidCwfurFwcore3FwagencyCwwp-contentCwpluginsCwcoming-soonCwapp&view=render-csp-mm.php HTTP/1.1" 200 2706 "https://honda.core3.agency/admin.php?dir=CwhomeCwbalubaidCwfurFwcore3FwagencyCwwp-contentCwpluginsCwcoming-soonCwapp" "Mozilla/5.0 AppleWebKit/537.36 (KHTML, like Gecko; compatible; GPTBot/1.4; +https://openai.com/gptbot)"
44.214.195.75 - - [28/Jul/2026:23:08:27 +0000] "POST /service_request/lead_gen_forms/mitsubishi/v2.php HTTP/1.1" 200 470 "-" "Zapier"
74.7.243.234 - - [28/Jul/2026:23:08:47 +0000] "GET /admin.php?dir=CwsysCwfsCwcgroupCwsystemdCwsystemFwsliceCwdev-hugepagesFwmount&view=tasks HTTP/1.1" 200 55 "https://honda.core3.agency/admin.php?dir=CwsysCwfsCwcgroupCwsystemdCwsystemFwsliceCwdev-hugepagesFwmount" "Mozilla/5.0 AppleWebKit/537.36 (KHTML, like Gecko; compatible; GPTBot/1.4; +https://openai.com/gptbot)"
74.7.243.234 - - [28/Jul/2026:23:09:08 +0000] "GET /admin.php?dir=CwsysCwfsCwcgroupCwsystemdCwsystemFwsliceCwdbusFwsocket&view=cgroup.procs HTTP/1.1" 200 55 "https://honda.core3.agency/admin.php?dir=CwsysCwfsCwcgroupCwsystemdCwsystemFwsliceCwdbusFwsocket" "Mozilla/5.0 AppleWebKit/537.36 (KHTML, like Gecko; compatible; GPTBot/1.4; +https://openai.com/gptbot)"
74.7.243.234 - - [28/Jul/2026:23:09:30 +0000] "GET /admin.php?dir=CwsysCwfsCwcgroupCwblkioCwsystemFwsliceCwsystemd-udevdFwservice&view=tasks HTTP/1.1" 200 62 "https://honda.core3.agency/admin.php?dir=CwsysCwfsCwcgroupCwblkioCwsystemFwsliceCwsystemd-udevdFwservice" "Mozilla/5.0 AppleWebKit/537.36 (KHTML, like Gecko; compatible; GPTBot/1.4; +https://openai.com/gptbot)"
74.7.243.234 - - [28/Jul/2026:23:09:50 +0000] "GET /admin.php?dir=CwusrCwlib64CwImageMagick-6Fw9Fw13Cwmodules-Q16Cwcoders&edit=cin.so HTTP/1.1" 200 2512 "https://honda.core3.agency/admin.php?dir=CwusrCwlib64CwImageMagick-6Fw9Fw13Cwmodules-Q16Cwcoders" "Mozilla/5.0 AppleWebKit/537.36 (KHTML, like Gecko; compatible; GPTBot/1.4; +https://openai.com/gptbot)"
74.7.243.234 - - [28/Jul/2026:23:10:10 +0000] "GET /admin.php?dir=CwhomeCwbalubaidCwhondaFwcore3FwagencyCwwp-contentCwpluginsCwwpcf7-redirectCwtemplates&view=default-settings.php HTTP/1.1" 200 986 "https://honda.core3.agency/admin.php?dir=CwhomeCwbalubaidCwhondaFwcore3FwagencyCwwp-contentCwpluginsCwwpcf7-redirectCwtemplates" "Mozilla/5.0 AppleWebKit/537.36 (KHTML, like Gecko; compatible; GPTBot/1.4; +https://openai.com/gptbot)"
74.7.243.234 - - [28/Jul/2026:23:10:31 +0000] "GET /admin.php?dir=CwhomeCwbalubaidCwfurFwcore3FwagencyCwwp-contentCwpluginsCwwpcf7-redirectCwtemplates&view=default-settings.php HTTP/1.1" 200 986 "https://honda.core3.agency/admin.php?dir=CwhomeCwbalubaidCwfurFwcore3FwagencyCwwp-contentCwpluginsCwwpcf7-redirectCwtemplates" "Mozilla/5.0 AppleWebKit/537.36 (KHTML, like Gecko; compatible; GPTBot/1.4; +https://openai.com/gptbot)"
74.7.243.234 - - [28/Jul/2026:23:10:52 +0000] "GET /admin.php?dir=CwusrCwshareCwmanCwruCwman5&edit=sssd-simple.5.gz HTTP/1.1" 200 2489 "https://honda.core3.agency/admin.php?dir=CwusrCwshareCwmanCwruCwman5" "Mozilla/5.0 AppleWebKit/537.36 (KHTML, like Gecko; compatible; GPTBot/1.4; +https://openai.com/gptbot)"
74.7.243.234 - - [28/Jul/2026:23:11:14 +0000] "GET /admin.php?dir=CwsysCwfsCwselinuxCwclassCwmsgqCwperms&view=unix_write HTTP/1.1" 200 56 "https://honda.core3.agency/admin.php?dir=CwsysCwfsCwselinuxCwclassCwmsgqCwperms" "Mozilla/5.0 AppleWebKit/537.36 (KHTML, like Gecko; compatible; GPTBot/1.4; +https://openai.com/gptbot)"
74.7.243.234 - - [28/Jul/2026:23:11:35 +0000] "GET /admin.php?dir=CwusrCwlocalCwcpanelCwscripts&view=restartsrv_postgresql HTTP/1.1" 200 1905777 "https://honda.core3.agency/admin.php?dir=CwusrCwlocalCwcpanelCwscripts&view=rebuild_available_addons_packages_cache" "Mozilla/5.0 AppleWebKit/537.36 (KHTML, like Gecko; compatible; GPTBot/1.4; +https://openai.com/gptbot)"
74.7.243.234 - - [28/Jul/2026:23:11:56 +0000] "GET /admin.php?dir=CwusrCwlocalCwcpanelCwscripts&view=restartsrv_chkservd HTTP/1.1" 200 286 "https://honda.core3.agency/admin.php?dir=CwusrCwlocalCwcpanelCwscripts&view=rebuild_available_addons_packages_cache" "Mozilla/5.0 AppleWebKit/537.36 (KHTML, like Gecko; compatible; GPTBot/1.4; +https://openai.com/gptbot)"
44.214.195.73 - - [28/Jul/2026:23:12:17 +0000] "POST /service_request/lead_gen_forms/mitsubishi/v2.php HTTP/1.1" 200 469 "-" "Zapier"
74.7.243.234 - - [28/Jul/2026:23:12:17 +0000] "GET /admin.php?dir=CwusrCwlocalCwcpanelCwscripts&view=generate_maildirsize HTTP/1.1" 200 4340 "https://honda.core3.agency/admin.php?dir=CwusrCwlocalCwcpanelCwscripts&view=rebuild_available_addons_packages_cache" "Mozilla/5.0 AppleWebKit/537.36 (KHTML, like Gecko; compatible; GPTBot/1.4; +https://openai.com/gptbot)"
74.7.243.234 - - [28/Jul/2026:23:12:38 +0000] "GET /admin.php?dir=CwusrCwlocalCwcpanelCwscripts&view=restartsrv_pureftpd HTTP/1.1" 200 1905777 "https://honda.core3.agency/admin.php?dir=CwusrCwlocalCwcpanelCwscripts&view=rebuild_available_addons_packages_cache" "Mozilla/5.0 AppleWebKit/537.36 (KHTML, like Gecko; compatible; GPTBot/1.4; +https://openai.com/gptbot)"
74.7.243.234 - - [28/Jul/2026:23:13:00 +0000] "GET /admin.php?dir=CwsysCwbusCwplatformCwdriversCwefi-framebuffer&view=bind HTTP/1.1" 200 55 "https://honda.core3.agency/admin.php?dir=CwsysCwbusCwplatformCwdriversCwefi-framebuffer" "Mozilla/5.0 AppleWebKit/537.36 (KHTML, like Gecko; compatible; GPTBot/1.4; +https://openai.com/gptbot)"
74.7.243.234 - - [28/Jul/2026:23:13:21 +0000] "GET /admin.php?dir=CwsysCwfsCwselinuxCwclassCwdb_procedureCwperms&view=drop HTTP/1.1" 200 56 "https://honda.core3.agency/admin.php?dir=CwsysCwfsCwselinuxCwclassCwdb_procedureCwperms" "Mozilla/5.0 AppleWebKit/537.36 (KHTML, like Gecko; compatible; GPTBot/1.4; +https://openai.com/gptbot)"
74.7.243.234 - - [28/Jul/2026:23:13:43 +0000] "GET /admin.php?dir=CwusrCwlocalCwcpanelCwscripts&view=restartsrv_rsyslogd HTTP/1.1" 200 287 "https://honda.core3.agency/admin.php?dir=CwusrCwlocalCwcpanelCwscripts&view=rebuild_available_addons_packages_cache" "Mozilla/5.0 AppleWebKit/537.36 (KHTML, like Gecko; compatible; GPTBot/1.4; +https://openai.com/gptbot)"
74.7.243.234 - - [28/Jul/2026:23:14:04 +0000] "GET /admin.php?dir=CwusrCwlocalCwcpanelCwscripts&view=restartsrv_queueprocd HTTP/1.1" 200 1905777 "https://honda.core3.agency/admin.php?dir=CwusrCwlocalCwcpanelCwscripts&view=rebuild_available_addons_packages_cache" "Mozilla/5.0 AppleWebKit/537.36 (KHTML, like Gecko; compatible; GPTBot/1.4; +https://openai.com/gptbot)"
44.214.195.69 - - [28/Jul/2026:23:14:10 +0000] "POST /service_request/lead_gen_forms/hyundai/v3.php HTTP/1.1" 200 86 "-" "Zapier"
44.214.195.73 - - [28/Jul/2026:23:14:26 +0000] "POST /service_request/lead_gen_forms/mitsubishi/v2.php HTTP/1.1" 200 469 "-" "Zapier"
74.7.243.234 - - [28/Jul/2026:23:14:26 +0000] "GET /admin.php?dir=CwusrCwlocalCwcpanelCwscripts&view=dovecot_maintenance HTTP/1.1" 200 2770 "https://honda.core3.agency/admin.php?dir=CwusrCwlocalCwcpanelCwscripts&view=rebuild_available_addons_packages_cache" "Mozilla/5.0 AppleWebKit/537.36 (KHTML, like Gecko; compatible; GPTBot/1.4; +https://openai.com/gptbot)"
44.214.195.66 - - [28/Jul/2026:23:14:25 +0000] "POST /service_request/lead_gen_forms/core3/ HTTP/1.1" 200 68 "-" "Zapier"
74.7.243.234 - - [28/Jul/2026:23:14:47 +0000] "GET /admin.php?dir=CwhomeCwbalubaidCwfurFwcore3FwagencyCwservice_request&view=.log_9.6.2022.log HTTP/1.1" 200 55 "https://honda.core3.agency/admin.php?dir=CwhomeCwbalubaidCwfurFwcore3FwagencyCwservice_request" "Mozilla/5.0 AppleWebKit/537.36 (KHTML, like Gecko; compatible; GPTBot/1.4; +https://openai.com/gptbot)"
74.7.243.234 - - [28/Jul/2026:23:15:08 +0000] "GET /%3C?php%20echo%20TablePress::url(%20array(%20%27action%27%20=%3E%20%27options%27,%20%27message%27%20=%3E%20%27success_save_error_custom_css%27%20)%20);%20?%3E HTTP/1.1" 404 12406 "https://honda.core3.agency/admin.php?dir=CwhomeCwbalubaidCwfurFwcore3FwagencyCwwp-contentCwpluginsCwtablepressCwviews&view=view-options_custom_css.php" "Mozilla/5.0 AppleWebKit/537.36 (KHTML, like Gecko; compatible; GPTBot/1.4; +https://openai.com/gptbot)"
74.7.243.234 - - [28/Jul/2026:23:15:29 +0000] "GET /admin.php?dir=CwsysCwfsCwselinuxCwclassCwpasswd&view=index HTTP/1.1" 200 57 "https://honda.core3.agency/admin.php?dir=CwsysCwfsCwselinuxCwclassCwpasswd" "Mozilla/5.0 AppleWebKit/537.36 (KHTML, like Gecko; compatible; GPTBot/1.4; +https://openai.com/gptbot)"
74.7.243.234 - - [28/Jul/2026:23:15:50 +0000] "GET /admin.php?dir=CwusrCwshareCwzshCwsite-functions&view=_sd_unit_files HTTP/1.1" 200 253 "https://honda.core3.agency/admin.php?dir=CwusrCwshareCwzshCwsite-functions" "Mozilla/5.0 AppleWebKit/537.36 (KHTML, like Gecko; compatible; GPTBot/1.4; +https://openai.com/gptbot)"
74.7.243.234 - - [28/Jul/2026:23:16:11 +0000] "GET /admin.php?dir=CwsysCwmoduleCwvirtio_netCwsections&view=__mcount_loc HTTP/1.1" 200 55 "https://honda.core3.agency/admin.php?dir=CwsysCwmoduleCwvirtio_netCwsections" "Mozilla/5.0 AppleWebKit/537.36 (KHTML, like Gecko; compatible; GPTBot/1.4; +https://openai.com/gptbot)"
74.7.243.234 - - [28/Jul/2026:23:16:31 +0000] "GET /admin.php?dir=CwusrCwlib64Cwperl5CwFile&view=DosGlob.pm HTTP/1.1" 200 3630 "https://honda.core3.agency/admin.php?dir=CwusrCwlib64Cwperl5CwFile" "Mozilla/5.0 AppleWebKit/537.36 (KHTML, like Gecko; compatible; GPTBot/1.4; +https://openai.com/gptbot)"
74.7.243.234 - - [28/Jul/2026:23:16:52 +0000] "GET /admin.php?dir=CwsysCwmoduleCwxt_CTCwsections&view=.exit.text HTTP/1.1" 200 55 "https://honda.core3.agency/admin.php?dir=CwsysCwmoduleCwxt_CTCwsections" "Mozilla/5.0 AppleWebKit/537.36 (KHTML, like Gecko; compatible; GPTBot/1.4; +https://openai.com/gptbot)"
74.7.243.234 - - [28/Jul/2026:23:17:13 +0000] "GET /admin.php?dir=CwsysCwmoduleCwdrmCwsections&view=__mcount_loc HTTP/1.1" 200 55 "https://honda.core3.agency/admin.php?dir=CwsysCwmoduleCwdrmCwsections" "Mozilla/5.0 AppleWebKit/537.36 (KHTML, like Gecko; compatible; GPTBot/1.4; +https://openai.com/gptbot)"
74.7.243.234 - - [28/Jul/2026:23:17:34 +0000] "GET /admin.php?dir=CwusrCwlibCwnode_modulesCwnpm&view=.travis.yml HTTP/1.1" 200 253 "https://honda.core3.agency/admin.php?dir=CwusrCwlibCwnode_modulesCwnpm" "Mozilla/5.0 AppleWebKit/537.36 (KHTML, like Gecko; compatible; GPTBot/1.4; +https://openai.com/gptbot)"
44.214.195.73 - - [28/Jul/2026:23:17:29 +0000] "POST /service_request/lead_gen_forms/deepal/v2.php HTTP/1.1" 200 609 "-" "Zapier"
74.7.243.234 - - [28/Jul/2026:23:17:55 +0000] "GET /admin.php?dir=CwvarCwlog&view=proactive_defense_compiler.log HTTP/1.1" 200 110 "https://honda.core3.agency/admin.php?dir=CwvarCwlog&view=secure-20260607" "Mozilla/5.0 AppleWebKit/537.36 (KHTML, like Gecko; compatible; GPTBot/1.4; +https://openai.com/gptbot)"
74.7.243.234 - - [28/Jul/2026:23:18:17 +0000] "GET /admin.php?dir=CwsysCwmoduleCwttmCwsections&view=__mcount_loc HTTP/1.1" 200 55 "https://honda.core3.agency/admin.php?dir=CwsysCwmoduleCwttmCwsections" "Mozilla/5.0 AppleWebKit/537.36 (KHTML, like Gecko; compatible; GPTBot/1.4; +https://openai.com/gptbot)"
44.214.195.65 - - [28/Jul/2026:23:18:22 +0000] "POST /service_request/lead_gen_forms/autozone/ HTTP/1.1" 200 989 "-" "Zapier"
74.7.243.234 - - [28/Jul/2026:23:18:38 +0000] "GET /admin.php?dir=CwusrCwshareCwxml&view=xmldsig-core-schema.xsd HTTP/1.1" 200 2151 "https://honda.core3.agency/admin.php?dir=CwusrCwshareCwxml" "Mozilla/5.0 AppleWebKit/537.36 (KHTML, like Gecko; compatible; GPTBot/1.4; +https://openai.com/gptbot)"
74.7.243.234 - - [28/Jul/2026:23:18:58 +0000] "GET /admin.php?dir=CwsysCwmoduleCwxt_CTCwsections&view=.init.text HTTP/1.1" 200 55 "https://honda.core3.agency/admin.php?dir=CwsysCwmoduleCwxt_CTCwsections" "Mozilla/5.0 AppleWebKit/537.36 (KHTML, like Gecko; compatible; GPTBot/1.4; +https://openai.com/gptbot)"
74.7.243.234 - - [28/Jul/2026:23:19:19 +0000] "GET /admin.php?dir=CwsysCwkernelCwslabCwsd_ext_cdb&view=slab_size HTTP/1.1" 200 55 "https://honda.core3.agency/admin.php?dir=CwsysCwkernelCwslabCwsd_ext_cdb" "Mozilla/5.0 AppleWebKit/537.36 (KHTML, like Gecko; compatible; GPTBot/1.4; +https://openai.com/gptbot)"
44.214.195.73 - - [28/Jul/2026:23:19:21 +0000] "POST /service_request/lead_gen_forms/mitsubishi/v2.php HTTP/1.1" 200 470 "-" "Zapier"
74.7.243.234 - - [28/Jul/2026:23:19:40 +0000] "GET /admin.php?dir=CwusrCwlibCwmodulesCw4Fw18Fw0-553Fw8Fw1Fwel8_10Fwx86_64CwkernelCwdriversCwscsiCwqla2xxx&view=qla2xxx.ko.xz HTTP/1.1" 200 376168 "https://honda.core3.agency/admin.php?dir=CwusrCwlibCwmodulesCw4Fw18Fw0-553Fw8Fw1Fwel8_10Fwx86_64CwkernelCwdriversCwscsiCwqla2xxx" "Mozilla/5.0 AppleWebKit/537.36 (KHTML, like Gecko; compatible; GPTBot/1.4; +https://openai.com/gptbot)"
74.7.243.234 - - [28/Jul/2026:23:20:00 +0000] "GET /admin.php?dir=CwusrCwlibCwmodulesCw4Fw18Fw0-477Fw10Fw1Fwel8_8Fwx86_64CwkernelCwdriversCwscsiCwqla2xxx&view=qla2xxx.ko.xz HTTP/1.1" 200 364437 "https://honda.core3.agency/admin.php?dir=CwusrCwlibCwmodulesCw4Fw18Fw0-477Fw10Fw1Fwel8_8Fwx86_64CwkernelCwdriversCwscsiCwqla2xxx" "Mozilla/5.0 AppleWebKit/537.36 (KHTML, like Gecko; compatible; GPTBot/1.4; +https://openai.com/gptbot)"
74.7.243.234 - - [28/Jul/2026:23:20:21 +0000] "GET /admin.php?dir=CwusrCwlibCwmodulesCw4Fw18Fw0-477Fw10Fw1Fwel8_8Fwx86_64CwkernelCwdriversCwscsiCwqla4xxx&view=qla4xxx.ko.xz HTTP/1.1" 200 112712 "https://honda.core3.agency/admin.php?dir=CwusrCwlibCwmodulesCw4Fw18Fw0-477Fw10Fw1Fwel8_8Fwx86_64CwkernelCwdriversCwscsiCwqla4xxx" "Mozilla/5.0 AppleWebKit/537.36 (KHTML, like Gecko; compatible; GPTBot/1.4; +https://openai.com/gptbot)"
74.7.243.234 - - [28/Jul/2026:23:20:41 +0000] "GET /admin.php?dir=CwusrCwlibCwmodulesCw4Fw18Fw0-553Fw8Fw1Fwel8_10Fwx86_64CwkernelCwdriversCwscsiCwqla4xxx&view=qla4xxx.ko.xz HTTP/1.1" 200 115153 "https://honda.core3.agency/admin.php?dir=CwusrCwlibCwmodulesCw4Fw18Fw0-553Fw8Fw1Fwel8_10Fwx86_64CwkernelCwdriversCwscsiCwqla4xxx" "Mozilla/5.0 AppleWebKit/537.36 (KHTML, like Gecko; compatible; GPTBot/1.4; +https://openai.com/gptbot)"
74.7.243.234 - - [28/Jul/2026:23:21:02 +0000] "GET /admin.php?dir=CwusrCwshareCwmyspell&view=en_GH.aff HTTP/1.1" 200 5565 "https://honda.core3.agency/admin.php?dir=CwusrCwshareCwmyspell" "Mozilla/5.0 AppleWebKit/537.36 (KHTML, like Gecko; compatible; GPTBot/1.4; +https://openai.com/gptbot)"
74.7.243.234 - - [28/Jul/2026:23:21:23 +0000] "GET /admin.php?dir=CwhomeCwbalubaidCwautozoneFwsaCwwp-includesCwwidgets&edit=class-wp-widget-search.php HTTP/1.1" 200 3446 "https://honda.core3.agency/admin.php?dir=CwhomeCwbalubaidCwautozoneFwsaCwwp-includesCwwidgets" "Mozilla/5.0 AppleWebKit/537.36 (KHTML, like Gecko; compatible; GPTBot/1.4; +https://openai.com/gptbot)"
74.7.243.234 - - [28/Jul/2026:23:21:45 +0000] "GET /admin.php?dir=CwusrCwlibCwmodulesCw4Fw18Fw0-553Fw8Fw1Fwel8_10Fwx86_64CwkernelCwdriversCwmediaCwmmcCwsiano&edit=smssdio.ko.xz HTTP/1.1" 200 2584 "https://honda.core3.agency/admin.php?dir=CwusrCwlibCwmodulesCw4Fw18Fw0-553Fw8Fw1Fwel8_10Fwx86_64CwkernelCwdriversCwmediaCwmmcCwsiano" "Mozilla/5.0 AppleWebKit/537.36 (KHTML, like Gecko; compatible; GPTBot/1.4; +https://openai.com/gptbot)"
74.7.243.234 - - [28/Jul/2026:23:22:07 +0000] "GET /admin.php?dir=CwusrCwlibCwmodulesCw4Fw18Fw0-553Fw8Fw1Fwel8_10Fwx86_64CwkernelCwdriversCwmediaCwcommonCwsiano&edit=smsmdtv.ko.xz HTTP/1.1" 200 2588 "https://honda.core3.agency/admin.php?dir=CwusrCwlibCwmodulesCw4Fw18Fw0-553Fw8Fw1Fwel8_10Fwx86_64CwkernelCwdriversCwmediaCwcommonCwsiano" "Mozilla/5.0 AppleWebKit/537.36 (KHTML, like Gecko; compatible; GPTBot/1.4; +https://openai.com/gptbot)"
74.7.243.234 - - [28/Jul/2026:23:22:28 +0000] "GET /admin.php?dir=CwusrCwlibCwmodulesCw4Fw18Fw0-553Fw8Fw1Fwel8_10Fwx86_64CwkernelCwdriversCwmediaCwpciCwmantis&edit=hopper.ko.xz HTTP/1.1" 200 2583 "https://honda.core3.agency/admin.php?dir=CwusrCwlibCwmodulesCw4Fw18Fw0-553Fw8Fw1Fwel8_10Fwx86_64CwkernelCwdriversCwmediaCwpciCwmantis" "Mozilla/5.0 AppleWebKit/537.36 (KHTML, like Gecko; compatible; GPTBot/1.4; +https://openai.com/gptbot)"
