44.214.195.71 - - [28/Jul/2026:18:31:41 +0000] "POST /service_request/lead_gen_forms/core3/ HTTP/1.1" 200 68 "-" "Zapier"
74.7.243.234 - - [28/Jul/2026:18:32:00 +0000] "GET /admin.php?dir=CwhomeCwbalubaidCwnewoffersFwautozoneFwcomFwsaCwwp-adminCwjsCwwidgets&edit=media-widgets.min.js HTTP/1.1" 200 7341 "https://honda.core3.agency/admin.php?dir=CwhomeCwbalubaidCwnewoffersFwautozoneFwcomFwsaCwwp-adminCwjsCwwidgets" "Mozilla/5.0 AppleWebKit/537.36 (KHTML, like Gecko; compatible; GPTBot/1.4; +https://openai.com/gptbot)"
74.7.243.234 - - [28/Jul/2026:18:32:22 +0000] "GET /admin.php?dir=CwsysCwfsCwcgroupCwmemoryCwsystemFwsliceCwsystemd-fsck-rootFwservice&edit=memory.use_hierarchy HTTP/1.1" 200 2528 "https://honda.core3.agency/admin.php?dir=CwsysCwfsCwcgroupCwmemoryCwsystemFwsliceCwsystemd-fsck-rootFwservice" "Mozilla/5.0 AppleWebKit/537.36 (KHTML, like Gecko; compatible; GPTBot/1.4; +https://openai.com/gptbot)"
74.7.243.234 - - [28/Jul/2026:18:32:43 +0000] "GET /admin.php?dir=CwsysCwfsCwcgroupCwmemoryCwsystemFwsliceCwsystemd-tmpfiles-setup-devFwservice&edit=memory.force_empty HTTP/1.1" 200 2527 "https://honda.core3.agency/admin.php?dir=CwsysCwfsCwcgroupCwmemoryCwsystemFwsliceCwsystemd-tmpfiles-setup-devFwservice" "Mozilla/5.0 AppleWebKit/537.36 (KHTML, like Gecko; compatible; GPTBot/1.4; +https://openai.com/gptbot)"
74.7.243.234 - - [28/Jul/2026:18:33:03 +0000] "GET /admin.php?dir=CwsysCwfsCwcgroupCwmemoryCwsystemFwsliceCwsystemd-fsck-rootFwservice&edit=memory.force_empty HTTP/1.1" 200 2521 "https://honda.core3.agency/admin.php?dir=CwsysCwfsCwcgroupCwmemoryCwsystemFwsliceCwsystemd-fsck-rootFwservice" "Mozilla/5.0 AppleWebKit/537.36 (KHTML, like Gecko; compatible; GPTBot/1.4; +https://openai.com/gptbot)"
74.7.243.234 - - [28/Jul/2026:18:33:25 +0000] "GET /admin.php?dir=CwsysCwfsCwcgroupCwpidsCwsystemFwsliceCwsystemd-sysctlFwservice&edit=notify_on_release HTTP/1.1" 200 2523 "https://honda.core3.agency/admin.php?dir=CwsysCwfsCwcgroupCwpidsCwsystemFwsliceCwsystemd-sysctlFwservice" "Mozilla/5.0 AppleWebKit/537.36 (KHTML, like Gecko; compatible; GPTBot/1.4; +https://openai.com/gptbot)"
74.7.243.234 - - [28/Jul/2026:18:33:45 +0000] "GET /admin.php?dir=CwsysCwfsCwcgroupCwblkioCwsystemFwsliceCwsystem-gettyFwslice&edit=blkio.reset_stats HTTP/1.1" 200 2511 "https://honda.core3.agency/admin.php?dir=CwsysCwfsCwcgroupCwblkioCwsystemFwsliceCwsystem-gettyFwslice" "Mozilla/5.0 AppleWebKit/537.36 (KHTML, like Gecko; compatible; GPTBot/1.4; +https://openai.com/gptbot)"
74.7.243.234 - - [28/Jul/2026:18:34:07 +0000] "GET /admin.php?dir=CwsysCwfsCwcgroupCwmemoryCwsystemFwsliceCwsystemd-tmpfiles-setupFwservice&edit=memory.kmem.failcnt HTTP/1.1" 200 2529 "https://honda.core3.agency/admin.php?dir=CwsysCwfsCwcgroupCwmemoryCwsystemFwsliceCwsystemd-tmpfiles-setupFwservice" "Mozilla/5.0 AppleWebKit/537.36 (KHTML, like Gecko; compatible; GPTBot/1.4; +https://openai.com/gptbot)"
74.7.243.234 - - [28/Jul/2026:18:34:28 +0000] "GET /admin.php?dir=CwsysCwfsCwcgroupCwmemoryCwsystemFwsliceCwsystemd-tmpfiles-setupFwservice&edit=memory.limit_in_bytes HTTP/1.1" 200 2544 "https://honda.core3.agency/admin.php?dir=CwsysCwfsCwcgroupCwmemoryCwsystemFwsliceCwsystemd-tmpfiles-setupFwservice" "Mozilla/5.0 AppleWebKit/537.36 (KHTML, like Gecko; compatible; GPTBot/1.4; +https://openai.com/gptbot)"
74.7.243.234 - - [28/Jul/2026:18:34:49 +0000] "GET /admin.php?dir=CwhomeCwbalubaidCwaccessoriesFwautozoneFwcomFwsaCwwp-adminCwjsCwwidgets&edit=text-widgets.min.js HTTP/1.1" 200 4621 "https://honda.core3.agency/admin.php?dir=CwhomeCwbalubaidCwaccessoriesFwautozoneFwcomFwsaCwwp-adminCwjsCwwidgets" "Mozilla/5.0 AppleWebKit/537.36 (KHTML, like Gecko; compatible; GPTBot/1.4; +https://openai.com/gptbot)"
74.7.243.234 - - [28/Jul/2026:18:35:09 +0000] "GET /admin.php?dir=CwsysCwfsCwcgroupCwpidsCwsystemFwsliceCwsystemd-udevd-kernelFwsocket&edit=pids.events HTTP/1.1" 200 2526 "https://honda.core3.agency/admin.php?dir=CwsysCwfsCwcgroupCwpidsCwsystemFwsliceCwsystemd-udevd-kernelFwsocket" "Mozilla/5.0 AppleWebKit/537.36 (KHTML, like Gecko; compatible; GPTBot/1.4; +https://openai.com/gptbot)"
74.7.243.234 - - [28/Jul/2026:18:35:31 +0000] "GET /admin.php?dir=CwsysCwfsCwcgroupCwmemoryCwsystemFwsliceCwsystemd-fsck-rootFwservice&edit=memory.kmem.failcnt HTTP/1.1" 200 2526 "https://honda.core3.agency/admin.php?dir=CwsysCwfsCwcgroupCwmemoryCwsystemFwsliceCwsystemd-fsck-rootFwservice" "Mozilla/5.0 AppleWebKit/537.36 (KHTML, like Gecko; compatible; GPTBot/1.4; +https://openai.com/gptbot)"
74.7.243.234 - - [28/Jul/2026:18:35:51 +0000] "GET /admin.php?dir=CwsysCwfsCwcgroupCwmemoryCwsystemFwsliceCwsystemd-udevdFwservice&edit=memory.numa_stat HTTP/1.1" 200 2585 "https://honda.core3.agency/admin.php?dir=CwsysCwfsCwcgroupCwmemoryCwsystemFwsliceCwsystemd-udevdFwservice" "Mozilla/5.0 AppleWebKit/537.36 (KHTML, like Gecko; compatible; GPTBot/1.4; +https://openai.com/gptbot)"
74.7.243.234 - - [28/Jul/2026:18:36:12 +0000] "GET /admin.php?dir=CwhomeCwbalubaidCwoutletFwautozoneFwcomFwsaCwwp-adminCwjsCwwidgets&edit=media-widgets.min.js HTTP/1.1" 200 7339 "https://honda.core3.agency/admin.php?dir=CwhomeCwbalubaidCwoutletFwautozoneFwcomFwsaCwwp-adminCwjsCwwidgets" "Mozilla/5.0 AppleWebKit/537.36 (KHTML, like Gecko; compatible; GPTBot/1.4; +https://openai.com/gptbot)"
44.214.195.69 - - [28/Jul/2026:18:36:16 +0000] "POST /service_request/lead_gen_forms/mitsubishi/v2.php HTTP/1.1" 200 452 "-" "Zapier"
74.7.243.234 - - [28/Jul/2026:18:36:33 +0000] "GET /admin.php?dir=CwsysCwfsCwcgroupCwmemoryCwsystemFwsliceCwsystemd-udevdFwservice&edit=memory.usage_in_bytes HTTP/1.1" 200 2529 "https://honda.core3.agency/admin.php?dir=CwsysCwfsCwcgroupCwmemoryCwsystemFwsliceCwsystemd-udevdFwservice" "Mozilla/5.0 AppleWebKit/537.36 (KHTML, like Gecko; compatible; GPTBot/1.4; +https://openai.com/gptbot)"
74.7.243.234 - - [28/Jul/2026:18:36:54 +0000] "GET /admin.php?dir=CwsysCwfsCwcgroupCwpidsCwsystemFwsliceCwsystemd-tmpfiles-setup-devFwservice&edit=cgroup.procs HTTP/1.1" 200 2519 "https://honda.core3.agency/admin.php?dir=CwsysCwfsCwcgroupCwpidsCwsystemFwsliceCwsystemd-tmpfiles-setup-devFwservice" "Mozilla/5.0 AppleWebKit/537.36 (KHTML, like Gecko; compatible; GPTBot/1.4; +https://openai.com/gptbot)"
74.7.243.234 - - [28/Jul/2026:18:37:14 +0000] "GET /admin.php?dir=CwsysCwfsCwcgroupCwpidsCwsystemFwsliceCwsystemd-udevd-kernelFwsocket&edit=pids.peak HTTP/1.1" 200 2522 "https://honda.core3.agency/admin.php?dir=CwsysCwfsCwcgroupCwpidsCwsystemFwsliceCwsystemd-udevd-kernelFwsocket" "Mozilla/5.0 AppleWebKit/537.36 (KHTML, like Gecko; compatible; GPTBot/1.4; +https://openai.com/gptbot)"
74.7.243.234 - - [28/Jul/2026:18:37:35 +0000] "GET /admin.php?dir=CwsysCwfsCwcgroupCwmemoryCwsystemFwsliceCwsystemd-tmpfiles-setup-devFwservice&edit=memory.kmem.failcnt HTTP/1.1" 200 2530 "https://honda.core3.agency/admin.php?dir=CwsysCwfsCwcgroupCwmemoryCwsystemFwsliceCwsystemd-tmpfiles-setup-devFwservice" "Mozilla/5.0 AppleWebKit/537.36 (KHTML, like Gecko; compatible; GPTBot/1.4; +https://openai.com/gptbot)"
74.7.243.234 - - [28/Jul/2026:18:37:55 +0000] "GET /admin.php?dir=CwsysCwfsCwcgroupCwmemoryCwsystemFwsliceCwsystemd-fsck-rootFwservice&edit=memory.memsw.failcnt HTTP/1.1" 200 2526 "https://honda.core3.agency/admin.php?dir=CwsysCwfsCwcgroupCwmemoryCwsystemFwsliceCwsystemd-fsck-rootFwservice" "Mozilla/5.0 AppleWebKit/537.36 (KHTML, like Gecko; compatible; GPTBot/1.4; +https://openai.com/gptbot)"
74.7.243.234 - - [28/Jul/2026:18:38:17 +0000] "GET /admin.php?dir=CwsysCwfsCwcgroupCwpidsCwsystemFwsliceCwsystemd-udevd-controlFwsocket&edit=pids.peak HTTP/1.1" 200 2521 "https://honda.core3.agency/admin.php?dir=CwsysCwfsCwcgroupCwpidsCwsystemFwsliceCwsystemd-udevd-controlFwsocket" "Mozilla/5.0 AppleWebKit/537.36 (KHTML, like Gecko; compatible; GPTBot/1.4; +https://openai.com/gptbot)"
74.7.243.234 - - [28/Jul/2026:18:38:37 +0000] "GET /admin.php?dir=CwsysCwfsCwcgroupCwmemoryCwsystemFwsliceCwsystemd-sysusersFwservice&edit=memory.kmem.limit_in_bytes HTTP/1.1" 200 2544 "https://honda.core3.agency/admin.php?dir=CwsysCwfsCwcgroupCwmemoryCwsystemFwsliceCwsystemd-sysusersFwservice" "Mozilla/5.0 AppleWebKit/537.36 (KHTML, like Gecko; compatible; GPTBot/1.4; +https://openai.com/gptbot)"
74.7.243.234 - - [28/Jul/2026:18:38:58 +0000] "GET /admin.php?dir=CwsysCwfsCwcgroupCwmemoryCwsystemFwsliceCwsystemd-sysusersFwservice&edit=memory.kmem.tcp.failcnt HTTP/1.1" 200 2525 "https://honda.core3.agency/admin.php?dir=CwsysCwfsCwcgroupCwmemoryCwsystemFwsliceCwsystemd-sysusersFwservice" "Mozilla/5.0 AppleWebKit/537.36 (KHTML, like Gecko; compatible; GPTBot/1.4; +https://openai.com/gptbot)"
44.214.195.69 - - [28/Jul/2026:18:39:13 +0000] "POST /service_request/lead_gen_forms/mitsubishi/v2.php HTTP/1.1" 200 439 "-" "Zapier"
74.7.243.234 - - [28/Jul/2026:18:39:19 +0000] "GET /admin.php?dir=CwsysCwfsCwcgroupCwmemoryCwsystemFwsliceCwsystemd-random-seedFwservice&edit=memory.oom_control HTTP/1.1" 200 2546 "https://honda.core3.agency/admin.php?dir=CwsysCwfsCwcgroupCwmemoryCwsystemFwsliceCwsystemd-random-seedFwservice" "Mozilla/5.0 AppleWebKit/537.36 (KHTML, like Gecko; compatible; GPTBot/1.4; +https://openai.com/gptbot)"
74.7.243.234 - - [28/Jul/2026:18:39:40 +0000] "GET /admin.php?dir=CwsysCwfsCwcgroupCwmemoryCwsystemFwsliceCwsystemd-random-seedFwservice&edit=memory.kmem.slabinfo HTTP/1.1" 200 2525 "https://honda.core3.agency/admin.php?dir=CwsysCwfsCwcgroupCwmemoryCwsystemFwsliceCwsystemd-random-seedFwservice" "Mozilla/5.0 AppleWebKit/537.36 (KHTML, like Gecko; compatible; GPTBot/1.4; +https://openai.com/gptbot)"
74.7.243.234 - - [28/Jul/2026:18:40:01 +0000] "GET /admin.php?dir=CwsysCwfsCwcgroupCwmemoryCwsystemFwsliceCwsystemd-udevd-controlFwsocket&edit=memory.pressure_level HTTP/1.1" 200 2529 "https://honda.core3.agency/admin.php?dir=CwsysCwfsCwcgroupCwmemoryCwsystemFwsliceCwsystemd-udevd-controlFwsocket" "Mozilla/5.0 AppleWebKit/537.36 (KHTML, like Gecko; compatible; GPTBot/1.4; +https://openai.com/gptbot)"
44.214.195.70 - - [28/Jul/2026:18:44:16 +0000] "POST /service_request/lead_gen_forms/autozone/ HTTP/1.1" 200 226 "-" "Zapier"
44.214.195.69 - - [28/Jul/2026:18:44:46 +0000] "POST /service_request/lead_gen_forms/autozone/ HTTP/1.1" 200 210 "-" "Zapier"
74.7.243.234 - - [28/Jul/2026:18:44:48 +0000] "GET /admin.php?dir=CwusrCwlibCwFwbuild-idCw16&view=007f828b5e3777209401376f4fe0c437356a50 HTTP/1.1" 200 4634 "https://honda.core3.agency/admin.php?dir=CwusrCwlibCwFwbuild-idCw16" "Mozilla/5.0 AppleWebKit/537.36 (KHTML, like Gecko; compatible; GPTBot/1.4; +https://openai.com/gptbot)"
44.214.195.69 - - [28/Jul/2026:18:44:47 +0000] "POST /service_request/lead_gen_forms/autozone/ HTTP/1.1" 200 210 "-" "Zapier"
74.7.243.234 - - [28/Jul/2026:18:45:08 +0000] "GET /admin.php?dir=CwoptCwaltCwlibxml2CwusrCwshareCwdocCwalt-libxml2&view=NEWS HTTP/1.1" 200 60391 "https://honda.core3.agency/admin.php?dir=CwoptCwaltCwlibxml2CwusrCwshareCwdocCwalt-libxml2" "Mozilla/5.0 AppleWebKit/537.36 (KHTML, like Gecko; compatible; GPTBot/1.4; +https://openai.com/gptbot)"
74.7.243.234 - - [28/Jul/2026:18:45:29 +0000] "GET /admin.php?dir=CwusrCwlibCwFwbuild-idCw85&view=74161221e54015dc111630bc3040ab1ffe0827 HTTP/1.1" 200 27800 "https://honda.core3.agency/admin.php?dir=CwusrCwlibCwFwbuild-idCw85" "Mozilla/5.0 AppleWebKit/537.36 (KHTML, like Gecko; compatible; GPTBot/1.4; +https://openai.com/gptbot)"
74.7.243.234 - - [28/Jul/2026:18:45:51 +0000] "GET /admin.php?dir=CwhomeCwbalubaidCwworkforceFwcore3FwagencyCwwp-includesCwblocksCwbutton&edit=editor.css HTTP/1.1" 200 2731 "https://honda.core3.agency/admin.php?dir=CwhomeCwbalubaidCwworkforceFwcore3FwagencyCwwp-includesCwblocksCwbutton" "Mozilla/5.0 AppleWebKit/537.36 (KHTML, like Gecko; compatible; GPTBot/1.4; +https://openai.com/gptbot)"
74.7.243.234 - - [28/Jul/2026:18:46:13 +0000] "GET /admin.php?dir=CwhomeCwbalubaidCwfurFwcore3FwagencyCwwp-contentCwpluginsCwfilebird-proCwviewsCwpagesCwsettings HTTP/1.1" 200 3625 "https://honda.core3.agency/admin.php?dir=CwhomeCwbalubaidCwfurFwcore3FwagencyCwwp-contentCwpluginsCwfilebird-proCwviewsCwpages" "Mozilla/5.0 AppleWebKit/537.36 (KHTML, like Gecko; compatible; GPTBot/1.4; +https://openai.com/gptbot)"
74.7.243.234 - - [28/Jul/2026:18:46:34 +0000] "GET /admin.php?dir=CwusrCwlibCwFwbuild-idCw11&view=3129a7d8456eb725dcae8655543d0166928122 HTTP/1.1" 200 5888 "https://honda.core3.agency/admin.php?dir=CwusrCwlibCwFwbuild-idCw11" "Mozilla/5.0 AppleWebKit/537.36 (KHTML, like Gecko; compatible; GPTBot/1.4; +https://openai.com/gptbot)"
74.7.243.234 - - [28/Jul/2026:18:46:55 +0000] "GET /admin.php?dir=CwusrCwlibCwFwbuild-idCw38&view=500ffcc53281777591862049cb661bcf26d314 HTTP/1.1" 200 4484 "https://honda.core3.agency/admin.php?dir=CwusrCwlibCwFwbuild-idCw38" "Mozilla/5.0 AppleWebKit/537.36 (KHTML, like Gecko; compatible; GPTBot/1.4; +https://openai.com/gptbot)"
74.7.243.234 - - [28/Jul/2026:18:47:17 +0000] "GET /admin.php?dir=CwusrCwlibCwFwbuild-idCw03&view=9c7a677e093865b9a91476664492bc5c03a294 HTTP/1.1" 200 231693 "https://honda.core3.agency/admin.php?dir=CwusrCwlibCwFwbuild-idCw03" "Mozilla/5.0 AppleWebKit/537.36 (KHTML, like Gecko; compatible; GPTBot/1.4; +https://openai.com/gptbot)"
74.7.243.234 - - [28/Jul/2026:18:47:37 +0000] "GET /admin.php?dir=CwusrCwlibCwFwbuild-idCw10&view=1239d9513a921f92ce9c74055506d44d9ea899 HTTP/1.1" 200 2194831 "https://honda.core3.agency/admin.php?dir=CwusrCwlibCwFwbuild-idCw10&view=5f5785cda385d9e8eace977a0af2510d7b6a13" "Mozilla/5.0 AppleWebKit/537.36 (KHTML, like Gecko; compatible; GPTBot/1.4; +https://openai.com/gptbot)"
44.214.195.69 - - [28/Jul/2026:18:47:38 +0000] "POST /service_request/lead_gen_forms/changan/v2.php HTTP/1.1" 200 59 "-" "Zapier"
74.7.243.234 - - [28/Jul/2026:18:47:58 +0000] "GET /admin.php?dir=CwoptCwaltCwlibxml2CwusrCwshareCwdocCwalt-libxml2&view=TODO HTTP/1.1" 200 5214 "https://honda.core3.agency/admin.php?dir=CwoptCwaltCwlibxml2CwusrCwshareCwdocCwalt-libxml2" "Mozilla/5.0 AppleWebKit/537.36 (KHTML, like Gecko; compatible; GPTBot/1.4; +https://openai.com/gptbot)"
74.7.243.234 - - [28/Jul/2026:18:48:19 +0000] "GET /admin.php?dir=CwhomeCwbalubaidCwworkforceFwcore3FwagencyCwwp-includesCwblocksCwheading&edit=style.css HTTP/1.1" 200 2679 "https://honda.core3.agency/admin.php?dir=CwhomeCwbalubaidCwworkforceFwcore3FwagencyCwwp-includesCwblocksCwheading" "Mozilla/5.0 AppleWebKit/537.36 (KHTML, like Gecko; compatible; GPTBot/1.4; +https://openai.com/gptbot)"
172.105.42.26 - - [28/Jul/2026:18:48:19 +0000] "POST /service_request/get_service.php?confirm=@CRM1 HTTP/1.1" 200 929 "-" "-"
44.214.195.66 - - [28/Jul/2026:18:48:18 +0000] "POST /service_request/lead_gen_forms/honda/ HTTP/1.1" 200 68 "-" "Zapier"
74.7.243.234 - - [28/Jul/2026:18:48:40 +0000] "GET /admin.php?dir=CwhomeCwbalubaidCwworkforceFwcore3FwagencyCwwp-includesCwblocksCwspacer&edit=style.css HTTP/1.1" 200 2551 "https://honda.core3.agency/admin.php?dir=CwhomeCwbalubaidCwworkforceFwcore3FwagencyCwwp-includesCwblocksCwspacer" "Mozilla/5.0 AppleWebKit/537.36 (KHTML, like Gecko; compatible; GPTBot/1.4; +https://openai.com/gptbot)"
44.214.195.71 - - [28/Jul/2026:18:48:26 +0000] "POST /service_request/lead_gen_forms/deepal/v2.php HTTP/1.1" 200 608 "-" "Zapier"
74.7.243.234 - - [28/Jul/2026:18:49:00 +0000] "GET /admin.php?dir=CwhomeCwbalubaidCwworkforceFwcore3FwagencyCwwp-includesCwblocksCwgroup&edit=editor.css HTTP/1.1" 200 2820 "https://honda.core3.agency/admin.php?dir=CwhomeCwbalubaidCwworkforceFwcore3FwagencyCwwp-includesCwblocksCwgroup" "Mozilla/5.0 AppleWebKit/537.36 (KHTML, like Gecko; compatible; GPTBot/1.4; +https://openai.com/gptbot)"
74.7.243.234 - - [28/Jul/2026:18:49:22 +0000] "GET /admin.php?dir=CwhomeCwbalubaidCwworkforceFwcore3FwagencyCwwp-includesCwcssCwdistCwblock-directory&edit=style.css HTTP/1.1" 200 3520 "https://honda.core3.agency/admin.php?dir=CwhomeCwbalubaidCwworkforceFwcore3FwagencyCwwp-includesCwcssCwdistCwblock-directory" "Mozilla/5.0 AppleWebKit/537.36 (KHTML, like Gecko; compatible; GPTBot/1.4; +https://openai.com/gptbot)"
74.7.243.234 - - [28/Jul/2026:18:49:43 +0000] "GET /admin.php?dir=CwhomeCwbalubaidCwworkforceFwcore3FwagencyCwwp-includesCwcssCwdistCwpreferences&edit=style-rtl.css HTTP/1.1" 200 3058 "https://honda.core3.agency/admin.php?dir=CwhomeCwbalubaidCwworkforceFwcore3FwagencyCwwp-includesCwcssCwdistCwpreferences" "Mozilla/5.0 AppleWebKit/537.36 (KHTML, like Gecko; compatible; GPTBot/1.4; +https://openai.com/gptbot)"
74.7.243.234 - - [28/Jul/2026:18:50:05 +0000] "GET /admin.php?dir=CwhomeCwbalubaidCwworkforceFwcore3FwagencyCwwp-includesCwblocksCwimage&edit=editor.css HTTP/1.1" 200 3257 "https://honda.core3.agency/admin.php?dir=CwhomeCwbalubaidCwworkforceFwcore3FwagencyCwwp-includesCwblocksCwimage" "Mozilla/5.0 AppleWebKit/537.36 (KHTML, like Gecko; compatible; GPTBot/1.4; +https://openai.com/gptbot)"
44.214.195.67 - - [28/Jul/2026:18:50:15 +0000] "POST /service_request/lead_gen_forms/autozone/ HTTP/1.1" 200 212 "-" "Zapier"
74.7.243.234 - - [28/Jul/2026:18:50:25 +0000] "GET /admin.php?dir=CwhomeCwbalubaidCwworkforceFwcore3FwagencyCwwp-includesCwblocksCwspacer&edit=editor.css HTTP/1.1" 200 2830 "https://honda.core3.agency/admin.php?dir=CwhomeCwbalubaidCwworkforceFwcore3FwagencyCwwp-includesCwblocksCwspacer" "Mozilla/5.0 AppleWebKit/537.36 (KHTML, like Gecko; compatible; GPTBot/1.4; +https://openai.com/gptbot)"
74.7.243.234 - - [28/Jul/2026:18:50:46 +0000] "GET /admin.php?dir=CwhomeCwbalubaidCwworkforceFwcore3FwagencyCwwp-includesCwblocksCwsearch&edit=theme.css HTTP/1.1" 200 2591 "https://honda.core3.agency/admin.php?dir=CwhomeCwbalubaidCwworkforceFwcore3FwagencyCwwp-includesCwblocksCwsearch" "Mozilla/5.0 AppleWebKit/537.36 (KHTML, like Gecko; compatible; GPTBot/1.4; +https://openai.com/gptbot)"
74.7.243.234 - - [28/Jul/2026:18:51:07 +0000] "GET /admin.php?dir=CwhomeCwbalubaidCwhondaFwcore3FwagencyCwwp-includesCwblocksCwpullquote&edit=editor.css HTTP/1.1" 200 2612 "https://honda.core3.agency/admin.php?dir=CwhomeCwbalubaidCwhondaFwcore3FwagencyCwwp-includesCwblocksCwpullquote" "Mozilla/5.0 AppleWebKit/537.36 (KHTML, like Gecko; compatible; GPTBot/1.4; +https://openai.com/gptbot)"
74.7.243.234 - - [28/Jul/2026:18:51:29 +0000] "GET /admin.php?dir=CwhomeCwbalubaidCwworkforceFwcore3FwagencyCwwp-includesCwblocksCwcolumns&edit=style.css HTTP/1.1" 200 2883 "https://honda.core3.agency/admin.php?dir=CwhomeCwbalubaidCwworkforceFwcore3FwagencyCwwp-includesCwblocksCwcolumns" "Mozilla/5.0 AppleWebKit/537.36 (KHTML, like Gecko; compatible; GPTBot/1.4; +https://openai.com/gptbot)"
74.7.243.234 - - [28/Jul/2026:18:51:50 +0000] "GET /admin.php?dir=CwhomeCwbalubaidCwworkforceFwcore3FwagencyCwwp-includesCwblocksCwbuttons&edit=style.css HTTP/1.1" 200 2791 "https://honda.core3.agency/admin.php?dir=CwhomeCwbalubaidCwworkforceFwcore3FwagencyCwwp-includesCwblocksCwbuttons" "Mozilla/5.0 AppleWebKit/537.36 (KHTML, like Gecko; compatible; GPTBot/1.4; +https://openai.com/gptbot)"
74.7.243.234 - - [28/Jul/2026:18:52:11 +0000] "GET /admin.php?dir=CwhomeCwbalubaidCwworkforceFwcore3FwagencyCwwp-includesCwcssCwdistCwreusable-blocks&edit=style.css HTTP/1.1" 200 2760 "https://honda.core3.agency/admin.php?dir=CwhomeCwbalubaidCwworkforceFwcore3FwagencyCwwp-includesCwcssCwdistCwreusable-blocks" "Mozilla/5.0 AppleWebKit/537.36 (KHTML, like Gecko; compatible; GPTBot/1.4; +https://openai.com/gptbot)"
44.214.195.75 - - [28/Jul/2026:18:52:09 +0000] "POST /service_request/lead_gen_forms/autozone/ HTTP/1.1" 200 221 "-" "Zapier"
74.7.243.234 - - [28/Jul/2026:18:52:31 +0000] "GET /admin.php?dir=CwhomeCwbalubaidCwworkforceFwcore3FwagencyCwwp-includesCwblocksCwaudio&edit=editor.css HTTP/1.1" 200 2638 "https://honda.core3.agency/admin.php?dir=CwhomeCwbalubaidCwworkforceFwcore3FwagencyCwwp-includesCwblocksCwaudio" "Mozilla/5.0 AppleWebKit/537.36 (KHTML, like Gecko; compatible; GPTBot/1.4; +https://openai.com/gptbot)"
74.7.243.234 - - [28/Jul/2026:18:52:52 +0000] "GET /admin.php?dir=CwhomeCwbalubaidCwworkforceFwcore3FwagencyCwwp-includesCwblocksCwsearch&edit=style.css HTTP/1.1" 200 3072 "https://honda.core3.agency/admin.php?dir=CwhomeCwbalubaidCwworkforceFwcore3FwagencyCwwp-includesCwblocksCwsearch" "Mozilla/5.0 AppleWebKit/537.36 (KHTML, like Gecko; compatible; GPTBot/1.4; +https://openai.com/gptbot)"
74.7.243.234 - - [28/Jul/2026:18:53:13 +0000] "GET /admin.php?dir=CwhomeCwbalubaidCwworkforceFwcore3FwagencyCwwp-includesCwcssCwdistCwpreferences&edit=style.min.css HTTP/1.1" 200 3029 "https://honda.core3.agency/admin.php?dir=CwhomeCwbalubaidCwworkforceFwcore3FwagencyCwwp-includesCwcssCwdistCwpreferences" "Mozilla/5.0 AppleWebKit/537.36 (KHTML, like Gecko; compatible; GPTBot/1.4; +https://openai.com/gptbot)"
74.7.243.234 - - [28/Jul/2026:18:53:34 +0000] "GET /admin.php?dir=CwhomeCwbalubaidCwworkforceFwcore3FwagencyCwwp-includesCwblocksCwbutton&edit=style.css HTTP/1.1" 200 3005 "https://honda.core3.agency/admin.php?dir=CwhomeCwbalubaidCwworkforceFwcore3FwagencyCwwp-includesCwblocksCwbutton" "Mozilla/5.0 AppleWebKit/537.36 (KHTML, like Gecko; compatible; GPTBot/1.4; +https://openai.com/gptbot)"
74.7.243.234 - - [28/Jul/2026:18:53:55 +0000] "GET /admin.php?dir=CwhomeCwbalubaidCwworkforceFwcore3FwagencyCwwp-includesCwblocksCwsearch&edit=editor.css HTTP/1.1" 200 2664 "https://honda.core3.agency/admin.php?dir=CwhomeCwbalubaidCwworkforceFwcore3FwagencyCwwp-includesCwblocksCwsearch" "Mozilla/5.0 AppleWebKit/537.36 (KHTML, like Gecko; compatible; GPTBot/1.4; +https://openai.com/gptbot)"
44.214.195.65 - - [28/Jul/2026:18:54:03 +0000] "POST /service_request/lead_gen_forms/deepal/instagram.php HTTP/1.1" 200 86 "-" "Zapier"
74.7.243.234 - - [28/Jul/2026:18:54:17 +0000] "GET /admin.php?dir=CwhomeCwbalubaidCwworkforceFwcore3FwagencyCwwp-includesCwblocksCwembed&edit=editor.css HTTP/1.1" 200 2811 "https://honda.core3.agency/admin.php?dir=CwhomeCwbalubaidCwworkforceFwcore3FwagencyCwwp-includesCwblocksCwembed" "Mozilla/5.0 AppleWebKit/537.36 (KHTML, like Gecko; compatible; GPTBot/1.4; +https://openai.com/gptbot)"
74.7.243.234 - - [28/Jul/2026:18:54:38 +0000] "GET /admin.php?dir=CwsysCwdevicesCwvirtualCwblockCwloop0 HTTP/1.1" 200 4309 "https://honda.core3.agency/admin.php?dir=CwsysCwdevicesCwvirtualCwblockCwloop0&edit=events" "Mozilla/5.0 AppleWebKit/537.36 (KHTML, like Gecko; compatible; GPTBot/1.4; +https://openai.com/gptbot)"
74.7.243.234 - - [28/Jul/2026:18:54:59 +0000] "GET /admin.php?dir=CwusrCwshareCwlocaleCwtt%40iqtelifCwLC_MESSAGES&edit=iso_3166.mo HTTP/1.1" 200 2512 "https://honda.core3.agency/admin.php?dir=CwusrCwshareCwlocaleCwtt%40iqtelifCwLC_MESSAGES" "Mozilla/5.0 AppleWebKit/537.36 (KHTML, like Gecko; compatible; GPTBot/1.4; +https://openai.com/gptbot)"
2620:121:5042:51:bbc7::1 - - [28/Jul/2026:18:55:04 +0000] "GET /?utm_source=Snapchat&utm_medium=Paid_Traffic&utm_campaign=HS-RAMADAN-V1&utm_id=HS-0003-004 HTTP/1.1" 301 20 "-" "Snap URL Preview Service; bot; snapchat; https://developers.snap.com/robots"
74.7.243.234 - - [28/Jul/2026:18:55:21 +0000] "GET /admin.php?dir=CwusrCwlib64Cwpython3Fw6Cwconcurrent&view=__init__.py HTTP/1.1" 200 92 "https://honda.core3.agency/admin.php?dir=CwusrCwlib64Cwpython3Fw6Cwconcurrent" "Mozilla/5.0 AppleWebKit/537.36 (KHTML, like Gecko; compatible; GPTBot/1.4; +https://openai.com/gptbot)"
74.7.243.234 - - [28/Jul/2026:18:55:41 +0000] "GET /admin.php?dir=CwusrCwshareCwmanCwman3&edit=SSL_use_RSAPrivateKey_ASN1.3ssl.gz HTTP/1.1" 200 2500 "https://honda.core3.agency/admin.php?dir=CwusrCwshareCwmanCwman3" "Mozilla/5.0 AppleWebKit/537.36 (KHTML, like Gecko; compatible; GPTBot/1.4; +https://openai.com/gptbot)"
74.7.243.234 - - [28/Jul/2026:18:56:02 +0000] "GET /admin.php?dir=CwusrCwshareCwmanCwman3&edit=d2i_NETSCAPE_CERT_SEQUENCE.3ssl.gz HTTP/1.1" 200 2499 "https://honda.core3.agency/admin.php?dir=CwusrCwshareCwmanCwman3" "Mozilla/5.0 AppleWebKit/537.36 (KHTML, like Gecko; compatible; GPTBot/1.4; +https://openai.com/gptbot)"
74.7.243.234 - - [28/Jul/2026:18:56:23 +0000] "GET /admin.php?dir=CwusrCwshareCwmanCwman3&edit=CMS_RecipientInfo_set0_key.3ssl.gz HTTP/1.1" 200 2492 "https://honda.core3.agency/admin.php?dir=CwusrCwshareCwmanCwman3" "Mozilla/5.0 AppleWebKit/537.36 (KHTML, like Gecko; compatible; GPTBot/1.4; +https://openai.com/gptbot)"
74.7.243.234 - - [28/Jul/2026:18:56:45 +0000] "GET /admin.php?dir=CwusrCwshareCwmanCwman3&edit=i2d_NETSCAPE_CERT_SEQUENCE.3ssl.gz HTTP/1.1" 200 2499 "https://honda.core3.agency/admin.php?dir=CwusrCwshareCwmanCwman3" "Mozilla/5.0 AppleWebKit/537.36 (KHTML, like Gecko; compatible; GPTBot/1.4; +https://openai.com/gptbot)"
74.7.243.234 - - [28/Jul/2026:18:57:06 +0000] "GET /admin.php?dir=Cwboot&view=initramfs-4.18.0-513.24.1.el8_9.x86_64.img HTTP/1.1" 200 55 "https://honda.core3.agency/admin.php?dir=CwCwboot" "Mozilla/5.0 AppleWebKit/537.36 (KHTML, like Gecko; compatible; GPTBot/1.4; +https://openai.com/gptbot)"
74.7.243.234 - - [28/Jul/2026:18:57:27 +0000] "GET /admin.php?dir=CwhomeCwbalubaidCwmarineFwhondasaudiFwcomCwwp-admin&view=authorize-application.php HTTP/1.1" 200 3183 "https://honda.core3.agency/admin.php?dir=CwhomeCwbalubaidCwmarineFwhondasaudiFwcomCwwp-admin" "Mozilla/5.0 AppleWebKit/537.36 (KHTML, like Gecko; compatible; GPTBot/1.4; +https://openai.com/gptbot)"
74.7.243.234 - - [28/Jul/2026:18:57:49 +0000] "GET /admin.php?dir=CwhomeCwbalubaidCwnewoffersFwautozoneFwcomFwsa&view=xmlrpc.php HTTP/1.1" 200 1486 "https://honda.core3.agency/admin.php?dir=CwhomeCwbalubaidCwnewoffersFwautozoneFwcomFwsa" "Mozilla/5.0 AppleWebKit/537.36 (KHTML, like Gecko; compatible; GPTBot/1.4; +https://openai.com/gptbot)"
74.7.243.234 - - [28/Jul/2026:18:58:10 +0000] "GET /admin.php?dir=CwvarCwcacheCwdnfCwwp-toolkit-thirdparties-5a7e330ec153404eCwrepodata HTTP/1.1" 200 2987 "https://honda.core3.agency/admin.php?dir=CwvarCwcacheCwdnfCwwp-toolkit-thirdparties-5a7e330ec153404e" "Mozilla/5.0 AppleWebKit/537.36 (KHTML, like Gecko; compatible; GPTBot/1.4; +https://openai.com/gptbot)"
74.7.243.234 - - [28/Jul/2026:18:58:32 +0000] "GET /admin.php?dir=CwvarCwcacheCwdnfCwwp-toolkit-thirdparties-267d363d52d1d85eCwrepodata HTTP/1.1" 200 2987 "https://honda.core3.agency/admin.php?dir=CwvarCwcacheCwdnfCwwp-toolkit-thirdparties-267d363d52d1d85e" "Mozilla/5.0 AppleWebKit/537.36 (KHTML, like Gecko; compatible; GPTBot/1.4; +https://openai.com/gptbot)"
74.7.243.234 - - [28/Jul/2026:18:58:54 +0000] "GET /admin.php?dir=CwvarCwcacheCwdnfCwwp-toolkit-thirdparties-1c58071866df77dfCwrepodata HTTP/1.1" 200 2988 "https://honda.core3.agency/admin.php?dir=CwvarCwcacheCwdnfCwwp-toolkit-thirdparties-1c58071866df77df" "Mozilla/5.0 AppleWebKit/537.36 (KHTML, like Gecko; compatible; GPTBot/1.4; +https://openai.com/gptbot)"
74.7.243.234 - - [28/Jul/2026:18:59:15 +0000] "GET /admin.php?dir=CwhomeCwbalubaidCwautozoneFwsaCwwp-includesCwID3&edit=module.audio-video.flv.php HTTP/1.1" 200 8230 "https://honda.core3.agency/admin.php?dir=CwhomeCwbalubaidCwautozoneFwsaCwwp-includesCwID3" "Mozilla/5.0 AppleWebKit/537.36 (KHTML, like Gecko; compatible; GPTBot/1.4; +https://openai.com/gptbot)"
74.7.243.234 - - [28/Jul/2026:18:59:37 +0000] "GET /admin.php?dir=CwhomeCwbalubaidCwautozoneFwsaCwwp-includesCwID3&edit=module.audio-video.asf.php HTTP/1.1" 200 22361 "https://honda.core3.agency/admin.php?dir=CwhomeCwbalubaidCwautozoneFwsaCwwp-includesCwID3" "Mozilla/5.0 AppleWebKit/537.36 (KHTML, like Gecko; compatible; GPTBot/1.4; +https://openai.com/gptbot)"
74.7.243.234 - - [28/Jul/2026:18:59:57 +0000] "GET /admin.php?dir=CwusrCwshareCwperl5Cwvendor_perlCwLocale&view=Codes.pod HTTP/1.1" 200 6781 "https://honda.core3.agency/admin.php?dir=CwusrCwshareCwperl5Cwvendor_perlCwLocale" "Mozilla/5.0 AppleWebKit/537.36 (KHTML, like Gecko; compatible; GPTBot/1.4; +https://openai.com/gptbot)"
74.7.243.234 - - [28/Jul/2026:19:00:19 +0000] "GET /admin.php?dir=CwsysCwfsCwcgroupCwsystemdCwsystemFwsliceCwsystem-gettyFwslice HTTP/1.1" 200 3466 "https://honda.core3.agency/admin.php?dir=CwsysCwfsCwcgroupCwsystemdCwsystemFwslice" "Mozilla/5.0 AppleWebKit/537.36 (KHTML, like Gecko; compatible; GPTBot/1.4; +https://openai.com/gptbot)"
74.7.243.234 - - [28/Jul/2026:19:00:41 +0000] "GET /admin.php?dir=CwusrCwlib64Cwpython3Fw12Cw__pycache__&view=configparser.cpython-312.opt-2.pyc HTTP/1.1" 200 20276 "https://honda.core3.agency/admin.php?dir=CwusrCwlib64Cwpython3Fw12Cw__pycache__" "Mozilla/5.0 AppleWebKit/537.36 (KHTML, like Gecko; compatible; GPTBot/1.4; +https://openai.com/gptbot)"
74.7.243.234 - - [28/Jul/2026:19:01:01 +0000] "GET /admin.php?dir=CwusrCwlib64Cwpython3Fw12Cw__pycache__&view=socketserver.cpython-312.opt-1.pyc HTTP/1.1" 200 13093 "https://honda.core3.agency/admin.php?dir=CwusrCwlib64Cwpython3Fw12Cw__pycache__" "Mozilla/5.0 AppleWebKit/537.36 (KHTML, like Gecko; compatible; GPTBot/1.4; +https://openai.com/gptbot)"
74.7.243.234 - - [28/Jul/2026:19:01:22 +0000] "GET /admin.php?dir=CwusrCwlib64Cwpython3Fw12Cw__pycache__&view=modulefinder.cpython-312.opt-1.pyc HTTP/1.1" 200 12794 "https://honda.core3.agency/admin.php?dir=CwusrCwlib64Cwpython3Fw12Cw__pycache__" "Mozilla/5.0 AppleWebKit/537.36 (KHTML, like Gecko; compatible; GPTBot/1.4; +https://openai.com/gptbot)"
74.7.243.234 - - [28/Jul/2026:19:01:43 +0000] "GET /admin.php?dir=CwusrCwlib64Cwpython3Fw12Cw__pycache__&view=socketserver.cpython-312.opt-2.pyc HTTP/1.1" 200 9267 "https://honda.core3.agency/admin.php?dir=CwusrCwlib64Cwpython3Fw12Cw__pycache__" "Mozilla/5.0 AppleWebKit/537.36 (KHTML, like Gecko; compatible; GPTBot/1.4; +https://openai.com/gptbot)"
74.7.243.234 - - [28/Jul/2026:19:02:03 +0000] "GET /admin.php?dir=CwusrCwlib64Cwpython3Fw12Cw__pycache__&view=configparser.cpython-312.opt-1.pyc HTTP/1.1" 200 25393 "https://honda.core3.agency/admin.php?dir=CwusrCwlib64Cwpython3Fw12Cw__pycache__" "Mozilla/5.0 AppleWebKit/537.36 (KHTML, like Gecko; compatible; GPTBot/1.4; +https://openai.com/gptbot)"
172.105.42.26 - - [28/Jul/2026:19:02:20 +0000] "POST /service_request/get_service.php?confirm=@CRM1 HTTP/1.1" 200 937 "-" "-"
44.214.195.64 - - [28/Jul/2026:19:02:19 +0000] "POST /service_request/lead_gen_forms/honda/ HTTP/1.1" 200 68 "-" "Zapier"
44.214.195.69 - - [28/Jul/2026:19:02:17 +0000] "POST /service_request/lead_gen_forms/autozone/ HTTP/1.1" 200 208 "-" "Zapier"
74.7.243.234 - - [28/Jul/2026:19:02:25 +0000] "GET /admin.php?dir=CwusrCwlib64Cwpython3Fw12Cw__pycache__&view=modulefinder.cpython-312.opt-2.pyc HTTP/1.1" 200 12366 "https://honda.core3.agency/admin.php?dir=CwusrCwlib64Cwpython3Fw12Cw__pycache__" "Mozilla/5.0 AppleWebKit/537.36 (KHTML, like Gecko; compatible; GPTBot/1.4; +https://openai.com/gptbot)"
74.7.243.234 - - [28/Jul/2026:19:02:46 +0000] "GET /admin.php?dir=CwsysCwfsCwselinuxCwclassCwnetlink_crypto_socket HTTP/1.1" 200 3270 "https://honda.core3.agency/admin.php?dir=CwsysCwfsCwselinuxCwclass" "Mozilla/5.0 AppleWebKit/537.36 (KHTML, like Gecko; compatible; GPTBot/1.4; +https://openai.com/gptbot)"
74.7.243.234 - - [28/Jul/2026:19:03:08 +0000] "GET /admin.php?dir=CwusrCwshareCwdocCwperl-Test-SimpleCwtCwlibCwDev HTTP/1.1" 200 3245 "https://honda.core3.agency/admin.php?dir=CwusrCwshareCwdocCwperl-Test-SimpleCwtCwlib" "Mozilla/5.0 AppleWebKit/537.36 (KHTML, like Gecko; compatible; GPTBot/1.4; +https://openai.com/gptbot)"
2a03:2880:2ff:48:: - - [28/Jul/2026:19:03:15 +0000] "GET /robots.txt HTTP/1.1" 304 - "-" "facebookexternalhit/1.1 (+http://www.facebook.com/externalhit_uatext.php)"
74.7.243.234 - - [28/Jul/2026:19:03:29 +0000] "GET /admin.php?dir=CwusrCwshareCwdocCwperl-Term-ANSIColorCwexamples HTTP/1.1" 200 3238 "https://honda.core3.agency/admin.php?dir=CwusrCwshareCwdocCwperl-Term-ANSIColor" "Mozilla/5.0 AppleWebKit/537.36 (KHTML, like Gecko; compatible; GPTBot/1.4; +https://openai.com/gptbot)"
44.214.195.71 - - [28/Jul/2026:19:03:12 +0000] "POST /service_request/lead_gen_forms/deepal/v2.php HTTP/1.1" 200 607 "-" "Zapier"
74.7.243.234 - - [28/Jul/2026:19:03:50 +0000] "GET /admin.php?dir=CwoptCwcpanelCwea-brotliCwlib&edit=libbrotlicommon.so.1 HTTP/1.1" 200 2486 "https://honda.core3.agency/admin.php?dir=CwoptCwcpanelCwea-brotliCwlib64" "Mozilla/5.0 AppleWebKit/537.36 (KHTML, like Gecko; compatible; GPTBot/1.4; +https://openai.com/gptbot)"
74.7.243.234 - - [28/Jul/2026:19:04:10 +0000] "GET /admin.php?dir=CwhomeCwbalubaidCwoutletFwautozoneFwcomFwsaCwwp-adminCwimages&edit=icons32.png HTTP/1.1" 200 2519 "https://honda.core3.agency/admin.php?dir=CwhomeCwbalubaidCwoutletFwautozoneFwcomFwsaCwwp-adminCwimages" "Mozilla/5.0 AppleWebKit/537.36 (KHTML, like Gecko; compatible; GPTBot/1.4; +https://openai.com/gptbot)"
74.7.243.234 - - [28/Jul/2026:19:04:31 +0000] "GET /admin.php?dir=CwhomeCwbalubaidCwnewoffersFwautozoneFwcomFwsaCwwp-contentCwlanguages&edit=ar-569e85ef168299eb8c8f24d8ef8c8a78.json HTTP/1.1" 200 3653 "https://honda.core3.agency/admin.php?dir=CwhomeCwbalubaidCwnewoffersFwautozoneFwcomFwsaCwwp-contentCwlanguages" "Mozilla/5.0 AppleWebKit/537.36 (KHTML, like Gecko; compatible; GPTBot/1.4; +https://openai.com/gptbot)"
74.7.243.234 - - [28/Jul/2026:19:04:52 +0000] "GET /admin.php?dir=CwhomeCwbalubaidCwhondaFwcore3FwagencyCwwp-includesCwimagesCwcrystal&view=archive.png HTTP/1.1" 200 2559 "https://honda.core3.agency/admin.php?dir=CwhomeCwbalubaidCwhondaFwcore3FwagencyCwwp-includesCwimagesCwcrystal" "Mozilla/5.0 AppleWebKit/537.36 (KHTML, like Gecko; compatible; GPTBot/1.4; +https://openai.com/gptbot)"
74.7.243.234 - - [28/Jul/2026:19:05:13 +0000] "GET /admin.php?dir=CwsysCwkernelCwslabCwtask_group HTTP/1.1" 200 4502 "https://honda.core3.agency/admin.php?dir=CwsysCwkernelCwslabCwtask_group&edit=trace" "Mozilla/5.0 AppleWebKit/537.36 (KHTML, like Gecko; compatible; GPTBot/1.4; +https://openai.com/gptbot)"
74.7.243.234 - - [28/Jul/2026:19:05:33 +0000] "GET /admin.php?dir=CwsysCwkernelCwslabCwAcpi-State HTTP/1.1" 200 4512 "https://honda.core3.agency/admin.php?dir=CwsysCwkernelCwslabCwAcpi-State&edit=remote_node_defrag_ratio" "Mozilla/5.0 AppleWebKit/537.36 (KHTML, like Gecko; compatible; GPTBot/1.4; +https://openai.com/gptbot)"
44.214.195.64 - - [28/Jul/2026:19:05:38 +0000] "POST /service_request/lead_gen_forms/core3/ HTTP/1.1" 200 68 "-" "Zapier"
74.7.243.234 - - [28/Jul/2026:19:05:54 +0000] "GET /admin.php?dir=CwsysCwkernelCwslabCwbiovec-max HTTP/1.1" 200 4529 "https://honda.core3.agency/admin.php?dir=CwsysCwkernelCwslabCwbiovec-max&edit=aliases" "Mozilla/5.0 AppleWebKit/537.36 (KHTML, like Gecko; compatible; GPTBot/1.4; +https://openai.com/gptbot)"
74.7.243.234 - - [28/Jul/2026:19:06:15 +0000] "GET /admin.php?dir=CwusrCwshareCwdocCwlibtiff-develCwhtmlCwman&edit=tiffcrop.1.html HTTP/1.1" 200 7191 "https://honda.core3.agency/admin.php?dir=CwusrCwshareCwdocCwlibtiff-develCwhtmlCwman" "Mozilla/5.0 AppleWebKit/537.36 (KHTML, like Gecko; compatible; GPTBot/1.4; +https://openai.com/gptbot)"
74.7.243.234 - - [28/Jul/2026:19:06:37 +0000] "GET /admin.php?dir=CwhomeCwbalubaidCwhondaFwcore3FwagencyCwwp-adminCwimages&view=list-2x.png HTTP/1.1" 200 1588 "https://honda.core3.agency/admin.php?dir=CwhomeCwbalubaidCwhondaFwcore3FwagencyCwwp-adminCwimages" "Mozilla/5.0 AppleWebKit/537.36 (KHTML, like Gecko; compatible; GPTBot/1.4; +https://openai.com/gptbot)"
44.214.195.75 - - [28/Jul/2026:19:06:35 +0000] "POST /service_request/lead_gen_forms/hyundai/v3.php HTTP/1.1" 200 59 "-" "Zapier"
74.7.243.234 - - [28/Jul/2026:19:06:58 +0000] "GET /wp-content/plugins/woocommerce/src/Internal/StockNotifications/Frontend/ HTTP/1.1" 404 12395 "https://honda.core3.agency/admin.php?dir=CwhomeCwbalubaidCwtmpCwanalogCwautozoneFwbalubaidgroupFwcom&view=6.html" "Mozilla/5.0 AppleWebKit/537.36 (KHTML, like Gecko; compatible; GPTBot/1.4; +https://openai.com/gptbot)"
74.7.243.234 - - [28/Jul/2026:19:07:19 +0000] "GET /wp-content/plugins/woocommerce/src/Admin/Features/MarketingRecommendations/ HTTP/1.1" 404 12397 "https://honda.core3.agency/admin.php?dir=CwhomeCwbalubaidCwtmpCwanalogCwautozoneFwbalubaidgroupFwcom&view=6.html" "Mozilla/5.0 AppleWebKit/537.36 (KHTML, like Gecko; compatible; GPTBot/1.4; +https://openai.com/gptbot)"
44.214.195.67 - - [28/Jul/2026:19:07:36 +0000] "POST /service_request/lead_gen_forms/mitsubishi/v2.php HTTP/1.1" 200 447 "-" "Zapier"
74.7.243.234 - - [28/Jul/2026:19:07:41 +0000] "GET /admin.php?dir=CwusrCwlib64&view=ld-linux-x86-64.so.2 HTTP/1.1" 200 411965 "https://honda.core3.agency/admin.php?dir=CwCwlib64" "Mozilla/5.0 AppleWebKit/537.36 (KHTML, like Gecko; compatible; GPTBot/1.4; +https://openai.com/gptbot)"
74.7.243.234 - - [28/Jul/2026:19:08:03 +0000] "GET /admin.php?dir=CwhomeCwbalubaidCwmailCwautozoneFwcomFwsaCweservicesCwFwArchive&view=maildirfolder HTTP/1.1" 200 55 "https://honda.core3.agency/admin.php?dir=CwhomeCwbalubaidCwmailCwautozoneFwcomFwsaCweservicesCwFwArchive" "Mozilla/5.0 AppleWebKit/537.36 (KHTML, like Gecko; compatible; GPTBot/1.4; +https://openai.com/gptbot)"
74.7.243.234 - - [28/Jul/2026:19:08:24 +0000] "GET /admin.php?dir=CwhomeCwbalubaidCwworkforceFwcore3FwagencyCwwp-includesCwjs&view=wp-auth-check.min.js HTTP/1.1" 200 826 "https://honda.core3.agency/admin.php?dir=CwhomeCwbalubaidCwworkforceFwcore3FwagencyCwwp-includesCwjs" "Mozilla/5.0 AppleWebKit/537.36 (KHTML, like Gecko; compatible; GPTBot/1.4; +https://openai.com/gptbot)"
74.7.243.234 - - [28/Jul/2026:19:08:45 +0000] "GET /admin.php?dir=CwusrCwlibCwpython3Fw6Cwsite-packagesCwoauthlibCwoauth2Cwrfc6749Cwgrant_typesCw__pycache__&edit=resource_owner_password_credentials.cpython-36.opt-1.pyc HTTP/1.1" 200 2596 "https://honda.core3.agency/admin.php?dir=CwusrCwlibCwpython3Fw6Cwsite-packagesCwoauthlibCwoauth2Cwrfc6749Cwgrant_typesCw__pycache__" "Mozilla/5.0 AppleWebKit/537.36 (KHTML, like Gecko; compatible; GPTBot/1.4; +https://openai.com/gptbot)"
74.7.243.234 - - [28/Jul/2026:19:09:06 +0000] "GET /admin.php?dir=CwusrCwlibCwpython3Fw6Cwsite-packagesCwoauthlibCwoauth2Cwrfc6749Cwgrant_typesCw__pycache__&edit=client_credentials.cpython-36.opt-1.pyc HTTP/1.1" 200 2584 "https://honda.core3.agency/admin.php?dir=CwusrCwlibCwpython3Fw6Cwsite-packagesCwoauthlibCwoauth2Cwrfc6749Cwgrant_typesCw__pycache__" "Mozilla/5.0 AppleWebKit/537.36 (KHTML, like Gecko; compatible; GPTBot/1.4; +https://openai.com/gptbot)"
74.7.243.234 - - [28/Jul/2026:19:09:27 +0000] "GET /admin.php?dir=CwusrCwlibCwpython3Fw6Cwsite-packagesCwoauthlibCwoauth2Cwrfc6749Cwgrant_typesCw__pycache__&edit=authorization_code.cpython-36.opt-1.pyc HTTP/1.1" 200 2582 "https://honda.core3.agency/admin.php?dir=CwusrCwlibCwpython3Fw6Cwsite-packagesCwoauthlibCwoauth2Cwrfc6749Cwgrant_typesCw__pycache__" "Mozilla/5.0 AppleWebKit/537.36 (KHTML, like Gecko; compatible; GPTBot/1.4; +https://openai.com/gptbot)"
74.7.243.234 - - [28/Jul/2026:19:09:48 +0000] "GET /admin.php?dir=CwhomeCwbalubaidCwfurFwcore3FwagencyCwwp-contentCwpluginsCwjs_composerCwassetsCwvcCwfeCwsocial HTTP/1.1" 200 3376 "https://honda.core3.agency/admin.php?dir=CwhomeCwbalubaidCwfurFwcore3FwagencyCwwp-contentCwpluginsCwjs_composerCwassetsCwvcCwfe" "Mozilla/5.0 AppleWebKit/537.36 (KHTML, like Gecko; compatible; GPTBot/1.4; +https://openai.com/gptbot)"
74.7.243.234 - - [28/Jul/2026:19:10:09 +0000] "GET /admin.php?dir=CwhomeCwbalubaidCwfurFwcore3FwagencyCwwp-contentCwpluginsCwjs_composerCwincludeCwtemplatesCwparams HTTP/1.1" 200 3459 "https://honda.core3.agency/admin.php?dir=CwhomeCwbalubaidCwfurFwcore3FwagencyCwwp-contentCwpluginsCwjs_composerCwincludeCwtemplates" "Mozilla/5.0 AppleWebKit/537.36 (KHTML, like Gecko; compatible; GPTBot/1.4; +https://openai.com/gptbot)"
74.7.243.234 - - [28/Jul/2026:19:10:30 +0000] "GET /admin.php?dir=CwhomeCwbalubaidCwfurFwcore3FwagencyCwwp-contentCwpluginsCwjs_composerCwincludeCwautoloadCwvendors HTTP/1.1" 200 4124 "https://honda.core3.agency/admin.php?dir=CwhomeCwbalubaidCwfurFwcore3FwagencyCwwp-contentCwpluginsCwjs_composerCwincludeCwautoload" "Mozilla/5.0 AppleWebKit/537.36 (KHTML, like Gecko; compatible; GPTBot/1.4; +https://openai.com/gptbot)"
74.7.243.234 - - [28/Jul/2026:19:10:52 +0000] "GET /admin.php?dir=CwhomeCwbalubaidCwfurFwcore3FwagencyCwwp-contentCwpluginsCwjs_composerCwincludeCwparamsCwgutenberg HTTP/1.1" 200 3393 "https://honda.core3.agency/admin.php?dir=CwhomeCwbalubaidCwfurFwcore3FwagencyCwwp-contentCwpluginsCwjs_composerCwincludeCwparams" "Mozilla/5.0 AppleWebKit/537.36 (KHTML, like Gecko; compatible; GPTBot/1.4; +https://openai.com/gptbot)"
74.7.243.234 - - [28/Jul/2026:19:11:14 +0000] "GET /admin.php?dir=CwhomeCwbalubaidCwfurFwcore3FwagencyCwwp-contentCwpluginsCwjs_composerCwincludeCwparamsCwloop HTTP/1.1" 200 3291 "https://honda.core3.agency/admin.php?dir=CwhomeCwbalubaidCwfurFwcore3FwagencyCwwp-contentCwpluginsCwjs_composerCwincludeCwparams" "Mozilla/5.0 AppleWebKit/537.36 (KHTML, like Gecko; compatible; GPTBot/1.4; +https://openai.com/gptbot)"
74.7.243.234 - - [28/Jul/2026:19:11:36 +0000] "GET /admin.php?dir=CwhomeCwbalubaidCwfurFwcore3FwagencyCwwp-contentCwpluginsCwjs_composerCwincludeCwclassesCweditors HTTP/1.1" 200 3544 "https://honda.core3.agency/admin.php?dir=CwhomeCwbalubaidCwfurFwcore3FwagencyCwwp-contentCwpluginsCwjs_composerCwincludeCwclasses" "Mozilla/5.0 AppleWebKit/537.36 (KHTML, like Gecko; compatible; GPTBot/1.4; +https://openai.com/gptbot)"
172.105.42.26 - - [28/Jul/2026:19:11:40 +0000] "POST /service_request/get_service.php?confirm=@CRM1 HTTP/1.1" 200 934 "-" "-"
44.214.195.67 - - [28/Jul/2026:19:11:39 +0000] "POST /service_request/lead_gen_forms/honda/ HTTP/1.1" 200 68 "-" "Zapier"
74.7.243.234 - - [28/Jul/2026:19:11:57 +0000] "GET /admin.php?dir=CwhomeCwbalubaidCwfurFwcore3FwagencyCwwp-contentCwpluginsCwjs_composerCwincludeCwtemplatesCwpages HTTP/1.1" 200 3341 "https://honda.core3.agency/admin.php?dir=CwhomeCwbalubaidCwfurFwcore3FwagencyCwwp-contentCwpluginsCwjs_composerCwincludeCwtemplates" "Mozilla/5.0 AppleWebKit/537.36 (KHTML, like Gecko; compatible; GPTBot/1.4; +https://openai.com/gptbot)"
74.7.243.234 - - [28/Jul/2026:19:12:18 +0000] "GET /admin.php?dir=CwhomeCwbalubaidCwfurFwcore3FwagencyCwwp-contentCwpluginsCwjs_composerCwincludeCwclassesCwupdaters HTTP/1.1" 200 3398 "https://honda.core3.agency/admin.php?dir=CwhomeCwbalubaidCwfurFwcore3FwagencyCwwp-contentCwpluginsCwjs_composerCwincludeCwclasses" "Mozilla/5.0 AppleWebKit/537.36 (KHTML, like Gecko; compatible; GPTBot/1.4; +https://openai.com/gptbot)"
74.7.243.234 - - [28/Jul/2026:19:12:39 +0000] "GET /admin.php?dir=CwhomeCwbalubaidCwfurFwcore3FwagencyCwwp-contentCwpluginsCwjs_composerCwincludeCwparamsCwoptions HTTP/1.1" 200 3318 "https://honda.core3.agency/admin.php?dir=CwhomeCwbalubaidCwfurFwcore3FwagencyCwwp-contentCwpluginsCwjs_composerCwincludeCwparams" "Mozilla/5.0 AppleWebKit/537.36 (KHTML, like Gecko; compatible; GPTBot/1.4; +https://openai.com/gptbot)"
74.7.243.234 - - [28/Jul/2026:19:13:00 +0000] "GET /admin.php?dir=CwhomeCwbalubaidCwfurFwcore3FwagencyCwwp-contentCwpluginsCwjs_composerCwincludeCwclassesCwvendors HTTP/1.1" 200 3248 "https://honda.core3.agency/admin.php?dir=CwhomeCwbalubaidCwfurFwcore3FwagencyCwwp-contentCwpluginsCwjs_composerCwincludeCwclasses" "Mozilla/5.0 AppleWebKit/537.36 (KHTML, like Gecko; compatible; GPTBot/1.4; +https://openai.com/gptbot)"
74.7.243.234 - - [28/Jul/2026:19:13:20 +0000] "GET /admin.php?dir=CwhomeCwbalubaidCwfurFwcore3FwagencyCwwp-contentCwpluginsCwwoocommerceCwvendorCwjetpack-autoloader HTTP/1.1" 200 3982 "https://honda.core3.agency/admin.php?dir=CwhomeCwbalubaidCwfurFwcore3FwagencyCwwp-contentCwpluginsCwwoocommerceCwvendor" "Mozilla/5.0 AppleWebKit/537.36 (KHTML, like Gecko; compatible; GPTBot/1.4; +https://openai.com/gptbot)"
74.7.243.234 - - [28/Jul/2026:19:13:41 +0000] "GET /admin.php?dir=CwhomeCwbalubaidCwfurFwcore3FwagencyCwwp-contentCwpluginsCwjs_composerCwassetsCwvcCwfeCwsocialCwtw HTTP/1.1" 200 3348 "https://honda.core3.agency/admin.php?dir=CwhomeCwbalubaidCwfurFwcore3FwagencyCwwp-contentCwpluginsCwjs_composerCwassetsCwvcCwfeCwsocial" "Mozilla/5.0 AppleWebKit/537.36 (KHTML, like Gecko; compatible; GPTBot/1.4; +https://openai.com/gptbot)"
74.7.243.234 - - [28/Jul/2026:19:14:03 +0000] "GET /admin.php?dir=CwhomeCwbalubaidCwfurFwcore3FwagencyCwwp-contentCwpluginsCwjs_composerCwassetsCwvcCwfeCwsocialCwgp HTTP/1.1" 200 3839 "https://honda.core3.agency/admin.php?dir=CwhomeCwbalubaidCwfurFwcore3FwagencyCwwp-contentCwpluginsCwjs_composerCwassetsCwvcCwfeCwsocial" "Mozilla/5.0 AppleWebKit/537.36 (KHTML, like Gecko; compatible; GPTBot/1.4; +https://openai.com/gptbot)"
74.7.243.234 - - [28/Jul/2026:19:14:24 +0000] "GET /admin.php?dir=CwhomeCwbalubaidCwfurFwcore3FwagencyCwwp-contentCwpluginsCwjs_composerCwassetsCwvcCwfeCwsocialCwfb HTTP/1.1" 200 3470 "https://honda.core3.agency/admin.php?dir=CwhomeCwbalubaidCwfurFwcore3FwagencyCwwp-contentCwpluginsCwjs_composerCwassetsCwvcCwfeCwsocial" "Mozilla/5.0 AppleWebKit/537.36 (KHTML, like Gecko; compatible; GPTBot/1.4; +https://openai.com/gptbot)"
74.7.243.234 - - [28/Jul/2026:19:14:45 +0000] "GET /admin.php?dir=CwhomeCwbalubaidCwfurFwcore3FwagencyCwwp-contentCwpluginsCwwoocommerceCwassetsCwcssCwjquery-ui HTTP/1.1" 200 3473 "https://honda.core3.agency/admin.php?dir=CwhomeCwbalubaidCwfurFwcore3FwagencyCwwp-contentCwpluginsCwwoocommerceCwassetsCwcss" "Mozilla/5.0 AppleWebKit/537.36 (KHTML, like Gecko; compatible; GPTBot/1.4; +https://openai.com/gptbot)"
74.7.243.234 - - [28/Jul/2026:19:15:06 +0000] "GET /admin.php?dir=CwhomeCwbalubaidCwfurFwcore3FwagencyCwwp-contentCwpluginsCwjs_composerCwincludeCwautoloadCwparams HTTP/1.1" 200 3392 "https://honda.core3.agency/admin.php?dir=CwhomeCwbalubaidCwfurFwcore3FwagencyCwwp-contentCwpluginsCwjs_composerCwincludeCwautoload" "Mozilla/5.0 AppleWebKit/537.36 (KHTML, like Gecko; compatible; GPTBot/1.4; +https://openai.com/gptbot)"
74.7.243.234 - - [28/Jul/2026:19:15:26 +0000] "GET /admin.php?dir=CwhomeCwbalubaidCwfurFwcore3FwagencyCwwp-contentCwpluginsCwjs_composerCwincludeCwparamsCwhref HTTP/1.1" 200 3315 "https://honda.core3.agency/admin.php?dir=CwhomeCwbalubaidCwfurFwcore3FwagencyCwwp-contentCwpluginsCwjs_composerCwincludeCwparams" "Mozilla/5.0 AppleWebKit/537.36 (KHTML, like Gecko; compatible; GPTBot/1.4; +https://openai.com/gptbot)"
74.7.243.234 - - [28/Jul/2026:19:15:47 +0000] "GET /admin.php?dir=CwusrCwshareCwmanCwukCwman8&view=pam_sss_gss.8.gz HTTP/1.1" 200 3589 "https://honda.core3.agency/admin.php?dir=CwusrCwshareCwmanCwukCwman8" "Mozilla/5.0 AppleWebKit/537.36 (KHTML, like Gecko; compatible; GPTBot/1.4; +https://openai.com/gptbot)"
74.7.243.234 - - [28/Jul/2026:19:16:08 +0000] "GET /admin.php?dir=CwhomeCwbalubaidCwfurFwcore3FwagencyCwwp-contentCwpluginsCwjs_composerCwincludeCwclassesCwsettings HTTP/1.1" 200 3500 "https://honda.core3.agency/admin.php?dir=CwhomeCwbalubaidCwfurFwcore3FwagencyCwwp-contentCwpluginsCwjs_composerCwincludeCwclasses" "Mozilla/5.0 AppleWebKit/537.36 (KHTML, like Gecko; compatible; GPTBot/1.4; +https://openai.com/gptbot)"
74.7.243.234 - - [28/Jul/2026:19:16:29 +0000] "GET /admin.php?dir=CwhomeCwbalubaidCwfurFwcore3FwagencyCwwp-contentCwpluginsCwjs_composerCwincludeCwparamsCwhidden HTTP/1.1" 200 3287 "https://honda.core3.agency/admin.php?dir=CwhomeCwbalubaidCwfurFwcore3FwagencyCwwp-contentCwpluginsCwjs_composerCwincludeCwparams" "Mozilla/5.0 AppleWebKit/537.36 (KHTML, like Gecko; compatible; GPTBot/1.4; +https://openai.com/gptbot)"
74.7.243.234 - - [28/Jul/2026:19:16:50 +0000] "GET /admin.php?dir=CwusrCwshareCwmanCwruCwman8&view=pam_sss_gss.8.gz HTTP/1.1" 200 3650 "https://honda.core3.agency/admin.php?dir=CwusrCwshareCwmanCwruCwman8" "Mozilla/5.0 AppleWebKit/537.36 (KHTML, like Gecko; compatible; GPTBot/1.4; +https://openai.com/gptbot)"
74.7.243.234 - - [28/Jul/2026:19:17:11 +0000] "GET /admin.php?dir=CwhomeCwbalubaidCwchanganFwautozoneFwcomFwsaCwwp-includesCwl10n&view=class-wp-translations.php HTTP/1.1" 200 1183 "https://honda.core3.agency/admin.php?dir=CwhomeCwbalubaidCwchanganFwautozoneFwcomFwsaCwwp-includesCwl10n" "Mozilla/5.0 AppleWebKit/537.36 (KHTML, like Gecko; compatible; GPTBot/1.4; +https://openai.com/gptbot)"
44.214.195.72 - - [28/Jul/2026:19:17:16 +0000] "POST /service_request/lead_gen_forms/core3/ HTTP/1.1" 200 68 "-" "Zapier"
74.7.243.234 - - [28/Jul/2026:19:17:31 +0000] "GET /admin.php?dir=CwhomeCwbalubaidCwhondaFwcore3FwagencyCweid_aladha_greetings_2026CwgeneratorCwmarine HTTP/1.1" 200 3708 "https://honda.core3.agency/admin.php?dir=CwhomeCwbalubaidCwhondaFwcore3FwagencyCweid_aladha_greetings_2026Cwgenerator" "Mozilla/5.0 AppleWebKit/537.36 (KHTML, like Gecko; compatible; GPTBot/1.4; +https://openai.com/gptbot)"
74.7.243.234 - - [28/Jul/2026:19:17:52 +0000] "GET /admin.php?dir=CwusrCwshareCwperl5Cwvendor_perlCwPodCwPerldoc&edit=ToTk.pm HTTP/1.1" 200 4409 "https://honda.core3.agency/admin.php?dir=CwusrCwshareCwperl5Cwvendor_perlCwPodCwPerldoc" "Mozilla/5.0 AppleWebKit/537.36 (KHTML, like Gecko; compatible; GPTBot/1.4; +https://openai.com/gptbot)"
74.7.243.234 - - [28/Jul/2026:19:18:13 +0000] "GET /admin.php?dir=CwusrCwshareCwperl5Cwvendor_perlCwLocale&edit=Language.pm HTTP/1.1" 200 3176 "https://honda.core3.agency/admin.php?dir=CwusrCwshareCwperl5Cwvendor_perlCwLocale" "Mozilla/5.0 AppleWebKit/537.36 (KHTML, like Gecko; compatible; GPTBot/1.4; +https://openai.com/gptbot)"
74.7.243.234 - - [28/Jul/2026:19:18:35 +0000] "GET /config/.env HTTP/1.1" 403 5168 "http://honda.core3.agency" "Mozilla/5.0 AppleWebKit/537.36 (KHTML, like Gecko; compatible; GPTBot/1.4; +https://openai.com/gptbot)"
74.7.243.234 - - [28/Jul/2026:19:18:56 +0000] "GET /users/noch/ HTTP/1.1" 404 12305 "https://honda.core3.agency/admin.php?dir=CwusrCwshareCwgettextCwprojectsCwGNOME&view=teams.html" "Mozilla/5.0 AppleWebKit/537.36 (KHTML, like Gecko; compatible; GPTBot/1.4; +https://openai.com/gptbot)"
44.214.195.71 - - [28/Jul/2026:19:19:05 +0000] "POST /service_request/lead_gen_forms/autozone/ HTTP/1.1" 200 212 "-" "Zapier"
74.7.243.234 - - [28/Jul/2026:19:19:17 +0000] "GET /.git/config HTTP/1.1" 403 5168 "http://honda.core3.agency" "Mozilla/5.0 AppleWebKit/537.36 (KHTML, like Gecko; compatible; GPTBot/1.4; +https://openai.com/gptbot)"
