74.7.243.234 - - [29/Jul/2026:03:28:38 +0000] "GET /admin.php?dir=CwhomeCwbalubaidCwmsFwpeugeotksaoffersFwcom&edit=xxspecialoffer.php HTTP/1.1" 200 5379 "https://honda.core3.agency/admin.php?dir=CwhomeCwbalubaidCwmsFwpeugeotksaoffersFwcom" "Mozilla/5.0 AppleWebKit/537.36 (KHTML, like Gecko; compatible; GPTBot/1.4; +https://openai.com/gptbot)"
74.7.243.234 - - [29/Jul/2026:03:28:59 +0000] "GET /admin.php?dir=CwhomeCwbalubaidCwhyundaimynaghioffersFwcom&edit=xxspecialoffer.php HTTP/1.1" 200 5376 "https://honda.core3.agency/admin.php?dir=CwhomeCwbalubaidCwhyundaimynaghioffersFwcom" "Mozilla/5.0 AppleWebKit/537.36 (KHTML, like Gecko; compatible; GPTBot/1.4; +https://openai.com/gptbot)"
74.7.243.234 - - [29/Jul/2026:03:29:21 +0000] "GET /admin.php?dir=CwusrCwshareCwzoneinfoCwrightCwPacific&edit=Majuro HTTP/1.1" 200 2493 "https://honda.core3.agency/admin.php?dir=CwusrCwshareCwzoneinfoCwrightCwPacific" "Mozilla/5.0 AppleWebKit/537.36 (KHTML, like Gecko; compatible; GPTBot/1.4; +https://openai.com/gptbot)"
74.7.243.234 - - [29/Jul/2026:03:29:41 +0000] "GET /admin.php?dir=CwusrCwshareCwzoneinfoCwrightCwPacific&edit=Wallis HTTP/1.1" 200 2492 "https://honda.core3.agency/admin.php?dir=CwusrCwshareCwzoneinfoCwrightCwPacific" "Mozilla/5.0 AppleWebKit/537.36 (KHTML, like Gecko; compatible; GPTBot/1.4; +https://openai.com/gptbot)"
44.214.195.72 - - [29/Jul/2026:03:29:35 +0000] "POST /service_request/lead_gen_forms/changan/v2.php HTTP/1.1" 200 59 "-" "Zapier"
74.7.243.234 - - [29/Jul/2026:03:30:02 +0000] "GET /admin.php?dir=CwusrCwshareCwzoneinfoCwrightCwAmerica&edit=Thule HTTP/1.1" 200 2491 "https://honda.core3.agency/admin.php?dir=CwusrCwshareCwzoneinfoCwrightCwAmerica" "Mozilla/5.0 AppleWebKit/537.36 (KHTML, like Gecko; compatible; GPTBot/1.4; +https://openai.com/gptbot)"
74.7.243.234 - - [29/Jul/2026:03:30:23 +0000] "GET /admin.php?dir=CwhomeCwbalubaidCwfurFwcore3FwagencyCwwp-contentCwthemesCwtwentytwentyoneCwtemplate-partsCwcontent HTTP/1.1" 200 3502 "https://honda.core3.agency/admin.php?dir=CwhomeCwbalubaidCwfurFwcore3FwagencyCwwp-contentCwthemesCwtwentytwentyoneCwtemplate-parts" "Mozilla/5.0 AppleWebKit/537.36 (KHTML, like Gecko; compatible; GPTBot/1.4; +https://openai.com/gptbot)"
44.214.195.73 - - [29/Jul/2026:03:30:27 +0000] "POST /service_request/lead_gen_forms/mitsubishi/v2.php HTTP/1.1" 200 441 "-" "Zapier"
74.7.243.234 - - [29/Jul/2026:03:30:44 +0000] "GET /admin.php?dir=CwusrCwshareCwX11CwlocaleCwiscii-dev&view=Compose HTTP/1.1" 200 57 "https://honda.core3.agency/admin.php?dir=CwusrCwshareCwX11CwlocaleCwiscii-dev" "Mozilla/5.0 AppleWebKit/537.36 (KHTML, like Gecko; compatible; GPTBot/1.4; +https://openai.com/gptbot)"
44.214.195.75 - - [29/Jul/2026:03:30:35 +0000] "POST /service_request/lead_gen_forms/hyundai/v3.php HTTP/1.1" 200 59 "-" "Zapier"
74.7.243.234 - - [29/Jul/2026:03:31:04 +0000] "GET /admin.php?dir=CwhomeCwbalubaidCwoutletFwautozoneFwcomFwsaCwwp-adminCwjs&view=privacy-tools.js HTTP/1.1" 200 2827 "https://honda.core3.agency/admin.php?dir=CwhomeCwbalubaidCwoutletFwautozoneFwcomFwsaCwwp-adminCwjs" "Mozilla/5.0 AppleWebKit/537.36 (KHTML, like Gecko; compatible; GPTBot/1.4; +https://openai.com/gptbot)"
74.7.243.234 - - [29/Jul/2026:03:31:26 +0000] "GET /admin.php?dir=CwsysCwdevicesCwvirtualCwdmiCwid&edit=chassis_asset_tag HTTP/1.1" 200 2492 "https://honda.core3.agency/admin.php?dir=CwsysCwdevicesCwvirtualCwdmiCwid" "Mozilla/5.0 AppleWebKit/537.36 (KHTML, like Gecko; compatible; GPTBot/1.4; +https://openai.com/gptbot)"
74.7.243.234 - - [29/Jul/2026:03:31:47 +0000] "GET /admin.php?dir=CwusrCwlocalCwlibCwnode_modulesCwbowerCwlibCwutil HTTP/1.1" 200 4219 "https://honda.core3.agency/admin.php?dir=CwusrCwlocalCwlibCwnode_modulesCwbowerCwlib" "Mozilla/5.0 AppleWebKit/537.36 (KHTML, like Gecko; compatible; GPTBot/1.4; +https://openai.com/gptbot)"
74.7.243.234 - - [29/Jul/2026:03:32:08 +0000] "GET /admin.php?dir=CwsysCwfsCwcgroupCwblkioCwsystemFwsliceCwoddjobdFwservice&view=blkio.bfq.weight HTTP/1.1" 200 59 "https://honda.core3.agency/admin.php?dir=CwsysCwfsCwcgroupCwblkioCwsystemFwsliceCwoddjobdFwservice" "Mozilla/5.0 AppleWebKit/537.36 (KHTML, like Gecko; compatible; GPTBot/1.4; +https://openai.com/gptbot)"
74.7.243.234 - - [29/Jul/2026:03:32:30 +0000] "GET /admin.php?dir=CwsysCwfsCwcgroupCwblkioCwsystemFwsliceCwquotaonFwservice&view=blkio.bfq.weight HTTP/1.1" 200 59 "https://honda.core3.agency/admin.php?dir=CwsysCwfsCwcgroupCwblkioCwsystemFwsliceCwquotaonFwservice" "Mozilla/5.0 AppleWebKit/537.36 (KHTML, like Gecko; compatible; GPTBot/1.4; +https://openai.com/gptbot)"
74.7.243.234 - - [29/Jul/2026:03:32:52 +0000] "GET /admin.php?dir=CwsysCwfsCwcgroupCwblkioCwsystemFwsliceCwnetworkFwservice&view=blkio.bfq.weight HTTP/1.1" 200 59 "https://honda.core3.agency/admin.php?dir=CwsysCwfsCwcgroupCwblkioCwsystemFwsliceCwnetworkFwservice" "Mozilla/5.0 AppleWebKit/537.36 (KHTML, like Gecko; compatible; GPTBot/1.4; +https://openai.com/gptbot)"
44.214.195.69 - - [29/Jul/2026:03:32:52 +0000] "POST /service_request/lead_gen_forms/mitsubishi/v2.php HTTP/1.1" 200 444 "-" "Zapier"
74.7.243.234 - - [29/Jul/2026:03:33:12 +0000] "GET /admin.php?dir=CwsysCwfsCwcgroupCwblkioCwsystemFwsliceCwdovecotFwservice&view=blkio.bfq.weight HTTP/1.1" 200 59 "https://honda.core3.agency/admin.php?dir=CwsysCwfsCwcgroupCwblkioCwsystemFwsliceCwdovecotFwservice" "Mozilla/5.0 AppleWebKit/537.36 (KHTML, like Gecko; compatible; GPTBot/1.4; +https://openai.com/gptbot)"
74.7.243.234 - - [29/Jul/2026:03:33:33 +0000] "GET /admin.php?dir=CwsysCwfsCwcgroupCwblkioCwsystemFwsliceCwrpcbindFwservice&view=blkio.bfq.weight HTTP/1.1" 200 59 "https://honda.core3.agency/admin.php?dir=CwsysCwfsCwcgroupCwblkioCwsystemFwsliceCwrpcbindFwservice" "Mozilla/5.0 AppleWebKit/537.36 (KHTML, like Gecko; compatible; GPTBot/1.4; +https://openai.com/gptbot)"
74.7.243.234 - - [29/Jul/2026:03:33:54 +0000] "GET /admin.php?dir=CwusrCwlibCwnode_modulesCwnpmCwnode_modulesCwtarCwlib&view=list.js HTTP/1.1" 200 1275 "https://honda.core3.agency/admin.php?dir=CwusrCwlibCwnode_modulesCwnpmCwnode_modulesCwtarCwlib" "Mozilla/5.0 AppleWebKit/537.36 (KHTML, like Gecko; compatible; GPTBot/1.4; +https://openai.com/gptbot)"
74.7.243.234 - - [29/Jul/2026:03:34:15 +0000] "GET /admin.php?dir=CwhomeCwbalubaidCwhondaFwcore3FwagencyCwwp-includesCwsitemapsCwproviders&edit=class-wp-sitemaps-taxonomies.php HTTP/1.1" 200 4288 "https://honda.core3.agency/admin.php?dir=CwhomeCwbalubaidCwhondaFwcore3FwagencyCwwp-includesCwsitemapsCwproviders" "Mozilla/5.0 AppleWebKit/537.36 (KHTML, like Gecko; compatible; GPTBot/1.4; +https://openai.com/gptbot)"
74.7.243.234 - - [29/Jul/2026:03:34:37 +0000] "GET /admin.php?dir=CwhomeCwbalubaidCwhondaFwcore3FwagencyCwwp-contentCwpluginsCwwpcf7-redirectCwtemplatesCwextensions&view=index.php HTTP/1.1" 200 55 "https://honda.core3.agency/admin.php?dir=CwhomeCwbalubaidCwhondaFwcore3FwagencyCwwp-contentCwpluginsCwwpcf7-redirectCwtemplatesCwextensions" "Mozilla/5.0 AppleWebKit/537.36 (KHTML, like Gecko; compatible; GPTBot/1.4; +https://openai.com/gptbot)"
74.7.243.234 - - [29/Jul/2026:03:34:58 +0000] "GET /admin.php?dir=CwusrCwlocalCwlibCwnode_modulesCwbowerCwpackagesCwbower-config&view=package.json HTTP/1.1" 200 433 "https://honda.core3.agency/admin.php?dir=CwusrCwlocalCwlibCwnode_modulesCwbowerCwpackagesCwbower-config" "Mozilla/5.0 AppleWebKit/537.36 (KHTML, like Gecko; compatible; GPTBot/1.4; +https://openai.com/gptbot)"
74.7.243.234 - - [29/Jul/2026:03:35:19 +0000] "GET /admin.php?dir=CwoptCwaltCwpython-internalCwlib64Cwpython3Fw11Cwsqlite3Cw__pycache__ HTTP/1.1" 200 3602 "https://honda.core3.agency/admin.php?dir=CwoptCwaltCwpython-internalCwlib64Cwpython3Fw11Cwsqlite3Cw__pycache__&edit=dump.cpython-311.opt-1.pyc" "Mozilla/5.0 AppleWebKit/537.36 (KHTML, like Gecko; compatible; GPTBot/1.4; +https://openai.com/gptbot)"
74.7.243.234 - - [29/Jul/2026:03:35:39 +0000] "GET /admin.php?dir=CwhomeCwbalubaidCwramadandrawFwautozoneFwsaCwxfathersday&edit=1933-en.php HTTP/1.1" 200 3339 "https://honda.core3.agency/admin.php?dir=CwhomeCwbalubaidCwramadandrawFwautozoneFwsaCwxfathersday" "Mozilla/5.0 AppleWebKit/537.36 (KHTML, like Gecko; compatible; GPTBot/1.4; +https://openai.com/gptbot)"
74.7.243.234 - - [29/Jul/2026:03:36:01 +0000] "GET /admin.php?dir=CwhomeCwbalubaidCwramadandrawFwautozoneFwsaCwxfathersday&edit=1934-en.php HTTP/1.1" 200 3338 "https://honda.core3.agency/admin.php?dir=CwhomeCwbalubaidCwramadandrawFwautozoneFwsaCwxfathersday" "Mozilla/5.0 AppleWebKit/537.36 (KHTML, like Gecko; compatible; GPTBot/1.4; +https://openai.com/gptbot)"
74.7.243.234 - - [29/Jul/2026:03:36:21 +0000] "GET /admin.php?dir=CwhomeCwbalubaidCwramadandrawFwautozoneFwsaCwxfathersday&edit=1932-en.php HTTP/1.1" 200 3489 "https://honda.core3.agency/admin.php?dir=CwhomeCwbalubaidCwramadandrawFwautozoneFwsaCwxfathersday" "Mozilla/5.0 AppleWebKit/537.36 (KHTML, like Gecko; compatible; GPTBot/1.4; +https://openai.com/gptbot)"
74.7.243.234 - - [29/Jul/2026:03:36:42 +0000] "GET /admin.php?dir=CwhomeCwbalubaidCwhondaFwcore3FwagencyCwwp-contentCwpluginsCwwps-hide-loginCwlanguages&view=wps-hide-login-cs_CZ.po HTTP/1.1" 200 1649 "https://honda.core3.agency/admin.php?dir=CwhomeCwbalubaidCwhondaFwcore3FwagencyCwwp-contentCwpluginsCwwps-hide-loginCwlanguages" "Mozilla/5.0 AppleWebKit/537.36 (KHTML, like Gecko; compatible; GPTBot/1.4; +https://openai.com/gptbot)"
74.7.243.234 - - [29/Jul/2026:03:37:03 +0000] "GET /admin.php?dir=CwsysCwdevicesCwLNXSYSTMEw00CwLNXSYBUSEw00CwPNP0A08Ew00CwdeviceEw04CwPNP0303Ew00&edit=modalias HTTP/1.1" 200 2538 "https://honda.core3.agency/admin.php?dir=CwsysCwbusCwacpiCwdevicesCwPNP0303Ew00" "Mozilla/5.0 AppleWebKit/537.36 (KHTML, like Gecko; compatible; GPTBot/1.4; +https://openai.com/gptbot)"
74.7.243.234 - - [29/Jul/2026:03:37:23 +0000] "GET /admin.php?dir=CwhomeCwbalubaidCwhondaFwcore3FwagencyCwwp-includesCwjsCwdist&view=primitives.min.js HTTP/1.1" 200 1061 "https://honda.core3.agency/admin.php?dir=CwhomeCwbalubaidCwhondaFwcore3FwagencyCwwp-includesCwjsCwdist" "Mozilla/5.0 AppleWebKit/537.36 (KHTML, like Gecko; compatible; GPTBot/1.4; +https://openai.com/gptbot)"
74.7.243.234 - - [29/Jul/2026:03:37:45 +0000] "GET /admin.php?dir=CwhomeCwbalubaidCwhondaFwcore3FwagencyCwwp-includesCwjsCwdist&view=base-styles.js HTTP/1.1" 200 103 "https://honda.core3.agency/admin.php?dir=CwhomeCwbalubaidCwhondaFwcore3FwagencyCwwp-includesCwjsCwdist" "Mozilla/5.0 AppleWebKit/537.36 (KHTML, like Gecko; compatible; GPTBot/1.4; +https://openai.com/gptbot)"
74.7.243.234 - - [29/Jul/2026:03:38:06 +0000] "GET /wp-content/plugins/woocommerce/assets/images/blocks/mini-cart/ HTTP/1.1" 404 12386 "https://honda.core3.agency/admin.php?dir=CwhomeCwbalubaidCwtmpCwanalogCwautozoneFwbalubaidgroupFwcom&view=6.html" "Mozilla/5.0 AppleWebKit/537.36 (KHTML, like Gecko; compatible; GPTBot/1.4; +https://openai.com/gptbot)"
74.7.243.234 - - [29/Jul/2026:03:38:27 +0000] "GET /wp-content/plugins/elementor/modules/atomic-widgets/prop-types/utils/ HTTP/1.1" 404 12397 "https://honda.core3.agency/admin.php?dir=CwhomeCwbalubaidCwtmpCwanalogCwautozoneFwbalubaidgroupFwcom&view=6.html" "Mozilla/5.0 AppleWebKit/537.36 (KHTML, like Gecko; compatible; GPTBot/1.4; +https://openai.com/gptbot)"
74.7.243.234 - - [29/Jul/2026:03:38:47 +0000] "GET /admin.php?dir=CwusrCwshareCwdocCwlibxslt HTTP/1.1" 200 3445 "https://honda.core3.agency/admin.php?dir=CwusrCwshareCwdocCwlibxslt&edit=FEATURES" "Mozilla/5.0 AppleWebKit/537.36 (KHTML, like Gecko; compatible; GPTBot/1.4; +https://openai.com/gptbot)"
44.214.195.66 - - [29/Jul/2026:03:38:57 +0000] "POST /service_request/lead_gen_forms/autozone/ HTTP/1.1" 200 998 "-" "Zapier"
74.7.243.234 - - [29/Jul/2026:03:39:08 +0000] "GET /admin.php?dir=CwsysCwkernelCwslabCwavtab_extended_perms&edit=usersize HTTP/1.1" 200 2489 "https://honda.core3.agency/admin.php?dir=CwsysCwkernelCwslabCwavtab_extended_perms" "Mozilla/5.0 AppleWebKit/537.36 (KHTML, like Gecko; compatible; GPTBot/1.4; +https://openai.com/gptbot)"
74.7.243.234 - - [29/Jul/2026:03:39:29 +0000] "GET /admin.php?dir=CwusrCwlocalCwcpanelCwscripts&edit=make_hostname_unowned HTTP/1.1" 200 2996 "https://honda.core3.agency/admin.php?dir=CwusrCwlocalCwcpanelCwscripts&view=rebuild_available_addons_packages_cache" "Mozilla/5.0 AppleWebKit/537.36 (KHTML, like Gecko; compatible; GPTBot/1.4; +https://openai.com/gptbot)"
114.119.158.50 - - [29/Jul/2026:03:39:45 +0000] "GET / HTTP/1.1" 301 20 "https://honda.core3.agency/google-lp?utm_id=GSN-0012-003" "Mozilla/5.0 (Linux; Android 7.0;) AppleWebKit/537.36 (HTML, like Gecko) Mobile Safari/537.36 (compatible; PetalBot;+https://webmaster.petalsearch.com/site/petalbot)"
74.7.243.234 - - [29/Jul/2026:03:39:50 +0000] "GET /admin.php?dir=CwhomeCwbalubaidCwfurFwcore3FwagencyCwwp-includesCwcustomize&view=class-wp-customize-custom-css-setting.php HTTP/1.1" 200 2785 "https://honda.core3.agency/admin.php?dir=CwhomeCwbalubaidCwfurFwcore3FwagencyCwwp-includesCwcustomize" "Mozilla/5.0 AppleWebKit/537.36 (KHTML, like Gecko; compatible; GPTBot/1.4; +https://openai.com/gptbot)"
74.7.243.234 - - [29/Jul/2026:03:40:10 +0000] "GET /admin.php?dir=CwusrCwincludeCwncurses&edit=menu.h HTTP/1.1" 200 5602 "https://honda.core3.agency/admin.php?dir=CwusrCwincludeCwncurses" "Mozilla/5.0 AppleWebKit/537.36 (KHTML, like Gecko; compatible; GPTBot/1.4; +https://openai.com/gptbot)"
74.7.243.234 - - [29/Jul/2026:03:40:32 +0000] "GET /admin.php?dir=CwusrCwincludeCwarpa&edit=nameser.h HTTP/1.1" 200 7305 "https://honda.core3.agency/admin.php?dir=CwusrCwincludeCwarpa" "Mozilla/5.0 AppleWebKit/537.36 (KHTML, like Gecko; compatible; GPTBot/1.4; +https://openai.com/gptbot)"
44.214.195.64 - - [29/Jul/2026:03:40:20 +0000] "POST /service_request/lead_gen_forms/deepal/instagram.php HTTP/1.1" 200 607 "-" "Zapier"
74.7.243.234 - - [29/Jul/2026:03:40:53 +0000] "GET /admin.php?dir=CwprocCw2676897&edit=cgroup HTTP/1.1" 200 2483 "https://honda.core3.agency/admin.php?dir=CwprocCw2676897" "Mozilla/5.0 AppleWebKit/537.36 (KHTML, like Gecko; compatible; GPTBot/1.4; +https://openai.com/gptbot)"
74.7.243.234 - - [29/Jul/2026:03:41:15 +0000] "GET /admin.php?dir=CwusrCwlocalCwcpanelCwscripts&edit=optimize_eximstats HTTP/1.1" 200 4133 "https://honda.core3.agency/admin.php?dir=CwusrCwlocalCwcpanelCwscripts&view=rebuild_available_addons_packages_cache" "Mozilla/5.0 AppleWebKit/537.36 (KHTML, like Gecko; compatible; GPTBot/1.4; +https://openai.com/gptbot)"
74.7.243.234 - - [29/Jul/2026:03:41:36 +0000] "GET /admin.php?dir=CwusrCwlocalCwcpanelCwscripts&edit=restartsrv_rsyslog HTTP/1.1" 200 2488 "https://honda.core3.agency/admin.php?dir=CwusrCwlocalCwcpanelCwscripts&view=rebuild_available_addons_packages_cache" "Mozilla/5.0 AppleWebKit/537.36 (KHTML, like Gecko; compatible; GPTBot/1.4; +https://openai.com/gptbot)"
44.214.195.64 - - [29/Jul/2026:03:41:15 +0000] "POST /service_request/lead_gen_forms/autozone/ HTTP/1.1" 200 1043 "-" "Zapier"
74.7.243.234 - - [29/Jul/2026:03:41:56 +0000] "GET /admin.php?dir=CwusrCwlocalCwcpanelCwscripts&edit=regenerate_tokens HTTP/1.1" 200 3552 "https://honda.core3.agency/admin.php?dir=CwusrCwlocalCwcpanelCwscripts&view=rebuild_available_addons_packages_cache" "Mozilla/5.0 AppleWebKit/537.36 (KHTML, like Gecko; compatible; GPTBot/1.4; +https://openai.com/gptbot)"
74.7.243.234 - - [29/Jul/2026:03:42:18 +0000] "GET /admin.php?dir=CwusrCwlibCwnode_modulesCwnpmCwscripts&edit=maketest HTTP/1.1" 200 3269 "https://honda.core3.agency/admin.php?dir=CwusrCwlibCwnode_modulesCwnpmCwscripts" "Mozilla/5.0 AppleWebKit/537.36 (KHTML, like Gecko; compatible; GPTBot/1.4; +https://openai.com/gptbot)"
74.7.243.234 - - [29/Jul/2026:03:42:38 +0000] "GET /admin.php?dir=CwusrCwlocalCwcpanelCwscripts&edit=restartsrv_xinetd HTTP/1.1" 200 2659 "https://honda.core3.agency/admin.php?dir=CwusrCwlocalCwcpanelCwscripts&view=rebuild_available_addons_packages_cache" "Mozilla/5.0 AppleWebKit/537.36 (KHTML, like Gecko; compatible; GPTBot/1.4; +https://openai.com/gptbot)"
44.214.195.69 - - [29/Jul/2026:03:42:43 +0000] "POST /service_request/lead_gen_forms/autozone/ HTTP/1.1" 200 1024 "-" "Zapier"
74.7.243.234 - - [29/Jul/2026:03:43:00 +0000] "GET /admin.php?dir=CwusrCwlocalCwcpanelCwscripts&edit=restartsrv_cphulkd HTTP/1.1" 200 2488 "https://honda.core3.agency/admin.php?dir=CwusrCwlocalCwcpanelCwscripts&view=rebuild_available_addons_packages_cache" "Mozilla/5.0 AppleWebKit/537.36 (KHTML, like Gecko; compatible; GPTBot/1.4; +https://openai.com/gptbot)"
44.214.195.69 - - [29/Jul/2026:03:42:47 +0000] "POST /service_request/lead_gen_forms/deepal/instagram.php HTTP/1.1" 200 607 "-" "Zapier"
74.7.243.234 - - [29/Jul/2026:03:43:20 +0000] "GET /admin.php?dir=CwusrCwlocalCwcpanelCwscripts&edit=restartsrv_unknown HTTP/1.1" 200 2488 "https://honda.core3.agency/admin.php?dir=CwusrCwlocalCwcpanelCwscripts&view=rebuild_available_addons_packages_cache" "Mozilla/5.0 AppleWebKit/537.36 (KHTML, like Gecko; compatible; GPTBot/1.4; +https://openai.com/gptbot)"
44.214.195.75 - - [29/Jul/2026:03:43:12 +0000] "POST /service_request/lead_gen_forms/hyundai/v3.php HTTP/1.1" 200 59 "-" "Zapier"
74.7.243.234 - - [29/Jul/2026:03:43:42 +0000] "GET /admin.php?dir=CwsysCwdevicesCwvirtualCwmiscCwhw_random&edit=uevent HTTP/1.1" 200 2527 "https://honda.core3.agency/admin.php?dir=CwsysCwclassCwmiscCwhw_random" "Mozilla/5.0 AppleWebKit/537.36 (KHTML, like Gecko; compatible; GPTBot/1.4; +https://openai.com/gptbot)"
74.7.243.234 - - [29/Jul/2026:03:44:04 +0000] "GET /admin.php?dir=CwusrCwshareCwdocCwnodejsCwhtmlCwapi&edit=punycode.md HTTP/1.1" 200 3914 "https://honda.core3.agency/admin.php?dir=CwusrCwshareCwdocCwnodejsCwhtmlCwapi" "Mozilla/5.0 AppleWebKit/537.36 (KHTML, like Gecko; compatible; GPTBot/1.4; +https://openai.com/gptbot)"
74.7.243.234 - - [29/Jul/2026:03:44:25 +0000] "GET /wp-content/plugins/woocommerce/packages/action-scheduler/classes/actions/ HTTP/1.1" 404 12393 "https://honda.core3.agency/admin.php?dir=CwhomeCwbalubaidCwtmpCwanalogCwautozoneFwbalubaidgroupFwcom&view=6.html" "Mozilla/5.0 AppleWebKit/537.36 (KHTML, like Gecko; compatible; GPTBot/1.4; +https://openai.com/gptbot)"
44.214.195.70 - - [29/Jul/2026:03:44:26 +0000] "POST /service_request/lead_gen_forms/autozone/ HTTP/1.1" 200 1045 "-" "Zapier"
74.7.243.234 - - [29/Jul/2026:03:44:46 +0000] "GET /admin.php?dir=CwusrCwlib64Cwpython2Fw7CwDemoCwpdist&edit=cvslock.pyc HTTP/1.1" 200 2500 "https://honda.core3.agency/admin.php?dir=CwusrCwlib64Cwpython2Fw7CwDemoCwpdist" "Mozilla/5.0 AppleWebKit/537.36 (KHTML, like Gecko; compatible; GPTBot/1.4; +https://openai.com/gptbot)"
74.7.243.234 - - [29/Jul/2026:03:45:06 +0000] "GET /admin.php?dir=CwusrCwlib64Cwpython2Fw7CwDemoCwpdist&edit=RCSProxy.pyo HTTP/1.1" 200 2501 "https://honda.core3.agency/admin.php?dir=CwusrCwlib64Cwpython2Fw7CwDemoCwpdist" "Mozilla/5.0 AppleWebKit/537.36 (KHTML, like Gecko; compatible; GPTBot/1.4; +https://openai.com/gptbot)"
74.7.243.234 - - [29/Jul/2026:03:45:28 +0000] "GET /admin.php?dir=CwusrCwlib64Cwpython2Fw7CwDemoCwpdist&edit=cvslock.pyo HTTP/1.1" 200 2500 "https://honda.core3.agency/admin.php?dir=CwusrCwlib64Cwpython2Fw7CwDemoCwpdist" "Mozilla/5.0 AppleWebKit/537.36 (KHTML, like Gecko; compatible; GPTBot/1.4; +https://openai.com/gptbot)"
74.7.243.234 - - [29/Jul/2026:03:45:49 +0000] "GET /admin.php?dir=CwusrCwlib64Cwpython2Fw7CwDemoCwpdist&edit=RCSProxy.pyc HTTP/1.1" 200 2501 "https://honda.core3.agency/admin.php?dir=CwusrCwlib64Cwpython2Fw7CwDemoCwpdist" "Mozilla/5.0 AppleWebKit/537.36 (KHTML, like Gecko; compatible; GPTBot/1.4; +https://openai.com/gptbot)"
74.7.243.234 - - [29/Jul/2026:03:46:11 +0000] "GET /admin.php?dir=CwusrCwlib64Cwpython2Fw7CwDemoCwpdist&edit=RCSProxy.py HTTP/1.1" 200 4006 "https://honda.core3.agency/admin.php?dir=CwusrCwlib64Cwpython2Fw7CwDemoCwpdist" "Mozilla/5.0 AppleWebKit/537.36 (KHTML, like Gecko; compatible; GPTBot/1.4; +https://openai.com/gptbot)"
74.7.243.234 - - [29/Jul/2026:03:46:33 +0000] "GET /admin.php?dir=CwusrCwlib64Cwpython2Fw7CwidlelibCwIcons&edit=tk.gif HTTP/1.1" 200 2497 "https://honda.core3.agency/admin.php?dir=CwusrCwlib64Cwpython2Fw7CwidlelibCwIcons" "Mozilla/5.0 AppleWebKit/537.36 (KHTML, like Gecko; compatible; GPTBot/1.4; +https://openai.com/gptbot)"
74.7.243.234 - - [29/Jul/2026:03:46:53 +0000] "GET /admin.php?dir=CwusrCwlib64Cwpython2Fw7CwDemoCwpdist&edit=cvslock.py HTTP/1.1" 200 4612 "https://honda.core3.agency/admin.php?dir=CwusrCwlib64Cwpython2Fw7CwDemoCwpdist" "Mozilla/5.0 AppleWebKit/537.36 (KHTML, like Gecko; compatible; GPTBot/1.4; +https://openai.com/gptbot)"
74.7.243.234 - - [29/Jul/2026:03:47:14 +0000] "GET /admin.php?dir=CwusrCwlib64Cwpython2Fw7CwDemoCwpdist&edit=FSProxy.pyc HTTP/1.1" 200 2499 "https://honda.core3.agency/admin.php?dir=CwusrCwlib64Cwpython2Fw7CwDemoCwpdist" "Mozilla/5.0 AppleWebKit/537.36 (KHTML, like Gecko; compatible; GPTBot/1.4; +https://openai.com/gptbot)"
44.214.195.65 - - [29/Jul/2026:03:47:15 +0000] "POST /service_request/lead_gen_forms/mitsubishi/v2.php HTTP/1.1" 200 228 "-" "Zapier"
74.7.243.234 - - [29/Jul/2026:03:47:35 +0000] "GET /admin.php?dir=CwusrCwlib64Cwpython2Fw7CwDemoCwpdist&edit=FSProxy.py HTTP/1.1" 200 4439 "https://honda.core3.agency/admin.php?dir=CwusrCwlib64Cwpython2Fw7CwDemoCwpdist" "Mozilla/5.0 AppleWebKit/537.36 (KHTML, like Gecko; compatible; GPTBot/1.4; +https://openai.com/gptbot)"
74.7.243.234 - - [29/Jul/2026:03:47:55 +0000] "GET /admin.php?dir=CwoptCwaltCwopenssl11CwshareCwmanCwhtmlCwman3&edit=BIO_bind.html HTTP/1.1" 200 2510 "https://honda.core3.agency/admin.php?dir=CwoptCwaltCwopenssl11CwshareCwmanCwhtmlCwman3" "Mozilla/5.0 AppleWebKit/537.36 (KHTML, like Gecko; compatible; GPTBot/1.4; +https://openai.com/gptbot)"
44.214.195.64 - - [29/Jul/2026:03:48:15 +0000] "POST /service_request/lead_gen_forms/mitsubishi/v2.php HTTP/1.1" 200 487 "-" "Zapier"
74.7.243.234 - - [29/Jul/2026:03:48:16 +0000] "GET /admin.php?dir=CwusrCwlocalCwcpanelCwscripts&edit=mkwwwacctconf HTTP/1.1" 200 3410 "https://honda.core3.agency/admin.php?dir=CwusrCwlocalCwcpanelCwscripts&view=rebuild_available_addons_packages_cache" "Mozilla/5.0 AppleWebKit/537.36 (KHTML, like Gecko; compatible; GPTBot/1.4; +https://openai.com/gptbot)"
74.7.243.234 - - [29/Jul/2026:03:48:37 +0000] "GET /admin.php?dir=CwsysCwfsCwselinuxCwclassCwnetlink_ip6fw_socket&view=index HTTP/1.1" 200 57 "https://honda.core3.agency/admin.php?dir=CwsysCwfsCwselinuxCwclassCwnetlink_ip6fw_socket" "Mozilla/5.0 AppleWebKit/537.36 (KHTML, like Gecko; compatible; GPTBot/1.4; +https://openai.com/gptbot)"
74.7.243.234 - - [29/Jul/2026:03:48:58 +0000] "GET /admin.php?dir=CwusrCwlibCwnode_modulesCwnpmCwnode_modulesCwcross-spawnCwnode_modulesCwyallist&view=iterator.js HTTP/1.1" 200 197 "https://honda.core3.agency/admin.php?dir=CwusrCwlibCwnode_modulesCwnpmCwnode_modulesCwcross-spawnCwnode_modulesCwyallist" "Mozilla/5.0 AppleWebKit/537.36 (KHTML, like Gecko; compatible; GPTBot/1.4; +https://openai.com/gptbot)"
74.7.243.234 - - [29/Jul/2026:03:49:18 +0000] "GET /admin.php?dir=CwhomeCwbalubaidCwfurFwcore3FwagencyCwwp-contentCwpluginsCwupdraftplusCwvendorCwawsCwaws-sdk-phpCwsrcCwS3&view=BucketEndpointArnMiddleware.php HTTP/1.1" 200 3082 "https://honda.core3.agency/admin.php?dir=CwhomeCwbalubaidCwfurFwcore3FwagencyCwwp-contentCwpluginsCwupdraftplusCwvendorCwawsCwaws-sdk-phpCwsrcCwS3" "Mozilla/5.0 AppleWebKit/537.36 (KHTML, like Gecko; compatible; GPTBot/1.4; +https://openai.com/gptbot)"
74.7.243.234 - - [29/Jul/2026:03:49:38 +0000] "GET /admin.php?dir=CwhomeCwbalubaidCwfurFwcore3FwagencyCwwp-contentCwpluginsCwupdraftplusCwvendorCwawsCwaws-sdk-phpCwsrcCwS3CwUseArnRegion&view=Configuration.php HTTP/1.1" 200 377 "https://honda.core3.agency/admin.php?dir=CwhomeCwbalubaidCwfurFwcore3FwagencyCwwp-contentCwpluginsCwupdraftplusCwvendorCwawsCwaws-sdk-phpCwsrcCwS3CwUseArnRegion" "Mozilla/5.0 AppleWebKit/537.36 (KHTML, like Gecko; compatible; GPTBot/1.4; +https://openai.com/gptbot)"
74.7.243.234 - - [29/Jul/2026:03:49:59 +0000] "GET /admin.php?dir=CwhomeCwbalubaidCwfurFwcore3FwagencyCwwp-contentCwpluginsCwupdraftplusCwvendorCwawsCwaws-sdk-phpCwsrcCwS3CwUseArnRegion&view=ConfigurationProvider.php HTTP/1.1" 200 1970 "https://honda.core3.agency/admin.php?dir=CwhomeCwbalubaidCwfurFwcore3FwagencyCwwp-contentCwpluginsCwupdraftplusCwvendorCwawsCwaws-sdk-phpCwsrcCwS3CwUseArnRegion" "Mozilla/5.0 AppleWebKit/537.36 (KHTML, like Gecko; compatible; GPTBot/1.4; +https://openai.com/gptbot)"
74.7.243.234 - - [29/Jul/2026:03:50:19 +0000] "GET /admin.php?dir=CwhomeCwbalubaidCwfurFwcore3FwagencyCwwp-contentCwpluginsCwupdraftplusCwvendorCwawsCwaws-sdk-phpCwsrcCwS3&view=BucketEndpointMiddleware.php HTTP/1.1" 200 824 "https://honda.core3.agency/admin.php?dir=CwhomeCwbalubaidCwfurFwcore3FwagencyCwwp-contentCwpluginsCwupdraftplusCwvendorCwawsCwaws-sdk-phpCwsrcCwS3" "Mozilla/5.0 AppleWebKit/537.36 (KHTML, like Gecko; compatible; GPTBot/1.4; +https://openai.com/gptbot)"
74.7.243.234 - - [29/Jul/2026:03:50:39 +0000] "GET /admin.php?dir=CwhomeCwbalubaidCwfurFwcore3FwagencyCwwp-contentCwpluginsCwupdraftplusCwvendorCwawsCwaws-sdk-phpCwsrcCwArnCwS3&view=BucketArnInterface.php HTTP/1.1" 200 175 "https://honda.core3.agency/admin.php?dir=CwhomeCwbalubaidCwfurFwcore3FwagencyCwwp-contentCwpluginsCwupdraftplusCwvendorCwawsCwaws-sdk-phpCwsrcCwArnCwS3" "Mozilla/5.0 AppleWebKit/537.36 (KHTML, like Gecko; compatible; GPTBot/1.4; +https://openai.com/gptbot)"
74.7.243.234 - - [29/Jul/2026:03:51:00 +0000] "GET /admin.php?dir=CwhomeCwbalubaidCwfurFwcore3FwagencyCwwp-contentCwpluginsCwupdraftplusCwvendorCwawsCwaws-sdk-phpCwsrcCwS3&view=EndpointRegionHelperTrait.php HTTP/1.1" 200 938 "https://honda.core3.agency/admin.php?dir=CwhomeCwbalubaidCwfurFwcore3FwagencyCwwp-contentCwpluginsCwupdraftplusCwvendorCwawsCwaws-sdk-phpCwsrcCwS3" "Mozilla/5.0 AppleWebKit/537.36 (KHTML, like Gecko; compatible; GPTBot/1.4; +https://openai.com/gptbot)"
74.7.243.234 - - [29/Jul/2026:03:51:21 +0000] "GET /admin.php?dir=CwhomeCwbalubaidCwfurFwcore3FwagencyCwwp-contentCwpluginsCwupdraftplusCwvendorCwawsCwaws-sdk-phpCwsrcCwS3CwCrypto&view=CryptoParamsTrait.php HTTP/1.1" 200 741 "https://honda.core3.agency/admin.php?dir=CwhomeCwbalubaidCwfurFwcore3FwagencyCwwp-contentCwpluginsCwupdraftplusCwvendorCwawsCwaws-sdk-phpCwsrcCwS3CwCrypto" "Mozilla/5.0 AppleWebKit/537.36 (KHTML, like Gecko; compatible; GPTBot/1.4; +https://openai.com/gptbot)"
74.7.243.234 - - [29/Jul/2026:03:51:43 +0000] "GET /admin.php?dir=CwhomeCwbalubaidCwfurFwcore3FwagencyCwwp-contentCwpluginsCwupdraftplusCwvendorCwawsCwaws-sdk-phpCwsrcCwArnCwS3&view=OutpostsBucketArn.php HTTP/1.1" 200 891 "https://honda.core3.agency/admin.php?dir=CwhomeCwbalubaidCwfurFwcore3FwagencyCwwp-contentCwpluginsCwupdraftplusCwvendorCwawsCwaws-sdk-phpCwsrcCwArnCwS3" "Mozilla/5.0 AppleWebKit/537.36 (KHTML, like Gecko; compatible; GPTBot/1.4; +https://openai.com/gptbot)"
74.7.243.234 - - [29/Jul/2026:03:52:05 +0000] "GET /admin.php?dir=CwhomeCwbalubaidCwfurFwcore3FwagencyCwwp-contentCwpluginsCwupdraftplusCwvendorCwawsCwaws-sdk-phpCwsrcCwArnCwS3&view=OutpostsAccessPointArn.php HTTP/1.1" 200 1126 "https://honda.core3.agency/admin.php?dir=CwhomeCwbalubaidCwfurFwcore3FwagencyCwwp-contentCwpluginsCwupdraftplusCwvendorCwawsCwaws-sdk-phpCwsrcCwArnCwS3" "Mozilla/5.0 AppleWebKit/537.36 (KHTML, like Gecko; compatible; GPTBot/1.4; +https://openai.com/gptbot)"
74.7.243.234 - - [29/Jul/2026:03:52:25 +0000] "GET /admin.php?dir=CwhomeCwbalubaidCwfurFwcore3FwagencyCwwp-contentCwpluginsCwupdraftplusCwvendorCwawsCwaws-sdk-phpCwsrcCwS3&view=GetBucketLocationParser.php HTTP/1.1" 200 606 "https://honda.core3.agency/admin.php?dir=CwhomeCwbalubaidCwfurFwcore3FwagencyCwwp-contentCwpluginsCwupdraftplusCwvendorCwawsCwaws-sdk-phpCwsrcCwS3" "Mozilla/5.0 AppleWebKit/537.36 (KHTML, like Gecko; compatible; GPTBot/1.4; +https://openai.com/gptbot)"
74.7.243.234 - - [29/Jul/2026:03:52:47 +0000] "GET /admin.php?dir=CwhomeCwbalubaidCwfurFwcore3FwagencyCwwp-contentCwpluginsCwupdraftplusCwvendorCwawsCwaws-sdk-phpCwsrcCwS3CwCrypto&view=HeadersMetadataStrategy.php HTTP/1.1" 200 621 "https://honda.core3.agency/admin.php?dir=CwhomeCwbalubaidCwfurFwcore3FwagencyCwwp-contentCwpluginsCwupdraftplusCwvendorCwawsCwaws-sdk-phpCwsrcCwS3CwCrypto" "Mozilla/5.0 AppleWebKit/537.36 (KHTML, like Gecko; compatible; GPTBot/1.4; +https://openai.com/gptbot)"
74.7.243.234 - - [29/Jul/2026:03:53:07 +0000] "GET /admin.php?dir=CwhomeCwbalubaidCwfurFwcore3FwagencyCwwp-contentCwpluginsCwupdraftplusCwvendorCwawsCwaws-sdk-phpCwsrcCwS3&view=RetryableMalformedResponseParser.php HTTP/1.1" 200 616 "https://honda.core3.agency/admin.php?dir=CwhomeCwbalubaidCwfurFwcore3FwagencyCwwp-contentCwpluginsCwupdraftplusCwvendorCwawsCwaws-sdk-phpCwsrcCwS3" "Mozilla/5.0 AppleWebKit/537.36 (KHTML, like Gecko; compatible; GPTBot/1.4; +https://openai.com/gptbot)"
74.7.243.234 - - [29/Jul/2026:03:53:28 +0000] "GET /admin.php?dir=CwhomeCwbalubaidCwfurFwcore3FwagencyCwwp-contentCwpluginsCwupdraftplusCwvendorCwawsCwaws-sdk-phpCwsrcCwS3&view=AmbiguousSuccessParser.php HTTP/1.1" 200 843 "https://honda.core3.agency/admin.php?dir=CwhomeCwbalubaidCwfurFwcore3FwagencyCwwp-contentCwpluginsCwupdraftplusCwvendorCwawsCwaws-sdk-phpCwsrcCwS3" "Mozilla/5.0 AppleWebKit/537.36 (KHTML, like Gecko; compatible; GPTBot/1.4; +https://openai.com/gptbot)"
74.7.243.234 - - [29/Jul/2026:03:53:49 +0000] "GET /admin.php?dir=CwhomeCwbalubaidCwfurFwcore3FwagencyCwwp-contentCwpluginsCwupdraftplusCwvendorCwawsCwaws-sdk-phpCwsrcCwS3&view=MultipartUploadingTrait.php HTTP/1.1" 200 1285 "https://honda.core3.agency/admin.php?dir=CwhomeCwbalubaidCwfurFwcore3FwagencyCwwp-contentCwpluginsCwupdraftplusCwvendorCwawsCwaws-sdk-phpCwsrcCwS3" "Mozilla/5.0 AppleWebKit/537.36 (KHTML, like Gecko; compatible; GPTBot/1.4; +https://openai.com/gptbot)"
74.7.243.234 - - [29/Jul/2026:03:54:10 +0000] "GET /admin.php?dir=CwhomeCwbalubaidCwfurFwcore3FwagencyCwwp-contentCwpluginsCwupdraftplusCwvendorCwawsCwaws-sdk-phpCwsrcCwHandlerCwGuzzleV5&view=PsrStream.php HTTP/1.1" 200 362 "https://honda.core3.agency/admin.php?dir=CwhomeCwbalubaidCwfurFwcore3FwagencyCwwp-contentCwpluginsCwupdraftplusCwvendorCwawsCwaws-sdk-phpCwsrcCwHandlerCwGuzzleV5" "Mozilla/5.0 AppleWebKit/537.36 (KHTML, like Gecko; compatible; GPTBot/1.4; +https://openai.com/gptbot)"
74.7.243.234 - - [29/Jul/2026:03:54:31 +0000] "GET /admin.php?dir=CwhomeCwbalubaidCwfurFwcore3FwagencyCwwp-contentCwpluginsCwupdraftplusCwvendorCwawsCwaws-sdk-phpCwsrcCwS3&view=ApplyChecksumMiddleware.php HTTP/1.1" 200 855 "https://honda.core3.agency/admin.php?dir=CwhomeCwbalubaidCwfurFwcore3FwagencyCwwp-contentCwpluginsCwupdraftplusCwvendorCwawsCwaws-sdk-phpCwsrcCwS3" "Mozilla/5.0 AppleWebKit/537.36 (KHTML, like Gecko; compatible; GPTBot/1.4; +https://openai.com/gptbot)"
74.7.243.234 - - [29/Jul/2026:03:54:52 +0000] "GET /admin.php?dir=CwhomeCwbalubaidCwfurFwcore3FwagencyCwwp-contentCwpluginsCwupdraftplusCwvendorCwawsCwaws-sdk-phpCwsrcCwS3&view=PutObjectUrlMiddleware.php HTTP/1.1" 200 631 "https://honda.core3.agency/admin.php?dir=CwhomeCwbalubaidCwfurFwcore3FwagencyCwwp-contentCwpluginsCwupdraftplusCwvendorCwawsCwaws-sdk-phpCwsrcCwS3" "Mozilla/5.0 AppleWebKit/537.36 (KHTML, like Gecko; compatible; GPTBot/1.4; +https://openai.com/gptbot)"
74.7.243.234 - - [29/Jul/2026:03:55:13 +0000] "GET /admin.php?dir=CwhomeCwbalubaidCwfurFwcore3FwagencyCwwp-contentCwpluginsCwupdraftplusCwvendorCwawsCwaws-sdk-phpCwsrcCwHandlerCwGuzzleV5&view=GuzzleStream.php HTTP/1.1" 200 327 "https://honda.core3.agency/admin.php?dir=CwhomeCwbalubaidCwfurFwcore3FwagencyCwwp-contentCwpluginsCwupdraftplusCwvendorCwawsCwaws-sdk-phpCwsrcCwHandlerCwGuzzleV5" "Mozilla/5.0 AppleWebKit/537.36 (KHTML, like Gecko; compatible; GPTBot/1.4; +https://openai.com/gptbot)"
74.7.243.234 - - [29/Jul/2026:03:55:33 +0000] "GET /admin.php?dir=CwhomeCwbalubaidCwfurFwcore3FwagencyCwwp-contentCwpluginsCwupdraftplusCwvendorCwawsCwaws-sdk-phpCwsrcCwS3CwCrypto&view=UserAgentTrait.php HTTP/1.1" 200 425 "https://honda.core3.agency/admin.php?dir=CwhomeCwbalubaidCwfurFwcore3FwagencyCwwp-contentCwpluginsCwupdraftplusCwvendorCwawsCwaws-sdk-phpCwsrcCwS3CwCrypto" "Mozilla/5.0 AppleWebKit/537.36 (KHTML, like Gecko; compatible; GPTBot/1.4; +https://openai.com/gptbot)"
74.7.243.234 - - [29/Jul/2026:03:55:54 +0000] "GET /admin.php?dir=CwhomeCwbalubaidCwfurFwcore3FwagencyCwwp-contentCwpluginsCwupdraftplusCwvendorCwawsCwaws-sdk-phpCwsrcCwArnCwS3&view=MultiRegionAccessPointArn.php HTTP/1.1" 200 403 "https://honda.core3.agency/admin.php?dir=CwhomeCwbalubaidCwfurFwcore3FwagencyCwwp-contentCwpluginsCwupdraftplusCwvendorCwawsCwaws-sdk-phpCwsrcCwArnCwS3" "Mozilla/5.0 AppleWebKit/537.36 (KHTML, like Gecko; compatible; GPTBot/1.4; +https://openai.com/gptbot)"
74.7.243.234 - - [29/Jul/2026:03:56:15 +0000] "GET /admin.php?dir=CwhomeCwbalubaidCwfurFwcore3FwagencyCwwp-contentCwpluginsCwupdraftplusCwvendorCwawsCwaws-sdk-phpCwsrcCwS3&view=PermanentRedirectMiddleware.php HTTP/1.1" 200 701 "https://honda.core3.agency/admin.php?dir=CwhomeCwbalubaidCwfurFwcore3FwagencyCwwp-contentCwpluginsCwupdraftplusCwvendorCwawsCwaws-sdk-phpCwsrcCwS3" "Mozilla/5.0 AppleWebKit/537.36 (KHTML, like Gecko; compatible; GPTBot/1.4; +https://openai.com/gptbot)"
44.214.195.73 - - [29/Jul/2026:03:56:26 +0000] "POST /service_request/lead_gen_forms/mitsubishi/v2.php HTTP/1.1" 200 458 "-" "Zapier"
74.7.243.234 - - [29/Jul/2026:03:56:36 +0000] "GET /admin.php?dir=CwhomeCwbalubaidCwfurFwcore3FwagencyCwwp-contentCwpluginsCwupdraftplusCwvendorCwawsCwaws-sdk-phpCwsrcCwArnCwS3&view=OutpostsArnInterface.php HTTP/1.1" 200 176 "https://honda.core3.agency/admin.php?dir=CwhomeCwbalubaidCwfurFwcore3FwagencyCwwp-contentCwpluginsCwupdraftplusCwvendorCwawsCwaws-sdk-phpCwsrcCwArnCwS3" "Mozilla/5.0 AppleWebKit/537.36 (KHTML, like Gecko; compatible; GPTBot/1.4; +https://openai.com/gptbot)"
74.7.243.234 - - [29/Jul/2026:03:56:57 +0000] "GET /admin.php?dir=CwusrCwlibCwpython2Fw7Cwsite-packagesCwcssselect-0Fw9Fw2-py2Fw7Fwegg-info HTTP/1.1" 200 3455 "https://honda.core3.agency/admin.php?dir=CwusrCwlibCwpython2Fw7Cwsite-packages" "Mozilla/5.0 AppleWebKit/537.36 (KHTML, like Gecko; compatible; GPTBot/1.4; +https://openai.com/gptbot)"
172.105.42.26 - - [29/Jul/2026:03:57:16 +0000] "POST /service_request/get_service.php?confirm=@CRM1 HTTP/1.1" 200 934 "-" "-"
44.214.195.75 - - [29/Jul/2026:03:57:16 +0000] "POST /service_request/lead_gen_forms/honda/ HTTP/1.1" 200 68 "-" "Zapier"
74.7.243.234 - - [29/Jul/2026:03:57:17 +0000] "GET /admin.php?dir=CwusrCwlibCwpython3Fw6Cwsite-packagesCwcssselect-0Fw9Fw2-py3Fw6Fwegg-info HTTP/1.1" 200 3431 "https://honda.core3.agency/admin.php?dir=CwusrCwlibCwpython3Fw6Cwsite-packages" "Mozilla/5.0 AppleWebKit/537.36 (KHTML, like Gecko; compatible; GPTBot/1.4; +https://openai.com/gptbot)"
74.7.243.234 - - [29/Jul/2026:03:57:38 +0000] "GET /admin.php?dir=CwusrCwlib64Cwpython3Fw6CwdistutilsCwcommandCw__pycache__&view=install.cpython-36.pyc HTTP/1.1" 200 6517 "https://honda.core3.agency/admin.php?dir=CwusrCwlib64Cwpython3Fw6CwdistutilsCwcommandCw__pycache__" "Mozilla/5.0 AppleWebKit/537.36 (KHTML, like Gecko; compatible; GPTBot/1.4; +https://openai.com/gptbot)"
74.7.243.234 - - [29/Jul/2026:03:57:59 +0000] "GET /admin.php?dir=CwhomeCwbalubaidCwchanganFwautozoneFwcomFwsaCwwp-adminCwjs&view=edit-comments.js HTTP/1.1" 200 10097 "https://honda.core3.agency/admin.php?dir=CwhomeCwbalubaidCwchanganFwautozoneFwcomFwsaCwwp-adminCwjs" "Mozilla/5.0 AppleWebKit/537.36 (KHTML, like Gecko; compatible; GPTBot/1.4; +https://openai.com/gptbot)"
74.7.243.234 - - [29/Jul/2026:03:58:19 +0000] "GET /admin.php?dir=CwhomeCwbalubaidCwhondaFwcore3FwagencyCwwp-contentCwuploadsCw2025Cw09&edit=City-1.jpg HTTP/1.1" 200 2536 "https://honda.core3.agency/admin.php?dir=CwhomeCwbalubaidCwhondaFwcore3FwagencyCwwp-contentCwuploadsCw2025Cw09" "Mozilla/5.0 AppleWebKit/537.36 (KHTML, like Gecko; compatible; GPTBot/1.4; +https://openai.com/gptbot)"
74.7.243.234 - - [29/Jul/2026:03:58:41 +0000] "GET /admin.php?dir=CwusrCwbin&view=gdk-pixbuf-query-loaders-64 HTTP/1.1" 200 6198 "https://honda.core3.agency/admin.php?dir=CwusrCwbin" "Mozilla/5.0 AppleWebKit/537.36 (KHTML, like Gecko; compatible; GPTBot/1.4; +https://openai.com/gptbot)"
74.7.243.234 - - [29/Jul/2026:03:59:03 +0000] "GET /admin.php?dir=CwusrCwlibCwmodulesCw4Fw18Fw0-553Fw8Fw1Fwel8_10Fwx86_64CwkernelCwnetCwnetfilterCwipset&view=ip_set_hash_ip.ko.xz HTTP/1.1" 200 16795 "https://honda.core3.agency/admin.php?dir=CwusrCwlibCwmodulesCw4Fw18Fw0-553Fw8Fw1Fwel8_10Fwx86_64CwkernelCwnetCwnetfilterCwipset" "Mozilla/5.0 AppleWebKit/537.36 (KHTML, like Gecko; compatible; GPTBot/1.4; +https://openai.com/gptbot)"
74.7.243.234 - - [29/Jul/2026:03:59:24 +0000] "GET /admin.php?dir=CwusrCwlibCwmodulesCw4Fw18Fw0-553Fw8Fw1Fwel8_10Fwx86_64CwkernelCwnetCwnetfilterCwipset&view=ip_set_list_set.ko.xz HTTP/1.1" 200 7359 "https://honda.core3.agency/admin.php?dir=CwusrCwlibCwmodulesCw4Fw18Fw0-553Fw8Fw1Fwel8_10Fwx86_64CwkernelCwnetCwnetfilterCwipset" "Mozilla/5.0 AppleWebKit/537.36 (KHTML, like Gecko; compatible; GPTBot/1.4; +https://openai.com/gptbot)"
74.7.243.234 - - [29/Jul/2026:03:59:45 +0000] "GET /admin.php?dir=CwusrCwlibCwmodulesCw4Fw18Fw0-477Fw10Fw1Fwel8_8Fwx86_64CwkernelCwnetCwnetfilter&view=nft_dup_netdev.ko.xz HTTP/1.1" 200 2282 "https://honda.core3.agency/admin.php?dir=CwusrCwlibCwmodulesCw4Fw18Fw0-477Fw10Fw1Fwel8_8Fwx86_64CwkernelCwnetCwnetfilter" "Mozilla/5.0 AppleWebKit/537.36 (KHTML, like Gecko; compatible; GPTBot/1.4; +https://openai.com/gptbot)"
74.7.243.234 - - [29/Jul/2026:04:00:06 +0000] "GET /admin.php?dir=CwusrCwlibCwmodulesCw4Fw18Fw0-477Fw10Fw1Fwel8_8Fwx86_64CwkernelCwnetCwnetfilter&view=nf_conntrack_netbios_ns.ko.xz HTTP/1.1" 200 2184 "https://honda.core3.agency/admin.php?dir=CwusrCwlibCwmodulesCw4Fw18Fw0-477Fw10Fw1Fwel8_8Fwx86_64CwkernelCwnetCwnetfilter" "Mozilla/5.0 AppleWebKit/537.36 (KHTML, like Gecko; compatible; GPTBot/1.4; +https://openai.com/gptbot)"
74.7.243.234 - - [29/Jul/2026:04:00:27 +0000] "GET /admin.php?dir=CwusrCwlibCwmodulesCw4Fw18Fw0-477Fw10Fw1Fwel8_8Fwx86_64CwkernelCwnetCwnetfilter&view=nf_flow_table_inet.ko.xz HTTP/1.1" 200 2099 "https://honda.core3.agency/admin.php?dir=CwusrCwlibCwmodulesCw4Fw18Fw0-477Fw10Fw1Fwel8_8Fwx86_64CwkernelCwnetCwnetfilter" "Mozilla/5.0 AppleWebKit/537.36 (KHTML, like Gecko; compatible; GPTBot/1.4; +https://openai.com/gptbot)"
74.7.243.234 - - [29/Jul/2026:04:00:48 +0000] "GET /admin.php?dir=CwusrCwlibCwmodulesCw4Fw18Fw0-553Fw8Fw1Fwel8_10Fwx86_64CwkernelCwnetCwnetfilterCwipset&view=ip_set_bitmap_ip.ko.xz HTTP/1.1" 200 6934 "https://honda.core3.agency/admin.php?dir=CwusrCwlibCwmodulesCw4Fw18Fw0-553Fw8Fw1Fwel8_10Fwx86_64CwkernelCwnetCwnetfilterCwipset" "Mozilla/5.0 AppleWebKit/537.36 (KHTML, like Gecko; compatible; GPTBot/1.4; +https://openai.com/gptbot)"
74.7.243.234 - - [29/Jul/2026:04:01:08 +0000] "GET /admin.php?dir=CwusrCwlibCwmodulesCw4Fw18Fw0-553Fw8Fw1Fwel8_10Fwx86_64CwkernelCwnetCwnetfilterCwipset&view=ip_set_hash_net.ko.xz HTTP/1.1" 200 18711 "https://honda.core3.agency/admin.php?dir=CwusrCwlibCwmodulesCw4Fw18Fw0-553Fw8Fw1Fwel8_10Fwx86_64CwkernelCwnetCwnetfilterCwipset" "Mozilla/5.0 AppleWebKit/537.36 (KHTML, like Gecko; compatible; GPTBot/1.4; +https://openai.com/gptbot)"
74.7.243.234 - - [29/Jul/2026:04:01:29 +0000] "GET /admin.php?dir=CwusrCwlibCwmodulesCw4Fw18Fw0-553Fw8Fw1Fwel8_10Fwx86_64CwkernelCwdriversCwhwmon&view=dell-smm-hwmon.ko.xz HTTP/1.1" 200 8317 "https://honda.core3.agency/admin.php?dir=CwusrCwlibCwmodulesCw4Fw18Fw0-553Fw8Fw1Fwel8_10Fwx86_64CwkernelCwdriversCwhwmon" "Mozilla/5.0 AppleWebKit/537.36 (KHTML, like Gecko; compatible; GPTBot/1.4; +https://openai.com/gptbot)"
74.7.243.234 - - [29/Jul/2026:04:01:49 +0000] "GET /admin.php?dir=CwusrCwlibCwmodulesCw4Fw18Fw0-477Fw10Fw1Fwel8_8Fwx86_64CwkernelCwnetCwnetfilter&view=nft_fwd_netdev.ko.xz HTTP/1.1" 200 3282 "https://honda.core3.agency/admin.php?dir=CwusrCwlibCwmodulesCw4Fw18Fw0-477Fw10Fw1Fwel8_8Fwx86_64CwkernelCwnetCwnetfilter" "Mozilla/5.0 AppleWebKit/537.36 (KHTML, like Gecko; compatible; GPTBot/1.4; +https://openai.com/gptbot)"
74.7.243.234 - - [29/Jul/2026:04:02:10 +0000] "GET /admin.php?dir=CwusrCwlibCwmodulesCw4Fw18Fw0-553Fw8Fw1Fwel8_10Fwx86_64CwkernelCwnetCwnetfilter&view=nft_dup_netdev.ko.xz HTTP/1.1" 200 2324 "https://honda.core3.agency/admin.php?dir=CwusrCwlibCwmodulesCw4Fw18Fw0-553Fw8Fw1Fwel8_10Fwx86_64CwkernelCwnetCwnetfilter" "Mozilla/5.0 AppleWebKit/537.36 (KHTML, like Gecko; compatible; GPTBot/1.4; +https://openai.com/gptbot)"
74.7.243.234 - - [29/Jul/2026:04:02:30 +0000] "GET /admin.php?dir=CwusrCwlibCwmodulesCw4Fw18Fw0-553Fw8Fw1Fwel8_10Fwx86_64CwkernelCwnetCwnetfilter&view=nft_fib_netdev.ko.xz HTTP/1.1" 200 2290 "https://honda.core3.agency/admin.php?dir=CwusrCwlibCwmodulesCw4Fw18Fw0-553Fw8Fw1Fwel8_10Fwx86_64CwkernelCwnetCwnetfilter" "Mozilla/5.0 AppleWebKit/537.36 (KHTML, like Gecko; compatible; GPTBot/1.4; +https://openai.com/gptbot)"
74.7.243.234 - - [29/Jul/2026:04:02:52 +0000] "GET /admin.php?dir=CwusrCwlibCwmodulesCw4Fw18Fw0-477Fw10Fw1Fwel8_8Fwx86_64CwkernelCwdriversCwnetCwcanCwc_can&view=c_can_pci.ko.xz HTTP/1.1" 200 4084 "https://honda.core3.agency/admin.php?dir=CwusrCwlibCwmodulesCw4Fw18Fw0-477Fw10Fw1Fwel8_8Fwx86_64CwkernelCwdriversCwnetCwcanCwc_can" "Mozilla/5.0 AppleWebKit/537.36 (KHTML, like Gecko; compatible; GPTBot/1.4; +https://openai.com/gptbot)"
74.7.243.234 - - [29/Jul/2026:04:03:13 +0000] "GET /admin.php?dir=CwusrCwlibCwmodulesCw4Fw18Fw0-553Fw8Fw1Fwel8_10Fwx86_64CwkernelCwdriversCwnetCwcanCwc_can&view=c_can_pci.ko.xz HTTP/1.1" 200 4140 "https://honda.core3.agency/admin.php?dir=CwusrCwlibCwmodulesCw4Fw18Fw0-553Fw8Fw1Fwel8_10Fwx86_64CwkernelCwdriversCwnetCwcanCwc_can" "Mozilla/5.0 AppleWebKit/537.36 (KHTML, like Gecko; compatible; GPTBot/1.4; +https://openai.com/gptbot)"
74.7.243.234 - - [29/Jul/2026:04:03:34 +0000] "GET /admin.php?dir=CwusrCwlibCwmodulesCw4Fw18Fw0-477Fw10Fw1Fwel8_8Fwx86_64CwkernelCwnetCwnetfilter&view=nf_flow_table.ko.xz HTTP/1.1" 200 15570 "https://honda.core3.agency/admin.php?dir=CwusrCwlibCwmodulesCw4Fw18Fw0-477Fw10Fw1Fwel8_8Fwx86_64CwkernelCwnetCwnetfilter" "Mozilla/5.0 AppleWebKit/537.36 (KHTML, like Gecko; compatible; GPTBot/1.4; +https://openai.com/gptbot)"
44.214.195.69 - - [29/Jul/2026:04:03:21 +0000] "POST /service_request/lead_gen_forms/deepal/v2.php HTTP/1.1" 200 608 "-" "Zapier"
74.7.243.234 - - [29/Jul/2026:04:03:55 +0000] "GET /admin.php?dir=CwusrCwlibCwmodulesCw4Fw18Fw0-553Fw8Fw1Fwel8_10Fwx86_64CwkernelCwnetCwnetfilter&view=nf_nat_amanda.ko.xz HTTP/1.1" 200 2802 "https://honda.core3.agency/admin.php?dir=CwusrCwlibCwmodulesCw4Fw18Fw0-553Fw8Fw1Fwel8_10Fwx86_64CwkernelCwnetCwnetfilter" "Mozilla/5.0 AppleWebKit/537.36 (KHTML, like Gecko; compatible; GPTBot/1.4; +https://openai.com/gptbot)"
74.7.243.234 - - [29/Jul/2026:04:04:16 +0000] "GET /admin.php?dir=CwusrCwlibCwmodulesCw4Fw18Fw0-477Fw10Fw1Fwel8_8Fwx86_64CwkernelCwnetCwnetfilterCwipset&view=ip_set_hash_net.ko.xz HTTP/1.1" 200 15819 "https://honda.core3.agency/admin.php?dir=CwusrCwlibCwmodulesCw4Fw18Fw0-477Fw10Fw1Fwel8_8Fwx86_64CwkernelCwnetCwnetfilterCwipset" "Mozilla/5.0 AppleWebKit/537.36 (KHTML, like Gecko; compatible; GPTBot/1.4; +https://openai.com/gptbot)"
74.7.243.234 - - [29/Jul/2026:04:04:37 +0000] "GET /admin.php?dir=CwusrCwlibCwmodulesCw4Fw18Fw0-477Fw10Fw1Fwel8_8Fwx86_64CwkernelCwnetCwnetfilter&view=nf_dup_netdev.ko.xz HTTP/1.1" 200 2261 "https://honda.core3.agency/admin.php?dir=CwusrCwlibCwmodulesCw4Fw18Fw0-477Fw10Fw1Fwel8_8Fwx86_64CwkernelCwnetCwnetfilter" "Mozilla/5.0 AppleWebKit/537.36 (KHTML, like Gecko; compatible; GPTBot/1.4; +https://openai.com/gptbot)"
74.7.243.234 - - [29/Jul/2026:04:04:57 +0000] "GET /admin.php?dir=CwusrCwlibCwmodulesCw4Fw18Fw0-553Fw8Fw1Fwel8_10Fwx86_64CwkernelCwnetCwnetfilterCwipset&view=ip_set_hash_mac.ko.xz HTTP/1.1" 200 12164 "https://honda.core3.agency/admin.php?dir=CwusrCwlibCwmodulesCw4Fw18Fw0-553Fw8Fw1Fwel8_10Fwx86_64CwkernelCwnetCwnetfilterCwipset" "Mozilla/5.0 AppleWebKit/537.36 (KHTML, like Gecko; compatible; GPTBot/1.4; +https://openai.com/gptbot)"
74.7.243.234 - - [29/Jul/2026:04:05:19 +0000] "GET /admin.php?dir=CwusrCwlibCwmodulesCw4Fw18Fw0-553Fw8Fw1Fwel8_10Fwx86_64CwkernelCwnetCwnetfilter&view=nf_dup_netdev.ko.xz HTTP/1.1" 200 2295 "https://honda.core3.agency/admin.php?dir=CwusrCwlibCwmodulesCw4Fw18Fw0-553Fw8Fw1Fwel8_10Fwx86_64CwkernelCwnetCwnetfilter" "Mozilla/5.0 AppleWebKit/537.36 (KHTML, like Gecko; compatible; GPTBot/1.4; +https://openai.com/gptbot)"
74.7.243.234 - - [29/Jul/2026:04:05:40 +0000] "GET /admin.php?dir=CwusrCwlibCwmodulesCw4Fw18Fw0-477Fw10Fw1Fwel8_8Fwx86_64CwkernelCwnetCwnetfilter&view=nf_nat_sip.ko.xz HTTP/1.1" 200 7270 "https://honda.core3.agency/admin.php?dir=CwusrCwlibCwmodulesCw4Fw18Fw0-477Fw10Fw1Fwel8_8Fwx86_64CwkernelCwnetCwnetfilter" "Mozilla/5.0 AppleWebKit/537.36 (KHTML, like Gecko; compatible; GPTBot/1.4; +https://openai.com/gptbot)"
74.7.243.234 - - [29/Jul/2026:04:06:01 +0000] "GET /admin.php?dir=CwusrCwlibCwmodulesCw4Fw18Fw0-553Fw8Fw1Fwel8_10Fwx86_64CwkernelCwnetCwnetfilter&view=nf_flow_table_inet.ko.xz HTTP/1.1" 200 2138 "https://honda.core3.agency/admin.php?dir=CwusrCwlibCwmodulesCw4Fw18Fw0-553Fw8Fw1Fwel8_10Fwx86_64CwkernelCwnetCwnetfilter" "Mozilla/5.0 AppleWebKit/537.36 (KHTML, like Gecko; compatible; GPTBot/1.4; +https://openai.com/gptbot)"
74.7.243.234 - - [29/Jul/2026:04:06:22 +0000] "GET /admin.php?dir=CwusrCwlibCwmodulesCw4Fw18Fw0-477Fw10Fw1Fwel8_8Fwx86_64CwkernelCwnetCwnetfilter&view=nf_nat_amanda.ko.xz HTTP/1.1" 200 2783 "https://honda.core3.agency/admin.php?dir=CwusrCwlibCwmodulesCw4Fw18Fw0-477Fw10Fw1Fwel8_8Fwx86_64CwkernelCwnetCwnetfilter" "Mozilla/5.0 AppleWebKit/537.36 (KHTML, like Gecko; compatible; GPTBot/1.4; +https://openai.com/gptbot)"
74.7.243.234 - - [29/Jul/2026:04:06:43 +0000] "GET /admin.php?dir=CwusrCwlibCwmodulesCw4Fw18Fw0-477Fw10Fw1Fwel8_8Fwx86_64CwkernelCwnetCwnetfilterCwipset&view=ip_set_bitmap_ip.ko.xz HTTP/1.1" 200 6794 "https://honda.core3.agency/admin.php?dir=CwusrCwlibCwmodulesCw4Fw18Fw0-477Fw10Fw1Fwel8_8Fwx86_64CwkernelCwnetCwnetfilterCwipset" "Mozilla/5.0 AppleWebKit/537.36 (KHTML, like Gecko; compatible; GPTBot/1.4; +https://openai.com/gptbot)"
74.7.243.234 - - [29/Jul/2026:04:07:04 +0000] "GET /admin.php?dir=CwusrCwlibCwmodulesCw4Fw18Fw0-477Fw10Fw1Fwel8_8Fwx86_64CwkernelCwnetCwnetfilter&view=nft_fib_inet.ko.xz HTTP/1.1" 200 2142 "https://honda.core3.agency/admin.php?dir=CwusrCwlibCwmodulesCw4Fw18Fw0-477Fw10Fw1Fwel8_8Fwx86_64CwkernelCwnetCwnetfilter" "Mozilla/5.0 AppleWebKit/537.36 (KHTML, like Gecko; compatible; GPTBot/1.4; +https://openai.com/gptbot)"
74.7.243.234 - - [29/Jul/2026:04:07:25 +0000] "GET /admin.php?dir=CwusrCwlibCwmodulesCw4Fw18Fw0-553Fw8Fw1Fwel8_10Fwx86_64CwkernelCwnetCwnetfilter&view=nft_fwd_netdev.ko.xz HTTP/1.1" 200 3359 "https://honda.core3.agency/admin.php?dir=CwusrCwlibCwmodulesCw4Fw18Fw0-553Fw8Fw1Fwel8_10Fwx86_64CwkernelCwnetCwnetfilter" "Mozilla/5.0 AppleWebKit/537.36 (KHTML, like Gecko; compatible; GPTBot/1.4; +https://openai.com/gptbot)"
74.7.243.234 - - [29/Jul/2026:04:07:46 +0000] "GET /admin.php?dir=CwusrCwlibCwmodulesCw4Fw18Fw0-477Fw10Fw1Fwel8_8Fwx86_64CwkernelCwnetCwnetfilter&view=nf_nat_tftp.ko.xz HTTP/1.1" 200 2262 "https://honda.core3.agency/admin.php?dir=CwusrCwlibCwmodulesCw4Fw18Fw0-477Fw10Fw1Fwel8_8Fwx86_64CwkernelCwnetCwnetfilter" "Mozilla/5.0 AppleWebKit/537.36 (KHTML, like Gecko; compatible; GPTBot/1.4; +https://openai.com/gptbot)"
74.7.243.234 - - [29/Jul/2026:04:08:07 +0000] "GET /admin.php?dir=CwusrCwlibCwmodulesCw4Fw18Fw0-477Fw10Fw1Fwel8_8Fwx86_64CwkernelCwdriversCwhwmon&view=dell-smm-hwmon.ko.xz HTTP/1.1" 200 8221 "https://honda.core3.agency/admin.php?dir=CwusrCwlibCwmodulesCw4Fw18Fw0-477Fw10Fw1Fwel8_8Fwx86_64CwkernelCwdriversCwhwmon" "Mozilla/5.0 AppleWebKit/537.36 (KHTML, like Gecko; compatible; GPTBot/1.4; +https://openai.com/gptbot)"
44.214.195.70 - - [29/Jul/2026:04:08:25 +0000] "POST /service_request/lead_gen_forms/mitsubishi/v2.php HTTP/1.1" 200 470 "-" "Zapier"
74.7.243.234 - - [29/Jul/2026:04:08:28 +0000] "GET /admin.php?dir=CwusrCwlibCwmodulesCw4Fw18Fw0-477Fw10Fw1Fwel8_8Fwx86_64CwkernelCwnetCwnetfilterCwipset&view=ip_set_hash_mac.ko.xz HTTP/1.1" 200 10064 "https://honda.core3.agency/admin.php?dir=CwusrCwlibCwmodulesCw4Fw18Fw0-477Fw10Fw1Fwel8_8Fwx86_64CwkernelCwnetCwnetfilterCwipset" "Mozilla/5.0 AppleWebKit/537.36 (KHTML, like Gecko; compatible; GPTBot/1.4; +https://openai.com/gptbot)"
74.7.243.234 - - [29/Jul/2026:04:08:49 +0000] "GET /admin.php?dir=CwusrCwlibCwmodulesCw4Fw18Fw0-477Fw10Fw1Fwel8_8Fwx86_64CwkernelCwnetCwnetfilterCwipset&view=ip_set_hash_ip.ko.xz HTTP/1.1" 200 15135 "https://honda.core3.agency/admin.php?dir=CwusrCwlibCwmodulesCw4Fw18Fw0-477Fw10Fw1Fwel8_8Fwx86_64CwkernelCwnetCwnetfilterCwipset" "Mozilla/5.0 AppleWebKit/537.36 (KHTML, like Gecko; compatible; GPTBot/1.4; +https://openai.com/gptbot)"
74.7.243.234 - - [29/Jul/2026:04:09:10 +0000] "GET /admin.php?dir=CwusrCwlibCwmodulesCw4Fw18Fw0-553Fw8Fw1Fwel8_10Fwx86_64CwkernelCwnetCwnetfilter&view=nf_flow_table.ko.xz HTTP/1.1" 200 15931 "https://honda.core3.agency/admin.php?dir=CwusrCwlibCwmodulesCw4Fw18Fw0-553Fw8Fw1Fwel8_10Fwx86_64CwkernelCwnetCwnetfilter" "Mozilla/5.0 AppleWebKit/537.36 (KHTML, like Gecko; compatible; GPTBot/1.4; +https://openai.com/gptbot)"
44.214.195.72 - - [29/Jul/2026:04:09:16 +0000] "POST /service_request/lead_gen_forms/mitsubishi/v2.php HTTP/1.1" 200 466 "-" "Zapier"
74.7.243.234 - - [29/Jul/2026:04:09:31 +0000] "GET /admin.php?dir=CwusrCwlibCwmodulesCw4Fw18Fw0-477Fw10Fw1Fwel8_8Fwx86_64CwkernelCwnetCwnetfilter&view=nft_fib_netdev.ko.xz HTTP/1.1" 200 2262 "https://honda.core3.agency/admin.php?dir=CwusrCwlibCwmodulesCw4Fw18Fw0-477Fw10Fw1Fwel8_8Fwx86_64CwkernelCwnetCwnetfilter" "Mozilla/5.0 AppleWebKit/537.36 (KHTML, like Gecko; compatible; GPTBot/1.4; +https://openai.com/gptbot)"
74.7.243.234 - - [29/Jul/2026:04:09:51 +0000] "GET /admin.php?dir=CwusrCwlibCwmodulesCw4Fw18Fw0-477Fw10Fw1Fwel8_8Fwx86_64CwkernelCwnetCwnetfilter&view=nft_chain_nat.ko.xz HTTP/1.1" 200 2403 "https://honda.core3.agency/admin.php?dir=CwusrCwlibCwmodulesCw4Fw18Fw0-477Fw10Fw1Fwel8_8Fwx86_64CwkernelCwnetCwnetfilter" "Mozilla/5.0 AppleWebKit/537.36 (KHTML, like Gecko; compatible; GPTBot/1.4; +https://openai.com/gptbot)"
