74.7.243.234 - - [28/Jul/2026:19:47:39 +0000] "GET /admin.php?dir=CwoptCwcpanelCwea-php81CwrootCwusrCwbin&edit=phar.phar HTTP/1.1" 200 2500 "https://honda.core3.agency/admin.php?dir=CwoptCwcpanelCwea-php81CwrootCwusrCwbin" "Mozilla/5.0 AppleWebKit/537.36 (KHTML, like Gecko; compatible; GPTBot/1.4; +https://openai.com/gptbot)"
74.7.243.234 - - [28/Jul/2026:19:48:01 +0000] "GET /admin.php?dir=CwoptCwcpanelCwea-php72CwrootCwusrCwbin&edit=phar.phar HTTP/1.1" 200 2500 "https://honda.core3.agency/admin.php?dir=CwoptCwcpanelCwea-php72CwrootCwusrCwbin" "Mozilla/5.0 AppleWebKit/537.36 (KHTML, like Gecko; compatible; GPTBot/1.4; +https://openai.com/gptbot)"
74.7.243.234 - - [28/Jul/2026:19:48:21 +0000] "GET /admin.php?dir=CwsysCwdevicesCwpci0000Ew00Cw0000Ew00Ew01Fw0CwdrmCwcard0&view=dev HTTP/1.1" 200 61 "https://honda.core3.agency/admin.php?dir=CwsysCwdevicesCwpci0000Ew00Cw0000Ew00Ew01Fw0CwdrmCwcontrolD64" "Mozilla/5.0 AppleWebKit/537.36 (KHTML, like Gecko; compatible; GPTBot/1.4; +https://openai.com/gptbot)"
44.214.195.66 - - [28/Jul/2026:19:49:16 +0000] "POST /service_request/lead_gen_forms/deepal/instagram.php HTTP/1.1" 200 608 "-" "Zapier"
44.214.195.73 - - [28/Jul/2026:19:50:00 +0000] "POST /service_request/lead_gen_forms/mitsubishi/v2.php HTTP/1.1" 200 428 "-" "Zapier"
74.7.243.234 - - [28/Jul/2026:19:50:02 +0000] "GET /admin.php?dir=CwhomeCwbalubaidCwhondaFwcore3FwagencyCwwp-contentCwuploadsCw2021Cw10&edit=LP-1080x1344-min-300x300.bk.jpg HTTP/1.1" 200 2556 "https://honda.core3.agency/admin.php?dir=CwhomeCwbalubaidCwhondaFwcore3FwagencyCwwp-contentCwuploadsCw2021Cw10" "Mozilla/5.0 AppleWebKit/537.36 (KHTML, like Gecko; compatible; GPTBot/1.4; +https://openai.com/gptbot)"
74.7.243.234 - - [28/Jul/2026:19:50:05 +0000] "GET /admin.php?dir=CwhomeCwbalubaidCwxoffersFwautozoneFwcomFwsaCwwp-admin&edit=ms-upgrade-network.php HTTP/1.1" 200 2668 "https://honda.core3.agency/admin.php?dir=CwhomeCwbalubaidCwxoffersFwautozoneFwcomFwsaCwwp-admin" "Mozilla/5.0 AppleWebKit/537.36 (KHTML, like Gecko; compatible; GPTBot/1.4; +https://openai.com/gptbot)"
74.7.243.234 - - [28/Jul/2026:19:50:28 +0000] "GET /admin.php?dir=CwhomeCwbalubaidCwhondaFwcore3FwagencyCwwp-contentCwuploadsCw2021Cw10&edit=LP-1080x1344-min-482x600.jpg HTTP/1.1" 200 2554 "https://honda.core3.agency/admin.php?dir=CwhomeCwbalubaidCwhondaFwcore3FwagencyCwwp-contentCwuploadsCw2021Cw10" "Mozilla/5.0 AppleWebKit/537.36 (KHTML, like Gecko; compatible; GPTBot/1.4; +https://openai.com/gptbot)"
74.7.243.234 - - [28/Jul/2026:19:50:48 +0000] "GET /admin.php?dir=CwhomeCwbalubaidCwhondaFwcore3FwagencyCwwp-contentCwuploadsCw2021Cw10&edit=LP-1080x1344-min-600x747.jpg.webp HTTP/1.1" 200 2558 "https://honda.core3.agency/admin.php?dir=CwhomeCwbalubaidCwhondaFwcore3FwagencyCwwp-contentCwuploadsCw2021Cw10" "Mozilla/5.0 AppleWebKit/537.36 (KHTML, like Gecko; compatible; GPTBot/1.4; +https://openai.com/gptbot)"
74.7.243.234 - - [28/Jul/2026:19:51:08 +0000] "GET /admin.php?dir=CwhomeCwbalubaidCwhondaFwcore3FwagencyCwwp-contentCwuploadsCw2021Cw10&edit=LP-1080x1344-min-600x747.bk.jpg HTTP/1.1" 200 2557 "https://honda.core3.agency/admin.php?dir=CwhomeCwbalubaidCwhondaFwcore3FwagencyCwwp-contentCwuploadsCw2021Cw10" "Mozilla/5.0 AppleWebKit/537.36 (KHTML, like Gecko; compatible; GPTBot/1.4; +https://openai.com/gptbot)"
74.7.243.234 - - [28/Jul/2026:19:51:29 +0000] "GET /admin.php?dir=CwhomeCwbalubaidCwhondaFwcore3FwagencyCwwp-contentCwuploadsCw2021Cw10&edit=LP-1080x1344-min-823x1024.bk.jpg HTTP/1.1" 200 2557 "https://honda.core3.agency/admin.php?dir=CwhomeCwbalubaidCwhondaFwcore3FwagencyCwwp-contentCwuploadsCw2021Cw10" "Mozilla/5.0 AppleWebKit/537.36 (KHTML, like Gecko; compatible; GPTBot/1.4; +https://openai.com/gptbot)"
74.7.243.234 - - [28/Jul/2026:19:51:51 +0000] "GET /admin.php?dir=CwhomeCwbalubaidCwhondaFwcore3FwagencyCwwp-adminCwjs&view=comment.min.js HTTP/1.1" 200 686 "https://honda.core3.agency/admin.php?dir=CwhomeCwbalubaidCwhondaFwcore3FwagencyCwwp-adminCwjs" "Mozilla/5.0 AppleWebKit/537.36 (KHTML, like Gecko; compatible; GPTBot/1.4; +https://openai.com/gptbot)"
74.7.243.234 - - [28/Jul/2026:19:52:11 +0000] "GET /admin.php?dir=CwhomeCwbalubaidCwhondaFwcore3FwagencyCwwp-contentCwuploadsCw2021Cw10&edit=LP-1080x1344-min-150x150.bk.jpg HTTP/1.1" 200 2555 "https://honda.core3.agency/admin.php?dir=CwhomeCwbalubaidCwhondaFwcore3FwagencyCwwp-contentCwuploadsCw2021Cw10" "Mozilla/5.0 AppleWebKit/537.36 (KHTML, like Gecko; compatible; GPTBot/1.4; +https://openai.com/gptbot)"
74.7.243.234 - - [28/Jul/2026:19:52:31 +0000] "GET /admin.php?dir=CwhomeCwbalubaidCwhondaFwcore3FwagencyCwwp-contentCwuploadsCw2021Cw10&edit=LP-1080x1344-min-241x300.jpg HTTP/1.1" 200 2554 "https://honda.core3.agency/admin.php?dir=CwhomeCwbalubaidCwhondaFwcore3FwagencyCwwp-contentCwuploadsCw2021Cw10" "Mozilla/5.0 AppleWebKit/537.36 (KHTML, like Gecko; compatible; GPTBot/1.4; +https://openai.com/gptbot)"
44.214.195.72 - - [28/Jul/2026:19:52:14 +0000] "POST /service_request/lead_gen_forms/deepal/v2.php HTTP/1.1" 200 608 "-" "Zapier"
74.7.243.234 - - [28/Jul/2026:19:52:52 +0000] "GET /admin.php?dir=CwhomeCwbalubaidCwautozoneFwcomFwsaCwwp-includesCwblock-bindings&view=term-data.php HTTP/1.1" 200 1262 "https://honda.core3.agency/admin.php?dir=CwhomeCwbalubaidCwautozoneFwcomFwsaCwwp-includesCwblock-bindings" "Mozilla/5.0 AppleWebKit/537.36 (KHTML, like Gecko; compatible; GPTBot/1.4; +https://openai.com/gptbot)"
74.7.243.234 - - [28/Jul/2026:19:53:12 +0000] "GET /admin.php?dir=CwhomeCwbalubaidCwhondaFwcore3FwagencyCwwp-contentCwuploadsCw2021Cw10&edit=LP-1080x1344-min-241x300.bk.jpg HTTP/1.1" 200 2556 "https://honda.core3.agency/admin.php?dir=CwhomeCwbalubaidCwhondaFwcore3FwagencyCwwp-contentCwuploadsCw2021Cw10" "Mozilla/5.0 AppleWebKit/537.36 (KHTML, like Gecko; compatible; GPTBot/1.4; +https://openai.com/gptbot)"
74.7.243.234 - - [28/Jul/2026:19:53:33 +0000] "GET /admin.php?dir=CwhomeCwbalubaidCwhondaFwcore3FwagencyCwwp-contentCwuploadsCw2021Cw10&edit=LP-1080x1344-min-823x1024.jpg HTTP/1.1" 200 2554 "https://honda.core3.agency/admin.php?dir=CwhomeCwbalubaidCwhondaFwcore3FwagencyCwwp-contentCwuploadsCw2021Cw10" "Mozilla/5.0 AppleWebKit/537.36 (KHTML, like Gecko; compatible; GPTBot/1.4; +https://openai.com/gptbot)"
74.7.243.234 - - [28/Jul/2026:19:53:53 +0000] "GET /admin.php?dir=CwhomeCwbalubaidCwautozoneFwcomFwsaCwwp-includesCwblock-patterns&view=query-grid-posts.php HTTP/1.1" 200 535 "https://honda.core3.agency/admin.php?dir=CwhomeCwbalubaidCwautozoneFwcomFwsaCwwp-includesCwblock-patterns" "Mozilla/5.0 AppleWebKit/537.36 (KHTML, like Gecko; compatible; GPTBot/1.4; +https://openai.com/gptbot)"
74.7.243.234 - - [28/Jul/2026:19:54:14 +0000] "GET /wp-content/plugins/elementor/assets/lib/jquery-easing/ HTTP/1.1" 404 12390 "https://honda.core3.agency/admin.php?dir=CwhomeCwbalubaidCwtmpCwanalogCwsslCwoutletFwautozoneFwcomFwsa&view=3.html" "Mozilla/5.0 AppleWebKit/537.36 (KHTML, like Gecko; compatible; GPTBot/1.4; +https://openai.com/gptbot)"
74.7.243.234 - - [28/Jul/2026:19:54:35 +0000] "GET /admin.php?dir=CwusrCwlib64Cwpython2Fw7&view=contextlib.py HTTP/1.1" 200 1535 "https://honda.core3.agency/admin.php?dir=CwusrCwlib64Cwpython2Fw7" "Mozilla/5.0 AppleWebKit/537.36 (KHTML, like Gecko; compatible; GPTBot/1.4; +https://openai.com/gptbot)"
74.7.243.234 - - [28/Jul/2026:19:54:57 +0000] "GET /admin.php?dir=CwusrCwlib64Cwpython2Fw7&view=contextlib.pyc HTTP/1.1" 200 1900 "https://honda.core3.agency/admin.php?dir=CwusrCwlib64Cwpython2Fw7" "Mozilla/5.0 AppleWebKit/537.36 (KHTML, like Gecko; compatible; GPTBot/1.4; +https://openai.com/gptbot)"
74.7.243.234 - - [28/Jul/2026:19:55:17 +0000] "GET /admin.php?dir=CwusrCwlib64Cwpython2Fw7&view=contextlib.pyo HTTP/1.1" 200 1900 "https://honda.core3.agency/admin.php?dir=CwusrCwlib64Cwpython2Fw7" "Mozilla/5.0 AppleWebKit/537.36 (KHTML, like Gecko; compatible; GPTBot/1.4; +https://openai.com/gptbot)"
74.7.243.234 - - [28/Jul/2026:19:55:38 +0000] "GET /admin.php?dir=CwhomeCwbalubaidCwnewoffersFwautozoneFwcomFwsaCwwp-adminCwincludes&edit=admin.php HTTP/1.1" 200 3319 "https://honda.core3.agency/admin.php?dir=CwhomeCwbalubaidCwnewoffersFwautozoneFwcomFwsaCwwp-adminCwincludes" "Mozilla/5.0 AppleWebKit/537.36 (KHTML, like Gecko; compatible; GPTBot/1.4; +https://openai.com/gptbot)"
74.7.243.234 - - [28/Jul/2026:19:55:58 +0000] "GET /admin.php?dir=CwhomeCwbalubaidCwfurFwcore3FwagencyCwwp-includes&view=class-wp-error.php HTTP/1.1" 200 1913 "https://honda.core3.agency/admin.php?dir=CwhomeCwbalubaidCwfurFwcore3FwagencyCwwp-includes" "Mozilla/5.0 AppleWebKit/537.36 (KHTML, like Gecko; compatible; GPTBot/1.4; +https://openai.com/gptbot)"
74.7.243.234 - - [28/Jul/2026:19:56:18 +0000] "GET /admin.php?dir=CwhomeCwbalubaidCwworkforceFwcore3FwagencyCwwp-includes&view=class-wp-error.php HTTP/1.1" 200 1913 "https://honda.core3.agency/admin.php?dir=CwhomeCwbalubaidCwworkforceFwcore3FwagencyCwwp-includes" "Mozilla/5.0 AppleWebKit/537.36 (KHTML, like Gecko; compatible; GPTBot/1.4; +https://openai.com/gptbot)"
74.7.243.234 - - [28/Jul/2026:19:56:39 +0000] "GET /wp-content/plugins/elementor/modules/promotions/admin-menu-items/ HTTP/1.1" 404 12388 "https://honda.core3.agency/admin.php?dir=CwhomeCwbalubaidCwtmpCwanalogCwsslCwoutletFwautozoneFwcomFwsa&view=3.html" "Mozilla/5.0 AppleWebKit/537.36 (KHTML, like Gecko; compatible; GPTBot/1.4; +https://openai.com/gptbot)"
74.7.243.234 - - [28/Jul/2026:19:56:59 +0000] "GET /admin.php?dir=CwsysCwfsCwcgroupCwmemory&edit=memory.kmem.tcp.usage_in_bytes HTTP/1.1" 200 2489 "https://honda.core3.agency/admin.php?dir=CwsysCwfsCwcgroupCwmemory" "Mozilla/5.0 AppleWebKit/537.36 (KHTML, like Gecko; compatible; GPTBot/1.4; +https://openai.com/gptbot)"
74.7.243.234 - - [28/Jul/2026:19:57:21 +0000] "GET /admin.php?dir=CwsysCwmoduleCwxt_natCwsections&edit=.gnu.linkonce.this_module HTTP/1.1" 200 2490 "https://honda.core3.agency/admin.php?dir=CwsysCwmoduleCwxt_natCwsections" "Mozilla/5.0 AppleWebKit/537.36 (KHTML, like Gecko; compatible; GPTBot/1.4; +https://openai.com/gptbot)"
74.7.243.234 - - [28/Jul/2026:19:57:42 +0000] "GET /admin.php?dir=CwprocCw41CwtaskCw41Cwnet&view=rt6_stats HTTP/1.1" 200 73 "https://honda.core3.agency/admin.php?dir=CwprocCw41CwtaskCw41Cwnet" "Mozilla/5.0 AppleWebKit/537.36 (KHTML, like Gecko; compatible; GPTBot/1.4; +https://openai.com/gptbot)"
74.7.243.234 - - [28/Jul/2026:19:58:03 +0000] "GET /admin.php?dir=CwhomeCwbalubaidCwworkforceFwcore3FwagencyCwwp-includes&view=embed.php HTTP/1.1" 200 10193 "https://honda.core3.agency/admin.php?dir=CwhomeCwbalubaidCwworkforceFwcore3FwagencyCwwp-includes" "Mozilla/5.0 AppleWebKit/537.36 (KHTML, like Gecko; compatible; GPTBot/1.4; +https://openai.com/gptbot)"
44.214.195.75 - - [28/Jul/2026:19:58:08 +0000] "POST /service_request/lead_gen_forms/autozone/ HTTP/1.1" 200 211 "-" "Zapier"
74.7.243.234 - - [28/Jul/2026:19:58:25 +0000] "GET /admin.php?dir=CwusrCwlib64Cwpython3Fw6Cwencodings&view=iso8859_10.py HTTP/1.1" 200 3045 "https://honda.core3.agency/admin.php?dir=CwusrCwlib64Cwpython3Fw6Cwencodings" "Mozilla/5.0 AppleWebKit/537.36 (KHTML, like Gecko; compatible; GPTBot/1.4; +https://openai.com/gptbot)"
74.7.243.234 - - [28/Jul/2026:19:58:47 +0000] "GET /admin.php?dir=CwusrCwlib64Cwpython2Fw7Cwencodings&view=iso8859_14.py HTTP/1.1" 200 3032 "https://honda.core3.agency/admin.php?dir=CwusrCwlib64Cwpython2Fw7Cwencodings" "Mozilla/5.0 AppleWebKit/537.36 (KHTML, like Gecko; compatible; GPTBot/1.4; +https://openai.com/gptbot)"
74.7.243.234 - - [28/Jul/2026:19:59:08 +0000] "GET /admin.php?dir=CwusrCwlib64Cwpython2Fw7Cwencodings&view=iso8859_15.py HTTP/1.1" 200 3100 "https://honda.core3.agency/admin.php?dir=CwusrCwlib64Cwpython2Fw7Cwencodings" "Mozilla/5.0 AppleWebKit/537.36 (KHTML, like Gecko; compatible; GPTBot/1.4; +https://openai.com/gptbot)"
74.7.243.234 - - [28/Jul/2026:19:59:28 +0000] "GET /admin.php?dir=CwusrCwlib64Cwpython2Fw7Cwencodings&view=iso8859_16.py HTTP/1.1" 200 3091 "https://honda.core3.agency/admin.php?dir=CwusrCwlib64Cwpython2Fw7Cwencodings" "Mozilla/5.0 AppleWebKit/537.36 (KHTML, like Gecko; compatible; GPTBot/1.4; +https://openai.com/gptbot)"
74.7.243.234 - - [28/Jul/2026:19:59:49 +0000] "GET /admin.php?dir=CwusrCwlib64Cwpython2Fw7Cwencodings&view=iso8859_11.py HTTP/1.1" 200 3075 "https://honda.core3.agency/admin.php?dir=CwusrCwlib64Cwpython2Fw7Cwencodings" "Mozilla/5.0 AppleWebKit/537.36 (KHTML, like Gecko; compatible; GPTBot/1.4; +https://openai.com/gptbot)"
44.214.195.64 - - [28/Jul/2026:19:59:32 +0000] "POST /service_request/lead_gen_forms/deepal/v2.php HTTP/1.1" 200 608 "-" "Zapier"
74.7.243.234 - - [28/Jul/2026:20:00:10 +0000] "GET /admin.php?dir=CwoptCwcpanelCwea-openssl11CwshareCwmanCwman3&edit=X509_LOOKUP_by_subject.3 HTTP/1.1" 200 6523 "https://honda.core3.agency/admin.php?dir=CwoptCwcpanelCwea-openssl11CwshareCwmanCwman3" "Mozilla/5.0 AppleWebKit/537.36 (KHTML, like Gecko; compatible; GPTBot/1.4; +https://openai.com/gptbot)"
74.7.243.234 - - [28/Jul/2026:20:00:31 +0000] "GET /admin.php?dir=CwoptCwcpanelCwea-openssl11CwshareCwmanCwman3&edit=X509_LOOKUP_TYPE.3 HTTP/1.1" 200 6520 "https://honda.core3.agency/admin.php?dir=CwoptCwcpanelCwea-openssl11CwshareCwmanCwman3" "Mozilla/5.0 AppleWebKit/537.36 (KHTML, like Gecko; compatible; GPTBot/1.4; +https://openai.com/gptbot)"
74.7.243.234 - - [28/Jul/2026:20:00:52 +0000] "GET /admin.php?dir=CwusrCwshareCwkcareCwsecure_boot&view=shim_certificate.efi HTTP/1.1" 200 55 "https://honda.core3.agency/admin.php?dir=CwusrCwshareCwkcareCwsecure_boot" "Mozilla/5.0 AppleWebKit/537.36 (KHTML, like Gecko; compatible; GPTBot/1.4; +https://openai.com/gptbot)"
74.7.243.234 - - [28/Jul/2026:20:01:14 +0000] "GET /admin.php?dir=CwusrCwshareCwdocCwnodejsCwhtmlCwapi&edit=n-api.html HTTP/1.1" 200 59524 "https://honda.core3.agency/admin.php?dir=CwusrCwshareCwdocCwnodejsCwhtmlCwapi" "Mozilla/5.0 AppleWebKit/537.36 (KHTML, like Gecko; compatible; GPTBot/1.4; +https://openai.com/gptbot)"
74.7.243.234 - - [28/Jul/2026:20:01:36 +0000] "GET /admin.php?dir=CwusrCwincludeCwbind9Cwdns&edit=events.h HTTP/1.1" 200 3508 "https://honda.core3.agency/admin.php?dir=CwusrCwincludeCwbind9Cwdns" "Mozilla/5.0 AppleWebKit/537.36 (KHTML, like Gecko; compatible; GPTBot/1.4; +https://openai.com/gptbot)"
74.7.243.234 - - [28/Jul/2026:20:01:57 +0000] "GET /admin.php?dir=CwusrCwincludeCwbind9Cwdns&edit=dbtable.h HTTP/1.1" 200 3717 "https://honda.core3.agency/admin.php?dir=CwusrCwincludeCwbind9Cwdns" "Mozilla/5.0 AppleWebKit/537.36 (KHTML, like Gecko; compatible; GPTBot/1.4; +https://openai.com/gptbot)"
74.7.243.234 - - [28/Jul/2026:20:02:18 +0000] "GET /admin.php?dir=CwusrCwincludeCwbind9Cwdst&edit=result.h HTTP/1.1" 200 3344 "https://honda.core3.agency/admin.php?dir=CwusrCwincludeCwbind9Cwdst" "Mozilla/5.0 AppleWebKit/537.36 (KHTML, like Gecko; compatible; GPTBot/1.4; +https://openai.com/gptbot)"
74.7.243.234 - - [28/Jul/2026:20:02:38 +0000] "GET /admin.php?dir=CwusrCwincludeCwbind9Cwdns&edit=result.h HTTP/1.1" 200 4748 "https://honda.core3.agency/admin.php?dir=CwusrCwincludeCwbind9Cwdns" "Mozilla/5.0 AppleWebKit/537.36 (KHTML, like Gecko; compatible; GPTBot/1.4; +https://openai.com/gptbot)"
74.7.243.234 - - [28/Jul/2026:20:03:00 +0000] "GET /admin.php?dir=CwusrCwincludeCwbind9Cwdns&edit=rootns.h HTTP/1.1" 200 3011 "https://honda.core3.agency/admin.php?dir=CwusrCwincludeCwbind9Cwdns" "Mozilla/5.0 AppleWebKit/537.36 (KHTML, like Gecko; compatible; GPTBot/1.4; +https://openai.com/gptbot)"
44.214.195.73 - - [28/Jul/2026:20:03:18 +0000] "POST /service_request/lead_gen_forms/mitsubishi/v2.php HTTP/1.1" 200 226 "-" "Zapier"
74.7.243.234 - - [28/Jul/2026:20:03:21 +0000] "GET /admin.php?dir=CwusrCwincludeCwbind9Cwdns&edit=version.h HTTP/1.1" 200 2900 "https://honda.core3.agency/admin.php?dir=CwusrCwincludeCwbind9Cwdns" "Mozilla/5.0 AppleWebKit/537.36 (KHTML, like Gecko; compatible; GPTBot/1.4; +https://openai.com/gptbot)"
74.7.243.234 - - [28/Jul/2026:20:03:42 +0000] "GET /admin.php?dir=CwusrCwincludeCwbind9Cwdns&edit=opcode.h HTTP/1.1" 200 3055 "https://honda.core3.agency/admin.php?dir=CwusrCwincludeCwbind9Cwdns" "Mozilla/5.0 AppleWebKit/537.36 (KHTML, like Gecko; compatible; GPTBot/1.4; +https://openai.com/gptbot)"
74.7.243.234 - - [28/Jul/2026:20:04:03 +0000] "GET /admin.php?dir=CwusrCwincludeCwbind9Cwdns&edit=message.h HTTP/1.1" 200 12323 "https://honda.core3.agency/admin.php?dir=CwusrCwincludeCwbind9Cwdns" "Mozilla/5.0 AppleWebKit/537.36 (KHTML, like Gecko; compatible; GPTBot/1.4; +https://openai.com/gptbot)"
74.7.243.234 - - [28/Jul/2026:20:04:25 +0000] "GET /admin.php?dir=CwusrCwincludeCwbind9Cwdns&edit=master.h HTTP/1.1" 200 5459 "https://honda.core3.agency/admin.php?dir=CwusrCwincludeCwbind9Cwdns" "Mozilla/5.0 AppleWebKit/537.36 (KHTML, like Gecko; compatible; GPTBot/1.4; +https://openai.com/gptbot)"
74.7.243.234 - - [28/Jul/2026:20:04:45 +0000] "GET /admin.php?dir=CwprocCwsysCwnetCwipv6&edit=idgen_retries HTTP/1.1" 200 2475 "https://honda.core3.agency/admin.php?dir=CwprocCwsysCwnetCwipv6" "Mozilla/5.0 AppleWebKit/537.36 (KHTML, like Gecko; compatible; GPTBot/1.4; +https://openai.com/gptbot)"
74.7.243.234 - - [28/Jul/2026:20:05:06 +0000] "GET /admin.php?dir=CwusrCwincludeCwbind9Cwdns&edit=iptable.h HTTP/1.1" 200 3217 "https://honda.core3.agency/admin.php?dir=CwusrCwincludeCwbind9Cwdns" "Mozilla/5.0 AppleWebKit/537.36 (KHTML, like Gecko; compatible; GPTBot/1.4; +https://openai.com/gptbot)"
74.7.243.234 - - [28/Jul/2026:20:05:27 +0000] "GET /admin.php?dir=CwusrCwincludeCwbind9Cwdns&edit=acache.h HTTP/1.1" 200 7087 "https://honda.core3.agency/admin.php?dir=CwusrCwincludeCwbind9Cwdns" "Mozilla/5.0 AppleWebKit/537.36 (KHTML, like Gecko; compatible; GPTBot/1.4; +https://openai.com/gptbot)"
74.7.243.234 - - [28/Jul/2026:20:05:48 +0000] "GET /admin.php?dir=CwusrCwincludeCwbind9Cwdns&edit=request.h HTTP/1.1" 200 4964 "https://honda.core3.agency/admin.php?dir=CwusrCwincludeCwbind9Cwdns" "Mozilla/5.0 AppleWebKit/537.36 (KHTML, like Gecko; compatible; GPTBot/1.4; +https://openai.com/gptbot)"
74.7.243.234 - - [28/Jul/2026:20:06:09 +0000] "GET /admin.php?dir=CwusrCwincludeCwbind9Cwdst&edit=gssapi.h HTTP/1.1" 200 4434 "https://honda.core3.agency/admin.php?dir=CwusrCwincludeCwbind9Cwdst" "Mozilla/5.0 AppleWebKit/537.36 (KHTML, like Gecko; compatible; GPTBot/1.4; +https://openai.com/gptbot)"
74.7.243.234 - - [28/Jul/2026:20:06:31 +0000] "GET /admin.php?dir=CwhomeCwbalubaidCwtmpCwanalogCwhondasaudiFwcomFwbalubaidgroupFwcom&view=browrep.png HTTP/1.1" 200 5545 "https://honda.core3.agency/admin.php?dir=CwhomeCwbalubaidCwtmpCwanalogCwhondasaudiFwcomFwbalubaidgroupFwcom" "Mozilla/5.0 AppleWebKit/537.36 (KHTML, like Gecko; compatible; GPTBot/1.4; +https://openai.com/gptbot)"
74.7.243.234 - - [28/Jul/2026:20:06:51 +0000] "GET /admin.php?dir=CwsysCwfsCwcgroupCwmemoryCwsystemFwsliceCwsystemd-fsck-rootFwservice&edit=memory.max_usage_in_bytes HTTP/1.1" 200 2532 "https://honda.core3.agency/admin.php?dir=CwsysCwfsCwcgroupCwmemoryCwsystemFwsliceCwsystemd-fsck-rootFwservice" "Mozilla/5.0 AppleWebKit/537.36 (KHTML, like Gecko; compatible; GPTBot/1.4; +https://openai.com/gptbot)"
74.7.243.234 - - [28/Jul/2026:20:07:13 +0000] "GET /admin.php?dir=CwsysCwfsCwcgroupCwblkioCwsystemFwsliceCwsystemd-fsck-rootFwservice&edit=blkio.bfq.io_service_bytes HTTP/1.1" 200 2534 "https://honda.core3.agency/admin.php?dir=CwsysCwfsCwcgroupCwblkioCwsystemFwsliceCwsystemd-fsck-rootFwservice" "Mozilla/5.0 AppleWebKit/537.36 (KHTML, like Gecko; compatible; GPTBot/1.4; +https://openai.com/gptbot)"
74.7.243.234 - - [28/Jul/2026:20:07:33 +0000] "GET /admin.php?dir=CwsysCwfsCwcgroupCwblkioCwsystemFwsliceCwkmod-static-nodesFwservice&edit=blkio.bfq.io_service_bytes HTTP/1.1" 200 2537 "https://honda.core3.agency/admin.php?dir=CwsysCwfsCwcgroupCwblkioCwsystemFwsliceCwkmod-static-nodesFwservice" "Mozilla/5.0 AppleWebKit/537.36 (KHTML, like Gecko; compatible; GPTBot/1.4; +https://openai.com/gptbot)"
74.7.243.234 - - [28/Jul/2026:20:07:55 +0000] "GET /admin.php?dir=CwusrCwlibCwfirmwareCwintelCwiceCwddp HTTP/1.1" 200 3276 "https://honda.core3.agency/admin.php?dir=CwusrCwlibCwfirmwareCwintelCwice" "Mozilla/5.0 AppleWebKit/537.36 (KHTML, like Gecko; compatible; GPTBot/1.4; +https://openai.com/gptbot)"
44.214.195.64 - - [28/Jul/2026:20:07:37 +0000] "POST /service_request/lead_gen_forms/deepal/v2.php HTTP/1.1" 200 608 "-" "Zapier"
74.7.243.234 - - [28/Jul/2026:20:08:16 +0000] "GET /admin.php?dir=CwusrCwshareCwlicensesCwimunify360-php-i360-8Fw5Fw5CwgithubFwcomCwsonyCwgobreaker&edit=LICENSE HTTP/1.1" 200 2487 "https://honda.core3.agency/admin.php?dir=CwusrCwshareCwlicensesCwimunify360-php-i360-8Fw5Fw5CwgithubFwcomCwsonyCwgobreaker" "Mozilla/5.0 AppleWebKit/537.36 (KHTML, like Gecko; compatible; GPTBot/1.4; +https://openai.com/gptbot)"
74.7.243.234 - - [28/Jul/2026:20:08:38 +0000] "GET /admin.php?dir=CwusrCwshareCwlicensesCwimunify360-php-i360-8Fw5Fw5CwgithubFwcomCwtklauserCwnumcpus&edit=LICENSE HTTP/1.1" 200 2487 "https://honda.core3.agency/admin.php?dir=CwusrCwshareCwlicensesCwimunify360-php-i360-8Fw5Fw5CwgithubFwcomCwtklauserCwnumcpus" "Mozilla/5.0 AppleWebKit/537.36 (KHTML, like Gecko; compatible; GPTBot/1.4; +https://openai.com/gptbot)"
74.7.243.234 - - [28/Jul/2026:20:08:58 +0000] "GET /admin.php?dir=CwusrCwshareCwlicensesCwimunify360-php-i360-8Fw5Fw5CwgithubFwcomCwtecbotCwgorocksdb&edit=LICENSE HTTP/1.1" 200 2487 "https://honda.core3.agency/admin.php?dir=CwusrCwshareCwlicensesCwimunify360-php-i360-8Fw5Fw5CwgithubFwcomCwtecbotCwgorocksdb" "Mozilla/5.0 AppleWebKit/537.36 (KHTML, like Gecko; compatible; GPTBot/1.4; +https://openai.com/gptbot)"
74.7.243.234 - - [28/Jul/2026:20:09:19 +0000] "GET /admin.php?dir=CwusrCwshareCwlicensesCwimunify360-php-i360-8Fw5Fw5CwgoogleFwgolangFworgCwprotobuf&edit=LICENSE HTTP/1.1" 200 2487 "https://honda.core3.agency/admin.php?dir=CwusrCwshareCwlicensesCwimunify360-php-i360-8Fw5Fw5CwgoogleFwgolangFworgCwprotobuf" "Mozilla/5.0 AppleWebKit/537.36 (KHTML, like Gecko; compatible; GPTBot/1.4; +https://openai.com/gptbot)"
74.7.243.234 - - [28/Jul/2026:20:09:40 +0000] "GET /admin.php?dir=CwusrCwshareCwlicensesCwimunify360-php-i360-8Fw5Fw5CwgithubFwcomCwknadhCwkoanfCwmaps&edit=LICENSE HTTP/1.1" 200 2487 "https://honda.core3.agency/admin.php?dir=CwusrCwshareCwlicensesCwimunify360-php-i360-8Fw5Fw5CwgithubFwcomCwknadhCwkoanfCwmaps" "Mozilla/5.0 AppleWebKit/537.36 (KHTML, like Gecko; compatible; GPTBot/1.4; +https://openai.com/gptbot)"
44.214.195.66 - - [28/Jul/2026:20:09:40 +0000] "POST /service_request/lead_gen_forms/mitsubishi/v2.php HTTP/1.1" 200 466 "-" "Zapier"
74.7.243.234 - - [28/Jul/2026:20:10:00 +0000] "GET /sasl/faqs/upgrade-saslv2.html HTTP/1.1" 404 12377 "https://honda.core3.agency/admin.php?dir=CwusrCwshareCwdocCwcyrus-sasl-lib&view=packager.html" "Mozilla/5.0 AppleWebKit/537.36 (KHTML, like Gecko; compatible; GPTBot/1.4; +https://openai.com/gptbot)"
74.7.243.234 - - [28/Jul/2026:20:10:21 +0000] "GET /wp-admin/images/chosen.php HTTP/1.1" 403 5168 "http://honda.core3.agency" "Mozilla/5.0 AppleWebKit/537.36 (KHTML, like Gecko; compatible; GPTBot/1.4; +https://openai.com/gptbot)"
74.7.243.234 - - [28/Jul/2026:20:10:42 +0000] "GET /wp-admin/images/config.php HTTP/1.1" 404 12371 "http://honda.core3.agency" "Mozilla/5.0 AppleWebKit/537.36 (KHTML, like Gecko; compatible; GPTBot/1.4; +https://openai.com/gptbot)"
74.7.243.234 - - [28/Jul/2026:20:11:02 +0000] "GET /admin.php?dir=CwusrCwshareCwdocCwbash-completion&view=bash_completion.txt HTTP/1.1" 200 1280 "https://honda.core3.agency/admin.php?dir=CwusrCwshareCwdocCwbash-completion" "Mozilla/5.0 AppleWebKit/537.36 (KHTML, like Gecko; compatible; GPTBot/1.4; +https://openai.com/gptbot)"
74.7.243.234 - - [28/Jul/2026:20:11:22 +0000] "GET /admin.php?dir=CwusrCwlocalCwcpanelCwscripts&edit=maintenance HTTP/1.1" 200 17159 "https://honda.core3.agency/admin.php?dir=CwusrCwlocalCwcpanelCwscripts&view=rebuild_available_addons_packages_cache" "Mozilla/5.0 AppleWebKit/537.36 (KHTML, like Gecko; compatible; GPTBot/1.4; +https://openai.com/gptbot)"
74.7.243.234 - - [28/Jul/2026:20:11:43 +0000] "GET /admin.php?dir=CwsysCwfsCwcgroupCwmemoryCwsystemFwsliceCwdev-disk-byvwx2did-scsivwx2d0QEMU_QEMU_HARDDISK_drivevwx2dscsivwx2ddiskvwx2d1Fwswap&view=tasks HTTP/1.1" 200 55 "https://honda.core3.agency/admin.php?dir=CwsysCwfsCwcgroupCwmemoryCwsystemFwsliceCwdev-disk-byvwx2did-scsivwx2d0QEMU_QEMU_HARDDISK_drivevwx2dscsivwx2ddiskvwx2d1Fwswap" "Mozilla/5.0 AppleWebKit/537.36 (KHTML, like Gecko; compatible; GPTBot/1.4; +https://openai.com/gptbot)"
74.7.243.234 - - [28/Jul/2026:20:12:03 +0000] "GET /admin.php?dir=CwusrCwlibCwnode_modulesCwnpmCwnode_modulesCwlibnpmconfigCwnode_modulesCwlocate-path&edit=index.js HTTP/1.1" 200 2730 "https://honda.core3.agency/admin.php?dir=CwusrCwlibCwnode_modulesCwnpmCwnode_modulesCwlibnpmconfigCwnode_modulesCwlocate-path" "Mozilla/5.0 AppleWebKit/537.36 (KHTML, like Gecko; compatible; GPTBot/1.4; +https://openai.com/gptbot)"
74.7.243.234 - - [28/Jul/2026:20:12:25 +0000] "GET /%3C?php%20echo%20esc_url(%20get_admin_url(%20$id%20)%20);%20?%3E HTTP/1.1" 404 12339 "https://honda.core3.agency/admin.php?dir=CwhomeCwbalubaidCwchanganFwautozoneFwcomFwsaCwwp-adminCwnetwork&view=site-info.php" "Mozilla/5.0 AppleWebKit/537.36 (KHTML, like Gecko; compatible; GPTBot/1.4; +https://openai.com/gptbot)"
74.7.243.234 - - [28/Jul/2026:20:12:46 +0000] "GET /admin.php?dir=CwetcCwsystemdCwsystemCwalloyFwserviceFwd HTTP/1.1" 200 3200 "https://honda.core3.agency/admin.php?dir=CwetcCwsystemdCwsystem" "Mozilla/5.0 AppleWebKit/537.36 (KHTML, like Gecko; compatible; GPTBot/1.4; +https://openai.com/gptbot)"
172.105.42.26 - - [28/Jul/2026:20:13:05 +0000] "POST /service_request/get_if_dupl_mobile.php HTTP/2.0" 200 23 "-" "-"
172.105.42.26 - - [28/Jul/2026:20:13:05 +0000] "POST /service_request/get_service.php?confirm=@CRM1 HTTP/2.0" 200 843 "-" "-"
74.7.243.234 - - [28/Jul/2026:20:13:07 +0000] "GET /admin.php?dir=CwoptCwaltCwpython311Cwlib64Cwpython3Fw11Cwdistutils&view=cmd.py HTTP/2.0" 200 5577 "https://honda.core3.agency/admin.php?dir=CwoptCwaltCwpython311Cwlib64Cwpython3Fw11Cwdistutils" "Mozilla/5.0 AppleWebKit/537.36 (KHTML, like Gecko; compatible; GPTBot/1.4; +https://openai.com/gptbot)"
74.7.243.234 - - [28/Jul/2026:20:13:28 +0000] "GET /admin.php?dir=CwsysCwfsCwcgroupCwblkioCwImunifyFwsliceCwImunify-notifierFwslice HTTP/1.1" 200 4035 "https://honda.core3.agency/admin.php?dir=CwsysCwfsCwcgroupCwblkioCwImunifyFwslice" "Mozilla/5.0 AppleWebKit/537.36 (KHTML, like Gecko; compatible; GPTBot/1.4; +https://openai.com/gptbot)"
44.214.195.72 - - [28/Jul/2026:20:13:20 +0000] "POST /service_request/lead_gen_forms/autozone/ HTTP/1.1" 200 1005 "-" "Zapier"
74.7.243.234 - - [28/Jul/2026:20:13:48 +0000] "GET /admin.php?dir=CwsysCwfsCwcgroupCwblkioCwImunifyFwsliceCwImunify-realtimeFwslice HTTP/1.1" 200 4099 "https://honda.core3.agency/admin.php?dir=CwsysCwfsCwcgroupCwblkioCwImunifyFwslice" "Mozilla/5.0 AppleWebKit/537.36 (KHTML, like Gecko; compatible; GPTBot/1.4; +https://openai.com/gptbot)"
74.7.243.234 - - [28/Jul/2026:20:14:10 +0000] "GET /admin.php?dir=CwsysCwfsCwcgroupCwsystemdCwImunifyFwsliceCwImunify-php_loggerFwslice HTTP/1.1" 200 3466 "https://honda.core3.agency/admin.php?dir=CwsysCwfsCwcgroupCwsystemdCwImunifyFwslice" "Mozilla/5.0 AppleWebKit/537.36 (KHTML, like Gecko; compatible; GPTBot/1.4; +https://openai.com/gptbot)"
74.7.243.234 - - [28/Jul/2026:20:14:31 +0000] "GET /admin.php?dir=CwvarCwcacheCwdnfCwwp-toolkit-cpanel-279ec2bb7e716180Cwrepodata HTTP/1.1" 200 2983 "https://honda.core3.agency/admin.php?dir=CwvarCwcacheCwdnfCwwp-toolkit-cpanel-279ec2bb7e716180" "Mozilla/5.0 AppleWebKit/537.36 (KHTML, like Gecko; compatible; GPTBot/1.4; +https://openai.com/gptbot)"
44.214.195.72 - - [28/Jul/2026:20:14:19 +0000] "POST /service_request/lead_gen_forms/autozone/ HTTP/1.1" 200 375 "-" "Zapier"
74.7.243.234 - - [28/Jul/2026:20:14:52 +0000] "GET /admin.php?dir=CwvarCwcacheCwdnfCwwp-toolkit-cpanel-932bb8f6617925dcCwrepodata HTTP/1.1" 200 2984 "https://honda.core3.agency/admin.php?dir=CwvarCwcacheCwdnfCwwp-toolkit-cpanel-932bb8f6617925dc" "Mozilla/5.0 AppleWebKit/537.36 (KHTML, like Gecko; compatible; GPTBot/1.4; +https://openai.com/gptbot)"
74.7.243.234 - - [28/Jul/2026:20:15:13 +0000] "GET /admin.php?dir=CwvarCwcacheCwdnfCwwp-toolkit-cpanel-932bb8f6617925dcCwpackages HTTP/1.1" 200 2985 "https://honda.core3.agency/admin.php?dir=CwvarCwcacheCwdnfCwwp-toolkit-cpanel-932bb8f6617925dc" "Mozilla/5.0 AppleWebKit/537.36 (KHTML, like Gecko; compatible; GPTBot/1.4; +https://openai.com/gptbot)"
74.7.243.234 - - [28/Jul/2026:20:15:33 +0000] "GET /admin.php?dir=CwvarCwcacheCwdnfCwwp-toolkit-cpanel-279ec2bb7e716180Cwpackages HTTP/1.1" 200 2984 "https://honda.core3.agency/admin.php?dir=CwvarCwcacheCwdnfCwwp-toolkit-cpanel-279ec2bb7e716180" "Mozilla/5.0 AppleWebKit/537.36 (KHTML, like Gecko; compatible; GPTBot/1.4; +https://openai.com/gptbot)"
74.7.243.234 - - [28/Jul/2026:20:15:55 +0000] "GET /wp-content/plugins/seedprod-pro/public/lite/vue-backend/css/chunk-vendors.css HTTP/1.1" 404 12402 "https://honda.core3.agency/admin.php?dir=CwhomeCwbalubaidCwhondaFwcore3FwagencyCwwp-contentCwpluginsCwcoming-soonCwpublicCwliteCwvue-backend&view=admin.html" "Mozilla/5.0 AppleWebKit/537.36 (KHTML, like Gecko; compatible; GPTBot/1.4; +https://openai.com/gptbot)"
74.7.243.234 - - [28/Jul/2026:20:16:16 +0000] "GET /admin.php?dir=CwusrCwshareCwdocCwlibtiff-develCwhtmlCwman&edit=TIFFWriteEncodedStrip.3tiff.html HTTP/1.1" 200 4150 "https://honda.core3.agency/admin.php?dir=CwusrCwshareCwdocCwlibtiff-develCwhtmlCwman" "Mozilla/5.0 AppleWebKit/537.36 (KHTML, like Gecko; compatible; GPTBot/1.4; +https://openai.com/gptbot)"
74.7.243.234 - - [28/Jul/2026:20:16:38 +0000] "GET /admin.php?dir=CwhomeCwbalubaidCwfurFwcore3FwagencyCwwp-includesCwjsCwdist&edit=html-entities.js HTTP/1.1" 200 3201 "https://honda.core3.agency/admin.php?dir=CwhomeCwbalubaidCwfurFwcore3FwagencyCwwp-includesCwjsCwdist" "Mozilla/5.0 AppleWebKit/537.36 (KHTML, like Gecko; compatible; GPTBot/1.4; +https://openai.com/gptbot)"
44.214.195.69 - - [28/Jul/2026:20:16:41 +0000] "POST /service_request/lead_gen_forms/autozone/ HTTP/1.1" 200 208 "-" "Zapier"
74.7.243.234 - - [28/Jul/2026:20:16:58 +0000] "GET /admin.php?dir=CwhomeCwbalubaidCwhondaFwcore3FwagencyCwwp-includesCwjsCwdist&edit=escape-html.js HTTP/1.1" 200 3352 "https://honda.core3.agency/admin.php?dir=CwhomeCwbalubaidCwhondaFwcore3FwagencyCwwp-includesCwjsCwdist" "Mozilla/5.0 AppleWebKit/537.36 (KHTML, like Gecko; compatible; GPTBot/1.4; +https://openai.com/gptbot)"
74.7.243.234 - - [28/Jul/2026:20:17:20 +0000] "GET /admin.php?dir=CwhomeCwbalubaidCwhondaFwcore3FwagencyCwwp-contentCwpluginsCwwoocommerceCwi18n HTTP/1.1" 200 3555 "https://honda.core3.agency/admin.php?dir=CwhomeCwbalubaidCwhondaFwcore3FwagencyCwwp-contentCwpluginsCwwoocommerce" "Mozilla/5.0 AppleWebKit/537.36 (KHTML, like Gecko; compatible; GPTBot/1.4; +https://openai.com/gptbot)"
74.7.243.234 - - [28/Jul/2026:20:17:41 +0000] "GET /admin.php?dir=CwhomeCwbalubaidCwhondaFwcore3FwagencyCwwp-contentCwthemesCwtwentytwentyoneCwassetsCwsassCw05-blocksCwpullquote&view=_style.scss HTTP/1.1" 200 720 "https://honda.core3.agency/admin.php?dir=CwhomeCwbalubaidCwhondaFwcore3FwagencyCwwp-contentCwthemesCwtwentytwentyoneCwassetsCwsassCw05-blocksCwpullquote" "Mozilla/5.0 AppleWebKit/537.36 (KHTML, like Gecko; compatible; GPTBot/1.4; +https://openai.com/gptbot)"
74.7.243.234 - - [28/Jul/2026:20:18:03 +0000] "GET /admin.php?dir=CwhomeCwbalubaidCwhondaFwcore3FwagencyCwwp-contentCwthemesCwtwentytwentyoneCwassetsCwsassCw05-blocksCwsocial-icons&view=_editor.scss HTTP/1.1" 200 272 "https://honda.core3.agency/admin.php?dir=CwhomeCwbalubaidCwhondaFwcore3FwagencyCwwp-contentCwthemesCwtwentytwentyoneCwassetsCwsassCw05-blocksCwsocial-icons" "Mozilla/5.0 AppleWebKit/537.36 (KHTML, like Gecko; compatible; GPTBot/1.4; +https://openai.com/gptbot)"
74.7.243.234 - - [28/Jul/2026:20:18:23 +0000] "GET /admin.php?dir=CwhomeCwbalubaidCwhondaFwcore3FwagencyCwwp-contentCwthemesCwtwentytwentyoneCwassetsCwsassCw05-blocksCwpreformatted&view=_editor.scss HTTP/1.1" 200 165 "https://honda.core3.agency/admin.php?dir=CwhomeCwbalubaidCwhondaFwcore3FwagencyCwwp-contentCwthemesCwtwentytwentyoneCwassetsCwsassCw05-blocksCwpreformatted" "Mozilla/5.0 AppleWebKit/537.36 (KHTML, like Gecko; compatible; GPTBot/1.4; +https://openai.com/gptbot)"
74.7.243.234 - - [28/Jul/2026:20:18:43 +0000] "GET /admin.php?dir=CwhomeCwbalubaidCwhondaFwcore3FwagencyCwwp-contentCwthemesCwtwentytwentyoneCwassetsCwsassCw05-blocksCwmedia-text&view=_style.scss HTTP/1.1" 200 437 "https://honda.core3.agency/admin.php?dir=CwhomeCwbalubaidCwhondaFwcore3FwagencyCwwp-contentCwthemesCwtwentytwentyoneCwassetsCwsassCw05-blocksCwmedia-text" "Mozilla/5.0 AppleWebKit/537.36 (KHTML, like Gecko; compatible; GPTBot/1.4; +https://openai.com/gptbot)"
74.7.243.234 - - [28/Jul/2026:20:19:03 +0000] "GET /admin.php?dir=CwhomeCwbalubaidCwhondaFwcore3FwagencyCwwp-contentCwthemesCwtwentytwentyoneCwassetsCwsassCw05-blocksCwnavigation&view=_editor.scss HTTP/1.1" 200 340 "https://honda.core3.agency/admin.php?dir=CwhomeCwbalubaidCwhondaFwcore3FwagencyCwwp-contentCwthemesCwtwentytwentyoneCwassetsCwsassCw05-blocksCwnavigation" "Mozilla/5.0 AppleWebKit/537.36 (KHTML, like Gecko; compatible; GPTBot/1.4; +https://openai.com/gptbot)"
44.214.195.66 - - [28/Jul/2026:20:18:46 +0000] "POST /service_request/lead_gen_forms/hyundai/v3.php HTTP/1.1" 200 59 "-" "Zapier"
74.7.243.234 - - [28/Jul/2026:20:19:25 +0000] "GET /admin.php?dir=CwhomeCwbalubaidCwhondaFwcore3FwagencyCwwp-contentCwthemesCwtwentytwentyoneCwassetsCwsassCw05-blocksCwutilities&view=_editor.scss HTTP/1.1" 200 1090 "https://honda.core3.agency/admin.php?dir=CwhomeCwbalubaidCwhondaFwcore3FwagencyCwwp-contentCwthemesCwtwentytwentyoneCwassetsCwsassCw05-blocksCwutilities" "Mozilla/5.0 AppleWebKit/537.36 (KHTML, like Gecko; compatible; GPTBot/1.4; +https://openai.com/gptbot)"
74.7.243.234 - - [28/Jul/2026:20:19:45 +0000] "GET /admin.php?dir=CwhomeCwbalubaidCwhondaFwcore3FwagencyCwwp-contentCwthemesCwtwentytwentyoneCwassetsCwsassCw05-blocksCwmedia-text&view=_editor.scss HTTP/1.1" 200 296 "https://honda.core3.agency/admin.php?dir=CwhomeCwbalubaidCwhondaFwcore3FwagencyCwwp-contentCwthemesCwtwentytwentyoneCwassetsCwsassCw05-blocksCwmedia-text" "Mozilla/5.0 AppleWebKit/537.36 (KHTML, like Gecko; compatible; GPTBot/1.4; +https://openai.com/gptbot)"
74.7.243.234 - - [28/Jul/2026:20:20:07 +0000] "GET /admin.php?dir=CwhomeCwbalubaidCwhondaFwcore3FwagencyCwwp-contentCwthemesCwtwentytwentyoneCwassetsCwsassCw05-blocksCwutilities&view=_font-sizes.scss HTTP/1.1" 200 366 "https://honda.core3.agency/admin.php?dir=CwhomeCwbalubaidCwhondaFwcore3FwagencyCwwp-contentCwthemesCwtwentytwentyoneCwassetsCwsassCw05-blocksCwutilities" "Mozilla/5.0 AppleWebKit/537.36 (KHTML, like Gecko; compatible; GPTBot/1.4; +https://openai.com/gptbot)"
74.7.243.234 - - [28/Jul/2026:20:20:29 +0000] "GET /admin.php?dir=CwhomeCwbalubaidCwhondaFwcore3FwagencyCwwp-contentCwthemesCwtwentytwentyoneCwassetsCwsassCw05-blocksCwtag-clould&view=_editor.scss HTTP/1.1" 200 114 "https://honda.core3.agency/admin.php?dir=CwhomeCwbalubaidCwhondaFwcore3FwagencyCwwp-contentCwthemesCwtwentytwentyoneCwassetsCwsassCw05-blocksCwtag-clould" "Mozilla/5.0 AppleWebKit/537.36 (KHTML, like Gecko; compatible; GPTBot/1.4; +https://openai.com/gptbot)"
74.7.243.234 - - [28/Jul/2026:20:20:50 +0000] "GET /admin.php?dir=CwhomeCwbalubaidCwhondaFwcore3FwagencyCwwp-contentCwthemesCwtwentytwentyoneCwassetsCwsassCw05-blocksCwnavigation&view=_style.scss HTTP/1.1" 200 729 "https://honda.core3.agency/admin.php?dir=CwhomeCwbalubaidCwhondaFwcore3FwagencyCwwp-contentCwthemesCwtwentytwentyoneCwassetsCwsassCw05-blocksCwnavigation" "Mozilla/5.0 AppleWebKit/537.36 (KHTML, like Gecko; compatible; GPTBot/1.4; +https://openai.com/gptbot)"
74.7.243.234 - - [28/Jul/2026:20:21:10 +0000] "GET /admin.php?dir=CwhomeCwbalubaidCwhondaFwcore3FwagencyCwwp-contentCwthemesCwtwentytwentyoneCwassetsCwsassCw05-blocksCwtag-clould&view=_style.scss HTTP/1.1" 200 146 "https://honda.core3.agency/admin.php?dir=CwhomeCwbalubaidCwhondaFwcore3FwagencyCwwp-contentCwthemesCwtwentytwentyoneCwassetsCwsassCw05-blocksCwtag-clould" "Mozilla/5.0 AppleWebKit/537.36 (KHTML, like Gecko; compatible; GPTBot/1.4; +https://openai.com/gptbot)"
74.7.243.234 - - [28/Jul/2026:20:21:30 +0000] "GET /admin.php?dir=CwhomeCwbalubaidCwhondaFwcore3FwagencyCwwp-contentCwthemesCwtwentytwentyoneCwassetsCwsassCw05-blocksCwparagraph&view=_style.scss HTTP/1.1" 200 271 "https://honda.core3.agency/admin.php?dir=CwhomeCwbalubaidCwhondaFwcore3FwagencyCwwp-contentCwthemesCwtwentytwentyoneCwassetsCwsassCw05-blocksCwparagraph" "Mozilla/5.0 AppleWebKit/537.36 (KHTML, like Gecko; compatible; GPTBot/1.4; +https://openai.com/gptbot)"
74.7.243.234 - - [28/Jul/2026:20:21:52 +0000] "GET /admin.php?dir=CwhomeCwbalubaidCwhondaFwcore3FwagencyCwwp-contentCwthemesCwtwentytwentyoneCwassetsCwsassCw05-blocksCwpreformatted&view=_style.scss HTTP/1.1" 200 121 "https://honda.core3.agency/admin.php?dir=CwhomeCwbalubaidCwhondaFwcore3FwagencyCwwp-contentCwthemesCwtwentytwentyoneCwassetsCwsassCw05-blocksCwpreformatted" "Mozilla/5.0 AppleWebKit/537.36 (KHTML, like Gecko; compatible; GPTBot/1.4; +https://openai.com/gptbot)"
74.7.243.234 - - [28/Jul/2026:20:22:13 +0000] "GET /admin.php?dir=CwhomeCwbalubaidCwhondaFwcore3FwagencyCwwp-contentCwthemesCwtwentytwentyoneCwassetsCwsassCw05-blocksCwparagraph&view=_editor.scss HTTP/1.1" 200 167 "https://honda.core3.agency/admin.php?dir=CwhomeCwbalubaidCwhondaFwcore3FwagencyCwwp-contentCwthemesCwtwentytwentyoneCwassetsCwsassCw05-blocksCwparagraph" "Mozilla/5.0 AppleWebKit/537.36 (KHTML, like Gecko; compatible; GPTBot/1.4; +https://openai.com/gptbot)"
74.7.243.234 - - [28/Jul/2026:20:22:34 +0000] "GET /admin.php?dir=CwhomeCwbalubaidCwfurFwcore3FwagencyCwwp-includesCwbuildCwroutesCwfont-list&view=content.js HTTP/1.1" 200 144431 "https://honda.core3.agency/admin.php?dir=CwhomeCwbalubaidCwfurFwcore3FwagencyCwwp-includesCwbuildCwroutesCwfont-list" "Mozilla/5.0 AppleWebKit/537.36 (KHTML, like Gecko; compatible; GPTBot/1.4; +https://openai.com/gptbot)"
74.7.243.234 - - [28/Jul/2026:20:22:56 +0000] "GET /phpinfo.php HTTP/1.1" 404 12305 "http://honda.core3.agency" "Mozilla/5.0 AppleWebKit/537.36 (KHTML, like Gecko; compatible; GPTBot/1.4; +https://openai.com/gptbot)"
74.7.243.234 - - [28/Jul/2026:20:23:16 +0000] "GET /admin.php?dir=CwhomeCwbalubaidCwfurFwcore3FwagencyCwwp-contentCwpluginsCwupdraftplusCwvendorCwkriswallsmithCwasseticCwsrc&edit=functions.php HTTP/1.1" 200 3396 "https://honda.core3.agency/admin.php?dir=CwhomeCwbalubaidCwfurFwcore3FwagencyCwwp-contentCwpluginsCwupdraftplusCwvendorCwkriswallsmithCwasseticCwsrc" "Mozilla/5.0 AppleWebKit/537.36 (KHTML, like Gecko; compatible; GPTBot/1.4; +https://openai.com/gptbot)"
74.7.243.234 - - [28/Jul/2026:20:23:37 +0000] "GET /admin.php?dir=CwusrCwlibCwmodulesCw4Fw18Fw0-553Fw8Fw1Fwel8_10Fwx86_64CwkernelCwdriversCwscsi&edit=hv_storvsc.ko.xz HTTP/1.1" 200 2564 "https://honda.core3.agency/admin.php?dir=CwusrCwlibCwmodulesCw4Fw18Fw0-553Fw8Fw1Fwel8_10Fwx86_64CwkernelCwdriversCwscsi" "Mozilla/5.0 AppleWebKit/537.36 (KHTML, like Gecko; compatible; GPTBot/1.4; +https://openai.com/gptbot)"
44.214.195.66 - - [28/Jul/2026:20:23:21 +0000] "POST /service_request/lead_gen_forms/deepal/v2.php HTTP/1.1" 200 607 "-" "Zapier"
74.7.243.234 - - [28/Jul/2026:20:23:57 +0000] "GET /admin.php?dir=CwusrCwlibCwmodulesCw4Fw18Fw0-553Fw8Fw1Fwel8_10Fwx86_64CwkernelCwdriversCwhid&edit=hid-chicony.ko.xz HTTP/1.1" 200 2562 "https://honda.core3.agency/admin.php?dir=CwusrCwlibCwmodulesCw4Fw18Fw0-553Fw8Fw1Fwel8_10Fwx86_64CwkernelCwdriversCwhid" "Mozilla/5.0 AppleWebKit/537.36 (KHTML, like Gecko; compatible; GPTBot/1.4; +https://openai.com/gptbot)"
44.214.195.75 - - [28/Jul/2026:20:23:59 +0000] "POST /service_request/lead_gen_forms/deepal/v3.php HTTP/1.1" 200 86 "-" "Zapier"
74.7.243.234 - - [28/Jul/2026:20:24:17 +0000] "GET /admin.php?dir=CwusrCwlibCwmodulesCw4Fw18Fw0-553Fw8Fw1Fwel8_10Fwx86_64CwkernelCwdriversCwchar&edit=uv_mmtimer.ko.xz HTTP/1.1" 200 2563 "https://honda.core3.agency/admin.php?dir=CwusrCwlibCwmodulesCw4Fw18Fw0-553Fw8Fw1Fwel8_10Fwx86_64CwkernelCwdriversCwchar" "Mozilla/5.0 AppleWebKit/537.36 (KHTML, like Gecko; compatible; GPTBot/1.4; +https://openai.com/gptbot)"
74.7.243.234 - - [28/Jul/2026:20:24:38 +0000] "GET /admin.php?dir=CwusrCwlibCwmodulesCw4Fw18Fw0-477Fw10Fw1Fwel8_8Fwx86_64CwkernelCwdriversCwtty&edit=synclink_gt.ko.xz HTTP/1.1" 200 2563 "https://honda.core3.agency/admin.php?dir=CwusrCwlibCwmodulesCw4Fw18Fw0-477Fw10Fw1Fwel8_8Fwx86_64CwkernelCwdriversCwtty" "Mozilla/5.0 AppleWebKit/537.36 (KHTML, like Gecko; compatible; GPTBot/1.4; +https://openai.com/gptbot)"
74.7.243.234 - - [28/Jul/2026:20:24:59 +0000] "GET /admin.php?dir=CwhomeCwbalubaidCwmarineFwhondasaudiFwcom&view=wp-signup.php HTTP/1.1" 200 8088 "https://honda.core3.agency/admin.php?dir=CwhomeCwbalubaidCwmarineFwhondasaudiFwcom" "Mozilla/5.0 AppleWebKit/537.36 (KHTML, like Gecko; compatible; GPTBot/1.4; +https://openai.com/gptbot)"
74.7.243.234 - - [28/Jul/2026:20:25:20 +0000] "GET /admin.php?dir=CwoptCwimunify360CwvenvCwlibCwpython3Fw11Cwsite-packagesCwdefence360agentCwutilsCw__pycache__&edit=ipecho.cpython-311.pyc HTTP/1.1" 200 2576 "https://honda.core3.agency/admin.php?dir=CwoptCwimunify360CwvenvCwlibCwpython3Fw11Cwsite-packagesCwdefence360agentCwutilsCw__pycache__" "Mozilla/5.0 AppleWebKit/537.36 (KHTML, like Gecko; compatible; GPTBot/1.4; +https://openai.com/gptbot)"
74.7.243.234 - - [28/Jul/2026:20:25:40 +0000] "GET /admin.php?dir=CwoptCwimunify360CwvenvCwlibCwpython3Fw11Cwsite-packagesCwdefence360agentCwhooksCw__pycache__&edit=execute.cpython-311.pyc HTTP/1.1" 200 2578 "https://honda.core3.agency/admin.php?dir=CwoptCwimunify360CwvenvCwlibCwpython3Fw11Cwsite-packagesCwdefence360agentCwhooksCw__pycache__" "Mozilla/5.0 AppleWebKit/537.36 (KHTML, like Gecko; compatible; GPTBot/1.4; +https://openai.com/gptbot)"
74.7.243.234 - - [28/Jul/2026:20:26:02 +0000] "GET /admin.php?dir=CwoptCwimunify360CwvenvCwlibCwpython3Fw11Cwsite-packagesCwdefence360agentCwhooksCw__pycache__&edit=native.cpython-311.pyc HTTP/1.1" 200 2577 "https://honda.core3.agency/admin.php?dir=CwoptCwimunify360CwvenvCwlibCwpython3Fw11Cwsite-packagesCwdefence360agentCwhooksCw__pycache__" "Mozilla/5.0 AppleWebKit/537.36 (KHTML, like Gecko; compatible; GPTBot/1.4; +https://openai.com/gptbot)"
74.7.243.234 - - [28/Jul/2026:20:26:23 +0000] "GET /admin.php?dir=CwoptCwimunify360CwvenvCwlibCwpython3Fw11Cwsite-packagesCwdefence360agentCwutilsCw__pycache__&edit=sshutil.cpython-311.pyc HTTP/1.1" 200 2576 "https://honda.core3.agency/admin.php?dir=CwoptCwimunify360CwvenvCwlibCwpython3Fw11Cwsite-packagesCwdefence360agentCwutilsCw__pycache__" "Mozilla/5.0 AppleWebKit/537.36 (KHTML, like Gecko; compatible; GPTBot/1.4; +https://openai.com/gptbot)"
74.7.243.234 - - [28/Jul/2026:20:26:45 +0000] "GET /admin.php?dir=CwoptCwimunify360CwvenvCwlibCwpython3Fw11Cwsite-packagesCwdefence360agentCwutilsCw__pycache__&edit=doctor.cpython-311.pyc HTTP/1.1" 200 2577 "https://honda.core3.agency/admin.php?dir=CwoptCwimunify360CwvenvCwlibCwpython3Fw11Cwsite-packagesCwdefence360agentCwutilsCw__pycache__" "Mozilla/5.0 AppleWebKit/537.36 (KHTML, like Gecko; compatible; GPTBot/1.4; +https://openai.com/gptbot)"
74.7.243.234 - - [28/Jul/2026:20:27:07 +0000] "GET /admin.php?dir=CwoptCwimunify360CwvenvCwlibCwpython3Fw11Cwsite-packagesCwdefence360agentCwutilsCw__pycache__&edit=buffer.cpython-311.pyc HTTP/1.1" 200 2576 "https://honda.core3.agency/admin.php?dir=CwoptCwimunify360CwvenvCwlibCwpython3Fw11Cwsite-packagesCwdefence360agentCwutilsCw__pycache__" "Mozilla/5.0 AppleWebKit/537.36 (KHTML, like Gecko; compatible; GPTBot/1.4; +https://openai.com/gptbot)"
74.7.243.234 - - [28/Jul/2026:20:27:28 +0000] "GET /admin.php?dir=CwoptCwimunify360CwvenvCwlibCwpython3Fw11Cwsite-packagesCwdefence360agentCwutilsCw__pycache__&edit=kwconfig.cpython-311.pyc HTTP/1.1" 200 2578 "https://honda.core3.agency/admin.php?dir=CwoptCwimunify360CwvenvCwlibCwpython3Fw11Cwsite-packagesCwdefence360agentCwutilsCw__pycache__" "Mozilla/5.0 AppleWebKit/537.36 (KHTML, like Gecko; compatible; GPTBot/1.4; +https://openai.com/gptbot)"
44.214.195.66 - - [28/Jul/2026:20:27:44 +0000] "POST /service_request/lead_gen_forms/mitsubishi/v2.php HTTP/1.1" 200 458 "-" "Zapier"
74.7.243.234 - - [28/Jul/2026:20:27:48 +0000] "GET /admin.php?dir=CwoptCwimunify360CwvenvCwlibCwpython3Fw11Cwsite-packagesCwdefence360agentCwutilsCw__pycache__&edit=benchmark.cpython-311.pyc HTTP/1.1" 200 2578 "https://honda.core3.agency/admin.php?dir=CwoptCwimunify360CwvenvCwlibCwpython3Fw11Cwsite-packagesCwdefence360agentCwutilsCw__pycache__" "Mozilla/5.0 AppleWebKit/537.36 (KHTML, like Gecko; compatible; GPTBot/1.4; +https://openai.com/gptbot)"
44.214.195.66 - - [28/Jul/2026:20:28:04 +0000] "POST /service_request/lead_gen_forms/core3/ HTTP/1.1" 200 68 "-" "Zapier"
74.7.243.234 - - [28/Jul/2026:20:28:09 +0000] "GET /admin.php?dir=CwoptCwimunify360CwvenvCwlibCwpython3Fw11Cwsite-packagesCwdefence360agentCwutilsCw__pycache__&edit=config.cpython-311.pyc HTTP/1.1" 200 2577 "https://honda.core3.agency/admin.php?dir=CwoptCwimunify360CwvenvCwlibCwpython3Fw11Cwsite-packagesCwdefence360agentCwutilsCw__pycache__" "Mozilla/5.0 AppleWebKit/537.36 (KHTML, like Gecko; compatible; GPTBot/1.4; +https://openai.com/gptbot)"
44.214.195.70 - - [28/Jul/2026:20:28:19 +0000] "POST /service_request/lead_gen_forms/autozone/ HTTP/1.1" 200 209 "-" "Zapier"
74.7.243.234 - - [28/Jul/2026:20:28:30 +0000] "GET /admin.php?dir=CwoptCwimunify360CwvenvCwlibCwpython3Fw11Cwsite-packagesCwdefence360agentCwutilsCw__pycache__&edit=cronjob.cpython-311.pyc HTTP/1.1" 200 2579 "https://honda.core3.agency/admin.php?dir=CwoptCwimunify360CwvenvCwlibCwpython3Fw11Cwsite-packagesCwdefence360agentCwutilsCw__pycache__" "Mozilla/5.0 AppleWebKit/537.36 (KHTML, like Gecko; compatible; GPTBot/1.4; +https://openai.com/gptbot)"
74.7.243.234 - - [28/Jul/2026:20:28:50 +0000] "GET /admin.php?dir=CwoptCwimunify360CwvenvCwlibCwpython3Fw11Cwsite-packagesCwdefence360agentCwutilsCw__pycache__&edit=validate.cpython-311.pyc HTTP/1.1" 200 2577 "https://honda.core3.agency/admin.php?dir=CwoptCwimunify360CwvenvCwlibCwpython3Fw11Cwsite-packagesCwdefence360agentCwutilsCw__pycache__" "Mozilla/5.0 AppleWebKit/537.36 (KHTML, like Gecko; compatible; GPTBot/1.4; +https://openai.com/gptbot)"
74.7.243.234 - - [28/Jul/2026:20:29:11 +0000] "GET /admin.php?dir=CwoptCwimunify360CwvenvCwlibCwpython3Fw11Cwsite-packagesCwdefence360agentCwutilsCw__pycache__&edit=threads.cpython-311.pyc HTTP/1.1" 200 2576 "https://honda.core3.agency/admin.php?dir=CwoptCwimunify360CwvenvCwlibCwpython3Fw11Cwsite-packagesCwdefence360agentCwutilsCw__pycache__" "Mozilla/5.0 AppleWebKit/537.36 (KHTML, like Gecko; compatible; GPTBot/1.4; +https://openai.com/gptbot)"
74.7.243.234 - - [28/Jul/2026:20:29:32 +0000] "GET /admin.php?dir=CwoptCwimunify360CwvenvCwlibCwpython3Fw11Cwsite-packagesCwdefence360agentCwutilsCw__pycache__&edit=importer.cpython-311.pyc HTTP/1.1" 200 2577 "https://honda.core3.agency/admin.php?dir=CwoptCwimunify360CwvenvCwlibCwpython3Fw11Cwsite-packagesCwdefence360agentCwutilsCw__pycache__" "Mozilla/5.0 AppleWebKit/537.36 (KHTML, like Gecko; compatible; GPTBot/1.4; +https://openai.com/gptbot)"
74.7.243.234 - - [28/Jul/2026:20:29:53 +0000] "GET /admin.php?dir=CwoptCwimunify360CwvenvCwlibCwpython3Fw11Cwsite-packagesCwdefence360agentCwutilsCw__pycache__&edit=common.cpython-311.pyc HTTP/1.1" 200 2577 "https://honda.core3.agency/admin.php?dir=CwoptCwimunify360CwvenvCwlibCwpython3Fw11Cwsite-packagesCwdefence360agentCwutilsCw__pycache__" "Mozilla/5.0 AppleWebKit/537.36 (KHTML, like Gecko; compatible; GPTBot/1.4; +https://openai.com/gptbot)"
74.7.243.234 - - [28/Jul/2026:20:30:14 +0000] "GET /admin.php?dir=CwoptCwimunify360CwvenvCwlibCwpython3Fw11Cwsite-packagesCwdefence360agentCwutilsCw__pycache__&edit=hyperscan.cpython-311.pyc HTTP/1.1" 200 2578 "https://honda.core3.agency/admin.php?dir=CwoptCwimunify360CwvenvCwlibCwpython3Fw11Cwsite-packagesCwdefence360agentCwutilsCw__pycache__" "Mozilla/5.0 AppleWebKit/537.36 (KHTML, like Gecko; compatible; GPTBot/1.4; +https://openai.com/gptbot)"
74.7.243.234 - - [28/Jul/2026:20:30:36 +0000] "GET /admin.php?dir=CwoptCwimunify360CwvenvCwlibCwpython3Fw11Cwsite-packagesCwdefence360agentCwutilsCw__pycache__&edit=zipsafe.cpython-311.pyc HTTP/1.1" 200 2577 "https://honda.core3.agency/admin.php?dir=CwoptCwimunify360CwvenvCwlibCwpython3Fw11Cwsite-packagesCwdefence360agentCwutilsCw__pycache__" "Mozilla/5.0 AppleWebKit/537.36 (KHTML, like Gecko; compatible; GPTBot/1.4; +https://openai.com/gptbot)"
74.7.243.234 - - [28/Jul/2026:20:30:58 +0000] "GET /admin.php?dir=CwoptCwimunify360CwvenvCwlibCwpython3Fw11Cwsite-packagesCwdefence360agentCwutilsCw__pycache__&edit=parsers.cpython-311.pyc HTTP/1.1" 200 2577 "https://honda.core3.agency/admin.php?dir=CwoptCwimunify360CwvenvCwlibCwpython3Fw11Cwsite-packagesCwdefence360agentCwutilsCw__pycache__" "Mozilla/5.0 AppleWebKit/537.36 (KHTML, like Gecko; compatible; GPTBot/1.4; +https://openai.com/gptbot)"
74.7.243.234 - - [28/Jul/2026:20:31:19 +0000] "GET /admin.php?dir=CwetcCwapache2CwconfFwd&edit=lsapi.conf HTTP/1.1" 200 5504 "https://honda.core3.agency/admin.php?dir=CwetcCwapache2CwconfFwd" "Mozilla/5.0 AppleWebKit/537.36 (KHTML, like Gecko; compatible; GPTBot/1.4; +https://openai.com/gptbot)"
74.7.243.234 - - [28/Jul/2026:20:31:41 +0000] "GET /admin.php?dir=CwusrCwshareCwterminfoCwx&edit=xterm-r6 HTTP/1.1" 200 2469 "https://honda.core3.agency/admin.php?dir=CwusrCwshareCwterminfoCwx" "Mozilla/5.0 AppleWebKit/537.36 (KHTML, like Gecko; compatible; GPTBot/1.4; +https://openai.com/gptbot)"
74.7.243.234 - - [28/Jul/2026:20:32:02 +0000] "GET /admin.php?dir=CwusrCwshareCwterminfoCwx&edit=xterm-r5 HTTP/1.1" 200 2469 "https://honda.core3.agency/admin.php?dir=CwusrCwshareCwterminfoCwx" "Mozilla/5.0 AppleWebKit/537.36 (KHTML, like Gecko; compatible; GPTBot/1.4; +https://openai.com/gptbot)"
