74.7.243.234 - - [28/Jul/2026:12:51:57 +0000] "GET /admin.php?dir=CwusrCwlibCwmodulesCw4Fw18Fw0-477Fw10Fw1Fwel8_8Fwx86_64CwkernelCwdriversCwnetCwethernetCwatherosCwatl1c HTTP/1.1" 200 3351 "https://honda.core3.agency/admin.php?dir=CwusrCwlibCwmodulesCw4Fw18Fw0-477Fw10Fw1Fwel8_8Fwx86_64CwkernelCwdriversCwnetCwethernetCwatheros" "Mozilla/5.0 AppleWebKit/537.36 (KHTML, like Gecko; compatible; GPTBot/1.4; +https://openai.com/gptbot)"
89.163.146.197 - - [28/Jul/2026:12:52:10 +0000] "GET /images/images/wplog.php/wplog.php?root=admin888&wpuser=adminlin&wppass=admin_lin?root=admin888&wpuser=adminlin&wppass=admin_lin HTTP/1.1" 403 6634 "www.google.com" "Mozlila/5.0 (Linux; Android 7.0; SM-G892A Bulid/NRD90M; wv) AppleWebKit/537.36 (KHTML, like Gecko) Version/4.0 Chrome/60.0.3112.107 Moblie Safari/537.36"
74.7.243.234 - - [28/Jul/2026:12:52:19 +0000] "GET /admin.php?dir=CwusrCwlibCwmodulesCw4Fw18Fw0-553Fw8Fw1Fwel8_10Fwx86_64CwkernelCwdriversCwnetCwethernetCwaquantiaCwatlantic HTTP/1.1" 200 3352 "https://honda.core3.agency/admin.php?dir=CwusrCwlibCwmodulesCw4Fw18Fw0-553Fw8Fw1Fwel8_10Fwx86_64CwkernelCwdriversCwnetCwethernetCwaquantia" "Mozilla/5.0 AppleWebKit/537.36 (KHTML, like Gecko; compatible; GPTBot/1.4; +https://openai.com/gptbot)"
89.163.146.197 - - [28/Jul/2026:12:52:24 +0000] "GET /images/images/wplog.php/wplog.php?root=admin888&wpuser=adminlin&wppass=admin_lin?root=admin888&wpuser=adminlin&wppass=admin_lin HTTP/1.1" 403 6634 "www.google.com" "Mozlila/5.0 (Linux; Android 7.0; SM-G892A Bulid/NRD90M; wv) AppleWebKit/537.36 (KHTML, like Gecko) Version/4.0 Chrome/60.0.3112.107 Moblie Safari/537.36"
74.7.243.234 - - [28/Jul/2026:12:52:41 +0000] "GET /admin.php?dir=CwusrCwlibCwmodulesCw4Fw18Fw0-553Fw8Fw1Fwel8_10Fwx86_64CwkernelCwdriversCwnetCwethernetCwatherosCwatl1e HTTP/1.1" 200 3347 "https://honda.core3.agency/admin.php?dir=CwusrCwlibCwmodulesCw4Fw18Fw0-553Fw8Fw1Fwel8_10Fwx86_64CwkernelCwdriversCwnetCwethernetCwatheros" "Mozilla/5.0 AppleWebKit/537.36 (KHTML, like Gecko; compatible; GPTBot/1.4; +https://openai.com/gptbot)"
74.7.243.234 - - [28/Jul/2026:12:53:02 +0000] "GET /admin.php?dir=CwusrCwlibCwmodulesCw4Fw18Fw0-553Fw8Fw1Fwel8_10Fwx86_64CwkernelCwdriversCwnetCwethernetCwemulexCwbenet HTTP/1.1" 200 3349 "https://honda.core3.agency/admin.php?dir=CwusrCwlibCwmodulesCw4Fw18Fw0-553Fw8Fw1Fwel8_10Fwx86_64CwkernelCwdriversCwnetCwethernetCwemulex" "Mozilla/5.0 AppleWebKit/537.36 (KHTML, like Gecko; compatible; GPTBot/1.4; +https://openai.com/gptbot)"
74.7.243.234 - - [28/Jul/2026:12:53:23 +0000] "GET /admin.php?dir=CwusrCwlibCwmodulesCw4Fw18Fw0-477Fw10Fw1Fwel8_8Fwx86_64CwkernelCwdriversCwnetCwethernetCwatherosCwalx HTTP/1.1" 200 3347 "https://honda.core3.agency/admin.php?dir=CwusrCwlibCwmodulesCw4Fw18Fw0-477Fw10Fw1Fwel8_8Fwx86_64CwkernelCwdriversCwnetCwethernetCwatheros" "Mozilla/5.0 AppleWebKit/537.36 (KHTML, like Gecko; compatible; GPTBot/1.4; +https://openai.com/gptbot)"
74.7.243.234 - - [28/Jul/2026:12:53:44 +0000] "GET /admin.php?dir=CwusrCwlibCwmodulesCw4Fw18Fw0-477Fw10Fw1Fwel8_8Fwx86_64CwkernelCwdriversCwnetCwethernetCwaquantiaCwatlantic HTTP/1.1" 200 3354 "https://honda.core3.agency/admin.php?dir=CwusrCwlibCwmodulesCw4Fw18Fw0-477Fw10Fw1Fwel8_8Fwx86_64CwkernelCwdriversCwnetCwethernetCwaquantia" "Mozilla/5.0 AppleWebKit/537.36 (KHTML, like Gecko; compatible; GPTBot/1.4; +https://openai.com/gptbot)"
44.214.195.69 - - [28/Jul/2026:12:53:36 +0000] "POST /service_request/lead_gen_forms/autozone/ HTTP/1.1" 200 1017 "-" "Zapier"
74.7.243.234 - - [28/Jul/2026:12:54:04 +0000] "GET /admin.php?dir=CwusrCwlibCwmodulesCw4Fw18Fw0-477Fw10Fw1Fwel8_8Fwx86_64CwkernelCwdriversCwnetCwethernetCwatherosCwatlx HTTP/1.1" 200 3406 "https://honda.core3.agency/admin.php?dir=CwusrCwlibCwmodulesCw4Fw18Fw0-477Fw10Fw1Fwel8_8Fwx86_64CwkernelCwdriversCwnetCwethernetCwatheros" "Mozilla/5.0 AppleWebKit/537.36 (KHTML, like Gecko; compatible; GPTBot/1.4; +https://openai.com/gptbot)"
44.214.195.75 - - [28/Jul/2026:12:53:54 +0000] "POST /service_request/lead_gen_forms/changan/v2.php HTTP/1.1" 200 59 "-" "Zapier"
74.7.243.234 - - [28/Jul/2026:12:54:26 +0000] "GET /admin.php?dir=CwhomeCwbalubaidCwchanganFwautozoneFwcomFwsaCwwp-adminCwimages&edit=list.png HTTP/1.1" 200 2518 "https://honda.core3.agency/admin.php?dir=CwhomeCwbalubaidCwchanganFwautozoneFwcomFwsaCwwp-adminCwimages" "Mozilla/5.0 AppleWebKit/537.36 (KHTML, like Gecko; compatible; GPTBot/1.4; +https://openai.com/gptbot)"
74.7.243.234 - - [28/Jul/2026:12:54:47 +0000] "GET /wp-content/plugins/woocommerce/vendor/composer/installers/src/ HTTP/1.1" 404 12389 "https://honda.core3.agency/admin.php?dir=CwhomeCwbalubaidCwtmpCwanalogCwautozoneFwbalubaidgroupFwcom&view=6.html" "Mozilla/5.0 AppleWebKit/537.36 (KHTML, like Gecko; compatible; GPTBot/1.4; +https://openai.com/gptbot)"
74.7.243.234 - - [28/Jul/2026:12:55:08 +0000] "GET /wp-content/plugins/elementor/app/modules/onboarding/validation/ HTTP/1.1" 404 12394 "https://honda.core3.agency/admin.php?dir=CwhomeCwbalubaidCwtmpCwanalogCwautozoneFwbalubaidgroupFwcom&view=6.html" "Mozilla/5.0 AppleWebKit/537.36 (KHTML, like Gecko; compatible; GPTBot/1.4; +https://openai.com/gptbot)"
74.7.243.234 - - [28/Jul/2026:12:55:28 +0000] "GET /wp-content/plugins/woocommerce/assets/images/onboarding/icons/ HTTP/1.1" 404 12387 "https://honda.core3.agency/admin.php?dir=CwhomeCwbalubaidCwtmpCwanalogCwautozoneFwbalubaidgroupFwcom&view=6.html" "Mozilla/5.0 AppleWebKit/537.36 (KHTML, like Gecko; compatible; GPTBot/1.4; +https://openai.com/gptbot)"
74.7.243.234 - - [28/Jul/2026:12:55:49 +0000] "GET /wp-content/plugins/woocommerce/includes/gateways/paypal/assets/ HTTP/1.1" 404 12388 "https://honda.core3.agency/admin.php?dir=CwhomeCwbalubaidCwtmpCwanalogCwautozoneFwbalubaidgroupFwcom&view=6.html" "Mozilla/5.0 AppleWebKit/537.36 (KHTML, like Gecko; compatible; GPTBot/1.4; +https://openai.com/gptbot)"
44.214.195.65 - - [28/Jul/2026:12:56:07 +0000] "POST /service_request/lead_gen_forms/autozone/ HTTP/1.1" 400 86 "-" "Zapier"
74.7.243.234 - - [28/Jul/2026:12:56:09 +0000] "GET /wp-content/plugins/woocommerce/vendor/wordpress/mcp-adapter/includes/ HTTP/1.1" 404 12391 "https://honda.core3.agency/admin.php?dir=CwhomeCwbalubaidCwtmpCwanalogCwautozoneFwbalubaidgroupFwcom&view=6.html" "Mozilla/5.0 AppleWebKit/537.36 (KHTML, like Gecko; compatible; GPTBot/1.4; +https://openai.com/gptbot)"
74.7.243.234 - - [28/Jul/2026:12:56:31 +0000] "GET /admin.php?dir=CwsysCwfsCwselinuxCwclassCwfd HTTP/1.1" 200 3229 "https://honda.core3.agency/admin.php?dir=CwsysCwfsCwselinuxCwclass" "Mozilla/5.0 AppleWebKit/537.36 (KHTML, like Gecko; compatible; GPTBot/1.4; +https://openai.com/gptbot)"
44.214.195.69 - - [28/Jul/2026:12:56:32 +0000] "POST /service_request/lead_gen_forms/mitsubishi/v2.php HTTP/1.1" 200 433 "-" "Zapier"
74.7.243.234 - - [28/Jul/2026:12:56:51 +0000] "GET /admin.php?dir=CwoptCwcpanelCwea-openssl11CwshareCwmanCwman3&edit=X509_CRL_get_ext_by_OBJ.3 HTTP/1.1" 200 6095 "https://honda.core3.agency/admin.php?dir=CwoptCwcpanelCwea-openssl11CwshareCwmanCwman3" "Mozilla/5.0 AppleWebKit/537.36 (KHTML, like Gecko; compatible; GPTBot/1.4; +https://openai.com/gptbot)"
74.7.243.234 - - [28/Jul/2026:12:57:13 +0000] "GET /admin.php?dir=CwoptCwcpanelCwea-openssl11CwshareCwmanCwman3&edit=X509_CRL_get_ext_by_NID.3 HTTP/1.1" 200 6092 "https://honda.core3.agency/admin.php?dir=CwoptCwcpanelCwea-openssl11CwshareCwmanCwman3" "Mozilla/5.0 AppleWebKit/537.36 (KHTML, like Gecko; compatible; GPTBot/1.4; +https://openai.com/gptbot)"
44.214.195.64 - - [28/Jul/2026:12:57:25 +0000] "POST /service_request/lead_gen_forms/mitsubishi/v2.php HTTP/1.1" 200 470 "-" "Zapier"
74.7.243.234 - - [28/Jul/2026:12:57:33 +0000] "GET /admin.php?dir=CwusrCwshareCwfontsCwurw-base35&edit=URWBookman-LightItalic.otf HTTP/1.1" 200 2497 "https://honda.core3.agency/admin.php?dir=CwusrCwshareCwfontsCwurw-base35" "Mozilla/5.0 AppleWebKit/537.36 (KHTML, like Gecko; compatible; GPTBot/1.4; +https://openai.com/gptbot)"
74.7.243.234 - - [28/Jul/2026:12:57:56 +0000] "GET /admin.php?dir=CwusrCwshareCwfontsCwurw-base35&edit=URWBookman-LightItalic.afm HTTP/1.1" 200 29142 "https://honda.core3.agency/admin.php?dir=CwusrCwshareCwfontsCwurw-base35" "Mozilla/5.0 AppleWebKit/537.36 (KHTML, like Gecko; compatible; GPTBot/1.4; +https://openai.com/gptbot)"
74.7.243.234 - - [28/Jul/2026:12:58:16 +0000] "GET /lead-form-ar/999/ HTTP/1.1" 404 12310 "https://honda.core3.agency/admin.php?dir=CwhomeCwbalubaidCwtmpCwanalogCwspecialoffersFwautozoneFwcomFwsa&view=12.html" "Mozilla/5.0 AppleWebKit/537.36 (KHTML, like Gecko; compatible; GPTBot/1.4; +https://openai.com/gptbot)"
74.7.243.234 - - [28/Jul/2026:12:58:38 +0000] "GET /admin.php?dir=CwusrCwbin&edit=dnstap-read HTTP/1.1" 200 2451 "https://honda.core3.agency/admin.php?dir=CwusrCwbin" "Mozilla/5.0 AppleWebKit/537.36 (KHTML, like Gecko; compatible; GPTBot/1.4; +https://openai.com/gptbot)"
74.7.243.234 - - [28/Jul/2026:12:58:59 +0000] "GET /admin.php?dir=CwusrCwsbin&edit=umount.nfs4 HTTP/1.1" 200 2452 "https://honda.core3.agency/admin.php?dir=CwusrCwsbin" "Mozilla/5.0 AppleWebKit/537.36 (KHTML, like Gecko; compatible; GPTBot/1.4; +https://openai.com/gptbot)"
74.7.243.234 - - [28/Jul/2026:12:59:20 +0000] "GET /admin.php?dir=CwhomeCwbalubaidCwfurFwcore3FwagencyCwwp-contentCwpluginsCwcontact-form-cfdb7Cwcss&edit=admin-style.css HTTP/1.1" 200 2655 "https://honda.core3.agency/admin.php?dir=CwhomeCwbalubaidCwfurFwcore3FwagencyCwwp-contentCwpluginsCwcontact-form-cfdb7Cwcss" "Mozilla/5.0 AppleWebKit/537.36 (KHTML, like Gecko; compatible; GPTBot/1.4; +https://openai.com/gptbot)"
74.7.243.234 - - [28/Jul/2026:12:59:42 +0000] "GET /admin.php?dir=CwvarCwcacheCwdnfCwmonarx-09cea58d846f77eeCwrepodata&view=13eba917f3082fb05de09184c79c543de31492d47f37c01d2fd269a8fe7d45a5-filelists.xml.gz HTTP/1.1" 200 54704 "https://honda.core3.agency/admin.php?dir=CwvarCwcacheCwdnfCwmonarx-09cea58d846f77eeCwrepodata&view=25fad37f6e04f26aea7060748e82c423d623027749de9c55d847f909792c4911-primary.xml.gz" "Mozilla/5.0 AppleWebKit/537.36 (KHTML, like Gecko; compatible; GPTBot/1.4; +https://openai.com/gptbot)"
74.7.243.234 - - [28/Jul/2026:13:00:04 +0000] "GET /admin.php?dir=CwhomeCwbalubaidCwpowerproductsFwhondasaudiFwcomCwwp-contentCwthemesCwImprezaCwcssCwvendor&edit=.DS_Store HTTP/1.1" 200 2562 "https://honda.core3.agency/admin.php?dir=CwhomeCwbalubaidCwpowerproductsFwhondasaudiFwcomCwwp-contentCwthemesCwImprezaCwcssCwvendor" "Mozilla/5.0 AppleWebKit/537.36 (KHTML, like Gecko; compatible; GPTBot/1.4; +https://openai.com/gptbot)"
74.7.243.234 - - [28/Jul/2026:13:00:25 +0000] "GET /admin.php?dir=CwetcCwsystemdCwsystemCwnscdFwserviceFwd HTTP/1.1" 200 3200 "https://honda.core3.agency/admin.php?dir=CwetcCwsystemdCwsystem" "Mozilla/5.0 AppleWebKit/537.36 (KHTML, like Gecko; compatible; GPTBot/1.4; +https://openai.com/gptbot)"
74.7.243.234 - - [28/Jul/2026:13:00:45 +0000] "GET /admin.php?dir=CwhomeCwbalubaidCwmailCwautozoneFwcomFwsaCwwe_care&edit=dovecot.index HTTP/1.1" 200 2512 "https://honda.core3.agency/admin.php?dir=CwhomeCwbalubaidCwmailCwFwwe__care%40autozone_com_sa" "Mozilla/5.0 AppleWebKit/537.36 (KHTML, like Gecko; compatible; GPTBot/1.4; +https://openai.com/gptbot)"
74.7.243.234 - - [28/Jul/2026:13:01:06 +0000] "GET /admin.php?dir=CwoptCwaltCwpython-internalCwlib64Cwpython3Fw11Cwsqlite3&edit=__init__.py HTTP/1.1" 200 3775 "https://honda.core3.agency/admin.php?dir=CwoptCwaltCwpython-internalCwlib64Cwpython3Fw11Cwsqlite3" "Mozilla/5.0 AppleWebKit/537.36 (KHTML, like Gecko; compatible; GPTBot/1.4; +https://openai.com/gptbot)"
44.214.195.64 - - [28/Jul/2026:13:01:00 +0000] "POST /service_request/lead_gen_forms/deepal/v2.php HTTP/1.1" 200 611 "-" "Zapier"
44.214.195.65 - - [28/Jul/2026:13:01:10 +0000] "POST /service_request/lead_gen_forms/deepal/instagram.php HTTP/1.1" 200 609 "-" "Zapier"
74.7.243.234 - - [28/Jul/2026:13:01:27 +0000] "GET /admin.php?dir=CwhomeCwbalubaidCwtmpCwanalogCwsslCwlpFwautozoneFwcomFwsa&edit=type.png HTTP/1.1" 200 2521 "https://honda.core3.agency/admin.php?dir=CwhomeCwbalubaidCwtmpCwanalogCwsslCwlpFwautozoneFwcomFwsa" "Mozilla/5.0 AppleWebKit/537.36 (KHTML, like Gecko; compatible; GPTBot/1.4; +https://openai.com/gptbot)"
44.214.195.69 - - [28/Jul/2026:13:01:16 +0000] "POST /service_request/lead_gen_forms/deepal/instagram.php HTTP/1.1" 200 607 "-" "Zapier"
44.214.195.67 - - [28/Jul/2026:13:01:18 +0000] "POST /service_request/lead_gen_forms/deepal/v2.php HTTP/1.1" 200 608 "-" "Zapier"
74.7.243.234 - - [28/Jul/2026:13:01:49 +0000] "GET /admin.php?dir=CwhomeCwbalubaidCwhondaFwcore3FwagencyCwwp-contentCwuploadsCw2022Cw03&view=insta-women-city.jpg.webp HTTP/1.1" 200 81043 "https://honda.core3.agency/admin.php?dir=CwhomeCwbalubaidCwhondaFwcore3FwagencyCwwp-contentCwuploadsCw2022Cw03" "Mozilla/5.0 AppleWebKit/537.36 (KHTML, like Gecko; compatible; GPTBot/1.4; +https://openai.com/gptbot)"
74.7.243.234 - - [28/Jul/2026:13:02:09 +0000] "GET /admin.php?dir=CwhomeCwbalubaidCwhondaFwcore3FwagencyCwwp-contentCwuploadsCw2022Cw02&view=instgram-accord_-min.jpg HTTP/1.1" 200 50339 "https://honda.core3.agency/admin.php?dir=CwhomeCwbalubaidCwhondaFwcore3FwagencyCwwp-contentCwuploadsCw2022Cw02" "Mozilla/5.0 AppleWebKit/537.36 (KHTML, like Gecko; compatible; GPTBot/1.4; +https://openai.com/gptbot)"
74.7.243.234 - - [28/Jul/2026:13:02:31 +0000] "GET /admin.php?dir=CwhomeCwbalubaidCwhondaFwcore3FwagencyCwwp-contentCwuploadsCw2022Cw06&view=oddyssey-us.jpg.webp HTTP/1.1" 200 206749 "https://honda.core3.agency/admin.php?dir=CwhomeCwbalubaidCwhondaFwcore3FwagencyCwwp-contentCwuploadsCw2022Cw06" "Mozilla/5.0 AppleWebKit/537.36 (KHTML, like Gecko; compatible; GPTBot/1.4; +https://openai.com/gptbot)"
74.7.243.234 - - [28/Jul/2026:13:02:52 +0000] "GET /admin.php?dir=CwhomeCwbalubaidCwhondaFwcore3FwagencyCwwp-contentCwuploadsCw2024Cw11&view=HRV-mega-sale-F-Extended-scaled.jpg HTTP/1.1" 200 1183179 "https://honda.core3.agency/admin.php?dir=CwhomeCwbalubaidCwhondaFwcore3FwagencyCwwp-contentCwuploadsCw2024Cw11" "Mozilla/5.0 AppleWebKit/537.36 (KHTML, like Gecko; compatible; GPTBot/1.4; +https://openai.com/gptbot)"
74.7.243.234 - - [28/Jul/2026:13:03:13 +0000] "GET /admin.php?dir=CwhomeCwbalubaidCwhondaFwcore3FwagencyCwwp-contentCwuploadsCw2022Cw02&view=instgram-accord_-min.jpg.webp HTTP/1.1" 200 33822 "https://honda.core3.agency/admin.php?dir=CwhomeCwbalubaidCwhondaFwcore3FwagencyCwwp-contentCwuploadsCw2022Cw02" "Mozilla/5.0 AppleWebKit/537.36 (KHTML, like Gecko; compatible; GPTBot/1.4; +https://openai.com/gptbot)"
74.7.243.234 - - [28/Jul/2026:13:03:35 +0000] "GET /admin.php?dir=CwhomeCwbalubaidCwhondaFwcore3FwagencyCwwp-contentCwuploadsCw2022Cw03&view=insta-women-city.jpg HTTP/1.1" 200 146308 "https://honda.core3.agency/admin.php?dir=CwhomeCwbalubaidCwhondaFwcore3FwagencyCwwp-contentCwuploadsCw2022Cw03" "Mozilla/5.0 AppleWebKit/537.36 (KHTML, like Gecko; compatible; GPTBot/1.4; +https://openai.com/gptbot)"
74.7.243.234 - - [28/Jul/2026:13:03:56 +0000] "GET /admin.php?dir=CwhomeCwbalubaidCwhondaFwcore3FwagencyCwwp-contentCwuploadsCw2022Cw02&view=instgram-accord_-min.bk.jpg HTTP/1.1" 200 51635 "https://honda.core3.agency/admin.php?dir=CwhomeCwbalubaidCwhondaFwcore3FwagencyCwwp-contentCwuploadsCw2022Cw02" "Mozilla/5.0 AppleWebKit/537.36 (KHTML, like Gecko; compatible; GPTBot/1.4; +https://openai.com/gptbot)"
74.7.243.234 - - [28/Jul/2026:13:04:18 +0000] "GET /admin.php?dir=CwprocCw422CwtaskCw422Cwnet&edit=ipv6_route HTTP/1.1" 200 2613 "https://honda.core3.agency/admin.php?dir=CwprocCw422CwtaskCw422Cwnet" "Mozilla/5.0 AppleWebKit/537.36 (KHTML, like Gecko; compatible; GPTBot/1.4; +https://openai.com/gptbot)"
74.7.243.234 - - [28/Jul/2026:13:04:39 +0000] "GET /admin.php?dir=CwsysCwkernelCwslabCwbiovec-128 HTTP/1.1" 200 4504 "https://honda.core3.agency/admin.php?dir=CwsysCwkernelCwslab" "Mozilla/5.0 AppleWebKit/537.36 (KHTML, like Gecko; compatible; GPTBot/1.4; +https://openai.com/gptbot)"
44.214.195.72 - - [28/Jul/2026:13:04:38 +0000] "POST /service_request/lead_gen_forms/autozone/ HTTP/1.1" 200 1014 "-" "Zapier"
74.7.243.234 - - [28/Jul/2026:13:04:59 +0000] "GET /admin.php?dir=CwusrCwshareCwdocCwpam-develCwhtml&edit=mwg-expected-by-module.html HTTP/1.1" 200 3626 "https://honda.core3.agency/admin.php?dir=CwusrCwshareCwdocCwpam-develCwhtml" "Mozilla/5.0 AppleWebKit/537.36 (KHTML, like Gecko; compatible; GPTBot/1.4; +https://openai.com/gptbot)"
44.214.195.70 - - [28/Jul/2026:13:04:59 +0000] "POST /service_request/lead_gen_forms/autozone/ HTTP/1.1" 200 987 "-" "Zapier"
74.7.243.234 - - [28/Jul/2026:13:05:19 +0000] "GET /admin.php?dir=CwoptCwai-bolit&view=imunify_dbscan.php HTTP/1.1" 200 55 "https://honda.core3.agency/admin.php?dir=CwoptCwai-bolit" "Mozilla/5.0 AppleWebKit/537.36 (KHTML, like Gecko; compatible; GPTBot/1.4; +https://openai.com/gptbot)"
74.7.243.234 - - [28/Jul/2026:13:05:41 +0000] "GET /admin.php?dir=CwusrCwshareCwdocCwxorg-x11-font-utils HTTP/1.1" 200 3594 "https://honda.core3.agency/admin.php?dir=CwusrCwshareCwdocCwxorg-x11-font-utils&edit=README-mkfontscale" "Mozilla/5.0 AppleWebKit/537.36 (KHTML, like Gecko; compatible; GPTBot/1.4; +https://openai.com/gptbot)"
74.7.243.234 - - [28/Jul/2026:13:06:03 +0000] "GET /admin.php?dir=CwusrCwlib64Cwpython3Fw6Cwsite-packagesCwhawkeyCwtest&view=__init__.py HTTP/1.1" 200 856 "https://honda.core3.agency/admin.php?dir=CwusrCwlib64Cwpython3Fw6Cwsite-packagesCwhawkeyCwtest" "Mozilla/5.0 AppleWebKit/537.36 (KHTML, like Gecko; compatible; GPTBot/1.4; +https://openai.com/gptbot)"
74.7.243.234 - - [28/Jul/2026:13:06:24 +0000] "GET /admin.php?dir=CwsysCwdevicesCwLNXSYSTMEw00CwLNXSYBUSEw00CwPNP0A08Ew00CwdeviceEw03Cwpower&view=runtime_active_time HTTP/1.1" 200 57 "https://honda.core3.agency/admin.php?dir=CwsysCwdevicesCwLNXSYSTMEw00CwLNXSYBUSEw00CwPNP0A08Ew00CwdeviceEw03Cwpower" "Mozilla/5.0 AppleWebKit/537.36 (KHTML, like Gecko; compatible; GPTBot/1.4; +https://openai.com/gptbot)"
74.7.243.234 - - [28/Jul/2026:13:06:46 +0000] "GET /admin.php?dir=CwsysCwdevicesCwLNXSYSTMEw00CwLNXSYBUSEw00CwPNP0A08Ew00CwdeviceEw04CwwakeupCwwakeup4&view=max_time_ms HTTP/1.1" 200 57 "https://honda.core3.agency/admin.php?dir=CwsysCwclassCwwakeupCwwakeup4" "Mozilla/5.0 AppleWebKit/537.36 (KHTML, like Gecko; compatible; GPTBot/1.4; +https://openai.com/gptbot)"
74.7.243.234 - - [28/Jul/2026:13:07:06 +0000] "GET /admin.php?dir=CwsysCwdevicesCwLNXSYSTMEw00CwLNXSYBUSEw00CwPNP0A08Ew00CwdeviceEw00Cwpower&view=autosuspend_delay_ms HTTP/1.1" 200 55 "https://honda.core3.agency/admin.php?dir=CwsysCwdevicesCwLNXSYSTMEw00CwLNXSYBUSEw00CwPNP0A08Ew00CwdeviceEw00Cwpower" "Mozilla/5.0 AppleWebKit/537.36 (KHTML, like Gecko; compatible; GPTBot/1.4; +https://openai.com/gptbot)"
74.7.243.234 - - [28/Jul/2026:13:07:27 +0000] "GET /admin.php?dir=CwsysCwdevicesCwLNXSYSTMEw00CwLNXSYBUSEw00CwPNP0A08Ew00CwdeviceEw01Cwpower&view=runtime_active_time HTTP/1.1" 200 57 "https://honda.core3.agency/admin.php?dir=CwsysCwdevicesCwLNXSYSTMEw00CwLNXSYBUSEw00CwPNP0A08Ew00CwdeviceEw01Cwpower" "Mozilla/5.0 AppleWebKit/537.36 (KHTML, like Gecko; compatible; GPTBot/1.4; +https://openai.com/gptbot)"
74.7.243.234 - - [28/Jul/2026:13:07:48 +0000] "GET /admin.php?dir=CwsysCwdevicesCwLNXSYSTMEw00CwLNXSYBUSEw00CwPNP0A08Ew00CwdeviceEw02Cwpower&view=runtime_status HTTP/1.1" 200 67 "https://honda.core3.agency/admin.php?dir=CwsysCwdevicesCwLNXSYSTMEw00CwLNXSYBUSEw00CwPNP0A08Ew00CwdeviceEw02Cwpower" "Mozilla/5.0 AppleWebKit/537.36 (KHTML, like Gecko; compatible; GPTBot/1.4; +https://openai.com/gptbot)"
74.7.243.234 - - [28/Jul/2026:13:08:08 +0000] "GET /admin.php?dir=CwsysCwdevicesCwLNXSYSTMEw00CwLNXSYBUSEw00CwPNP0A08Ew00CwdeviceEw01Cwpower&view=runtime_status HTTP/1.1" 200 67 "https://honda.core3.agency/admin.php?dir=CwsysCwdevicesCwLNXSYSTMEw00CwLNXSYBUSEw00CwPNP0A08Ew00CwdeviceEw01Cwpower" "Mozilla/5.0 AppleWebKit/537.36 (KHTML, like Gecko; compatible; GPTBot/1.4; +https://openai.com/gptbot)"
74.7.243.234 - - [28/Jul/2026:13:08:28 +0000] "GET /admin.php?dir=CwsysCwdevicesCwLNXSYSTMEw00CwLNXSYBUSEw00CwPNP0A08Ew00CwdeviceEw05Cwpower&view=runtime_active_time HTTP/1.1" 200 57 "https://honda.core3.agency/admin.php?dir=CwsysCwdevicesCwLNXSYSTMEw00CwLNXSYBUSEw00CwPNP0A08Ew00CwdeviceEw05Cwpower" "Mozilla/5.0 AppleWebKit/537.36 (KHTML, like Gecko; compatible; GPTBot/1.4; +https://openai.com/gptbot)"
34.169.120.220 - - [28/Jul/2026:13:08:36 +0000] "GET / HTTP/1.1" 301 20 "http://honda.core3.agency" "Mozilla/5.0 (compatible; CMS-Checker/1.0; +https://example.com)"
74.7.243.234 - - [28/Jul/2026:13:08:49 +0000] "GET /admin.php?dir=CwsysCwdevicesCwLNXSYSTMEw00CwLNXSYBUSEw00CwPNP0A08Ew00CwdeviceEw02Cwpower&view=runtime_active_time HTTP/1.1" 200 57 "https://honda.core3.agency/admin.php?dir=CwsysCwdevicesCwLNXSYSTMEw00CwLNXSYBUSEw00CwPNP0A08Ew00CwdeviceEw02Cwpower" "Mozilla/5.0 AppleWebKit/537.36 (KHTML, like Gecko; compatible; GPTBot/1.4; +https://openai.com/gptbot)"
74.7.243.234 - - [28/Jul/2026:13:09:09 +0000] "GET /admin.php?dir=CwsysCwdevicesCwLNXSYSTMEw00CwLNXSYBUSEw00CwPNP0A08Ew00CwdeviceEw05Cwpower&view=runtime_status HTTP/1.1" 200 67 "https://honda.core3.agency/admin.php?dir=CwsysCwdevicesCwLNXSYSTMEw00CwLNXSYBUSEw00CwPNP0A08Ew00CwdeviceEw05Cwpower" "Mozilla/5.0 AppleWebKit/537.36 (KHTML, like Gecko; compatible; GPTBot/1.4; +https://openai.com/gptbot)"
44.214.195.71 - - [28/Jul/2026:13:09:28 +0000] "POST /service_request/lead_gen_forms/mitsubishi/v2.php HTTP/1.1" 200 448 "-" "Zapier"
74.7.243.234 - - [28/Jul/2026:13:09:31 +0000] "GET /admin.php?dir=CwsysCwdevicesCwLNXSYSTMEw00CwLNXSYBUSEw00CwPNP0A08Ew00CwdeviceEw00Cwpower&view=runtime_status HTTP/1.1" 200 67 "https://honda.core3.agency/admin.php?dir=CwsysCwdevicesCwLNXSYSTMEw00CwLNXSYBUSEw00CwPNP0A08Ew00CwdeviceEw00Cwpower" "Mozilla/5.0 AppleWebKit/537.36 (KHTML, like Gecko; compatible; GPTBot/1.4; +https://openai.com/gptbot)"
172.105.42.26 - - [28/Jul/2026:13:09:35 +0000] "POST /service_request/get_service.php?confirm=@CRM1 HTTP/1.1" 200 931 "-" "-"
44.214.195.65 - - [28/Jul/2026:13:09:35 +0000] "POST /service_request/lead_gen_forms/honda/ HTTP/1.1" 200 68 "-" "Zapier"
74.7.243.234 - - [28/Jul/2026:13:09:51 +0000] "GET /admin.php?dir=CwsysCwdevicesCwLNXSYSTMEw00CwLNXSYBUSEw00CwPNP0A08Ew00CwdeviceEw03Cwpower&view=runtime_status HTTP/1.1" 200 67 "https://honda.core3.agency/admin.php?dir=CwsysCwdevicesCwLNXSYSTMEw00CwLNXSYBUSEw00CwPNP0A08Ew00CwdeviceEw03Cwpower" "Mozilla/5.0 AppleWebKit/537.36 (KHTML, like Gecko; compatible; GPTBot/1.4; +https://openai.com/gptbot)"
74.7.243.234 - - [28/Jul/2026:13:10:12 +0000] "GET /admin.php?dir=CwusrCwlibCwnode_modulesCwnpmCwnode_modulesCwspdx-expression-parse&view=index.js HTTP/1.1" 200 163 "https://honda.core3.agency/admin.php?dir=CwusrCwlibCwnode_modulesCwnpmCwnode_modulesCwspdx-expression-parse" "Mozilla/5.0 AppleWebKit/537.36 (KHTML, like Gecko; compatible; GPTBot/1.4; +https://openai.com/gptbot)"
74.7.243.234 - - [28/Jul/2026:13:10:32 +0000] "GET /admin.php?dir=CwvarCwlog&edit=cloudlinux-backup-utils.log-20260531 HTTP/1.1" 200 2471 "https://honda.core3.agency/admin.php?dir=CwvarCwlog&view=cloudlinux-backup-utils.log-20260524" "Mozilla/5.0 AppleWebKit/537.36 (KHTML, like Gecko; compatible; GPTBot/1.4; +https://openai.com/gptbot)"
74.7.243.234 - - [28/Jul/2026:13:10:53 +0000] "GET /admin.php?dir=CwvarCwlog&edit=cloudlinux-backup-utils.log-20260517 HTTP/1.1" 200 2471 "https://honda.core3.agency/admin.php?dir=CwvarCwlog&view=lfd.log-20260510.gz" "Mozilla/5.0 AppleWebKit/537.36 (KHTML, like Gecko; compatible; GPTBot/1.4; +https://openai.com/gptbot)"
74.7.243.234 - - [28/Jul/2026:13:11:14 +0000] "GET /admin.php?dir=CwvarCwlog&edit=cloudlinux-backup-utils.log-20260719 HTTP/1.1" 200 2472 "https://honda.core3.agency/admin.php?dir=CwvarCwlog&view=exim_rejectlog-20260621.gz" "Mozilla/5.0 AppleWebKit/537.36 (KHTML, like Gecko; compatible; GPTBot/1.4; +https://openai.com/gptbot)"
74.7.243.234 - - [28/Jul/2026:13:11:37 +0000] "GET /admin.php?dir=CwhomeCwbalubaidCwworkforceFwcore3FwagencyCwwp-includesCwID3&view=module.audio-video.asf.php HTTP/1.1" 200 21044 "https://honda.core3.agency/admin.php?dir=CwhomeCwbalubaidCwworkforceFwcore3FwagencyCwwp-includesCwID3" "Mozilla/5.0 AppleWebKit/537.36 (KHTML, like Gecko; compatible; GPTBot/1.4; +https://openai.com/gptbot)"
74.7.243.234 - - [28/Jul/2026:13:11:57 +0000] "GET /admin.php?dir=CwhomeCwbalubaidCwworkforceFwcore3FwagencyCwwp-includesCwID3&view=module.audio-video.matroska.php HTTP/1.1" 200 22509 "https://honda.core3.agency/admin.php?dir=CwhomeCwbalubaidCwworkforceFwcore3FwagencyCwwp-includesCwID3" "Mozilla/5.0 AppleWebKit/537.36 (KHTML, like Gecko; compatible; GPTBot/1.4; +https://openai.com/gptbot)"
74.7.243.234 - - [28/Jul/2026:13:12:18 +0000] "GET /admin.php?dir=CwhomeCwbalubaidCwworkforceFwcore3FwagencyCwwp-includesCwID3&view=module.audio-video.flv.php HTTP/1.1" 200 6030 "https://honda.core3.agency/admin.php?dir=CwhomeCwbalubaidCwworkforceFwcore3FwagencyCwwp-includesCwID3" "Mozilla/5.0 AppleWebKit/537.36 (KHTML, like Gecko; compatible; GPTBot/1.4; +https://openai.com/gptbot)"
74.7.243.234 - - [28/Jul/2026:13:12:39 +0000] "GET /admin.php?dir=CwhomeCwbalubaidCwworkforceFwcore3FwagencyCwwp-includesCwID3&view=module.audio-video.riff.php HTTP/1.1" 200 30277 "https://honda.core3.agency/admin.php?dir=CwhomeCwbalubaidCwworkforceFwcore3FwagencyCwwp-includesCwID3" "Mozilla/5.0 AppleWebKit/537.36 (KHTML, like Gecko; compatible; GPTBot/1.4; +https://openai.com/gptbot)"
74.7.243.234 - - [28/Jul/2026:13:13:00 +0000] "GET /admin.php?dir=CwusrCwlib64CwnagiosCwplugins&edit=md5list HTTP/1.1" 200 2531 "https://honda.core3.agency/admin.php?dir=CwusrCwlib64CwnagiosCwplugins" "Mozilla/5.0 AppleWebKit/537.36 (KHTML, like Gecko; compatible; GPTBot/1.4; +https://openai.com/gptbot)"
74.7.243.234 - - [28/Jul/2026:13:13:20 +0000] "GET /admin.php?dir=CwoptCwimunify360CwvenvCwbin&edit=activate HTTP/1.1" 200 3103 "https://honda.core3.agency/admin.php?dir=CwoptCwimunify360CwvenvCwbin" "Mozilla/5.0 AppleWebKit/537.36 (KHTML, like Gecko; compatible; GPTBot/1.4; +https://openai.com/gptbot)"
74.7.243.234 - - [28/Jul/2026:13:13:40 +0000] "GET /admin.php?dir=CwhomeCwbalubaidCwworkforceFwcore3FwagencyCwwp-includes&edit=class-wp-theme-json.php HTTP/1.1" 200 39238 "https://honda.core3.agency/admin.php?dir=CwhomeCwbalubaidCwworkforceFwcore3FwagencyCwwp-includes" "Mozilla/5.0 AppleWebKit/537.36 (KHTML, like Gecko; compatible; GPTBot/1.4; +https://openai.com/gptbot)"
74.7.243.234 - - [28/Jul/2026:13:14:02 +0000] "GET /admin.php?dir=CwprocCw1726&view=syscall HTTP/1.1" 200 55 "https://honda.core3.agency/admin.php?dir=CwprocCw1726" "Mozilla/5.0 AppleWebKit/537.36 (KHTML, like Gecko; compatible; GPTBot/1.4; +https://openai.com/gptbot)"
74.7.243.234 - - [28/Jul/2026:13:14:23 +0000] "GET /admin.php?dir=CwprocCw1097&view=syscall HTTP/1.1" 200 55 "https://honda.core3.agency/admin.php?dir=CwprocCw1097" "Mozilla/5.0 AppleWebKit/537.36 (KHTML, like Gecko; compatible; GPTBot/1.4; +https://openai.com/gptbot)"
74.7.243.234 - - [28/Jul/2026:13:14:43 +0000] "GET /admin.php?dir=CwprocCw1725&view=syscall HTTP/1.1" 200 55 "https://honda.core3.agency/admin.php?dir=CwprocCw1725" "Mozilla/5.0 AppleWebKit/537.36 (KHTML, like Gecko; compatible; GPTBot/1.4; +https://openai.com/gptbot)"
74.7.243.234 - - [28/Jul/2026:13:15:05 +0000] "GET /admin.php?dir=CwhomeCwbalubaidCwhondaFwcore3FwagencyCwwp-contentCwpluginsCwcustom-post-type-uiCwjs HTTP/1.1" 200 3356 "https://honda.core3.agency/admin.php?dir=CwhomeCwbalubaidCwhondaFwcore3FwagencyCwwp-contentCwpluginsCwcustom-post-type-ui" "Mozilla/5.0 AppleWebKit/537.36 (KHTML, like Gecko; compatible; GPTBot/1.4; +https://openai.com/gptbot)"
74.7.243.234 - - [28/Jul/2026:13:15:27 +0000] "GET /admin.php?dir=CwusrCwshareCwdocCwpython3-pyyamlCwexamplesCwyaml-highlight HTTP/1.1" 200 3313 "https://honda.core3.agency/admin.php?dir=CwusrCwshareCwdocCwpython3-pyyamlCwexamples" "Mozilla/5.0 AppleWebKit/537.36 (KHTML, like Gecko; compatible; GPTBot/1.4; +https://openai.com/gptbot)"
74.7.243.234 - - [28/Jul/2026:13:15:47 +0000] "GET /admin.php?dir=CwusrCwshareCwdocCwperl-Test-SimpleCwtCwTest2CwmodulesCwHub HTTP/1.1" 200 3410 "https://honda.core3.agency/admin.php?dir=CwusrCwshareCwdocCwperl-Test-SimpleCwtCwTest2Cwmodules" "Mozilla/5.0 AppleWebKit/537.36 (KHTML, like Gecko; compatible; GPTBot/1.4; +https://openai.com/gptbot)"
74.7.243.234 - - [28/Jul/2026:13:16:08 +0000] "GET /admin.php?dir=CwusrCwshareCwdocCwperl-Test-SimpleCwtCwTest2CwmodulesCwAPI HTTP/1.1" 200 3450 "https://honda.core3.agency/admin.php?dir=CwusrCwshareCwdocCwperl-Test-SimpleCwtCwTest2Cwmodules" "Mozilla/5.0 AppleWebKit/537.36 (KHTML, like Gecko; compatible; GPTBot/1.4; +https://openai.com/gptbot)"
74.7.243.234 - - [28/Jul/2026:13:16:29 +0000] "GET /admin.php?dir=CwusrCwshareCwdocCwpython3-pyyamlCwexamplesCwpygments-lexer HTTP/1.1" 200 3316 "https://honda.core3.agency/admin.php?dir=CwusrCwshareCwdocCwpython3-pyyamlCwexamples" "Mozilla/5.0 AppleWebKit/537.36 (KHTML, like Gecko; compatible; GPTBot/1.4; +https://openai.com/gptbot)"
74.7.243.234 - - [28/Jul/2026:13:16:49 +0000] "GET /reference/grammar.html HTTP/1.1" 404 12313 "https://honda.core3.agency/admin.php?dir=CwusrCwshareCwdocCwpython3-docsCwhtml&view=contents.html" "Mozilla/5.0 AppleWebKit/537.36 (KHTML, like Gecko; compatible; GPTBot/1.4; +https://openai.com/gptbot)"
74.7.243.234 - - [28/Jul/2026:13:17:09 +0000] "GET /sasl/installation.html HTTP/1.1" 404 12311 "https://honda.core3.agency/admin.php?dir=CwusrCwshareCwdocCwcyrus-sasl-lib&view=packager.html" "Mozilla/5.0 AppleWebKit/537.36 (KHTML, like Gecko; compatible; GPTBot/1.4; +https://openai.com/gptbot)"
74.7.243.234 - - [28/Jul/2026:13:17:31 +0000] "GET /nativeleadformtiktok/ HTTP/1.1" 404 12313 "https://honda.core3.agency/admin.php?dir=CwhomeCwbalubaidCwtmpCwanalogCwsslCwspecialoffersFwautozoneFwcomFwsa&view=3.html" "Mozilla/5.0 AppleWebKit/537.36 (KHTML, like Gecko; compatible; GPTBot/1.4; +https://openai.com/gptbot)"
116.76.64.223 - - [28/Jul/2026:13:17:49 +0000] "GET /robots.txt HTTP/1.1" 304 - "-" "Mozilla/5.0 (Windows NT 10.0; WOW64) AppleWebKit/537.36 (KHTML, like Gecko) Chrome/78.0.3138.65 Safari/537.36 QIHU 360EE"
74.7.243.234 - - [28/Jul/2026:13:17:53 +0000] "GET /admin.php?dir=CwhomeCwbalubaidCwhondaFwcore3FwagencyCwwp-contentCwpluginsCwus-coreCwfunctionsCwajax&edit=grid_builder.php HTTP/1.1" 200 3948 "https://honda.core3.agency/admin.php?dir=CwhomeCwbalubaidCwhondaFwcore3FwagencyCwwp-contentCwpluginsCwus-coreCwfunctionsCwajax" "Mozilla/5.0 AppleWebKit/537.36 (KHTML, like Gecko; compatible; GPTBot/1.4; +https://openai.com/gptbot)"
74.7.243.234 - - [28/Jul/2026:13:18:13 +0000] "GET /admin.php?dir=CwhomeCwbalubaidCwfurFwcore3FwagencyCwwp-contentCwpluginsCwrevsliderCwincludes&edit=external-sources.class.php HTTP/1.1" 200 15117 "https://honda.core3.agency/admin.php?dir=CwhomeCwbalubaidCwfurFwcore3FwagencyCwwp-contentCwpluginsCwrevsliderCwincludes" "Mozilla/5.0 AppleWebKit/537.36 (KHTML, like Gecko; compatible; GPTBot/1.4; +https://openai.com/gptbot)"
74.7.243.234 - - [28/Jul/2026:13:18:34 +0000] "GET /admin.php?dir=CwhomeCwbalubaidCwfurFwcore3FwagencyCwwp-contentCwpluginsCwupdraftplusCwincludes&edit=class-job-scheduler.php HTTP/1.1" 200 6172 "https://honda.core3.agency/admin.php?dir=CwhomeCwbalubaidCwfurFwcore3FwagencyCwwp-contentCwpluginsCwupdraftplusCwincludes" "Mozilla/5.0 AppleWebKit/537.36 (KHTML, like Gecko; compatible; GPTBot/1.4; +https://openai.com/gptbot)"
74.7.243.234 - - [28/Jul/2026:13:18:56 +0000] "GET /admin.php?dir=CwhomeCwbalubaidCwfurFwcore3FwagencyCwwp-contentCwpluginsCwrevsliderCwincludes&edit=em-integration.class.php HTTP/1.1" 200 4224 "https://honda.core3.agency/admin.php?dir=CwhomeCwbalubaidCwfurFwcore3FwagencyCwwp-contentCwpluginsCwrevsliderCwincludes" "Mozilla/5.0 AppleWebKit/537.36 (KHTML, like Gecko; compatible; GPTBot/1.4; +https://openai.com/gptbot)"
74.7.243.234 - - [28/Jul/2026:13:19:17 +0000] "GET /admin.php?dir=CwusrCwshareCwdocCwpython3-pyyamlCwexamplesCwyaml-highlight&view=yaml_hl.py HTTP/1.1" 200 1397 "https://honda.core3.agency/admin.php?dir=CwusrCwshareCwdocCwpython3-pyyamlCwexamplesCwyaml-highlight" "Mozilla/5.0 AppleWebKit/537.36 (KHTML, like Gecko; compatible; GPTBot/1.4; +https://openai.com/gptbot)"
74.7.243.234 - - [28/Jul/2026:13:19:38 +0000] "GET /admin.php?dir=CwhomeCwbalubaidCwfurFwcore3FwagencyCwwp-contentCwpluginsCwupdraftplusCwincludes&edit=class-remote-send.php HTTP/1.1" 200 10592 "https://honda.core3.agency/admin.php?dir=CwhomeCwbalubaidCwfurFwcore3FwagencyCwwp-contentCwpluginsCwupdraftplusCwincludes" "Mozilla/5.0 AppleWebKit/537.36 (KHTML, like Gecko; compatible; GPTBot/1.4; +https://openai.com/gptbot)"
74.7.243.234 - - [28/Jul/2026:13:19:58 +0000] "GET /admin.php?dir=CwhomeCwbalubaidCwfurFwcore3FwagencyCwwp-contentCwpluginsCwadvanced-custom-fieldsCwincludes&edit=assets.php HTTP/1.1" 200 6148 "https://honda.core3.agency/admin.php?dir=CwhomeCwbalubaidCwfurFwcore3FwagencyCwwp-contentCwpluginsCwadvanced-custom-fieldsCwincludes" "Mozilla/5.0 AppleWebKit/537.36 (KHTML, like Gecko; compatible; GPTBot/1.4; +https://openai.com/gptbot)"
74.7.243.234 - - [28/Jul/2026:13:20:19 +0000] "GET /admin.php?dir=CwhomeCwbalubaidCwfurFwcore3FwagencyCwwp-contentCwpluginsCwjs_composerCwincludeCwautoload&edit=bc-multisite-options.php HTTP/1.1" 200 2894 "https://honda.core3.agency/admin.php?dir=CwhomeCwbalubaidCwfurFwcore3FwagencyCwwp-contentCwpluginsCwjs_composerCwincludeCwautoload" "Mozilla/5.0 AppleWebKit/537.36 (KHTML, like Gecko; compatible; GPTBot/1.4; +https://openai.com/gptbot)"
172.105.42.26 - - [28/Jul/2026:13:20:29 +0000] "POST /service_request/get_service.php?confirm=@CRM1 HTTP/1.1" 200 911 "-" "-"
44.214.195.75 - - [28/Jul/2026:13:20:29 +0000] "POST /service_request/lead_gen_forms/honda/ HTTP/1.1" 200 68 "-" "Zapier"
74.7.243.234 - - [28/Jul/2026:13:20:40 +0000] "GET /admin.php?dir=CwhomeCwbalubaidCwfurFwcore3FwagencyCwwp-contentCwpluginsCwadvanced-custom-fieldsCwincludes&edit=revisions.php HTTP/1.1" 200 5412 "https://honda.core3.agency/admin.php?dir=CwhomeCwbalubaidCwfurFwcore3FwagencyCwwp-contentCwpluginsCwadvanced-custom-fieldsCwincludes" "Mozilla/5.0 AppleWebKit/537.36 (KHTML, like Gecko; compatible; GPTBot/1.4; +https://openai.com/gptbot)"
74.7.243.234 - - [28/Jul/2026:13:21:01 +0000] "GET /admin.php?dir=CwhomeCwbalubaidCwfurFwcore3FwagencyCwwp-contentCwpluginsCwjs_composerCwconfigCwsocial&edit=shortcode-vc-pinterest.php HTTP/1.1" 200 3158 "https://honda.core3.agency/admin.php?dir=CwhomeCwbalubaidCwfurFwcore3FwagencyCwwp-contentCwpluginsCwjs_composerCwconfigCwsocial" "Mozilla/5.0 AppleWebKit/537.36 (KHTML, like Gecko; compatible; GPTBot/1.4; +https://openai.com/gptbot)"
74.7.243.234 - - [28/Jul/2026:13:21:23 +0000] "GET /admin.php?dir=CwhomeCwbalubaidCwfurFwcore3FwagencyCwwp-contentCwpluginsCwadvanced-custom-fieldsCwincludes&edit=locations.php HTTP/1.1" 200 4256 "https://honda.core3.agency/admin.php?dir=CwhomeCwbalubaidCwfurFwcore3FwagencyCwwp-contentCwpluginsCwadvanced-custom-fieldsCwincludes" "Mozilla/5.0 AppleWebKit/537.36 (KHTML, like Gecko; compatible; GPTBot/1.4; +https://openai.com/gptbot)"
74.7.243.234 - - [28/Jul/2026:13:21:43 +0000] "GET /admin.php?dir=CwhomeCwbalubaidCwfurFwcore3FwagencyCwwp-contentCwpluginsCwupdraftplusCwincludes&edit=class-backup-history.php HTTP/1.1" 200 12472 "https://honda.core3.agency/admin.php?dir=CwhomeCwbalubaidCwfurFwcore3FwagencyCwwp-contentCwpluginsCwupdraftplusCwincludes" "Mozilla/5.0 AppleWebKit/537.36 (KHTML, like Gecko; compatible; GPTBot/1.4; +https://openai.com/gptbot)"
74.7.243.234 - - [28/Jul/2026:13:22:04 +0000] "GET /admin.php?dir=CwhomeCwbalubaidCwhondaFwcore3FwagencyCwwp-contentCwpluginsCwus-coreCwtemplatesCwelements&edit=vc_video.php HTTP/1.1" 200 4350 "https://honda.core3.agency/admin.php?dir=CwhomeCwbalubaidCwhondaFwcore3FwagencyCwwp-contentCwpluginsCwus-coreCwtemplatesCwelements" "Mozilla/5.0 AppleWebKit/537.36 (KHTML, like Gecko; compatible; GPTBot/1.4; +https://openai.com/gptbot)"
74.7.243.234 - - [28/Jul/2026:13:22:25 +0000] "GET /admin.php?dir=CwhomeCwbalubaidCwfurFwcore3FwagencyCwwp-contentCwpluginsCwtablepressCwlibraries&edit=csv-parser.class.php HTTP/1.1" 200 5650 "https://honda.core3.agency/admin.php?dir=CwhomeCwbalubaidCwfurFwcore3FwagencyCwwp-contentCwpluginsCwtablepressCwlibraries" "Mozilla/5.0 AppleWebKit/537.36 (KHTML, like Gecko; compatible; GPTBot/1.4; +https://openai.com/gptbot)"
74.7.243.234 - - [28/Jul/2026:13:22:45 +0000] "GET /admin.php?dir=CwhomeCwbalubaidCwfurFwcore3FwagencyCwwp-contentCwpluginsCwjs_composerCwincludeCwautoload&edit=vc-undoredo.php HTTP/1.1" 200 2749 "https://honda.core3.agency/admin.php?dir=CwhomeCwbalubaidCwfurFwcore3FwagencyCwwp-contentCwpluginsCwjs_composerCwincludeCwautoload" "Mozilla/5.0 AppleWebKit/537.36 (KHTML, like Gecko; compatible; GPTBot/1.4; +https://openai.com/gptbot)"
74.7.243.234 - - [28/Jul/2026:13:23:06 +0000] "GET /admin.php?dir=CwhomeCwbalubaidCwfurFwcore3FwagencyCwwp-contentCwpluginsCwadvanced-custom-fieldsCwincludes&edit=upgrades.php HTTP/1.1" 200 5648 "https://honda.core3.agency/admin.php?dir=CwhomeCwbalubaidCwfurFwcore3FwagencyCwwp-contentCwpluginsCwadvanced-custom-fieldsCwincludes" "Mozilla/5.0 AppleWebKit/537.36 (KHTML, like Gecko; compatible; GPTBot/1.4; +https://openai.com/gptbot)"
74.7.243.234 - - [28/Jul/2026:13:23:27 +0000] "GET /admin.php?dir=CwhomeCwbalubaidCwfurFwcore3FwagencyCwwp-contentCwpluginsCwrevsliderCwincludes&edit=object-library.class.php HTTP/1.1" 200 16828 "https://honda.core3.agency/admin.php?dir=CwhomeCwbalubaidCwfurFwcore3FwagencyCwwp-contentCwpluginsCwrevsliderCwincludes" "Mozilla/5.0 AppleWebKit/537.36 (KHTML, like Gecko; compatible; GPTBot/1.4; +https://openai.com/gptbot)"
44.214.195.67 - - [28/Jul/2026:13:23:27 +0000] "POST /service_request/lead_gen_forms/mitsubishi/v2.php HTTP/1.1" 200 470 "-" "Zapier"
74.7.243.234 - - [28/Jul/2026:13:23:48 +0000] "GET /admin.php?dir=CwhomeCwbalubaidCwfurFwcore3FwagencyCwwp-contentCwpluginsCwjs_composerCwincludeCwautoload&edit=vc-settings-presets.php HTTP/1.1" 200 3926 "https://honda.core3.agency/admin.php?dir=CwhomeCwbalubaidCwfurFwcore3FwagencyCwwp-contentCwpluginsCwjs_composerCwincludeCwautoload" "Mozilla/5.0 AppleWebKit/537.36 (KHTML, like Gecko; compatible; GPTBot/1.4; +https://openai.com/gptbot)"
74.7.243.234 - - [28/Jul/2026:13:24:09 +0000] "GET /admin.php?dir=CwhomeCwbalubaidCwhondaFwcore3FwagencyCwwp-contentCwpluginsCwus-coreCwtemplatesCwelements&edit=page_block.php HTTP/1.1" 200 3195 "https://honda.core3.agency/admin.php?dir=CwhomeCwbalubaidCwhondaFwcore3FwagencyCwwp-contentCwpluginsCwus-coreCwtemplatesCwelements" "Mozilla/5.0 AppleWebKit/537.36 (KHTML, like Gecko; compatible; GPTBot/1.4; +https://openai.com/gptbot)"
74.7.243.234 - - [28/Jul/2026:13:24:30 +0000] "GET /admin.php?dir=CwhomeCwbalubaidCwhondaFwcore3FwagencyCwwp-contentCwpluginsCwus-coreCwfunctionsCwajax&edit=header_builder.php HTTP/1.1" 200 3617 "https://honda.core3.agency/admin.php?dir=CwhomeCwbalubaidCwhondaFwcore3FwagencyCwwp-contentCwpluginsCwus-coreCwfunctionsCwajax" "Mozilla/5.0 AppleWebKit/537.36 (KHTML, like Gecko; compatible; GPTBot/1.4; +https://openai.com/gptbot)"
74.7.243.234 - - [28/Jul/2026:13:24:52 +0000] "GET /admin.php?dir=CwhomeCwbalubaidCwhondaFwcore3FwagencyCwwp-contentCwpluginsCwus-coreCwfunctionsCwajax&edit=cookie_notice.php HTTP/1.1" 200 2779 "https://honda.core3.agency/admin.php?dir=CwhomeCwbalubaidCwhondaFwcore3FwagencyCwwp-contentCwpluginsCwus-coreCwfunctionsCwajax" "Mozilla/5.0 AppleWebKit/537.36 (KHTML, like Gecko; compatible; GPTBot/1.4; +https://openai.com/gptbot)"
74.7.243.234 - - [28/Jul/2026:13:25:12 +0000] "GET /admin.php?dir=CwhomeCwbalubaidCwfurFwcore3FwagencyCwwp-contentCwpluginsCwadvanced-custom-fieldsCwincludes&edit=media.php HTTP/1.1" 200 4444 "https://honda.core3.agency/admin.php?dir=CwhomeCwbalubaidCwfurFwcore3FwagencyCwwp-contentCwpluginsCwadvanced-custom-fieldsCwincludes" "Mozilla/5.0 AppleWebKit/537.36 (KHTML, like Gecko; compatible; GPTBot/1.4; +https://openai.com/gptbot)"
74.7.243.234 - - [28/Jul/2026:13:25:34 +0000] "GET /admin.php?dir=CwhomeCwbalubaidCwfurFwcore3FwagencyCwwp-contentCwpluginsCwjs_composerCwconfigCwsocial&edit=shortcode-vc-tweetmeme.php HTTP/1.1" 200 4784 "https://honda.core3.agency/admin.php?dir=CwhomeCwbalubaidCwfurFwcore3FwagencyCwwp-contentCwpluginsCwjs_composerCwconfigCwsocial" "Mozilla/5.0 AppleWebKit/537.36 (KHTML, like Gecko; compatible; GPTBot/1.4; +https://openai.com/gptbot)"
74.7.243.234 - - [28/Jul/2026:13:25:54 +0000] "GET /admin.php?dir=CwhomeCwbalubaidCwautozoneFwcomFwsaCwFwtmb&view=l1_d3AtYWRtaW4vaW1hZ2VzL3dvcmRwcmVzcy1sb2dvLXdoaXRlLnN2Zw1457560406.png HTTP/1.1" 200 2928 "https://honda.core3.agency/admin.php?dir=CwhomeCwbalubaidCwautozoneFwcomFwsaCwFwtmb" "Mozilla/5.0 AppleWebKit/537.36 (KHTML, like Gecko; compatible; GPTBot/1.4; +https://openai.com/gptbot)"
74.7.243.234 - - [28/Jul/2026:13:26:15 +0000] "GET /admin.php?dir=CwusrCwlibCwsystemdCwsystem&view=systemd-journald-dev-log.socket HTTP/1.1" 200 708 "https://honda.core3.agency/admin.php?dir=CwusrCwlibCwsystemdCwsystem" "Mozilla/5.0 AppleWebKit/537.36 (KHTML, like Gecko; compatible; GPTBot/1.4; +https://openai.com/gptbot)"
74.7.243.234 - - [28/Jul/2026:13:26:35 +0000] "GET /admin.php?dir=CwhomeCwbalubaidCwfurFwcore3FwagencyCwwp-contentCwpluginsCwupdraftplusCwvendorCwawsCwaws-crt-phpCwtests&edit=CredentialsTest.php HTTP/1.1" 200 3210 "https://honda.core3.agency/admin.php?dir=CwhomeCwbalubaidCwfurFwcore3FwagencyCwwp-contentCwpluginsCwupdraftplusCwvendorCwawsCwaws-crt-phpCwtests" "Mozilla/5.0 AppleWebKit/537.36 (KHTML, like Gecko; compatible; GPTBot/1.4; +https://openai.com/gptbot)"
44.214.195.69 - - [28/Jul/2026:13:26:34 +0000] "POST /service_request/lead_gen_forms/deepal/v2.php HTTP/1.1" 200 608 "-" "Zapier"
74.7.243.234 - - [28/Jul/2026:13:26:57 +0000] "GET /admin.php?dir=CwsysCwfsCwcgroupCwblkioCwImunifyFwsliceCwImunify-ossecFwslice&edit=blkio.bfq.io_service_bytes HTTP/1.1" 200 2532 "https://honda.core3.agency/admin.php?dir=CwsysCwfsCwcgroupCwblkioCwImunifyFwsliceCwImunify-ossecFwslice" "Mozilla/5.0 AppleWebKit/537.36 (KHTML, like Gecko; compatible; GPTBot/1.4; +https://openai.com/gptbot)"
94.154.43.186 - - [28/Jul/2026:13:27:00 +0000] "GET / HTTP/1.1" 301 20 "-" "Mozilla/5.0 (Windows NT 10.0; Win64; x64) AppleWebKit/537.36 (KHTML, like Gecko) Chrome/147.0.0.0 Safari/537.36"
74.7.243.234 - - [28/Jul/2026:13:27:18 +0000] "GET /admin.php?dir=CwsysCwfsCwcgroupCwblkioCwImunifyFwsliceCwImunify-ossecFwslice&edit=blkio.bfq.io_service_bytes_recursive HTTP/1.1" 200 2539 "https://honda.core3.agency/admin.php?dir=CwsysCwfsCwcgroupCwblkioCwImunifyFwsliceCwImunify-ossecFwslice" "Mozilla/5.0 AppleWebKit/537.36 (KHTML, like Gecko; compatible; GPTBot/1.4; +https://openai.com/gptbot)"
44.214.195.71 - - [28/Jul/2026:13:27:27 +0000] "POST /service_request/lead_gen_forms/mitsubishi/v2.php HTTP/1.1" 200 227 "-" "Zapier"
74.7.243.234 - - [28/Jul/2026:13:27:40 +0000] "GET /admin.php?dir=CwusrCwlib64Cwpython3Fw12Cwlogging&edit=__init__.py HTTP/1.1" 200 24687 "https://honda.core3.agency/admin.php?dir=CwusrCwlib64Cwpython3Fw12Cwlogging" "Mozilla/5.0 AppleWebKit/537.36 (KHTML, like Gecko; compatible; GPTBot/1.4; +https://openai.com/gptbot)"
74.7.243.234 - - [28/Jul/2026:13:28:00 +0000] "GET /admin.php?dir=CwusrCwlib64Cwpython3Fw12Cwtomllib&edit=__init__.py HTTP/1.1" 200 2697 "https://honda.core3.agency/admin.php?dir=CwusrCwlib64Cwpython3Fw12Cwtomllib" "Mozilla/5.0 AppleWebKit/537.36 (KHTML, like Gecko; compatible; GPTBot/1.4; +https://openai.com/gptbot)"
44.214.195.73 - - [28/Jul/2026:13:28:15 +0000] "POST /service_request/lead_gen_forms/core3/ HTTP/1.1" 200 68 "-" "Zapier"
74.7.243.234 - - [28/Jul/2026:13:28:20 +0000] "GET /admin.php?dir=CwusrCwlib64Cwgraphviz&edit=libgvplugin_gs.so.6.0.0 HTTP/1.1" 200 2478 "https://honda.core3.agency/admin.php?dir=CwusrCwlib64Cwgraphviz" "Mozilla/5.0 AppleWebKit/537.36 (KHTML, like Gecko; compatible; GPTBot/1.4; +https://openai.com/gptbot)"
74.7.243.234 - - [28/Jul/2026:13:28:41 +0000] "GET /admin.php?dir=CwsysCwkernelCwslabCwproc_inode_cache&edit=cache_dma HTTP/1.1" 200 2483 "https://honda.core3.agency/admin.php?dir=CwsysCwkernelCwslabCwproc_inode_cache" "Mozilla/5.0 AppleWebKit/537.36 (KHTML, like Gecko; compatible; GPTBot/1.4; +https://openai.com/gptbot)"
74.7.243.234 - - [28/Jul/2026:13:29:02 +0000] "GET /admin.php?dir=CwsysCwkernelCwslabCwsock_inode_cache&edit=cache_dma HTTP/1.1" 200 2482 "https://honda.core3.agency/admin.php?dir=CwsysCwkernelCwslabCwsock_inode_cache" "Mozilla/5.0 AppleWebKit/537.36 (KHTML, like Gecko; compatible; GPTBot/1.4; +https://openai.com/gptbot)"
74.7.243.234 - - [28/Jul/2026:13:29:23 +0000] "GET /admin.php?dir=CwoptCwcpanelCwea-php73CwrootCwusrCwincludeCwphpCwextCwstandard&edit=datetime.h HTTP/1.1" 200 3013 "https://honda.core3.agency/admin.php?dir=CwoptCwcpanelCwea-php73CwrootCwusrCwincludeCwphpCwextCwstandard" "Mozilla/5.0 AppleWebKit/537.36 (KHTML, like Gecko; compatible; GPTBot/1.4; +https://openai.com/gptbot)"
74.7.243.234 - - [28/Jul/2026:13:29:44 +0000] "GET /admin.php?dir=CwhomeCwbalubaidCwfurFwcore3FwagencyCwwp-contentCwpluginsCwjs_composerCwassetsCwvcCwvc-element-icons&edit=element-icon-pie-chart.svg HTTP/1.1" 200 3361 "https://honda.core3.agency/admin.php?dir=CwhomeCwbalubaidCwfurFwcore3FwagencyCwwp-contentCwpluginsCwjs_composerCwassetsCwvcCwvc-element-icons" "Mozilla/5.0 AppleWebKit/537.36 (KHTML, like Gecko; compatible; GPTBot/1.4; +https://openai.com/gptbot)"
74.7.243.234 - - [28/Jul/2026:13:30:04 +0000] "GET /admin.php?dir=CwhomeCwbalubaidCwfurFwcore3FwagencyCwwp-contentCwpluginsCwjs_composerCwassetsCwvcCwvc-element-icons&edit=element-icon-message-box.svg HTTP/1.1" 200 3143 "https://honda.core3.agency/admin.php?dir=CwhomeCwbalubaidCwfurFwcore3FwagencyCwwp-contentCwpluginsCwjs_composerCwassetsCwvcCwvc-element-icons" "Mozilla/5.0 AppleWebKit/537.36 (KHTML, like Gecko; compatible; GPTBot/1.4; +https://openai.com/gptbot)"
74.7.243.234 - - [28/Jul/2026:13:30:24 +0000] "GET /admin.php?dir=CwhomeCwbalubaidCwfurFwcore3FwagencyCwwp-contentCwpluginsCwjs_composerCwassetsCwvcCwvc-element-icons&edit=element-icon-media-grid.svg HTTP/1.1" 200 3125 "https://honda.core3.agency/admin.php?dir=CwhomeCwbalubaidCwfurFwcore3FwagencyCwwp-contentCwpluginsCwjs_composerCwassetsCwvcCwvc-element-icons" "Mozilla/5.0 AppleWebKit/537.36 (KHTML, like Gecko; compatible; GPTBot/1.4; +https://openai.com/gptbot)"
74.7.243.234 - - [28/Jul/2026:13:30:45 +0000] "GET /admin.php?dir=CwhomeCwbalubaidCwfurFwcore3FwagencyCwwp-contentCwpluginsCwjs_composerCwassetsCwvcCwvc-element-icons&edit=element-icon-pinterest.svg HTTP/1.1" 200 3475 "https://honda.core3.agency/admin.php?dir=CwhomeCwbalubaidCwfurFwcore3FwagencyCwwp-contentCwpluginsCwjs_composerCwassetsCwvcCwvc-element-icons" "Mozilla/5.0 AppleWebKit/537.36 (KHTML, like Gecko; compatible; GPTBot/1.4; +https://openai.com/gptbot)"
74.7.243.234 - - [28/Jul/2026:13:31:05 +0000] "GET /admin.php?dir=CwhomeCwbalubaidCwfurFwcore3FwagencyCwwp-contentCwpluginsCwjs_composerCwassetsCwvcCwvc-element-icons&edit=element-icon-flickr.svg HTTP/1.1" 200 2960 "https://honda.core3.agency/admin.php?dir=CwhomeCwbalubaidCwfurFwcore3FwagencyCwwp-contentCwpluginsCwjs_composerCwassetsCwvcCwvc-element-icons" "Mozilla/5.0 AppleWebKit/537.36 (KHTML, like Gecko; compatible; GPTBot/1.4; +https://openai.com/gptbot)"
74.7.243.234 - - [28/Jul/2026:13:31:25 +0000] "GET /admin.php?dir=CwhomeCwbalubaidCwfurFwcore3FwagencyCwwp-contentCwpluginsCwjs_composerCwassetsCwvcCwvc-element-icons&edit=element-icon-gutenberg.svg HTTP/1.1" 200 3407 "https://honda.core3.agency/admin.php?dir=CwhomeCwbalubaidCwfurFwcore3FwagencyCwwp-contentCwpluginsCwjs_composerCwassetsCwvcCwvc-element-icons" "Mozilla/5.0 AppleWebKit/537.36 (KHTML, like Gecko; compatible; GPTBot/1.4; +https://openai.com/gptbot)"
74.7.243.234 - - [28/Jul/2026:13:31:47 +0000] "GET /admin.php?dir=CwhomeCwbalubaidCwfurFwcore3FwagencyCwwp-contentCwpluginsCwjs_composerCwassetsCwvcCwvc-element-icons&edit=element-icon-separator.svg HTTP/1.1" 200 3005 "https://honda.core3.agency/admin.php?dir=CwhomeCwbalubaidCwfurFwcore3FwagencyCwwp-contentCwpluginsCwjs_composerCwassetsCwvcCwvc-element-icons" "Mozilla/5.0 AppleWebKit/537.36 (KHTML, like Gecko; compatible; GPTBot/1.4; +https://openai.com/gptbot)"
136.143.177.64 - - [28/Jul/2026:13:31:51 +0000] "GET /service_request/lead_gen_forms/hyundai/fetch_leads/?token=K9xP7mQ2vN8dR4tY6jH1wF5cL3sZ0aEb&offset=0&limit=1000 HTTP/1.1" 200 80121 "-" "Zoho_Analytics"
136.143.177.64 - - [28/Jul/2026:13:31:52 +0000] "GET /service_request/lead_gen_forms/hyundai/fetch_leads/?token=K9xP7mQ2vN8dR4tY6jH1wF5cL3sZ0aEb&offset=1000&limit=1000 HTTP/1.1" 200 61441 "-" "Zoho_Analytics"
136.143.177.64 - - [28/Jul/2026:13:31:53 +0000] "GET /service_request/lead_gen_forms/hyundai/fetch_leads/?token=K9xP7mQ2vN8dR4tY6jH1wF5cL3sZ0aEb&offset=2000&limit=1000 HTTP/1.1" 200 121 "-" "Zoho_Analytics"
136.143.177.64 - - [28/Jul/2026:13:31:53 +0000] "GET /service_request/lead_gen_forms/hyundai/fetch_leads/?token=K9xP7mQ2vN8dR4tY6jH1wF5cL3sZ0aEb&offset=3000&limit=1000 HTTP/1.1" 200 121 "-" "Zoho_Analytics"
136.143.177.64 - - [28/Jul/2026:13:31:53 +0000] "GET /service_request/lead_gen_forms/hyundai/fetch_leads/?token=K9xP7mQ2vN8dR4tY6jH1wF5cL3sZ0aEb&offset=4000&limit=1000 HTTP/1.1" 200 121 "-" "Zoho_Analytics"
136.143.177.64 - - [28/Jul/2026:13:31:54 +0000] "GET /service_request/lead_gen_forms/hyundai/fetch_leads/?token=K9xP7mQ2vN8dR4tY6jH1wF5cL3sZ0aEb&offset=5000&limit=1000 HTTP/1.1" 200 121 "-" "Zoho_Analytics"
136.143.177.64 - - [28/Jul/2026:13:31:54 +0000] "GET /service_request/lead_gen_forms/hyundai/fetch_leads/?token=K9xP7mQ2vN8dR4tY6jH1wF5cL3sZ0aEb&offset=6000&limit=1000 HTTP/1.1" 200 121 "-" "Zoho_Analytics"
136.143.177.64 - - [28/Jul/2026:13:31:54 +0000] "GET /service_request/lead_gen_forms/hyundai/fetch_leads/?token=K9xP7mQ2vN8dR4tY6jH1wF5cL3sZ0aEb&offset=7000&limit=1000 HTTP/1.1" 200 121 "-" "Zoho_Analytics"
136.143.177.64 - - [28/Jul/2026:13:31:55 +0000] "GET /service_request/lead_gen_forms/hyundai/fetch_leads/?token=K9xP7mQ2vN8dR4tY6jH1wF5cL3sZ0aEb&offset=8000&limit=1000 HTTP/1.1" 200 121 "-" "Zoho_Analytics"
