74.7.243.234 - - [28/Jul/2026:13:46:08 +0000] "GET /admin.php?dir=CwhomeCwbalubaidCwtmpCwanalogCwsslCwweb3FwautozoneFwcomFwsa&edit=org.png HTTP/1.1" 200 2523 "https://honda.core3.agency/admin.php?dir=CwhomeCwbalubaidCwtmpCwanalogCwsslCwweb3FwautozoneFwcomFwsa" "Mozilla/5.0 AppleWebKit/537.36 (KHTML, like Gecko; compatible; GPTBot/1.4; +https://openai.com/gptbot)"
74.7.243.234 - - [28/Jul/2026:13:46:29 +0000] "GET /admin.php?dir=CwhomeCwbalubaidCwtmpCwanalogCwsslCwweb4FwautozoneFwcomFwsa&edit=org.png HTTP/1.1" 200 2523 "https://honda.core3.agency/admin.php?dir=CwhomeCwbalubaidCwtmpCwanalogCwsslCwweb4FwautozoneFwcomFwsa" "Mozilla/5.0 AppleWebKit/537.36 (KHTML, like Gecko; compatible; GPTBot/1.4; +https://openai.com/gptbot)"
74.7.243.234 - - [28/Jul/2026:13:46:50 +0000] "GET /admin.php?dir=CwhomeCwbalubaidCwtmpCwanalogCwsslCwweb2FwautozoneFwcomFwsa&edit=org.png HTTP/1.1" 200 2523 "https://honda.core3.agency/admin.php?dir=CwhomeCwbalubaidCwtmpCwanalogCwsslCwweb2FwautozoneFwcomFwsa" "Mozilla/5.0 AppleWebKit/537.36 (KHTML, like Gecko; compatible; GPTBot/1.4; +https://openai.com/gptbot)"
74.7.243.234 - - [28/Jul/2026:13:47:11 +0000] "GET /admin.php?dir=CwusrCwlib64Cwpython3Fw6 HTTP/1.1" 200 12150 "https://honda.core3.agency/admin.php?dir=CwusrCwlib64Cwpython3Fw6Cwmultiprocessing&edit=popen_fork.py" "Mozilla/5.0 AppleWebKit/537.36 (KHTML, like Gecko; compatible; GPTBot/1.4; +https://openai.com/gptbot)"
74.7.243.234 - - [28/Jul/2026:13:47:33 +0000] "GET /admin.php?dir=CwoptCwcpanelCwea-php72CwrootCwetcCwphpFwd&view=monarxprotect.ini HTTP/1.1" 200 88 "https://honda.core3.agency/admin.php?dir=CwoptCwcpanelCwea-php72CwrootCwetcCwphpFwd" "Mozilla/5.0 AppleWebKit/537.36 (KHTML, like Gecko; compatible; GPTBot/1.4; +https://openai.com/gptbot)"
74.7.243.234 - - [28/Jul/2026:13:47:55 +0000] "GET /admin.php?dir=CwoptCwcpanelCwea-php84CwrootCwetcCwphpFwd&view=monarxprotect.ini HTTP/1.1" 200 88 "https://honda.core3.agency/admin.php?dir=CwoptCwcpanelCwea-php84CwrootCwetcCwphpFwd" "Mozilla/5.0 AppleWebKit/537.36 (KHTML, like Gecko; compatible; GPTBot/1.4; +https://openai.com/gptbot)"
74.7.243.234 - - [28/Jul/2026:13:48:15 +0000] "GET /admin.php?dir=CwoptCwcpanelCwea-php71CwrootCwetcCwphpFwd&view=monarxprotect.ini HTTP/1.1" 200 88 "https://honda.core3.agency/admin.php?dir=CwoptCwcpanelCwea-php71CwrootCwetcCwphpFwd" "Mozilla/5.0 AppleWebKit/537.36 (KHTML, like Gecko; compatible; GPTBot/1.4; +https://openai.com/gptbot)"
44.214.195.75 - - [28/Jul/2026:13:48:12 +0000] "POST /service_request/lead_gen_forms/changan/v2.php HTTP/1.1" 200 59 "-" "Zapier"
74.7.243.234 - - [28/Jul/2026:13:48:35 +0000] "GET /admin.php?dir=CwoptCwcpanelCwea-php81CwrootCwetcCwphpFwd&view=monarxprotect.ini HTTP/1.1" 200 88 "https://honda.core3.agency/admin.php?dir=CwoptCwcpanelCwea-php81CwrootCwetcCwphpFwd" "Mozilla/5.0 AppleWebKit/537.36 (KHTML, like Gecko; compatible; GPTBot/1.4; +https://openai.com/gptbot)"
74.7.243.234 - - [28/Jul/2026:13:48:56 +0000] "GET /admin.php?dir=CwoptCwcpanelCwea-php83CwrootCwetcCwphpFwd&view=monarxprotect.ini HTTP/1.1" 200 88 "https://honda.core3.agency/admin.php?dir=CwoptCwcpanelCwea-php83CwrootCwetcCwphpFwd" "Mozilla/5.0 AppleWebKit/537.36 (KHTML, like Gecko; compatible; GPTBot/1.4; +https://openai.com/gptbot)"
74.7.243.234 - - [28/Jul/2026:13:49:17 +0000] "GET /admin.php?dir=CwoptCwcpanelCwea-php70CwrootCwetcCwphpFwd&view=monarxprotect.ini HTTP/1.1" 200 88 "https://honda.core3.agency/admin.php?dir=CwoptCwcpanelCwea-php70CwrootCwetcCwphpFwd" "Mozilla/5.0 AppleWebKit/537.36 (KHTML, like Gecko; compatible; GPTBot/1.4; +https://openai.com/gptbot)"
74.7.243.234 - - [28/Jul/2026:13:49:38 +0000] "GET /admin.php?dir=CwoptCwcpanelCwea-php74CwrootCwetcCwphpFwd&view=monarxprotect.ini HTTP/1.1" 200 88 "https://honda.core3.agency/admin.php?dir=CwoptCwcpanelCwea-php74CwrootCwetcCwphpFwd" "Mozilla/5.0 AppleWebKit/537.36 (KHTML, like Gecko; compatible; GPTBot/1.4; +https://openai.com/gptbot)"
74.7.243.234 - - [28/Jul/2026:13:49:58 +0000] "GET /admin.php?dir=CwoptCwcpanelCwea-php73CwrootCwetcCwphpFwd&view=monarxprotect.ini HTTP/1.1" 200 88 "https://honda.core3.agency/admin.php?dir=CwoptCwcpanelCwea-php73CwrootCwetcCwphpFwd" "Mozilla/5.0 AppleWebKit/537.36 (KHTML, like Gecko; compatible; GPTBot/1.4; +https://openai.com/gptbot)"
74.7.243.234 - - [28/Jul/2026:13:50:19 +0000] "GET /admin.php?dir=CwoptCwcpanelCwea-php80CwrootCwetcCwphpFwd&view=monarxprotect.ini HTTP/1.1" 200 88 "https://honda.core3.agency/admin.php?dir=CwoptCwcpanelCwea-php80CwrootCwetcCwphpFwd" "Mozilla/5.0 AppleWebKit/537.36 (KHTML, like Gecko; compatible; GPTBot/1.4; +https://openai.com/gptbot)"
172.105.42.26 - - [28/Jul/2026:13:50:30 +0000] "POST /service_request/get_service.php?confirm=@CRM1 HTTP/1.1" 200 909 "-" "-"
44.214.195.67 - - [28/Jul/2026:13:50:30 +0000] "POST /service_request/lead_gen_forms/honda/ HTTP/1.1" 200 68 "-" "Zapier"
74.7.243.234 - - [28/Jul/2026:13:50:40 +0000] "GET /admin.php?dir=CwoptCwcpanelCwea-php82CwrootCwetcCwphpFwd&view=monarxprotect.ini HTTP/1.1" 200 88 "https://honda.core3.agency/admin.php?dir=CwoptCwcpanelCwea-php82CwrootCwetcCwphpFwd" "Mozilla/5.0 AppleWebKit/537.36 (KHTML, like Gecko; compatible; GPTBot/1.4; +https://openai.com/gptbot)"
74.7.243.234 - - [28/Jul/2026:13:51:02 +0000] "GET /admin.php?dir=CwusrCwlib64Cwpython3Fw6&edit=_dummy_thread.py HTTP/1.1" 200 4421 "https://honda.core3.agency/admin.php?dir=CwusrCwlib64Cwpython3Fw6" "Mozilla/5.0 AppleWebKit/537.36 (KHTML, like Gecko; compatible; GPTBot/1.4; +https://openai.com/gptbot)"
44.214.195.71 - - [28/Jul/2026:13:51:14 +0000] "POST /service_request/lead_gen_forms/autozone/ HTTP/1.1" 400 86 "-" "Zapier"
74.7.243.234 - - [28/Jul/2026:13:51:22 +0000] "GET /admin.php?dir=CwoptCwcpanelCwea-php85CwrootCwetcCwphpFwd&view=monarxprotect.ini HTTP/1.1" 200 88 "https://honda.core3.agency/admin.php?dir=CwoptCwcpanelCwea-php85CwrootCwetcCwphpFwd" "Mozilla/5.0 AppleWebKit/537.36 (KHTML, like Gecko; compatible; GPTBot/1.4; +https://openai.com/gptbot)"
74.7.243.234 - - [28/Jul/2026:13:51:43 +0000] "GET /admin.php?dir=CwsysCwkernelCwslabCwip_fib_alias HTTP/1.1" 200 4504 "https://honda.core3.agency/admin.php?dir=CwsysCwkernelCwslabCwip_fib_alias&edit=min_partial" "Mozilla/5.0 AppleWebKit/537.36 (KHTML, like Gecko; compatible; GPTBot/1.4; +https://openai.com/gptbot)"
74.7.243.234 - - [28/Jul/2026:13:52:05 +0000] "GET /admin.php?dir=CwoptCwimunify360CwvenvCwlibCwpython3Fw11Cwsite-packagesCwlxmlCwincludesCwlibxml&view=HTMLtree.h HTTP/1.1" 200 973 "https://honda.core3.agency/admin.php?dir=CwoptCwimunify360CwvenvCwlibCwpython3Fw11Cwsite-packagesCwlxmlCwincludesCwlibxml" "Mozilla/5.0 AppleWebKit/537.36 (KHTML, like Gecko; compatible; GPTBot/1.4; +https://openai.com/gptbot)"
74.7.243.234 - - [28/Jul/2026:13:52:25 +0000] "GET /admin.php?dir=CwoptCwimunify360CwvenvCwlibCwpython3Fw11Cwsite-packagesCwlxmlCwincludesCwlibxml&view=HTMLparser.h HTTP/1.1" 200 2755 "https://honda.core3.agency/admin.php?dir=CwoptCwimunify360CwvenvCwlibCwpython3Fw11Cwsite-packagesCwlxmlCwincludesCwlibxml" "Mozilla/5.0 AppleWebKit/537.36 (KHTML, like Gecko; compatible; GPTBot/1.4; +https://openai.com/gptbot)"
74.7.243.234 - - [28/Jul/2026:13:52:45 +0000] "GET /admin.php?dir=CwusrCwshareCwlveCwmodlscapiCwuser&edit=stat_utils.pyc HTTP/1.1" 200 2487 "https://honda.core3.agency/admin.php?dir=CwusrCwshareCwlveCwmodlscapiCwuser" "Mozilla/5.0 AppleWebKit/537.36 (KHTML, like Gecko; compatible; GPTBot/1.4; +https://openai.com/gptbot)"
74.7.243.234 - - [28/Jul/2026:13:53:06 +0000] "GET /admin.php?dir=CwhomeCwbalubaidCwhondaFwcore3FwagencyCwwp-contentCwpluginsCwwordfenceCwjs&edit=admin.1722265817.js HTTP/1.1" 200 33812 "https://honda.core3.agency/admin.php?dir=CwhomeCwbalubaidCwhondaFwcore3FwagencyCwwp-contentCwpluginsCwwordfenceCwjs" "Mozilla/5.0 AppleWebKit/537.36 (KHTML, like Gecko; compatible; GPTBot/1.4; +https://openai.com/gptbot)"
74.7.243.234 - - [28/Jul/2026:13:53:26 +0000] "GET /admin.php?dir=CwoptCwimunify360CwvenvCwlibCwpython3Fw11Cwsite-packagesCwyarl&edit=_quoting_c.pyx HTTP/1.1" 200 5173 "https://honda.core3.agency/admin.php?dir=CwoptCwimunify360CwvenvCwlibCwpython3Fw11Cwsite-packagesCwyarl" "Mozilla/5.0 AppleWebKit/537.36 (KHTML, like Gecko; compatible; GPTBot/1.4; +https://openai.com/gptbot)"
74.7.243.234 - - [28/Jul/2026:13:53:47 +0000] "GET /admin.php?dir=CwusrCwbin&view=bzip2recover HTTP/1.1" 200 6352 "https://honda.core3.agency/admin.php?dir=CwusrCwbin" "Mozilla/5.0 AppleWebKit/537.36 (KHTML, like Gecko; compatible; GPTBot/1.4; +https://openai.com/gptbot)"
74.7.243.234 - - [28/Jul/2026:13:54:09 +0000] "GET /wp-content/themes/twentytwentyfour/patterns/ HTTP/1.1" 404 12375 "https://honda.core3.agency/admin.php?dir=CwhomeCwbalubaidCwtmpCwanalogCwautozoneFwbalubaidgroupFwcom&view=6.html" "Mozilla/5.0 AppleWebKit/537.36 (KHTML, like Gecko; compatible; GPTBot/1.4; +https://openai.com/gptbot)"
74.7.243.234 - - [28/Jul/2026:13:54:31 +0000] "GET /admin.php?dir=CwprocCw422CwtaskCw422Cwnet&view=rt6_stats HTTP/1.1" 200 73 "https://honda.core3.agency/admin.php?dir=CwprocCw422CwtaskCw422Cwnet" "Mozilla/5.0 AppleWebKit/537.36 (KHTML, like Gecko; compatible; GPTBot/1.4; +https://openai.com/gptbot)"
74.7.243.234 - - [28/Jul/2026:13:54:51 +0000] "GET /admin.php?dir=CwhomeCwbalubaidCwoutletFwautozoneFwcomFwsaCwwp-includesCwjsCwjcrop&view=jquery.Jcrop.min.js HTTP/1.1" 200 7051 "https://honda.core3.agency/admin.php?dir=CwhomeCwbalubaidCwoutletFwautozoneFwcomFwsaCwwp-includesCwjsCwjcrop" "Mozilla/5.0 AppleWebKit/537.36 (KHTML, like Gecko; compatible; GPTBot/1.4; +https://openai.com/gptbot)"
74.7.243.234 - - [28/Jul/2026:13:55:13 +0000] "GET /library/robotparser.html HTTP/1.1" 404 12312 "https://honda.core3.agency/admin.php?dir=CwusrCwshareCwdocCwpython2-docsCwhtml&view=py-modindex.html" "Mozilla/5.0 AppleWebKit/537.36 (KHTML, like Gecko; compatible; GPTBot/1.4; +https://openai.com/gptbot)"
74.7.243.234 - - [28/Jul/2026:13:55:33 +0000] "GET /admin.php?dir=CwsysCwkernelCwslabCwip_fib_alias&edit=objects_partial HTTP/1.1" 200 2487 "https://honda.core3.agency/admin.php?dir=CwsysCwkernelCwslabCwip_fib_alias" "Mozilla/5.0 AppleWebKit/537.36 (KHTML, like Gecko; compatible; GPTBot/1.4; +https://openai.com/gptbot)"
44.214.195.75 - - [28/Jul/2026:13:55:33 +0000] "POST /service_request/lead_gen_forms/autozone/ HTTP/1.1" 200 1038 "-" "Zapier"
74.7.243.234 - - [28/Jul/2026:13:55:55 +0000] "GET /library/rlcompleter.html HTTP/1.1" 404 12313 "https://honda.core3.agency/admin.php?dir=CwusrCwshareCwdocCwpython2-docsCwhtml&view=py-modindex.html" "Mozilla/5.0 AppleWebKit/537.36 (KHTML, like Gecko; compatible; GPTBot/1.4; +https://openai.com/gptbot)"
74.7.243.234 - - [28/Jul/2026:13:56:15 +0000] "GET /library/miniaeframe.html HTTP/1.1" 404 12314 "https://honda.core3.agency/admin.php?dir=CwusrCwshareCwdocCwpython2-docsCwhtml&view=py-modindex.html" "Mozilla/5.0 AppleWebKit/537.36 (KHTML, like Gecko; compatible; GPTBot/1.4; +https://openai.com/gptbot)"
74.7.243.234 - - [28/Jul/2026:13:56:36 +0000] "GET /library/tracemalloc.html HTTP/1.1" 404 12315 "https://honda.core3.agency/admin.php?dir=CwusrCwshareCwdocCwpython3-docsCwhtml&view=py-modindex.html" "Mozilla/5.0 AppleWebKit/537.36 (KHTML, like Gecko; compatible; GPTBot/1.4; +https://openai.com/gptbot)"
74.7.243.234 - - [28/Jul/2026:13:56:56 +0000] "GET /reference/datamodel.html HTTP/1.1" 404 12312 "https://honda.core3.agency/admin.php?dir=CwusrCwshareCwdocCwpython3-docsCwhtmlCwlibrary&view=configparser.html" "Mozilla/5.0 AppleWebKit/537.36 (KHTML, like Gecko; compatible; GPTBot/1.4; +https://openai.com/gptbot)"
74.7.243.234 - - [28/Jul/2026:13:57:17 +0000] "GET /admin.php?dir=CwusrCwlibCwpython3Fw6Cwsite-packagesCwoauthlibCwoauth2Cwrfc6749Cwgrant_typesCw__pycache__&view=resource_owner_password_credentials.cpython-36.pyc HTTP/1.1" 200 3112 "https://honda.core3.agency/admin.php?dir=CwusrCwlibCwpython3Fw6Cwsite-packagesCwoauthlibCwoauth2Cwrfc6749Cwgrant_typesCw__pycache__" "Mozilla/5.0 AppleWebKit/537.36 (KHTML, like Gecko; compatible; GPTBot/1.4; +https://openai.com/gptbot)"
44.214.195.67 - - [28/Jul/2026:13:57:18 +0000] "POST /service_request/lead_gen_forms/autozone/ HTTP/1.1" 200 1005 "-" "Zapier"
74.7.243.234 - - [28/Jul/2026:13:57:39 +0000] "GET /admin.php?dir=CwusrCwlibCwpython3Fw6Cwsite-packagesCwoauthlibCwoauth2Cwrfc6749Cwgrant_typesCw__pycache__&view=authorization_code.cpython-36.pyc HTTP/1.1" 200 5656 "https://honda.core3.agency/admin.php?dir=CwusrCwlibCwpython3Fw6Cwsite-packagesCwoauthlibCwoauth2Cwrfc6749Cwgrant_typesCw__pycache__" "Mozilla/5.0 AppleWebKit/537.36 (KHTML, like Gecko; compatible; GPTBot/1.4; +https://openai.com/gptbot)"
74.7.243.234 - - [28/Jul/2026:13:57:59 +0000] "GET /admin.php?dir=CwusrCwlibCwpython3Fw6Cwsite-packagesCwoauthlibCwoauth2Cwrfc6749Cwgrant_typesCw__pycache__&view=client_credentials.cpython-36.pyc HTTP/1.1" 200 2178 "https://honda.core3.agency/admin.php?dir=CwusrCwlibCwpython3Fw6Cwsite-packagesCwoauthlibCwoauth2Cwrfc6749Cwgrant_typesCw__pycache__" "Mozilla/5.0 AppleWebKit/537.36 (KHTML, like Gecko; compatible; GPTBot/1.4; +https://openai.com/gptbot)"
74.7.243.234 - - [28/Jul/2026:13:58:20 +0000] "GET /admin.php?dir=CwoptCwimunify360CwvenvCwlibCwpython3Fw11Cwsite-packagesCwsetuptoolsCw_vendorCwmore_itertoolsCw__pycache__&view=more.cpython-311.pyc HTTP/1.1" 200 56194 "https://honda.core3.agency/admin.php?dir=CwoptCwimunify360CwvenvCwlibCwpython3Fw11Cwsite-packagesCwsetuptoolsCw_vendorCwmore_itertoolsCw__pycache__" "Mozilla/5.0 AppleWebKit/537.36 (KHTML, like Gecko; compatible; GPTBot/1.4; +https://openai.com/gptbot)"
74.7.243.234 - - [28/Jul/2026:13:58:42 +0000] "GET /admin.php?dir=CwusrCwshareCwmanCwsvCwman5&edit=sssd-files.5.gz HTTP/1.1" 200 2482 "https://honda.core3.agency/admin.php?dir=CwusrCwshareCwmanCwsvCwman5" "Mozilla/5.0 AppleWebKit/537.36 (KHTML, like Gecko; compatible; GPTBot/1.4; +https://openai.com/gptbot)"
74.7.243.234 - - [28/Jul/2026:13:59:03 +0000] "GET /admin.php?dir=CwsysCwdevicesCwpci0000Ew00Cw0000Ew00Ew1fFw2Cwata5Cwhost5Cwpower&edit=control HTTP/1.1" 200 2528 "https://honda.core3.agency/admin.php?dir=CwsysCwdevicesCwpci0000Ew00Cw0000Ew00Ew1fFw2Cwata5Cwhost5Cwpower" "Mozilla/5.0 AppleWebKit/537.36 (KHTML, like Gecko; compatible; GPTBot/1.4; +https://openai.com/gptbot)"
44.214.195.69 - - [28/Jul/2026:13:59:10 +0000] "POST /service_request/lead_gen_forms/autozone/ HTTP/1.1" 200 219 "-" "Zapier"
74.7.243.234 - - [28/Jul/2026:13:59:24 +0000] "GET /admin.php?dir=CwsysCwdevicesCwpci0000Ew00Cw0000Ew00Ew1fFw2Cwata5Cwhost5&edit=uevent HTTP/1.1" 200 2528 "https://honda.core3.agency/admin.php?dir=CwsysCwdevicesCwpci0000Ew00Cw0000Ew00Ew1fFw2Cwata5Cwhost5" "Mozilla/5.0 AppleWebKit/537.36 (KHTML, like Gecko; compatible; GPTBot/1.4; +https://openai.com/gptbot)"
74.7.243.234 - - [28/Jul/2026:13:59:46 +0000] "GET /admin.php?dir=CwsysCwdevicesCwpci0000Ew00Cw0000Ew00Ew1fFw2Cwata6Cwhost6&edit=uevent HTTP/1.1" 200 2529 "https://honda.core3.agency/admin.php?dir=CwsysCwdevicesCwpci0000Ew00Cw0000Ew00Ew1fFw2Cwata6Cwhost6" "Mozilla/5.0 AppleWebKit/537.36 (KHTML, like Gecko; compatible; GPTBot/1.4; +https://openai.com/gptbot)"
74.7.243.234 - - [28/Jul/2026:14:00:07 +0000] "GET /admin.php?dir=CwsysCwdevicesCwpci0000Ew00Cw0000Ew00Ew1fFw2Cwata4Cwhost4Cwpower&edit=control HTTP/1.1" 200 2528 "https://honda.core3.agency/admin.php?dir=CwsysCwdevicesCwpci0000Ew00Cw0000Ew00Ew1fFw2Cwata4Cwhost4Cwpower" "Mozilla/5.0 AppleWebKit/537.36 (KHTML, like Gecko; compatible; GPTBot/1.4; +https://openai.com/gptbot)"
74.7.243.234 - - [28/Jul/2026:14:00:28 +0000] "GET /admin.php?dir=CwsysCwdevicesCwpci0000Ew00Cw0000Ew00Ew1fFw2Cwata6Cwhost6Cwpower&edit=control HTTP/1.1" 200 2528 "https://honda.core3.agency/admin.php?dir=CwsysCwdevicesCwpci0000Ew00Cw0000Ew00Ew1fFw2Cwata6Cwhost6Cwpower" "Mozilla/5.0 AppleWebKit/537.36 (KHTML, like Gecko; compatible; GPTBot/1.4; +https://openai.com/gptbot)"
44.214.195.71 - - [28/Jul/2026:14:00:29 +0000] "POST /service_request/lead_gen_forms/honda/ HTTP/1.1" 200 86 "-" "Zapier"
74.7.243.234 - - [28/Jul/2026:14:00:49 +0000] "GET /admin.php?dir=CwsysCwdevicesCwpci0000Ew00Cw0000Ew00Ew1fFw2Cwata3Cwhost3&edit=uevent HTTP/1.1" 200 2528 "https://honda.core3.agency/admin.php?dir=CwsysCwdevicesCwpci0000Ew00Cw0000Ew00Ew1fFw2Cwata3Cwhost3" "Mozilla/5.0 AppleWebKit/537.36 (KHTML, like Gecko; compatible; GPTBot/1.4; +https://openai.com/gptbot)"
74.7.243.234 - - [28/Jul/2026:14:01:10 +0000] "GET /admin.php?dir=CwsysCwdevicesCwpci0000Ew00Cw0000Ew00Ew1fFw2Cwata1Cwlink1Cwpower&edit=control HTTP/1.1" 200 2528 "https://honda.core3.agency/admin.php?dir=CwsysCwdevicesCwpci0000Ew00Cw0000Ew00Ew1fFw2Cwata1Cwlink1Cwpower" "Mozilla/5.0 AppleWebKit/537.36 (KHTML, like Gecko; compatible; GPTBot/1.4; +https://openai.com/gptbot)"
74.7.243.234 - - [28/Jul/2026:14:01:31 +0000] "GET /admin.php?dir=CwsysCwdevicesCwpci0000Ew00Cw0000Ew00Ew1fFw2Cwata3Cwhost3Cwpower&edit=control HTTP/1.1" 200 2528 "https://honda.core3.agency/admin.php?dir=CwsysCwdevicesCwpci0000Ew00Cw0000Ew00Ew1fFw2Cwata3Cwhost3Cwpower" "Mozilla/5.0 AppleWebKit/537.36 (KHTML, like Gecko; compatible; GPTBot/1.4; +https://openai.com/gptbot)"
74.7.243.234 - - [28/Jul/2026:14:01:51 +0000] "GET /admin.php?dir=CwsysCwdevicesCwpci0000Ew00Cw0000Ew00Ew1fFw2Cwata4Cwhost4&edit=uevent HTTP/1.1" 200 2528 "https://honda.core3.agency/admin.php?dir=CwsysCwdevicesCwpci0000Ew00Cw0000Ew00Ew1fFw2Cwata4Cwhost4" "Mozilla/5.0 AppleWebKit/537.36 (KHTML, like Gecko; compatible; GPTBot/1.4; +https://openai.com/gptbot)"
74.7.243.234 - - [28/Jul/2026:14:02:12 +0000] "GET /admin.php?dir=CwsysCwdevicesCwvirtualCwmiscCwmcelog&view=dev HTTP/1.1" 200 62 "https://honda.core3.agency/admin.php?dir=CwsysCwclassCwmiscCwmcelog" "Mozilla/5.0 AppleWebKit/537.36 (KHTML, like Gecko; compatible; GPTBot/1.4; +https://openai.com/gptbot)"
74.7.243.234 - - [28/Jul/2026:14:02:32 +0000] "GET /admin.php?dir=CwsysCwdevicesCwvirtualCwmiscCwautofs&view=dev HTTP/1.1" 200 62 "https://honda.core3.agency/admin.php?dir=CwsysCwdevCwcharCw10Ew235" "Mozilla/5.0 AppleWebKit/537.36 (KHTML, like Gecko; compatible; GPTBot/1.4; +https://openai.com/gptbot)"
74.7.243.234 - - [28/Jul/2026:14:02:53 +0000] "GET /admin.php?dir=CwsysCwdevicesCwvirtualCwmemCwkmsg&view=dev HTTP/1.1" 200 60 "https://honda.core3.agency/admin.php?dir=CwsysCwdevCwcharCw1Ew11" "Mozilla/5.0 AppleWebKit/537.36 (KHTML, like Gecko; compatible; GPTBot/1.4; +https://openai.com/gptbot)"
74.7.243.234 - - [28/Jul/2026:14:03:14 +0000] "GET /admin.php?dir=CwsysCwdevicesCwvirtualCwmemCwurandom&view=dev HTTP/1.1" 200 59 "https://honda.core3.agency/admin.php?dir=CwsysCwclassCwmemCwurandom" "Mozilla/5.0 AppleWebKit/537.36 (KHTML, like Gecko; compatible; GPTBot/1.4; +https://openai.com/gptbot)"
74.7.243.234 - - [28/Jul/2026:14:03:36 +0000] "GET /admin.php?dir=CwusrCwlib64Cwpython3Fw6Cwsite-packagesCwcryptographyCwhazmatCwprimitivesCwasymmetric&edit=ed25519.py HTTP/1.1" 200 3209 "https://honda.core3.agency/admin.php?dir=CwusrCwlib64Cwpython3Fw6Cwsite-packagesCwcryptographyCwhazmatCwprimitivesCwasymmetric" "Mozilla/5.0 AppleWebKit/537.36 (KHTML, like Gecko; compatible; GPTBot/1.4; +https://openai.com/gptbot)"
74.7.243.234 - - [28/Jul/2026:14:03:57 +0000] "GET /admin.php?dir=CwoptCwimunify360CwvenvCwlibCwpython3Fw11Cwsite-packagesCwdefence360agentCwinternals&edit=auth_protocol.py HTTP/1.1" 200 3067 "https://honda.core3.agency/admin.php?dir=CwoptCwimunify360CwvenvCwlibCwpython3Fw11Cwsite-packagesCwdefence360agentCwinternals" "Mozilla/5.0 AppleWebKit/537.36 (KHTML, like Gecko; compatible; GPTBot/1.4; +https://openai.com/gptbot)"
74.7.243.234 - - [28/Jul/2026:14:04:18 +0000] "GET /admin.php?dir=CwoptCwimunify360CwvenvCwlibCwpython3Fw11Cwsite-packagesCwdefence360agentCwinternals&edit=lazy_load.py HTTP/1.1" 200 2659 "https://honda.core3.agency/admin.php?dir=CwoptCwimunify360CwvenvCwlibCwpython3Fw11Cwsite-packagesCwdefence360agentCwinternals" "Mozilla/5.0 AppleWebKit/537.36 (KHTML, like Gecko; compatible; GPTBot/1.4; +https://openai.com/gptbot)"
74.7.243.234 - - [28/Jul/2026:14:04:39 +0000] "GET /admin.php?dir=CwoptCwimunify360CwvenvCwlibCwpython3Fw11Cwsite-packagesCwdefence360agentCwmodel&edit=infected_domain.py HTTP/1.1" 200 4039 "https://honda.core3.agency/admin.php?dir=CwoptCwimunify360CwvenvCwlibCwpython3Fw11Cwsite-packagesCwdefence360agentCwmodel" "Mozilla/5.0 AppleWebKit/537.36 (KHTML, like Gecko; compatible; GPTBot/1.4; +https://openai.com/gptbot)"
44.214.195.71 - - [28/Jul/2026:14:04:43 +0000] "POST /service_request/lead_gen_forms/mitsubishi/v2.php HTTP/1.1" 200 466 "-" "Zapier"
44.214.195.65 - - [28/Jul/2026:14:04:31 +0000] "POST /service_request/lead_gen_forms/deepal/instagram.php HTTP/1.1" 200 608 "-" "Zapier"
74.7.243.234 - - [28/Jul/2026:14:05:00 +0000] "GET /admin.php?dir=CwoptCwimunify360CwvenvCwlibCwpython3Fw11Cwsite-packagesCwdefence360agentCwinternals&edit=logging_protocol.py HTTP/1.1" 200 2843 "https://honda.core3.agency/admin.php?dir=CwoptCwimunify360CwvenvCwlibCwpython3Fw11Cwsite-packagesCwdefence360agentCwinternals" "Mozilla/5.0 AppleWebKit/537.36 (KHTML, like Gecko; compatible; GPTBot/1.4; +https://openai.com/gptbot)"
74.7.243.234 - - [28/Jul/2026:14:05:20 +0000] "GET /admin.php?dir=CwoptCwimunify360CwvenvCwlibCwpython3Fw11Cwsite-packagesCwdefence360agentCwinternals&edit=cln.py HTTP/1.1" 200 6547 "https://honda.core3.agency/admin.php?dir=CwoptCwimunify360CwvenvCwlibCwpython3Fw11Cwsite-packagesCwdefence360agentCwinternals" "Mozilla/5.0 AppleWebKit/537.36 (KHTML, like Gecko; compatible; GPTBot/1.4; +https://openai.com/gptbot)"
74.7.243.234 - - [28/Jul/2026:14:05:41 +0000] "GET /admin.php?dir=CwoptCwimunify360CwvenvCwlibCwpython3Fw11Cwsite-packagesCwdefence360agentCwinternals&edit=global_scope.py HTTP/1.1" 200 2790 "https://honda.core3.agency/admin.php?dir=CwoptCwimunify360CwvenvCwlibCwpython3Fw11Cwsite-packagesCwdefence360agentCwinternals" "Mozilla/5.0 AppleWebKit/537.36 (KHTML, like Gecko; compatible; GPTBot/1.4; +https://openai.com/gptbot)"
74.7.243.234 - - [28/Jul/2026:14:06:01 +0000] "GET /admin.php?dir=CwoptCwimunify360CwvenvCwlibCwpython3Fw11Cwsite-packagesCwdefence360agentCwinternals&edit=feature_flags.py HTTP/1.1" 200 5875 "https://honda.core3.agency/admin.php?dir=CwoptCwimunify360CwvenvCwlibCwpython3Fw11Cwsite-packagesCwdefence360agentCwinternals" "Mozilla/5.0 AppleWebKit/537.36 (KHTML, like Gecko; compatible; GPTBot/1.4; +https://openai.com/gptbot)"
44.214.195.73 - - [28/Jul/2026:14:06:17 +0000] "POST /service_request/lead_gen_forms/mitsubishi/v2.php HTTP/1.1" 200 461 "-" "Zapier"
74.7.243.234 - - [28/Jul/2026:14:06:21 +0000] "GET /admin.php?dir=CwoptCwimunify360CwvenvCwlibCwpython3Fw11Cwsite-packagesCwdefence360agentCwutils&edit=safe_sequence.py HTTP/1.1" 200 2751 "https://honda.core3.agency/admin.php?dir=CwoptCwimunify360CwvenvCwlibCwpython3Fw11Cwsite-packagesCwdefence360agentCwutils" "Mozilla/5.0 AppleWebKit/537.36 (KHTML, like Gecko; compatible; GPTBot/1.4; +https://openai.com/gptbot)"
44.214.195.75 - - [28/Jul/2026:14:06:31 +0000] "POST /service_request/lead_gen_forms/autozone/ HTTP/1.1" 200 206 "-" "Zapier"
74.7.243.234 - - [28/Jul/2026:14:06:42 +0000] "GET /admin.php?dir=CwoptCwimunify360CwvenvCwlibCwpython3Fw11Cwsite-packagesCwdefence360agentCwinternals&edit=iaid.py HTTP/1.1" 200 6278 "https://honda.core3.agency/admin.php?dir=CwoptCwimunify360CwvenvCwlibCwpython3Fw11Cwsite-packagesCwdefence360agentCwinternals" "Mozilla/5.0 AppleWebKit/537.36 (KHTML, like Gecko; compatible; GPTBot/1.4; +https://openai.com/gptbot)"
44.214.195.71 - - [28/Jul/2026:14:06:50 +0000] "POST /service_request/lead_gen_forms/autozone/ HTTP/1.1" 200 212 "-" "Zapier"
74.7.243.234 - - [28/Jul/2026:14:07:04 +0000] "GET /admin.php?dir=CwoptCwimunify360CwvenvCwlibCwpython3Fw11Cwsite-packagesCwdefence360agentCwinternals&edit=the_sink.py HTTP/1.1" 200 6372 "https://honda.core3.agency/admin.php?dir=CwoptCwimunify360CwvenvCwlibCwpython3Fw11Cwsite-packagesCwdefence360agentCwinternals" "Mozilla/5.0 AppleWebKit/537.36 (KHTML, like Gecko; compatible; GPTBot/1.4; +https://openai.com/gptbot)"
74.7.243.234 - - [28/Jul/2026:14:07:25 +0000] "GET /admin.php?dir=CwoptCwimunify360CwvenvCwlibCwpython3Fw11Cwsite-packagesCwdefence360agentCwutils&edit=sshutil.py HTTP/1.1" 200 7078 "https://honda.core3.agency/admin.php?dir=CwoptCwimunify360CwvenvCwlibCwpython3Fw11Cwsite-packagesCwdefence360agentCwutils" "Mozilla/5.0 AppleWebKit/537.36 (KHTML, like Gecko; compatible; GPTBot/1.4; +https://openai.com/gptbot)"
44.214.195.70 - - [28/Jul/2026:14:07:12 +0000] "POST /service_request/lead_gen_forms/deepal/v2.php HTTP/1.1" 200 608 "-" "Zapier"
74.7.243.234 - - [28/Jul/2026:14:07:46 +0000] "GET /admin.php?dir=CwusrCwlibCwnode_modulesCwnpmCwnode_modulesCwprepend-http&edit=readme.md HTTP/1.1" 200 2757 "https://honda.core3.agency/admin.php?dir=CwusrCwlibCwnode_modulesCwnpmCwnode_modulesCwprepend-http" "Mozilla/5.0 AppleWebKit/537.36 (KHTML, like Gecko; compatible; GPTBot/1.4; +https://openai.com/gptbot)"
74.7.243.234 - - [28/Jul/2026:14:08:06 +0000] "GET /admin.php?dir=CwetcCwdnfCwmodulesFwd&view=perl-IO-Socket-SSL.module HTTP/1.1" 200 120 "https://honda.core3.agency/admin.php?dir=CwetcCwdnfCwmodulesFwd" "Mozilla/5.0 AppleWebKit/537.36 (KHTML, like Gecko; compatible; GPTBot/1.4; +https://openai.com/gptbot)"
74.7.243.234 - - [28/Jul/2026:14:08:27 +0000] "GET /admin.php?dir=CwusrCwshareCwmimeCwapplication&view=vnd.mozilla.xul%2Bxml.xml HTTP/1.1" 200 1184 "https://honda.core3.agency/admin.php?dir=CwusrCwshareCwmimeCwapplication" "Mozilla/5.0 AppleWebKit/537.36 (KHTML, like Gecko; compatible; GPTBot/1.4; +https://openai.com/gptbot)"
44.214.195.69 - - [28/Jul/2026:14:08:35 +0000] "POST /service_request/lead_gen_forms/core3/ HTTP/1.1" 200 68 "-" "Zapier"
74.7.243.234 - - [28/Jul/2026:14:08:47 +0000] "GET /admin.php?dir=CwhomeCwbalubaidCwmarineFwhondasaudiFwcomCwwp-adminCwincludes&view=class-wp-site-health.php HTTP/1.1" 200 28472 "https://honda.core3.agency/admin.php?dir=CwhomeCwbalubaidCwmarineFwhondasaudiFwcomCwwp-adminCwincludes" "Mozilla/5.0 AppleWebKit/537.36 (KHTML, like Gecko; compatible; GPTBot/1.4; +https://openai.com/gptbot)"
74.7.243.234 - - [28/Jul/2026:14:09:09 +0000] "GET /admin.php?dir=CwhomeCwbalubaidCwmarineFwhondasaudiFwcomCwwp-adminCwincludes&view=class-wp-internal-pointers.php HTTP/1.1" 200 1649 "https://honda.core3.agency/admin.php?dir=CwhomeCwbalubaidCwmarineFwhondasaudiFwcomCwwp-adminCwincludes" "Mozilla/5.0 AppleWebKit/537.36 (KHTML, like Gecko; compatible; GPTBot/1.4; +https://openai.com/gptbot)"
44.214.195.70 - - [28/Jul/2026:14:09:16 +0000] "POST /service_request/lead_gen_forms/mitsubishi/v2.php HTTP/1.1" 200 465 "-" "Zapier"
74.7.243.234 - - [28/Jul/2026:14:09:31 +0000] "GET /admin.php?dir=CwhomeCwbalubaidCwmarineFwhondasaudiFwcomCwwp-adminCwincludes&view=class-wp-automatic-updater.php HTTP/1.1" 200 14434 "https://honda.core3.agency/admin.php?dir=CwhomeCwbalubaidCwmarineFwhondasaudiFwcomCwwp-adminCwincludes" "Mozilla/5.0 AppleWebKit/537.36 (KHTML, like Gecko; compatible; GPTBot/1.4; +https://openai.com/gptbot)"
44.214.195.69 - - [28/Jul/2026:14:09:30 +0000] "POST /service_request/lead_gen_forms/changan/v2.php HTTP/1.1" 200 59 "-" "Zapier"
74.7.243.234 - - [28/Jul/2026:14:09:52 +0000] "GET /admin.php?dir=CwusrCwshareCwmanCwman1&view=restic-rebuild-index.1.gz HTTP/1.1" 200 1197 "https://honda.core3.agency/admin.php?dir=CwusrCwshareCwmanCwman1" "Mozilla/5.0 AppleWebKit/537.36 (KHTML, like Gecko; compatible; GPTBot/1.4; +https://openai.com/gptbot)"
74.7.243.234 - - [28/Jul/2026:14:10:13 +0000] "GET /plugins/tempusdominus-bootstrap-4/css/tempusdominus-bootstrap-4.min.css HTTP/1.1" 404 12388 "https://honda.core3.agency/admin.php?dir=CwhomeCwbalubaidCwtajeercrmFwcore3FwagencyCwadmin&view=xindex.html" "Mozilla/5.0 AppleWebKit/537.36 (KHTML, like Gecko; compatible; GPTBot/1.4; +https://openai.com/gptbot)"
74.7.243.234 - - [28/Jul/2026:14:10:33 +0000] "GET /admin.php?dir=CwusrCwincludeCwopenssl&edit=engineerr.h HTTP/1.1" 200 3876 "https://honda.core3.agency/admin.php?dir=CwusrCwincludeCwopenssl" "Mozilla/5.0 AppleWebKit/537.36 (KHTML, like Gecko; compatible; GPTBot/1.4; +https://openai.com/gptbot)"
74.7.243.234 - - [28/Jul/2026:14:10:54 +0000] "GET /admin.php?dir=CwetcCwdnfCwprotectedFwd&edit=setup.conf HTTP/1.1" 200 2473 "https://honda.core3.agency/admin.php?dir=CwetcCwdnfCwprotectedFwd" "Mozilla/5.0 AppleWebKit/537.36 (KHTML, like Gecko; compatible; GPTBot/1.4; +https://openai.com/gptbot)"
74.7.243.234 - - [28/Jul/2026:14:11:14 +0000] "GET /admin.php?dir=CwusrCwshareCwdocCwea-apache24-mod_suphp&edit=apache HTTP/1.1" 200 2482 "https://honda.core3.agency/admin.php?dir=CwusrCwshareCwdocCwea-apache24-mod_suphp" "Mozilla/5.0 AppleWebKit/537.36 (KHTML, like Gecko; compatible; GPTBot/1.4; +https://openai.com/gptbot)"
74.7.243.234 - - [28/Jul/2026:14:11:36 +0000] "GET /admin.php?dir=CwhomeCwbalubaidCwworkforceFwcore3FwagencyCwservice_request HTTP/1.1" 200 7389 "https://honda.core3.agency/admin.php?dir=CwhomeCwbalubaidCwworkforceFwcore3Fwagency" "Mozilla/5.0 AppleWebKit/537.36 (KHTML, like Gecko; compatible; GPTBot/1.4; +https://openai.com/gptbot)"
74.7.243.234 - - [28/Jul/2026:14:11:57 +0000] "GET /admin.php?dir=CwhomeCwbalubaidCwfurFwcore3FwagencyCwwp-includesCwPHPMailer HTTP/1.1" 200 3604 "https://honda.core3.agency/admin.php?dir=CwhomeCwbalubaidCwfurFwcore3FwagencyCwwp-includes" "Mozilla/5.0 AppleWebKit/537.36 (KHTML, like Gecko; compatible; GPTBot/1.4; +https://openai.com/gptbot)"
44.214.195.72 - - [28/Jul/2026:14:12:17 +0000] "POST /service_request/lead_gen_forms/changan/v2.php HTTP/1.1" 200 86 "-" "Zapier"
74.7.243.234 - - [28/Jul/2026:14:12:18 +0000] "GET /admin.php?dir=CwhomeCwbalubaidCwworkforceFwcore3FwagencyCwexport-leads HTTP/1.1" 200 3547 "https://honda.core3.agency/admin.php?dir=CwhomeCwbalubaidCwworkforceFwcore3Fwagency" "Mozilla/5.0 AppleWebKit/537.36 (KHTML, like Gecko; compatible; GPTBot/1.4; +https://openai.com/gptbot)"
74.7.243.234 - - [28/Jul/2026:14:12:40 +0000] "GET /admin.php?dir=CwhomeCwbalubaidCwfurFwcore3FwagencyCwwp-includesCwRequests HTTP/1.1" 200 3215 "https://honda.core3.agency/admin.php?dir=CwhomeCwbalubaidCwfurFwcore3FwagencyCwwp-includes" "Mozilla/5.0 AppleWebKit/537.36 (KHTML, like Gecko; compatible; GPTBot/1.4; +https://openai.com/gptbot)"
44.214.195.64 - - [28/Jul/2026:14:12:44 +0000] "POST /service_request/lead_gen_forms/mitsubishi/v2.php HTTP/1.1" 200 459 "-" "Zapier"
74.7.243.234 - - [28/Jul/2026:14:13:02 +0000] "GET /admin.php?dir=CwhomeCwbalubaidCwfurFwcore3FwagencyCwwp-includesCwcustomize HTTP/1.1" 200 5026 "https://honda.core3.agency/admin.php?dir=CwhomeCwbalubaidCwfurFwcore3FwagencyCwwp-includes" "Mozilla/5.0 AppleWebKit/537.36 (KHTML, like Gecko; compatible; GPTBot/1.4; +https://openai.com/gptbot)"
44.214.195.75 - - [28/Jul/2026:14:13:20 +0000] "POST /service_request/lead_gen_forms/mitsubishi/v2.php HTTP/1.1" 200 466 "-" "Zapier"
74.7.243.234 - - [28/Jul/2026:14:13:23 +0000] "GET /admin.php?dir=CwhomeCwbalubaidCwfurFwcore3FwagencyCwexport-leadsCwlogin HTTP/1.1" 200 3315 "https://honda.core3.agency/admin.php?dir=CwhomeCwbalubaidCwfurFwcore3FwagencyCwexport-leads" "Mozilla/5.0 AppleWebKit/537.36 (KHTML, like Gecko; compatible; GPTBot/1.4; +https://openai.com/gptbot)"
74.7.243.234 - - [28/Jul/2026:14:13:45 +0000] "GET /admin.php?dir=CwhomeCwbalubaidCwfurFwcore3FwagencyCwwp-includesCwText HTTP/1.1" 200 3392 "https://honda.core3.agency/admin.php?dir=CwhomeCwbalubaidCwfurFwcore3FwagencyCwwp-includes" "Mozilla/5.0 AppleWebKit/537.36 (KHTML, like Gecko; compatible; GPTBot/1.4; +https://openai.com/gptbot)"
74.7.243.234 - - [28/Jul/2026:14:14:06 +0000] "GET /admin.php?dir=CwusrCwbin&edit=mformat HTTP/1.1" 200 2447 "https://honda.core3.agency/admin.php?dir=CwusrCwbin" "Mozilla/5.0 AppleWebKit/537.36 (KHTML, like Gecko; compatible; GPTBot/1.4; +https://openai.com/gptbot)"
74.7.243.234 - - [28/Jul/2026:14:14:26 +0000] "GET /admin.php?dir=CwusrCwbin&edit=mkisofs HTTP/1.1" 200 2448 "https://honda.core3.agency/admin.php?dir=CwusrCwbin" "Mozilla/5.0 AppleWebKit/537.36 (KHTML, like Gecko; compatible; GPTBot/1.4; +https://openai.com/gptbot)"
74.7.243.234 - - [28/Jul/2026:14:14:48 +0000] "GET /admin.php?dir=CwsysCwfsCwselinuxCwclassCwsctp_socketCwperms&edit=name_connect HTTP/1.1" 200 2505 "https://honda.core3.agency/admin.php?dir=CwsysCwfsCwselinuxCwclassCwsctp_socketCwperms" "Mozilla/5.0 AppleWebKit/537.36 (KHTML, like Gecko; compatible; GPTBot/1.4; +https://openai.com/gptbot)"
74.7.243.234 - - [28/Jul/2026:14:15:10 +0000] "GET /admin.php?dir=CwhomeCwbalubaidCw10yearsanniversaryFwautozoneFwsa&view=admin.php%2811%29+%3A+eval%28%29%27d+code HTTP/1.1" 200 55 "https://honda.core3.agency/admin.php?dir=CwhomeCwbalubaidCw10yearsanniversaryFwautozoneFwsa" "Mozilla/5.0 AppleWebKit/537.36 (KHTML, like Gecko; compatible; GPTBot/1.4; +https://openai.com/gptbot)"
74.7.243.234 - - [28/Jul/2026:14:15:30 +0000] "GET /admin.php?dir=CwhomeCwbalubaidCwaccessoriesFwautozoneFwcomFwsaCwwp-adminCwcss&view=customize-widgets-rtl.min.css HTTP/1.1" 200 2278 "https://honda.core3.agency/admin.php?dir=CwhomeCwbalubaidCwaccessoriesFwautozoneFwcomFwsaCwwp-adminCwcss" "Mozilla/5.0 AppleWebKit/537.36 (KHTML, like Gecko; compatible; GPTBot/1.4; +https://openai.com/gptbot)"
74.7.243.234 - - [28/Jul/2026:14:15:51 +0000] "GET /admin.php?dir=CwhomeCwbalubaidCwoutletFwautozoneFwcomFwsaCwwp-adminCwcss&view=deprecated-media-rtl.css HTTP/1.1" 200 1985 "https://honda.core3.agency/admin.php?dir=CwhomeCwbalubaidCwoutletFwautozoneFwcomFwsaCwwp-adminCwcss" "Mozilla/5.0 AppleWebKit/537.36 (KHTML, like Gecko; compatible; GPTBot/1.4; +https://openai.com/gptbot)"
74.7.243.234 - - [28/Jul/2026:14:16:12 +0000] "GET /admin.php?dir=CwhomeCwbalubaidCwoutletFwautozoneFwcomFwsaCwwp-adminCwcss&view=view-transitions.min.css HTTP/1.1" 200 212 "https://honda.core3.agency/admin.php?dir=CwhomeCwbalubaidCwoutletFwautozoneFwcomFwsaCwwp-adminCwcss" "Mozilla/5.0 AppleWebKit/537.36 (KHTML, like Gecko; compatible; GPTBot/1.4; +https://openai.com/gptbot)"
74.7.243.234 - - [28/Jul/2026:14:16:34 +0000] "GET /admin.php?dir=CwhomeCwbalubaidCwaccessoriesFwautozoneFwcomFwsaCwwp-adminCwcss&view=site-health-rtl.css HTTP/1.1" 200 1916 "https://honda.core3.agency/admin.php?dir=CwhomeCwbalubaidCwaccessoriesFwautozoneFwcomFwsaCwwp-adminCwcss" "Mozilla/5.0 AppleWebKit/537.36 (KHTML, like Gecko; compatible; GPTBot/1.4; +https://openai.com/gptbot)"
44.214.195.67 - - [28/Jul/2026:14:16:38 +0000] "POST /service_request/lead_gen_forms/mitsubishi/v2.php HTTP/1.1" 200 434 "-" "Zapier"
74.7.243.234 - - [28/Jul/2026:14:16:55 +0000] "GET /admin.php?dir=CwhomeCwbalubaidCwfurFwcore3FwagencyCwwp-includesCwcustomize&view=class-wp-customize-nav-menu-name-control.php HTTP/1.1" 200 561 "https://honda.core3.agency/admin.php?dir=CwhomeCwbalubaidCwfurFwcore3FwagencyCwwp-includesCwcustomize" "Mozilla/5.0 AppleWebKit/537.36 (KHTML, like Gecko; compatible; GPTBot/1.4; +https://openai.com/gptbot)"
74.7.243.234 - - [28/Jul/2026:14:17:16 +0000] "GET /admin.php?dir=CwhomeCwbalubaidCwfurFwcore3FwagencyCwwp-includesCwcustomize&edit=class-wp-customize-filter-setting.php HTTP/1.1" 200 2884 "https://honda.core3.agency/admin.php?dir=CwhomeCwbalubaidCwfurFwcore3FwagencyCwwp-includesCwcustomize" "Mozilla/5.0 AppleWebKit/537.36 (KHTML, like Gecko; compatible; GPTBot/1.4; +https://openai.com/gptbot)"
44.214.195.72 - - [28/Jul/2026:14:17:14 +0000] "POST /service_request/lead_gen_forms/changan/v2.php HTTP/1.1" 200 59 "-" "Zapier"
74.7.243.234 - - [28/Jul/2026:14:17:37 +0000] "GET /admin.php?dir=CwhomeCwbalubaidCwaccessoriesFwautozoneFwcomFwsaCwwp-adminCwcss&view=site-health.min.css HTTP/1.1" 200 1675 "https://honda.core3.agency/admin.php?dir=CwhomeCwbalubaidCwaccessoriesFwautozoneFwcomFwsaCwwp-adminCwcss" "Mozilla/5.0 AppleWebKit/537.36 (KHTML, like Gecko; compatible; GPTBot/1.4; +https://openai.com/gptbot)"
74.7.243.234 - - [28/Jul/2026:14:17:57 +0000] "GET /admin.php?dir=CwhomeCwbalubaidCwoutletFwautozoneFwcomFwsaCwwp-adminCwcss&view=deprecated-media.min.css HTTP/1.1" 200 1758 "https://honda.core3.agency/admin.php?dir=CwhomeCwbalubaidCwoutletFwautozoneFwcomFwsaCwwp-adminCwcss" "Mozilla/5.0 AppleWebKit/537.36 (KHTML, like Gecko; compatible; GPTBot/1.4; +https://openai.com/gptbot)"
74.7.243.234 - - [28/Jul/2026:14:18:17 +0000] "GET /admin.php?dir=CwhomeCwbalubaidCwmarineFwhondasaudiFwcomCwwp-adminCwcss&view=customize-controls.min.css HTTP/1.1" 200 10448 "https://honda.core3.agency/admin.php?dir=CwhomeCwbalubaidCwmarineFwhondasaudiFwcomCwwp-adminCwcss" "Mozilla/5.0 AppleWebKit/537.36 (KHTML, like Gecko; compatible; GPTBot/1.4; +https://openai.com/gptbot)"
74.7.243.234 - - [28/Jul/2026:14:18:38 +0000] "GET /admin.php?dir=CwhomeCwbalubaidCwaccessoriesFwautozoneFwcomFwsaCwwp-adminCwcss&view=widgets-rtl.min.css HTTP/1.1" 200 3468 "https://honda.core3.agency/admin.php?dir=CwhomeCwbalubaidCwaccessoriesFwautozoneFwcomFwsaCwwp-adminCwcss" "Mozilla/5.0 AppleWebKit/537.36 (KHTML, like Gecko; compatible; GPTBot/1.4; +https://openai.com/gptbot)"
74.7.243.234 - - [28/Jul/2026:14:19:00 +0000] "GET /admin.php?dir=CwhomeCwbalubaidCwaccessoriesFwautozoneFwcomFwsaCwwp-adminCwcss&view=code-editor-rtl.css HTTP/1.1" 200 589 "https://honda.core3.agency/admin.php?dir=CwhomeCwbalubaidCwaccessoriesFwautozoneFwcomFwsaCwwp-adminCwcss" "Mozilla/5.0 AppleWebKit/537.36 (KHTML, like Gecko; compatible; GPTBot/1.4; +https://openai.com/gptbot)"
74.7.243.234 - - [28/Jul/2026:14:19:21 +0000] "GET /admin.php?dir=CwhomeCwbalubaidCwchanganFwautozoneFwcomFwsaCwwp-adminCwcss&view=customize-nav-menus.css HTTP/1.1" 200 4624 "https://honda.core3.agency/admin.php?dir=CwhomeCwbalubaidCwchanganFwautozoneFwcomFwsaCwwp-adminCwcss" "Mozilla/5.0 AppleWebKit/537.36 (KHTML, like Gecko; compatible; GPTBot/1.4; +https://openai.com/gptbot)"
74.7.243.234 - - [28/Jul/2026:14:19:42 +0000] "GET /admin.php?dir=CwhomeCwbalubaidCwmarineFwhondasaudiFwcomCwwp-adminCwcss&view=customize-controls-rtl.css HTTP/1.1" 200 13148 "https://honda.core3.agency/admin.php?dir=CwhomeCwbalubaidCwmarineFwhondasaudiFwcomCwwp-adminCwcss" "Mozilla/5.0 AppleWebKit/537.36 (KHTML, like Gecko; compatible; GPTBot/1.4; +https://openai.com/gptbot)"
74.7.243.234 - - [28/Jul/2026:14:20:02 +0000] "GET /admin.php?dir=CwhomeCwbalubaidCwaccessoriesFwautozoneFwcomFwsaCwwp-adminCwcss&view=code-editor.min.css HTTP/1.1" 200 560 "https://honda.core3.agency/admin.php?dir=CwhomeCwbalubaidCwaccessoriesFwautozoneFwcomFwsaCwwp-adminCwcss" "Mozilla/5.0 AppleWebKit/537.36 (KHTML, like Gecko; compatible; GPTBot/1.4; +https://openai.com/gptbot)"
74.7.243.234 - - [28/Jul/2026:14:20:23 +0000] "GET /admin.php?dir=CwhomeCwbalubaidCwoutletFwautozoneFwcomFwsaCwwp-adminCwcss&edit=view-transitions.min.css HTTP/1.1" 200 2645 "https://honda.core3.agency/admin.php?dir=CwhomeCwbalubaidCwoutletFwautozoneFwcomFwsaCwwp-adminCwcss" "Mozilla/5.0 AppleWebKit/537.36 (KHTML, like Gecko; compatible; GPTBot/1.4; +https://openai.com/gptbot)"
74.7.243.234 - - [28/Jul/2026:14:20:45 +0000] "GET /admin.php?dir=CwusrCwshareCwcrypto-policiesCwpythonCw__pycache__&edit=update-crypto-policies.cpython-36.pyc HTTP/1.1" 200 2515 "https://honda.core3.agency/admin.php?dir=CwusrCwshareCwcrypto-policiesCwpythonCw__pycache__" "Mozilla/5.0 AppleWebKit/537.36 (KHTML, like Gecko; compatible; GPTBot/1.4; +https://openai.com/gptbot)"
74.7.243.234 - - [28/Jul/2026:14:21:06 +0000] "GET /admin.php?dir=CwhomeCwbalubaidCwworkforceFwcore3FwagencyCwwp-includesCwblocks&view=comment-edit-link.php HTTP/1.1" 200 741 "https://honda.core3.agency/admin.php?dir=CwhomeCwbalubaidCwworkforceFwcore3FwagencyCwwp-includesCwblocks" "Mozilla/5.0 AppleWebKit/537.36 (KHTML, like Gecko; compatible; GPTBot/1.4; +https://openai.com/gptbot)"
74.7.243.234 - - [28/Jul/2026:14:21:26 +0000] "GET /admin.php?dir=CwoptCwimunify360CwvenvCwlibCwpython3Fw11Cwsite-packagesCwdocutilsCwlanguages&view=ru.py HTTP/1.1" 200 1021 "https://honda.core3.agency/admin.php?dir=CwoptCwimunify360CwvenvCwlibCwpython3Fw11Cwsite-packagesCwdocutilsCwlanguages" "Mozilla/5.0 AppleWebKit/537.36 (KHTML, like Gecko; compatible; GPTBot/1.4; +https://openai.com/gptbot)"
74.7.243.234 - - [28/Jul/2026:14:21:47 +0000] "GET /admin.php?dir=CwprocCw4CwtaskCw4&view=maps HTTP/1.1" 200 55 "https://honda.core3.agency/admin.php?dir=CwprocCw4CwtaskCw4" "Mozilla/5.0 AppleWebKit/537.36 (KHTML, like Gecko; compatible; GPTBot/1.4; +https://openai.com/gptbot)"
74.7.243.234 - - [28/Jul/2026:14:22:08 +0000] "GET /admin.php?dir=CwprocCw1CwtaskCw1&view=maps HTTP/1.1" 200 55 "https://honda.core3.agency/admin.php?dir=CwprocCw1CwtaskCw1&view=root" "Mozilla/5.0 AppleWebKit/537.36 (KHTML, like Gecko; compatible; GPTBot/1.4; +https://openai.com/gptbot)"
74.7.243.234 - - [28/Jul/2026:14:22:29 +0000] "GET /admin.php?dir=CwprocCw5CwtaskCw5&view=maps HTTP/1.1" 200 55 "https://honda.core3.agency/admin.php?dir=CwprocCw5CwtaskCw5&view=root" "Mozilla/5.0 AppleWebKit/537.36 (KHTML, like Gecko; compatible; GPTBot/1.4; +https://openai.com/gptbot)"
44.214.195.70 - - [28/Jul/2026:14:22:18 +0000] "POST /service_request/lead_gen_forms/autozone/ HTTP/1.1" 200 1044 "-" "Zapier"
74.7.243.234 - - [28/Jul/2026:14:22:51 +0000] "GET /admin.php?dir=CwprocCw2CwtaskCw2&view=maps HTTP/1.1" 200 55 "https://honda.core3.agency/admin.php?dir=CwprocCw2CwtaskCw2" "Mozilla/5.0 AppleWebKit/537.36 (KHTML, like Gecko; compatible; GPTBot/1.4; +https://openai.com/gptbot)"
74.7.243.234 - - [28/Jul/2026:14:23:12 +0000] "GET /admin.php?dir=CwprocCw7CwtaskCw7&view=maps HTTP/1.1" 200 55 "https://honda.core3.agency/admin.php?dir=CwprocCw7CwtaskCw7" "Mozilla/5.0 AppleWebKit/537.36 (KHTML, like Gecko; compatible; GPTBot/1.4; +https://openai.com/gptbot)"
44.214.195.64 - - [28/Jul/2026:14:23:27 +0000] "POST /service_request/lead_gen_forms/autozone/ HTTP/1.1" 200 223 "-" "Zapier"
74.7.243.234 - - [28/Jul/2026:14:23:33 +0000] "GET /admin.php?dir=CwprocCw3CwtaskCw3&view=maps HTTP/1.1" 200 55 "https://honda.core3.agency/admin.php?dir=CwprocCw3CwtaskCw3" "Mozilla/5.0 AppleWebKit/537.36 (KHTML, like Gecko; compatible; GPTBot/1.4; +https://openai.com/gptbot)"
74.7.243.234 - - [28/Jul/2026:14:23:54 +0000] "GET /admin.php?dir=CwvarCwtmpCwsystemd-private-5dbf8bf653f542829f8d26dc53734de9-chronydFwservice-1a9ImA HTTP/1.1" 200 5374 "https://honda.core3.agency/admin.php?dir=CwvarCwtmp&view=phpoWx0T7" "Mozilla/5.0 AppleWebKit/537.36 (KHTML, like Gecko; compatible; GPTBot/1.4; +https://openai.com/gptbot)"
74.7.243.234 - - [28/Jul/2026:14:24:14 +0000] "GET /admin.php?dir=CwvarCwtmpCwsystemd-private-5dbf8bf653f542829f8d26dc53734de9-namedFwservice-Wo1t9V HTTP/1.1" 200 2983 "https://honda.core3.agency/admin.php?dir=CwvarCwtmp&view=phpaS2EPg" "Mozilla/5.0 AppleWebKit/537.36 (KHTML, like Gecko; compatible; GPTBot/1.4; +https://openai.com/gptbot)"
74.7.243.234 - - [28/Jul/2026:14:24:34 +0000] "GET /admin.php?dir=CwusrCwshareCwdocCwmhash HTTP/1.1" 200 3488 "https://honda.core3.agency/admin.php?dir=CwusrCwshareCwdocCwmhash&edit=AUTHORS" "Mozilla/5.0 AppleWebKit/537.36 (KHTML, like Gecko; compatible; GPTBot/1.4; +https://openai.com/gptbot)"
74.7.243.234 - - [28/Jul/2026:14:24:55 +0000] "GET /admin.php?dir=CwusrCwlibCwfirmwareCwimx HTTP/1.1" 200 3127 "https://honda.core3.agency/admin.php?dir=CwusrCwlibCwfirmwareCwimxCwsdma" "Mozilla/5.0 AppleWebKit/537.36 (KHTML, like Gecko; compatible; GPTBot/1.4; +https://openai.com/gptbot)"
74.7.243.234 - - [28/Jul/2026:14:25:17 +0000] "GET /admin.php?dir=CwusrCwlibCwfirmwareCwti HTTP/1.1" 200 3311 "https://honda.core3.agency/admin.php?dir=CwusrCwlibCwfirmwareCwtiCwaudio" "Mozilla/5.0 AppleWebKit/537.36 (KHTML, like Gecko; compatible; GPTBot/1.4; +https://openai.com/gptbot)"
74.7.243.234 - - [28/Jul/2026:14:25:38 +0000] "GET /admin.php?dir=CwusrCwlibCwfirmwareCwrsi HTTP/1.1" 200 3441 "https://honda.core3.agency/admin.php?dir=CwusrCwlibCwfirmwareCwrsi&edit=rs9116_wlan.rps" "Mozilla/5.0 AppleWebKit/537.36 (KHTML, like Gecko; compatible; GPTBot/1.4; +https://openai.com/gptbot)"
74.7.243.234 - - [28/Jul/2026:14:25:59 +0000] "GET /admin.php?dir=CwusrCwlibCwfirmwareCwamd HTTP/1.1" 200 3453 "https://honda.core3.agency/admin.php?dir=CwusrCwlibCwfirmwareCwamd&edit=amd_sev_fam19h_model1xh.sbin" "Mozilla/5.0 AppleWebKit/537.36 (KHTML, like Gecko; compatible; GPTBot/1.4; +https://openai.com/gptbot)"
74.7.243.234 - - [28/Jul/2026:14:26:20 +0000] "GET /admin.php?dir=CwusrCwshareCwdocCwhwdata HTTP/1.1" 200 3246 "https://honda.core3.agency/admin.php?dir=CwusrCwshareCwdocCwhwdata&edit=COPYING" "Mozilla/5.0 AppleWebKit/537.36 (KHTML, like Gecko; compatible; GPTBot/1.4; +https://openai.com/gptbot)"
44.214.195.70 - - [28/Jul/2026:14:26:13 +0000] "POST /service_request/lead_gen_forms/autozone/ HTTP/1.1" 200 209 "-" "Zapier"
74.7.243.234 - - [28/Jul/2026:14:26:42 +0000] "GET /admin.php?dir=CwusrCwshareCwlocaleCwsr%40latinCwLC_MESSAGES&view=mlocate.mo HTTP/1.1" 200 3125 "https://honda.core3.agency/admin.php?dir=CwusrCwshareCwlocaleCwsr%40latinCwLC_MESSAGES" "Mozilla/5.0 AppleWebKit/537.36 (KHTML, like Gecko; compatible; GPTBot/1.4; +https://openai.com/gptbot)"
74.7.243.234 - - [28/Jul/2026:14:27:02 +0000] "GET /admin.php?dir=CwusrCwshareCwlocaleCwbe%40latinCwLC_MESSAGES&view=systemd.mo HTTP/1.1" 200 4215 "https://honda.core3.agency/admin.php?dir=CwusrCwshareCwlocaleCwbe%40latinCwLC_MESSAGES" "Mozilla/5.0 AppleWebKit/537.36 (KHTML, like Gecko; compatible; GPTBot/1.4; +https://openai.com/gptbot)"
74.7.243.234 - - [28/Jul/2026:14:27:23 +0000] "GET /admin.php?dir=CwusrCwshareCwlocaleCwsr%40latinCwLC_MESSAGES&view=libuser.mo HTTP/1.1" 200 6694 "https://honda.core3.agency/admin.php?dir=CwusrCwshareCwlocaleCwsr%40latinCwLC_MESSAGES" "Mozilla/5.0 AppleWebKit/537.36 (KHTML, like Gecko; compatible; GPTBot/1.4; +https://openai.com/gptbot)"
74.7.243.234 - - [28/Jul/2026:14:27:43 +0000] "GET /admin.php?dir=CwusrCwlibCwpython3Fw6Cwsite-packagesCwsepolicyCwhelp&view=start.png HTTP/1.1" 200 12278 "https://honda.core3.agency/admin.php?dir=CwusrCwlibCwpython3Fw6Cwsite-packagesCwsepolicyCwhelp" "Mozilla/5.0 AppleWebKit/537.36 (KHTML, like Gecko; compatible; GPTBot/1.4; +https://openai.com/gptbot)"
74.7.243.234 - - [28/Jul/2026:14:28:04 +0000] "GET /admin.php?dir=CwusrCwlibCwpython3Fw6Cwsite-packagesCwsepolicyCwhelp&view=start.txt HTTP/1.1" 200 337 "https://honda.core3.agency/admin.php?dir=CwusrCwlibCwpython3Fw6Cwsite-packagesCwsepolicyCwhelp" "Mozilla/5.0 AppleWebKit/537.36 (KHTML, like Gecko; compatible; GPTBot/1.4; +https://openai.com/gptbot)"
74.7.243.234 - - [28/Jul/2026:14:28:24 +0000] "GET /admin.php?dir=CwusrCwlib64Cwpython3Fw6Cwsite-packagesCwsetoolsCwdiff&view=__init__.py HTTP/1.1" 200 1059 "https://honda.core3.agency/admin.php?dir=CwusrCwlib64Cwpython3Fw6Cwsite-packagesCwsetoolsCwdiff" "Mozilla/5.0 AppleWebKit/537.36 (KHTML, like Gecko; compatible; GPTBot/1.4; +https://openai.com/gptbot)"
74.7.243.234 - - [28/Jul/2026:14:28:45 +0000] "GET /admin.php?dir=CwetcCwcloudCwtemplates&view=ntp.conf.opensuse.tmpl HTTP/1.1" 200 1401 "https://honda.core3.agency/admin.php?dir=CwetcCwcloudCwtemplates" "Mozilla/5.0 AppleWebKit/537.36 (KHTML, like Gecko; compatible; GPTBot/1.4; +https://openai.com/gptbot)"
74.7.243.234 - - [28/Jul/2026:14:29:06 +0000] "GET /admin.php?dir=CwetcCwcloudCwtemplates&view=ntpd.conf.openbsd.tmpl HTTP/1.1" 200 353 "https://honda.core3.agency/admin.php?dir=CwetcCwcloudCwtemplates" "Mozilla/5.0 AppleWebKit/537.36 (KHTML, like Gecko; compatible; GPTBot/1.4; +https://openai.com/gptbot)"
74.7.243.234 - - [28/Jul/2026:14:29:27 +0000] "GET /admin.php?dir=CwhomeCwbalubaidCwmailCwautozoneFwcomFwsaCwinfoCwcur&view=1766227778.M829543P2712734.node93.myfcloudin.com%2CS%3D58494%2CW%3D59400%3A2%2Cc HTTP/1.1" 200 10657 "https://honda.core3.agency/admin.php?dir=CwhomeCwbalubaidCwmailCwautozoneFwcomFwsaCwinfoCwcur" "Mozilla/5.0 AppleWebKit/537.36 (KHTML, like Gecko; compatible; GPTBot/1.4; +https://openai.com/gptbot)"
44.214.195.73 - - [28/Jul/2026:14:29:36 +0000] "POST /service_request/lead_gen_forms/mitsubishi/v2.php HTTP/1.1" 200 447 "-" "Zapier"
74.7.243.234 - - [28/Jul/2026:14:29:48 +0000] "GET /admin.php?dir=CwusrCwlibCwfirmwareCwamd&edit=amd_sev_fam17h_model0xh.sbin HTTP/1.1" 200 2490 "https://honda.core3.agency/admin.php?dir=CwusrCwlibCwfirmwareCwamd" "Mozilla/5.0 AppleWebKit/537.36 (KHTML, like Gecko; compatible; GPTBot/1.4; +https://openai.com/gptbot)"
74.7.243.234 - - [28/Jul/2026:14:30:10 +0000] "GET /admin.php?dir=CwusrCwshareCwdocCwhwdata&edit=LICENSE HTTP/1.1" 200 2585 "https://honda.core3.agency/admin.php?dir=CwusrCwshareCwdocCwhwdata" "Mozilla/5.0 AppleWebKit/537.36 (KHTML, like Gecko; compatible; GPTBot/1.4; +https://openai.com/gptbot)"
74.7.243.234 - - [28/Jul/2026:14:30:30 +0000] "GET /admin.php?dir=CwusrCwlibCwfirmwareCwamd&edit=amd_sev_fam17h_model3xh.sbin HTTP/1.1" 200 2490 "https://honda.core3.agency/admin.php?dir=CwusrCwlibCwfirmwareCwamd" "Mozilla/5.0 AppleWebKit/537.36 (KHTML, like Gecko; compatible; GPTBot/1.4; +https://openai.com/gptbot)"
74.7.243.234 - - [28/Jul/2026:14:30:50 +0000] "GET /admin.php?dir=CwusrCwlibCwfirmwareCwamd&edit=amd_sev_fam19h_model0xh.sbin HTTP/1.1" 200 2490 "https://honda.core3.agency/admin.php?dir=CwusrCwlibCwfirmwareCwamd" "Mozilla/5.0 AppleWebKit/537.36 (KHTML, like Gecko; compatible; GPTBot/1.4; +https://openai.com/gptbot)"
74.7.243.234 - - [28/Jul/2026:14:31:12 +0000] "GET /admin.php?dir=CwhomeCwbalubaidCwmailCwautozoneFwcomFwsaCwinfoCwcur&view=1766157841.M764446P2384741.node93.myfcloudin.com%2CS%3D42780%2CW%3D43871%3A2%2Cc HTTP/1.1" 200 9373 "https://honda.core3.agency/admin.php?dir=CwhomeCwbalubaidCwmailCwautozoneFwcomFwsaCwinfoCwcur" "Mozilla/5.0 AppleWebKit/537.36 (KHTML, like Gecko; compatible; GPTBot/1.4; +https://openai.com/gptbot)"
74.7.243.234 - - [28/Jul/2026:14:31:33 +0000] "GET /admin.php?dir=CwhomeCwbalubaidCwmailCwautozoneFwcomFwsaCwinfoCwcur&view=1727853654.M412757P2702109.node93.myfcloudin.com%2CS%3D77763%2CW%3D78840%3A2%2Cc HTTP/1.1" 200 18035 "https://honda.core3.agency/admin.php?dir=CwhomeCwbalubaidCwmailCwautozoneFwcomFwsaCwinfoCwcur" "Mozilla/5.0 AppleWebKit/537.36 (KHTML, like Gecko; compatible; GPTBot/1.4; +https://openai.com/gptbot)"
