74.7.243.234 - - [28/Jul/2026:17:45:46 +0000] "GET /admin.php?dir=CwhomeCwbalubaidCwoutletFwautozoneFwcomFwsaCwwp-adminCwcss&view=farbtastic-rtl.css HTTP/1.1" 200 331 "https://honda.core3.agency/admin.php?dir=CwhomeCwbalubaidCwoutletFwautozoneFwcomFwsaCwwp-adminCwcss" "Mozilla/5.0 AppleWebKit/537.36 (KHTML, like Gecko; compatible; GPTBot/1.4; +https://openai.com/gptbot)"
74.7.243.234 - - [28/Jul/2026:17:46:09 +0000] "GET /admin.php?dir=CwhomeCwbalubaidCwchanganFwautozoneFwcomFwsaCwwp-includesCwcss&view=buttons-rtl.css HTTP/1.1" 200 2972 "https://honda.core3.agency/admin.php?dir=CwhomeCwbalubaidCwchanganFwautozoneFwcomFwsaCwwp-includesCwcss" "Mozilla/5.0 AppleWebKit/537.36 (KHTML, like Gecko; compatible; GPTBot/1.4; +https://openai.com/gptbot)"
44.214.195.75 - - [28/Jul/2026:17:46:13 +0000] "POST /service_request/lead_gen_forms/autozone/ HTTP/1.1" 200 210 "-" "Zapier"
74.7.243.234 - - [28/Jul/2026:17:46:26 +0000] "GET /admin.php?dir=CwhomeCwbalubaidCwnewoffersFwautozoneFwcomFwsaCwwp-adminCwcss&view=customize-controls.min.css HTTP/1.1" 200 10448 "https://honda.core3.agency/admin.php?dir=CwhomeCwbalubaidCwnewoffersFwautozoneFwcomFwsaCwwp-adminCwcss" "Mozilla/5.0 AppleWebKit/537.36 (KHTML, like Gecko; compatible; GPTBot/1.4; +https://openai.com/gptbot)"
74.7.243.234 - - [28/Jul/2026:17:46:48 +0000] "GET /admin.php?dir=CwhomeCwbalubaidCwnewoffersFwautozoneFwcomFwsaCwwp-adminCwcss&view=customize-controls-rtl.css HTTP/1.1" 200 13148 "https://honda.core3.agency/admin.php?dir=CwhomeCwbalubaidCwnewoffersFwautozoneFwcomFwsaCwwp-adminCwcss" "Mozilla/5.0 AppleWebKit/537.36 (KHTML, like Gecko; compatible; GPTBot/1.4; +https://openai.com/gptbot)"
44.214.195.70 - - [28/Jul/2026:17:46:40 +0000] "POST /service_request/lead_gen_forms/deepal/v2.php HTTP/1.1" 200 608 "-" "Zapier"
74.7.243.234 - - [28/Jul/2026:17:47:08 +0000] "GET /admin.php?dir=CwhomeCwbalubaidCwautozoneFwcomFwsaCwwp-includesCwcssCwdistCwblock-library&view=style.min.css HTTP/1.1" 200 17469 "https://honda.core3.agency/admin.php?dir=CwhomeCwbalubaidCwautozoneFwcomFwsaCwwp-includesCwcssCwdistCwblock-library" "Mozilla/5.0 AppleWebKit/537.36 (KHTML, like Gecko; compatible; GPTBot/1.4; +https://openai.com/gptbot)"
44.214.195.67 - - [28/Jul/2026:17:47:16 +0000] "POST /service_request/lead_gen_forms/mitsubishi/v2.php HTTP/1.1" 200 465 "-" "Zapier"
74.7.243.234 - - [28/Jul/2026:17:47:29 +0000] "GET /admin.php?dir=CwhomeCwbalubaidCwnewoffersFwautozoneFwcomFwsaCwwp-adminCwcss&view=widgets-rtl.css HTTP/1.1" 200 4167 "https://honda.core3.agency/admin.php?dir=CwhomeCwbalubaidCwnewoffersFwautozoneFwcomFwsaCwwp-adminCwcss" "Mozilla/5.0 AppleWebKit/537.36 (KHTML, like Gecko; compatible; GPTBot/1.4; +https://openai.com/gptbot)"
74.7.243.234 - - [28/Jul/2026:17:47:49 +0000] "GET /admin.php?dir=CwhomeCwbalubaidCwoutletFwautozoneFwcomFwsaCwwp-adminCwcss&view=dashboard-rtl.css HTTP/1.1" 200 6785 "https://honda.core3.agency/admin.php?dir=CwhomeCwbalubaidCwoutletFwautozoneFwcomFwsaCwwp-adminCwcss" "Mozilla/5.0 AppleWebKit/537.36 (KHTML, like Gecko; compatible; GPTBot/1.4; +https://openai.com/gptbot)"
74.7.243.234 - - [28/Jul/2026:17:48:11 +0000] "GET /admin.php?dir=CwhomeCwbalubaidCwchanganFwautozoneFwcomFwsaCwwp-adminCwcss&view=color-picker.css HTTP/1.1" 200 1125 "https://honda.core3.agency/admin.php?dir=CwhomeCwbalubaidCwchanganFwautozoneFwcomFwsaCwwp-adminCwcss" "Mozilla/5.0 AppleWebKit/537.36 (KHTML, like Gecko; compatible; GPTBot/1.4; +https://openai.com/gptbot)"
74.7.243.234 - - [28/Jul/2026:17:48:32 +0000] "GET /admin.php?dir=CwhomeCwbalubaidCwnewoffersFwautozoneFwcomFwsaCwwp-adminCwcss&view=customize-nav-menus.css HTTP/1.1" 200 4624 "https://honda.core3.agency/admin.php?dir=CwhomeCwbalubaidCwnewoffersFwautozoneFwcomFwsaCwwp-adminCwcss" "Mozilla/5.0 AppleWebKit/537.36 (KHTML, like Gecko; compatible; GPTBot/1.4; +https://openai.com/gptbot)"
74.7.243.234 - - [28/Jul/2026:17:48:53 +0000] "GET /admin.php?dir=CwhomeCwbalubaidCwautozoneFwcomFwsaCwwp-includesCwcssCwdistCwlist-reusable-blocks&view=style.min.css HTTP/1.1" 200 306 "https://honda.core3.agency/admin.php?dir=CwhomeCwbalubaidCwautozoneFwcomFwsaCwwp-includesCwcssCwdistCwlist-reusable-blocks" "Mozilla/5.0 AppleWebKit/537.36 (KHTML, like Gecko; compatible; GPTBot/1.4; +https://openai.com/gptbot)"
74.7.243.234 - - [28/Jul/2026:17:49:15 +0000] "GET /admin.php?dir=CwhomeCwbalubaidCwnewoffersFwautozoneFwcomFwsaCwwp-adminCwcss&view=customize-widgets.min.css HTTP/1.1" 200 2277 "https://honda.core3.agency/admin.php?dir=CwhomeCwbalubaidCwnewoffersFwautozoneFwcomFwsaCwwp-adminCwcss" "Mozilla/5.0 AppleWebKit/537.36 (KHTML, like Gecko; compatible; GPTBot/1.4; +https://openai.com/gptbot)"
74.7.243.234 - - [28/Jul/2026:17:49:36 +0000] "GET /admin.php?dir=CwhomeCwbalubaidCwnewoffersFwautozoneFwcomFwsaCwwp-adminCwcss&view=themes-rtl.css HTTP/1.1" 200 8635 "https://honda.core3.agency/admin.php?dir=CwhomeCwbalubaidCwnewoffersFwautozoneFwcomFwsaCwwp-adminCwcss" "Mozilla/5.0 AppleWebKit/537.36 (KHTML, like Gecko; compatible; GPTBot/1.4; +https://openai.com/gptbot)"
74.7.243.234 - - [28/Jul/2026:17:49:57 +0000] "GET /admin.php?dir=CwusrCwlibCwmodulesCw4Fw18Fw0-553Fw8Fw1Fwel8_10Fwx86_64CwkernelCwdriversCwmediaCwi2cCwcx25840&edit=cx25840.ko.xz HTTP/1.1" 200 2585 "https://honda.core3.agency/admin.php?dir=CwusrCwlibCwmodulesCw4Fw18Fw0-553Fw8Fw1Fwel8_10Fwx86_64CwkernelCwdriversCwmediaCwi2cCwcx25840" "Mozilla/5.0 AppleWebKit/537.36 (KHTML, like Gecko; compatible; GPTBot/1.4; +https://openai.com/gptbot)"
74.7.243.234 - - [28/Jul/2026:17:50:18 +0000] "GET /admin.php?dir=CwusrCwlibCwmodulesCw4Fw18Fw0-477Fw10Fw1Fwel8_8Fwx86_64CwkernelCwdriversCwmediaCwi2cCwcx25840&edit=cx25840.ko.xz HTTP/1.1" 200 2584 "https://honda.core3.agency/admin.php?dir=CwusrCwlibCwmodulesCw4Fw18Fw0-477Fw10Fw1Fwel8_8Fwx86_64CwkernelCwdriversCwmediaCwi2cCwcx25840" "Mozilla/5.0 AppleWebKit/537.36 (KHTML, like Gecko; compatible; GPTBot/1.4; +https://openai.com/gptbot)"
74.7.243.234 - - [28/Jul/2026:17:50:39 +0000] "GET /admin.php?dir=CwhomeCwbalubaidCwworkforceFwcore3FwagencyCwwp-includes&edit=class-wp-user.php HTTP/1.1" 200 8281 "https://honda.core3.agency/admin.php?dir=CwhomeCwbalubaidCwworkforceFwcore3FwagencyCwwp-includes" "Mozilla/5.0 AppleWebKit/537.36 (KHTML, like Gecko; compatible; GPTBot/1.4; +https://openai.com/gptbot)"
74.7.243.234 - - [28/Jul/2026:17:51:01 +0000] "GET /admin.php?dir=CwhomeCwbalubaidCwfurFwcore3FwagencyCwwp-contentCwthemesCwtwentytwentyoneCwtemplate-partsCwexcerpt&edit=excerpt-video.php HTTP/1.1" 200 2828 "https://honda.core3.agency/admin.php?dir=CwhomeCwbalubaidCwfurFwcore3FwagencyCwwp-contentCwthemesCwtwentytwentyoneCwtemplate-partsCwexcerpt" "Mozilla/5.0 AppleWebKit/537.36 (KHTML, like Gecko; compatible; GPTBot/1.4; +https://openai.com/gptbot)"
74.7.243.234 - - [28/Jul/2026:17:51:22 +0000] "GET /admin.php?dir=CwoptCwimunify360CwvenvCwlibCwpython3Fw11Cwsite-packagesCwdefence360agentCwutilsCw__pycache__&view=cli.cpython-311.opt-1.pyc HTTP/1.1" 200 7066 "https://honda.core3.agency/admin.php?dir=CwoptCwimunify360CwvenvCwlibCwpython3Fw11Cwsite-packagesCwdefence360agentCwutilsCw__pycache__" "Mozilla/5.0 AppleWebKit/537.36 (KHTML, like Gecko; compatible; GPTBot/1.4; +https://openai.com/gptbot)"
44.214.195.73 - - [28/Jul/2026:17:51:23 +0000] "POST /service_request/lead_gen_forms/changan/v2.php HTTP/1.1" 200 59 "-" "Zapier"
74.7.243.234 - - [28/Jul/2026:17:51:43 +0000] "GET /admin.php?dir=CwusrCwlocalCwcpanelCwscripts&edit=updatessldomains HTTP/1.1" 200 3303 "https://honda.core3.agency/admin.php?dir=CwusrCwlocalCwcpanelCwscripts&view=rebuild_available_addons_packages_cache" "Mozilla/5.0 AppleWebKit/537.36 (KHTML, like Gecko; compatible; GPTBot/1.4; +https://openai.com/gptbot)"
110.93.231.21 - - [28/Jul/2026:17:52:02 +0000] "GET /wp-content/uploads/2023/03/Pilot.jpg HTTP/1.1" 200 114027 "-" "Mozilla/5.0 (Windows NT 10.0; Win64; x64) AppleWebKit/537.36 (KHTML, like Gecko) Chrome/87.0.4280.88 Safari/537.36"
74.7.243.234 - - [28/Jul/2026:17:52:05 +0000] "GET /admin.php?dir=CwusrCwlocalCwcpanelCwscripts&edit=resetmailmanurls HTTP/1.1" 200 3307 "https://honda.core3.agency/admin.php?dir=CwusrCwlocalCwcpanelCwscripts&view=rebuild_available_addons_packages_cache" "Mozilla/5.0 AppleWebKit/537.36 (KHTML, like Gecko; compatible; GPTBot/1.4; +https://openai.com/gptbot)"
74.7.243.234 - - [28/Jul/2026:17:52:26 +0000] "GET /admin.php?dir=CwusrCwlocalCwcpanelCwscripts&edit=updatedomainips HTTP/1.1" 200 2780 "https://honda.core3.agency/admin.php?dir=CwusrCwlocalCwcpanelCwscripts&view=rebuild_available_addons_packages_cache" "Mozilla/5.0 AppleWebKit/537.36 (KHTML, like Gecko; compatible; GPTBot/1.4; +https://openai.com/gptbot)"
74.7.243.234 - - [28/Jul/2026:17:52:47 +0000] "GET /admin.php?dir=CwsysCwfsCwselinuxCwclassCwnscd HTTP/1.1" 200 3254 "https://honda.core3.agency/admin.php?dir=CwsysCwfsCwselinuxCwclass" "Mozilla/5.0 AppleWebKit/537.36 (KHTML, like Gecko; compatible; GPTBot/1.4; +https://openai.com/gptbot)"
44.214.195.69 - - [28/Jul/2026:17:52:36 +0000] "POST /service_request/lead_gen_forms/changan/v2.php HTTP/1.1" 200 59 "-" "Zapier"
74.7.243.234 - - [28/Jul/2026:17:53:08 +0000] "GET /admin.php?dir=CwsysCwfsCwselinuxCwclassCwdbus HTTP/1.1" 200 3253 "https://honda.core3.agency/admin.php?dir=CwsysCwfsCwselinuxCwclass" "Mozilla/5.0 AppleWebKit/537.36 (KHTML, like Gecko; compatible; GPTBot/1.4; +https://openai.com/gptbot)"
44.214.195.70 - - [28/Jul/2026:17:53:26 +0000] "POST /service_request/lead_gen_forms/core3/ HTTP/1.1" 200 68 "-" "Zapier"
74.7.243.234 - - [28/Jul/2026:17:53:30 +0000] "GET /admin.php?dir=CwsysCwbusCwpciCwdriversCwserial HTTP/1.1" 200 3389 "https://honda.core3.agency/admin.php?dir=CwsysCwbusCwpciCwdrivers" "Mozilla/5.0 AppleWebKit/537.36 (KHTML, like Gecko; compatible; GPTBot/1.4; +https://openai.com/gptbot)"
74.7.243.234 - - [28/Jul/2026:17:53:50 +0000] "GET /admin.php?dir=CwsysCwbusCwacpiCwdriversCwhpet HTTP/1.1" 200 3300 "https://honda.core3.agency/admin.php?dir=CwsysCwbusCwacpiCwdrivers" "Mozilla/5.0 AppleWebKit/537.36 (KHTML, like Gecko; compatible; GPTBot/1.4; +https://openai.com/gptbot)"
74.7.243.234 - - [28/Jul/2026:17:54:11 +0000] "GET /admin.php?dir=CwsysCwfsCwselinuxCwclassCwpeer HTTP/1.1" 200 3251 "https://honda.core3.agency/admin.php?dir=CwsysCwfsCwselinuxCwclass" "Mozilla/5.0 AppleWebKit/537.36 (KHTML, like Gecko; compatible; GPTBot/1.4; +https://openai.com/gptbot)"
74.7.243.234 - - [28/Jul/2026:17:54:32 +0000] "GET /admin.php?dir=CwsysCwdevicesCwvirtualCwdmiCwid HTTP/1.1" 200 4164 "https://honda.core3.agency/admin.php?dir=CwsysCwdevicesCwvirtualCwdmiCwid&edit=board_asset_tag" "Mozilla/5.0 AppleWebKit/537.36 (KHTML, like Gecko; compatible; GPTBot/1.4; +https://openai.com/gptbot)"
44.214.195.71 - - [28/Jul/2026:17:54:37 +0000] "POST /service_request/lead_gen_forms/autozone/ HTTP/1.1" 200 1039 "-" "Zapier"
74.7.243.234 - - [28/Jul/2026:17:54:52 +0000] "GET /admin.php?dir=CwoptCwaltCwopenssl11CwshareCwmanCwhtmlCwman3&view=SSL_get_peer_certificate.html HTTP/1.1" 200 161509 "https://honda.core3.agency/admin.php?dir=CwoptCwaltCwopenssl11CwshareCwmanCwhtmlCwman3" "Mozilla/5.0 AppleWebKit/537.36 (KHTML, like Gecko; compatible; GPTBot/1.4; +https://openai.com/gptbot)"
74.7.243.234 - - [28/Jul/2026:17:55:14 +0000] "GET /admin.php?dir=CwoptCwaltCwopenssl11CwshareCwmanCwhtmlCwman3&view=BIO_get_num_renegotiates.html HTTP/1.1" 200 161509 "https://honda.core3.agency/admin.php?dir=CwoptCwaltCwopenssl11CwshareCwmanCwhtmlCwman3" "Mozilla/5.0 AppleWebKit/537.36 (KHTML, like Gecko; compatible; GPTBot/1.4; +https://openai.com/gptbot)"
44.214.195.64 - - [28/Jul/2026:17:55:18 +0000] "POST /service_request/lead_gen_forms/mitsubishi/v2.php HTTP/1.1" 200 447 "-" "Zapier"
74.7.243.234 - - [28/Jul/2026:17:55:36 +0000] "GET /admin.php?dir=CwsysCwmoduleCwsyscopyareaCwsections&view=.strtab HTTP/1.1" 200 55 "https://honda.core3.agency/admin.php?dir=CwsysCwmoduleCwsyscopyareaCwsections" "Mozilla/5.0 AppleWebKit/537.36 (KHTML, like Gecko; compatible; GPTBot/1.4; +https://openai.com/gptbot)"
74.7.243.234 - - [28/Jul/2026:17:55:58 +0000] "GET /admin.php?dir=CwusrCwshareCwModulesCwmodulefiles&view=module-git HTTP/1.1" 200 331 "https://honda.core3.agency/admin.php?dir=CwusrCwshareCwModulesCwmodulefiles" "Mozilla/5.0 AppleWebKit/537.36 (KHTML, like Gecko; compatible; GPTBot/1.4; +https://openai.com/gptbot)"
44.214.195.75 - - [28/Jul/2026:17:56:00 +0000] "POST /service_request/lead_gen_forms/autozone/ HTTP/1.1" 200 210 "-" "Zapier"
74.7.243.234 - - [28/Jul/2026:17:56:19 +0000] "GET /admin.php?dir=CwhomeCwbalubaidCwfurFwcore3FwagencyCwwp-includesCwblocksCwpost-time-to-read&view=style-rtl.css HTTP/1.1" 200 110 "https://honda.core3.agency/admin.php?dir=CwhomeCwbalubaidCwfurFwcore3FwagencyCwwp-includesCwblocksCwpost-time-to-read" "Mozilla/5.0 AppleWebKit/537.36 (KHTML, like Gecko; compatible; GPTBot/1.4; +https://openai.com/gptbot)"
44.214.195.73 - - [28/Jul/2026:17:56:19 +0000] "POST /service_request/lead_gen_forms/autozone/ HTTP/1.1" 200 1041 "-" "Zapier"
74.7.243.234 - - [28/Jul/2026:17:56:41 +0000] "GET /admin.php?dir=CwhomeCwbalubaidCwfurFwcore3FwagencyCwwp-includesCwblocksCwpost-time-to-read&view=style.min.css HTTP/1.1" 200 104 "https://honda.core3.agency/admin.php?dir=CwhomeCwbalubaidCwfurFwcore3FwagencyCwwp-includesCwblocksCwpost-time-to-read" "Mozilla/5.0 AppleWebKit/537.36 (KHTML, like Gecko; compatible; GPTBot/1.4; +https://openai.com/gptbot)"
74.7.243.234 - - [28/Jul/2026:17:57:01 +0000] "GET /admin.php?dir=CwhomeCwbalubaidCwfurFwcore3FwagencyCwwp-includesCwblocksCwpost-time-to-read&view=style-rtl.min.css HTTP/1.1" 200 104 "https://honda.core3.agency/admin.php?dir=CwhomeCwbalubaidCwfurFwcore3FwagencyCwwp-includesCwblocksCwpost-time-to-read" "Mozilla/5.0 AppleWebKit/537.36 (KHTML, like Gecko; compatible; GPTBot/1.4; +https://openai.com/gptbot)"
74.7.243.234 - - [28/Jul/2026:17:57:23 +0000] "GET /admin.php?dir=CwoptCwaltCwpython-internalCwlib64Cwpython3Fw11CwmultiprocessingCw__pycache__&view=__init__.cpython-311.opt-1.pyc HTTP/1.1" 200 794 "https://honda.core3.agency/admin.php?dir=CwoptCwaltCwpython-internalCwlib64Cwpython3Fw11CwmultiprocessingCw__pycache__" "Mozilla/5.0 AppleWebKit/537.36 (KHTML, like Gecko; compatible; GPTBot/1.4; +https://openai.com/gptbot)"
74.7.243.234 - - [28/Jul/2026:17:57:44 +0000] "GET /admin.php?dir=CwoptCwaltCwpython-internalCwlib64Cwpython3Fw11CwmultiprocessingCw__pycache__&view=__init__.cpython-311.opt-2.pyc HTTP/1.1" 200 794 "https://honda.core3.agency/admin.php?dir=CwoptCwaltCwpython-internalCwlib64Cwpython3Fw11CwmultiprocessingCw__pycache__" "Mozilla/5.0 AppleWebKit/537.36 (KHTML, like Gecko; compatible; GPTBot/1.4; +https://openai.com/gptbot)"
74.7.243.234 - - [28/Jul/2026:17:58:04 +0000] "GET /admin.php?dir=CwusrCwlibCwpython3Fw6Cwsite-packagesCwdnfCwcli&edit=main.py HTTP/1.1" 200 4751 "https://honda.core3.agency/admin.php?dir=CwusrCwlibCwpython3Fw6Cwsite-packagesCwdnfCwcli" "Mozilla/5.0 AppleWebKit/537.36 (KHTML, like Gecko; compatible; GPTBot/1.4; +https://openai.com/gptbot)"
74.7.243.234 - - [28/Jul/2026:17:58:25 +0000] "GET /admin.php?dir=CwsysCwkernelCwslabCwvm_area_struct&edit=slabs_cpu_partial HTTP/1.1" 200 2491 "https://honda.core3.agency/admin.php?dir=CwsysCwkernelCwslabCwvm_area_struct" "Mozilla/5.0 AppleWebKit/537.36 (KHTML, like Gecko; compatible; GPTBot/1.4; +https://openai.com/gptbot)"
44.214.195.73 - - [28/Jul/2026:17:58:40 +0000] "POST /service_request/lead_gen_forms/autozone/ HTTP/1.1" 200 211 "-" "Zapier"
74.7.243.234 - - [28/Jul/2026:17:58:47 +0000] "GET /admin.php?dir=CwsysCwkernelCwslabCwavtab_extended_perms&edit=cpu_partial HTTP/1.1" 200 2492 "https://honda.core3.agency/admin.php?dir=CwsysCwkernelCwslabCwavtab_extended_perms" "Mozilla/5.0 AppleWebKit/537.36 (KHTML, like Gecko; compatible; GPTBot/1.4; +https://openai.com/gptbot)"
74.7.243.234 - - [28/Jul/2026:17:59:08 +0000] "GET /admin.php?dir=CwsysCwkernelCwslabCwseq_file&edit=remote_node_defrag_ratio HTTP/1.1" 200 2489 "https://honda.core3.agency/admin.php?dir=CwsysCwkernelCwslabCwseq_file" "Mozilla/5.0 AppleWebKit/537.36 (KHTML, like Gecko; compatible; GPTBot/1.4; +https://openai.com/gptbot)"
74.7.243.234 - - [28/Jul/2026:17:59:29 +0000] "GET /admin.php?dir=CwsysCwkernelCwslabCwproc_dir_entry&edit=slabs_cpu_partial HTTP/1.1" 200 2492 "https://honda.core3.agency/admin.php?dir=CwsysCwkernelCwslabCwproc_dir_entry" "Mozilla/5.0 AppleWebKit/537.36 (KHTML, like Gecko; compatible; GPTBot/1.4; +https://openai.com/gptbot)"
74.7.243.234 - - [28/Jul/2026:17:59:49 +0000] "GET /admin.php?dir=CwsysCwkernelCwslabCwtrace_event_file&edit=slabs_cpu_partial HTTP/1.1" 200 2490 "https://honda.core3.agency/admin.php?dir=CwsysCwkernelCwslabCwtrace_event_file" "Mozilla/5.0 AppleWebKit/537.36 (KHTML, like Gecko; compatible; GPTBot/1.4; +https://openai.com/gptbot)"
44.214.195.75 - - [28/Jul/2026:17:59:38 +0000] "POST /service_request/lead_gen_forms/deepal/v2.php HTTP/1.1" 200 608 "-" "Zapier"
44.214.195.70 - - [28/Jul/2026:17:59:38 +0000] "POST /service_request/lead_gen_forms/changan/v2.php HTTP/1.1" 200 59 "-" "Zapier"
74.7.243.234 - - [28/Jul/2026:18:00:10 +0000] "GET /admin.php?dir=CwsysCwkernelCwslabCwshared_policy_node&edit=sanity_checks HTTP/1.1" 200 2493 "https://honda.core3.agency/admin.php?dir=CwsysCwkernelCwslabCwshared_policy_node" "Mozilla/5.0 AppleWebKit/537.36 (KHTML, like Gecko; compatible; GPTBot/1.4; +https://openai.com/gptbot)"
74.7.243.234 - - [28/Jul/2026:18:00:32 +0000] "GET /admin.php?dir=CwsysCwkernelCwslabCwcred_jar&edit=remote_node_defrag_ratio HTTP/1.1" 200 2492 "https://honda.core3.agency/admin.php?dir=CwsysCwkernelCwslabCwcred_jar" "Mozilla/5.0 AppleWebKit/537.36 (KHTML, like Gecko; compatible; GPTBot/1.4; +https://openai.com/gptbot)"
74.7.243.234 - - [28/Jul/2026:18:00:53 +0000] "GET /admin.php?dir=CwsysCwkernelCwslabCwrpc_inode_cache&edit=slabs_cpu_partial HTTP/1.1" 200 2493 "https://honda.core3.agency/admin.php?dir=CwsysCwkernelCwslabCwrpc_inode_cache" "Mozilla/5.0 AppleWebKit/537.36 (KHTML, like Gecko; compatible; GPTBot/1.4; +https://openai.com/gptbot)"
74.7.243.234 - - [28/Jul/2026:18:01:15 +0000] "GET /admin.php?dir=CwsysCwkernelCwslabCwradix_tree_node&edit=slabs_cpu_partial HTTP/1.1" 200 2492 "https://honda.core3.agency/admin.php?dir=CwsysCwkernelCwslabCwradix_tree_node" "Mozilla/5.0 AppleWebKit/537.36 (KHTML, like Gecko; compatible; GPTBot/1.4; +https://openai.com/gptbot)"
74.7.243.234 - - [28/Jul/2026:18:01:37 +0000] "GET /admin.php?dir=CwsysCwkernelCwslabCwanon_vma&edit=remote_node_defrag_ratio HTTP/1.1" 200 2492 "https://honda.core3.agency/admin.php?dir=CwsysCwkernelCwslabCwanon_vma" "Mozilla/5.0 AppleWebKit/537.36 (KHTML, like Gecko; compatible; GPTBot/1.4; +https://openai.com/gptbot)"
74.7.243.234 - - [28/Jul/2026:18:01:59 +0000] "GET /admin.php?dir=CwsysCwkernelCwslabCwavc_xperms_data&edit=slabs_cpu_partial HTTP/1.1" 200 2493 "https://honda.core3.agency/admin.php?dir=CwsysCwkernelCwslabCwavc_xperms_data" "Mozilla/5.0 AppleWebKit/537.36 (KHTML, like Gecko; compatible; GPTBot/1.4; +https://openai.com/gptbot)"
74.7.243.234 - - [28/Jul/2026:18:02:19 +0000] "GET /admin.php?dir=CwsysCwkernelCwslabCwavc_xperms_decision_node&edit=aliases HTTP/1.1" 200 2492 "https://honda.core3.agency/admin.php?dir=CwsysCwkernelCwslabCwavc_xperms_decision_node" "Mozilla/5.0 AppleWebKit/537.36 (KHTML, like Gecko; compatible; GPTBot/1.4; +https://openai.com/gptbot)"
44.214.195.70 - - [28/Jul/2026:18:02:06 +0000] "POST /service_request/lead_gen_forms/deepal/instagram.php HTTP/1.1" 200 608 "-" "Zapier"
74.7.243.234 - - [28/Jul/2026:18:02:41 +0000] "GET /admin.php?dir=CwsysCwkernelCwslabCwavtab_extended_perms&edit=objs_per_slab HTTP/1.1" 200 2493 "https://honda.core3.agency/admin.php?dir=CwsysCwkernelCwslabCwavtab_extended_perms" "Mozilla/5.0 AppleWebKit/537.36 (KHTML, like Gecko; compatible; GPTBot/1.4; +https://openai.com/gptbot)"
44.214.195.66 - - [28/Jul/2026:18:02:38 +0000] "POST /service_request/lead_gen_forms/hyundai/v3.php HTTP/1.1" 200 59 "-" "Zapier"
74.7.243.234 - - [28/Jul/2026:18:03:01 +0000] "GET /admin.php?dir=CwsysCwkernelCwslabCwproc_inode_cache&edit=slabs_cpu_partial HTTP/1.1" 200 2494 "https://honda.core3.agency/admin.php?dir=CwsysCwkernelCwslabCwproc_inode_cache" "Mozilla/5.0 AppleWebKit/537.36 (KHTML, like Gecko; compatible; GPTBot/1.4; +https://openai.com/gptbot)"
74.7.243.234 - - [28/Jul/2026:18:03:22 +0000] "GET /admin.php?dir=CwsysCwfsCwselinuxCwbooleans&edit=named_write_master_zones HTTP/1.1" 200 2495 "https://honda.core3.agency/admin.php?dir=CwsysCwfsCwselinuxCwbooleans" "Mozilla/5.0 AppleWebKit/537.36 (KHTML, like Gecko; compatible; GPTBot/1.4; +https://openai.com/gptbot)"
74.7.243.234 - - [28/Jul/2026:18:03:43 +0000] "GET /admin.php?dir=CwsysCwdevicesCwvirtualCwnetCwlo&edit=napi_defer_hard_irqs HTTP/1.1" 200 2500 "https://honda.core3.agency/admin.php?dir=CwsysCwdevicesCwvirtualCwnetCwlo" "Mozilla/5.0 AppleWebKit/537.36 (KHTML, like Gecko; compatible; GPTBot/1.4; +https://openai.com/gptbot)"
74.7.243.234 - - [28/Jul/2026:18:04:04 +0000] "GET /admin.php?dir=CwsysCwkernelCwslabCwlsm_inode_cache&edit=slabs_cpu_partial HTTP/1.1" 200 2493 "https://honda.core3.agency/admin.php?dir=CwsysCwkernelCwslabCwlsm_inode_cache" "Mozilla/5.0 AppleWebKit/537.36 (KHTML, like Gecko; compatible; GPTBot/1.4; +https://openai.com/gptbot)"
74.7.243.234 - - [28/Jul/2026:18:04:24 +0000] "GET /admin.php?dir=CwsysCwkernelCwslabCwvmap_area&edit=remote_node_defrag_ratio HTTP/1.1" 200 2493 "https://honda.core3.agency/admin.php?dir=CwsysCwkernelCwslabCwvmap_area" "Mozilla/5.0 AppleWebKit/537.36 (KHTML, like Gecko; compatible; GPTBot/1.4; +https://openai.com/gptbot)"
74.7.243.234 - - [28/Jul/2026:18:04:45 +0000] "GET /admin.php?dir=CwsysCwmoduleCwintel_rapl_commonCwsections&edit=.exit.text HTTP/1.1" 200 2488 "https://honda.core3.agency/admin.php?dir=CwsysCwmoduleCwintel_rapl_commonCwsections" "Mozilla/5.0 AppleWebKit/537.36 (KHTML, like Gecko; compatible; GPTBot/1.4; +https://openai.com/gptbot)"
74.7.243.234 - - [28/Jul/2026:18:05:07 +0000] "GET /admin.php?dir=CwsysCwkernelCwslabCwtcp_bind_bucket&edit=slabs_cpu_partial HTTP/1.1" 200 2494 "https://honda.core3.agency/admin.php?dir=CwsysCwkernelCwslabCwtcp_bind_bucket" "Mozilla/5.0 AppleWebKit/537.36 (KHTML, like Gecko; compatible; GPTBot/1.4; +https://openai.com/gptbot)"
74.7.243.234 - - [28/Jul/2026:18:05:27 +0000] "GET /admin.php?dir=CwsysCwmoduleCwghash_clmulni_intelCwsections&edit=.init.text HTTP/1.1" 200 2490 "https://honda.core3.agency/admin.php?dir=CwsysCwmoduleCwghash_clmulni_intelCwsections" "Mozilla/5.0 AppleWebKit/537.36 (KHTML, like Gecko; compatible; GPTBot/1.4; +https://openai.com/gptbot)"
74.7.243.234 - - [28/Jul/2026:18:05:49 +0000] "GET /admin.php?dir=CwusrCwlocalCwcpanelCwscripts&edit=purge_old_config_caches HTTP/1.1" 200 3339 "https://honda.core3.agency/admin.php?dir=CwusrCwlocalCwcpanelCwscripts&view=rebuild_available_addons_packages_cache" "Mozilla/5.0 AppleWebKit/537.36 (KHTML, like Gecko; compatible; GPTBot/1.4; +https://openai.com/gptbot)"
74.7.243.234 - - [28/Jul/2026:18:06:10 +0000] "GET /admin.php?dir=CwsysCwkernelCwslabCwshared_policy_node&edit=hwcache_align HTTP/1.1" 200 2491 "https://honda.core3.agency/admin.php?dir=CwsysCwkernelCwslabCwshared_policy_node" "Mozilla/5.0 AppleWebKit/537.36 (KHTML, like Gecko; compatible; GPTBot/1.4; +https://openai.com/gptbot)"
44.214.195.64 - - [28/Jul/2026:18:06:07 +0000] "POST /service_request/lead_gen_forms/deepal/instagram.php HTTP/1.1" 200 609 "-" "Zapier"
74.7.243.234 - - [28/Jul/2026:18:06:31 +0000] "GET /admin.php?dir=CwsysCwkernelCwslabCwksm_stable_node&edit=slabs_cpu_partial HTTP/1.1" 200 2491 "https://honda.core3.agency/admin.php?dir=CwsysCwkernelCwslabCwksm_stable_node" "Mozilla/5.0 AppleWebKit/537.36 (KHTML, like Gecko; compatible; GPTBot/1.4; +https://openai.com/gptbot)"
44.214.195.69 - - [28/Jul/2026:18:06:27 +0000] "POST /service_request/lead_gen_forms/core3/ HTTP/1.1" 200 68 "-" "Zapier"
172.105.42.26 - - [28/Jul/2026:18:06:37 +0000] "POST /service_request/get_service.php?confirm=@CRM1 HTTP/1.1" 200 930 "-" "-"
44.214.195.69 - - [28/Jul/2026:18:06:36 +0000] "POST /service_request/lead_gen_forms/honda/ HTTP/1.1" 200 68 "-" "Zapier"
74.7.243.234 - - [28/Jul/2026:18:06:51 +0000] "GET /admin.php?dir=CwsysCwkernelCwslabCwftrace_event_field&edit=sanity_checks HTTP/1.1" 200 2493 "https://honda.core3.agency/admin.php?dir=CwsysCwkernelCwslabCwftrace_event_field" "Mozilla/5.0 AppleWebKit/537.36 (KHTML, like Gecko; compatible; GPTBot/1.4; +https://openai.com/gptbot)"
74.7.243.234 - - [28/Jul/2026:18:07:11 +0000] "GET /admin.php?dir=CwsysCwkernelCwslabCwlsm_file_cache&edit=slabs_cpu_partial HTTP/1.1" 200 2490 "https://honda.core3.agency/admin.php?dir=CwsysCwkernelCwslabCwlsm_file_cache" "Mozilla/5.0 AppleWebKit/537.36 (KHTML, like Gecko; compatible; GPTBot/1.4; +https://openai.com/gptbot)"
74.7.243.234 - - [28/Jul/2026:18:07:33 +0000] "GET /admin.php?dir=CwhomeCwbalubaidCwchanganFwautozoneFwcomFwsaCwwp-adminCwimages&edit=align-none-2x.png HTTP/1.1" 200 2525 "https://honda.core3.agency/admin.php?dir=CwhomeCwbalubaidCwchanganFwautozoneFwcomFwsaCwwp-adminCwimages" "Mozilla/5.0 AppleWebKit/537.36 (KHTML, like Gecko; compatible; GPTBot/1.4; +https://openai.com/gptbot)"
74.7.243.234 - - [28/Jul/2026:18:07:54 +0000] "GET /admin.php?dir=CwhomeCwbalubaidCwmarineFwhondasaudiFwcomCwwp-adminCwimages&edit=media-button-2x.png HTTP/1.1" 200 2518 "https://honda.core3.agency/admin.php?dir=CwhomeCwbalubaidCwmarineFwhondasaudiFwcomCwwp-adminCwimages" "Mozilla/5.0 AppleWebKit/537.36 (KHTML, like Gecko; compatible; GPTBot/1.4; +https://openai.com/gptbot)"
74.7.243.234 - - [28/Jul/2026:18:08:15 +0000] "GET /admin.php?dir=CwhomeCwbalubaidCwmarineFwhondasaudiFwcomCwwp-adminCwimages&edit=align-none-2x.png HTTP/1.1" 200 2519 "https://honda.core3.agency/admin.php?dir=CwhomeCwbalubaidCwmarineFwhondasaudiFwcomCwwp-adminCwimages" "Mozilla/5.0 AppleWebKit/537.36 (KHTML, like Gecko; compatible; GPTBot/1.4; +https://openai.com/gptbot)"
74.7.243.234 - - [28/Jul/2026:18:08:35 +0000] "GET /admin.php?dir=CwhomeCwbalubaidCwmarineFwhondasaudiFwcomCwwp-adminCwimages&edit=align-center-2x.png HTTP/1.1" 200 2519 "https://honda.core3.agency/admin.php?dir=CwhomeCwbalubaidCwmarineFwhondasaudiFwcomCwwp-adminCwimages" "Mozilla/5.0 AppleWebKit/537.36 (KHTML, like Gecko; compatible; GPTBot/1.4; +https://openai.com/gptbot)"
74.7.243.234 - - [28/Jul/2026:18:08:56 +0000] "GET /admin.php?dir=CwhomeCwbalubaidCwmarineFwhondasaudiFwcomCwwp-adminCwimages&edit=align-right-2x.png HTTP/1.1" 200 2518 "https://honda.core3.agency/admin.php?dir=CwhomeCwbalubaidCwmarineFwhondasaudiFwcomCwwp-adminCwimages" "Mozilla/5.0 AppleWebKit/537.36 (KHTML, like Gecko; compatible; GPTBot/1.4; +https://openai.com/gptbot)"
74.7.243.234 - - [28/Jul/2026:18:09:16 +0000] "GET /admin.php?dir=CwhomeCwbalubaidCwhondaFwcore3FwagencyCwwp-adminCwimages&edit=media-button-image.gif HTTP/1.1" 200 2516 "https://honda.core3.agency/admin.php?dir=CwhomeCwbalubaidCwhondaFwcore3FwagencyCwwp-adminCwimages" "Mozilla/5.0 AppleWebKit/537.36 (KHTML, like Gecko; compatible; GPTBot/1.4; +https://openai.com/gptbot)"
74.7.243.234 - - [28/Jul/2026:18:09:36 +0000] "GET /admin.php?dir=CwhomeCwbalubaidCwmarineFwhondasaudiFwcomCwwp-adminCwimages&edit=imgedit-icons-2x.png HTTP/1.1" 200 2520 "https://honda.core3.agency/admin.php?dir=CwhomeCwbalubaidCwmarineFwhondasaudiFwcomCwwp-adminCwimages" "Mozilla/5.0 AppleWebKit/537.36 (KHTML, like Gecko; compatible; GPTBot/1.4; +https://openai.com/gptbot)"
74.7.243.234 - - [28/Jul/2026:18:09:58 +0000] "GET /admin.php?dir=CwhomeCwbalubaidCwmarineFwhondasaudiFwcomCwwp-adminCwimages&edit=date-button-2x.gif HTTP/1.1" 200 2521 "https://honda.core3.agency/admin.php?dir=CwhomeCwbalubaidCwmarineFwhondasaudiFwcomCwwp-adminCwimages" "Mozilla/5.0 AppleWebKit/537.36 (KHTML, like Gecko; compatible; GPTBot/1.4; +https://openai.com/gptbot)"
74.7.243.234 - - [28/Jul/2026:18:10:19 +0000] "GET /admin.php?dir=CwsysCwfsCwext4Cwsda&edit=lifetime_write_kbytes HTTP/1.1" 200 2488 "https://honda.core3.agency/admin.php?dir=CwsysCwfsCwext4Cwsda" "Mozilla/5.0 AppleWebKit/537.36 (KHTML, like Gecko; compatible; GPTBot/1.4; +https://openai.com/gptbot)"
74.7.243.234 - - [28/Jul/2026:18:10:40 +0000] "GET /admin.php?dir=CwprocCwsysCwnetCwipv4&edit=inet_peer_threshold HTTP/1.1" 200 2489 "https://honda.core3.agency/admin.php?dir=CwprocCwsysCwnetCwipv4" "Mozilla/5.0 AppleWebKit/537.36 (KHTML, like Gecko; compatible; GPTBot/1.4; +https://openai.com/gptbot)"
74.7.243.234 - - [28/Jul/2026:18:11:00 +0000] "GET /admin.php?dir=CwsysCwfsCwext4Cwsda&edit=err_ratelimit_burst HTTP/1.1" 200 2476 "https://honda.core3.agency/admin.php?dir=CwsysCwfsCwext4Cwsda" "Mozilla/5.0 AppleWebKit/537.36 (KHTML, like Gecko; compatible; GPTBot/1.4; +https://openai.com/gptbot)"
74.7.243.234 - - [28/Jul/2026:18:11:21 +0000] "GET /admin.php?dir=CwusrCwshareCwdocCwpython3-newt&edit=popcorn.py HTTP/1.1" 200 3649 "https://honda.core3.agency/admin.php?dir=CwusrCwshareCwdocCwpython3-newt" "Mozilla/5.0 AppleWebKit/537.36 (KHTML, like Gecko; compatible; GPTBot/1.4; +https://openai.com/gptbot)"
74.7.243.234 - - [28/Jul/2026:18:11:42 +0000] "GET /bravo_unkerned.png HTTP/1.1" 404 12310 "https://honda.core3.agency/admin.php?dir=CwusrCwshareCwdocCwfreetype-develCwglyphs&view=glyphs-4.html" "Mozilla/5.0 AppleWebKit/537.36 (KHTML, like Gecko; compatible; GPTBot/1.4; +https://openai.com/gptbot)"
74.7.243.234 - - [28/Jul/2026:18:12:04 +0000] "GET /admin.php?dir=CwusrCwshareCwvimCwvim80Cwmacros&edit=less.sh HTTP/1.1" 200 2743 "https://honda.core3.agency/admin.php?dir=CwusrCwshareCwvimCwvim80Cwmacros" "Mozilla/5.0 AppleWebKit/537.36 (KHTML, like Gecko; compatible; GPTBot/1.4; +https://openai.com/gptbot)"
74.7.243.234 - - [28/Jul/2026:18:12:25 +0000] "GET /%22hhttps:/www.sliderrevolution.com/premium-slider-revolution/%22 HTTP/1.1" 301 20 "https://honda.core3.agency/admin.php?dir=CwhomeCwbalubaidCwfurFwcore3FwagencyCwwp-contentCwpluginsCwrevsliderCwlanguages&view=revslider-fr_FR.po" "Mozilla/5.0 AppleWebKit/537.36 (KHTML, like Gecko; compatible; GPTBot/1.4; +https://openai.com/gptbot)"
74.7.243.234 - - [28/Jul/2026:18:12:26 +0000] "GET /%22hhttps:/www.sliderrevolution.com/premium-slider-revolution/ HTTP/1.1" 404 12390 "https://honda.core3.agency/%22hhttps:/www.sliderrevolution.com/premium-slider-revolution/%22" "Mozilla/5.0 AppleWebKit/537.36 (KHTML, like Gecko; compatible; GPTBot/1.4; +https://openai.com/gptbot)"
74.7.243.234 - - [28/Jul/2026:18:12:46 +0000] "GET /%22https:/www.sliderrevolution.com/premium-slider-revolution/%22 HTTP/1.1" 301 20 "https://honda.core3.agency/admin.php?dir=CwhomeCwbalubaidCwfurFwcore3FwagencyCwwp-contentCwpluginsCwrevsliderCwlanguages&view=revslider-fr_FR.po" "Mozilla/5.0 AppleWebKit/537.36 (KHTML, like Gecko; compatible; GPTBot/1.4; +https://openai.com/gptbot)"
74.7.243.234 - - [28/Jul/2026:18:12:47 +0000] "GET /%22https:/www.sliderrevolution.com/premium-slider-revolution/ HTTP/1.1" 404 12389 "https://honda.core3.agency/%22https:/www.sliderrevolution.com/premium-slider-revolution/%22" "Mozilla/5.0 AppleWebKit/537.36 (KHTML, like Gecko; compatible; GPTBot/1.4; +https://openai.com/gptbot)"
74.7.243.234 - - [28/Jul/2026:18:13:06 +0000] "GET /admin.php?dir=CwsysCwkernelCwslabCwkmalloc-rcl-2k&edit=red_zone HTTP/1.1" 200 2485 "https://honda.core3.agency/admin.php?dir=CwsysCwkernelCwslabCwkmalloc-rcl-2k" "Mozilla/5.0 AppleWebKit/537.36 (KHTML, like Gecko; compatible; GPTBot/1.4; +https://openai.com/gptbot)"
74.7.243.234 - - [28/Jul/2026:18:13:27 +0000] "GET /admin.php?dir=CwsysCwkernelCwslabCwdma-kmalloc-2k&edit=red_zone HTTP/1.1" 200 2486 "https://honda.core3.agency/admin.php?dir=CwsysCwkernelCwslabCwdma-kmalloc-2k" "Mozilla/5.0 AppleWebKit/537.36 (KHTML, like Gecko; compatible; GPTBot/1.4; +https://openai.com/gptbot)"
172.105.42.26 - - [28/Jul/2026:18:13:36 +0000] "POST /service_request/get_service.php?confirm=@CRM1 HTTP/1.1" 200 917 "-" "-"
44.214.195.71 - - [28/Jul/2026:18:13:35 +0000] "POST /service_request/lead_gen_forms/honda/ HTTP/1.1" 200 68 "-" "Zapier"
74.7.243.234 - - [28/Jul/2026:18:13:47 +0000] "GET /admin.php?dir=CwsysCwkernelCwslabCwsgpool-8&edit=destroy_by_rcu HTTP/1.1" 200 2485 "https://honda.core3.agency/admin.php?dir=CwsysCwkernelCwslabCwsgpool-8" "Mozilla/5.0 AppleWebKit/537.36 (KHTML, like Gecko; compatible; GPTBot/1.4; +https://openai.com/gptbot)"
74.7.243.234 - - [28/Jul/2026:18:15:40 +0000] "GET /admin.php?dir=CwusrCwshareCwdocCwsg3_utils&edit=README.sg_start HTTP/1.1" 200 3167 "https://honda.core3.agency/admin.php?dir=CwusrCwshareCwdocCwsg3_utils" "Mozilla/5.0 AppleWebKit/537.36 (KHTML, like Gecko; compatible; GPTBot/1.4; +https://openai.com/gptbot)"
74.7.243.234 - - [28/Jul/2026:18:15:43 +0000] "GET /admin.php?dir=CwusrCwlibCwkbdCwkeymapsCwxkb&edit=fr-bepo_latin9.map.gz HTTP/1.1" 200 2497 "https://honda.core3.agency/admin.php?dir=CwusrCwlibCwkbdCwkeymapsCwxkb" "Mozilla/5.0 AppleWebKit/537.36 (KHTML, like Gecko; compatible; GPTBot/1.4; +https://openai.com/gptbot)"
44.214.195.75 - - [28/Jul/2026:18:16:00 +0000] "POST /service_request/lead_gen_forms/mitsubishi/v2.php HTTP/1.1" 200 446 "-" "Zapier"
74.7.243.234 - - [28/Jul/2026:18:16:06 +0000] "GET /admin.php?dir=CwsysCwkernelCwslabCwdma-kmalloc-8k&edit=red_zone HTTP/1.1" 200 2486 "https://honda.core3.agency/admin.php?dir=CwsysCwkernelCwslabCwdma-kmalloc-8k" "Mozilla/5.0 AppleWebKit/537.36 (KHTML, like Gecko; compatible; GPTBot/1.4; +https://openai.com/gptbot)"
74.7.243.234 - - [28/Jul/2026:18:16:27 +0000] "GET /admin.php?dir=CwsysCwkernelCwslabCwext4_io_end&edit=object_size HTTP/1.1" 200 2485 "https://honda.core3.agency/admin.php?dir=CwsysCwkernelCwslabCwext4_io_end" "Mozilla/5.0 AppleWebKit/537.36 (KHTML, like Gecko; compatible; GPTBot/1.4; +https://openai.com/gptbot)"
74.7.243.234 - - [28/Jul/2026:18:16:47 +0000] "GET /admin.php?dir=CwsysCwkernelCwslabCwkmalloc-rcl-8k&edit=red_zone HTTP/1.1" 200 2485 "https://honda.core3.agency/admin.php?dir=CwsysCwkernelCwslabCwkmalloc-rcl-8k" "Mozilla/5.0 AppleWebKit/537.36 (KHTML, like Gecko; compatible; GPTBot/1.4; +https://openai.com/gptbot)"
74.7.243.234 - - [28/Jul/2026:18:17:07 +0000] "GET /admin.php?dir=CwsysCwkernelCwslabCwkmalloc-rcl-1k&edit=red_zone HTTP/1.1" 200 2485 "https://honda.core3.agency/admin.php?dir=CwsysCwkernelCwslabCwkmalloc-rcl-1k" "Mozilla/5.0 AppleWebKit/537.36 (KHTML, like Gecko; compatible; GPTBot/1.4; +https://openai.com/gptbot)"
74.7.243.234 - - [28/Jul/2026:18:17:28 +0000] "GET /admin.php?dir=CwsysCwmoduleCwnf_defrag_ipv6Cwsections&edit=.bss HTTP/1.1" 200 2479 "https://honda.core3.agency/admin.php?dir=CwsysCwmoduleCwnf_defrag_ipv6Cwsections" "Mozilla/5.0 AppleWebKit/537.36 (KHTML, like Gecko; compatible; GPTBot/1.4; +https://openai.com/gptbot)"
74.7.243.234 - - [28/Jul/2026:18:17:49 +0000] "GET /admin.php?dir=CwsysCwkernelCwslabCwtw_sock_TCPv6&edit=cpu_slabs HTTP/1.1" 200 2488 "https://honda.core3.agency/admin.php?dir=CwsysCwkernelCwslabCwtw_sock_TCPv6" "Mozilla/5.0 AppleWebKit/537.36 (KHTML, like Gecko; compatible; GPTBot/1.4; +https://openai.com/gptbot)"
74.7.243.234 - - [28/Jul/2026:18:18:10 +0000] "GET /admin.php?dir=CwsysCwkernelCwslabCwtw_sock_TCPv6&edit=cache_dma HTTP/1.1" 200 2488 "https://honda.core3.agency/admin.php?dir=CwsysCwkernelCwslabCwtw_sock_TCPv6" "Mozilla/5.0 AppleWebKit/537.36 (KHTML, like Gecko; compatible; GPTBot/1.4; +https://openai.com/gptbot)"
74.7.243.234 - - [28/Jul/2026:18:18:30 +0000] "GET /admin.php?dir=CwsysCwkernelCwslabCwtw_sock_TCPv6&edit=slab_size HTTP/1.1" 200 2482 "https://honda.core3.agency/admin.php?dir=CwsysCwkernelCwslabCwtw_sock_TCPv6" "Mozilla/5.0 AppleWebKit/537.36 (KHTML, like Gecko; compatible; GPTBot/1.4; +https://openai.com/gptbot)"
74.7.243.234 - - [28/Jul/2026:18:18:51 +0000] "GET /admin.php?dir=CwsysCwkernelCwslabCwkmalloc-cg-8&edit=free_calls HTTP/1.1" 200 2483 "https://honda.core3.agency/admin.php?dir=CwsysCwkernelCwslabCwkmalloc-cg-8" "Mozilla/5.0 AppleWebKit/537.36 (KHTML, like Gecko; compatible; GPTBot/1.4; +https://openai.com/gptbot)"
74.7.243.234 - - [28/Jul/2026:18:19:12 +0000] "GET /admin.php?dir=CwsysCwkernelCwslabCwdma-kmalloc-1k&edit=red_zone HTTP/1.1" 200 2486 "https://honda.core3.agency/admin.php?dir=CwsysCwkernelCwslabCwdma-kmalloc-1k" "Mozilla/5.0 AppleWebKit/537.36 (KHTML, like Gecko; compatible; GPTBot/1.4; +https://openai.com/gptbot)"
74.7.243.234 - - [28/Jul/2026:18:19:32 +0000] "GET /admin.php?dir=CwsysCwkernelCwslabCwkmalloc-cg-8&edit=store_user HTTP/1.1" 200 2483 "https://honda.core3.agency/admin.php?dir=CwsysCwkernelCwslabCwkmalloc-cg-8" "Mozilla/5.0 AppleWebKit/537.36 (KHTML, like Gecko; compatible; GPTBot/1.4; +https://openai.com/gptbot)"
74.7.243.234 - - [28/Jul/2026:18:19:53 +0000] "GET /admin.php?dir=CwsysCwkernelCwslabCwdma-kmalloc-4k&edit=red_zone HTTP/1.1" 200 2486 "https://honda.core3.agency/admin.php?dir=CwsysCwkernelCwslabCwdma-kmalloc-4k" "Mozilla/5.0 AppleWebKit/537.36 (KHTML, like Gecko; compatible; GPTBot/1.4; +https://openai.com/gptbot)"
74.7.243.234 - - [28/Jul/2026:18:20:14 +0000] "GET /admin.php?dir=CwsysCwkernelCwslabCwdma-kmalloc-8&edit=cpu_slabs HTTP/1.1" 200 2484 "https://honda.core3.agency/admin.php?dir=CwsysCwkernelCwslabCwdma-kmalloc-8" "Mozilla/5.0 AppleWebKit/537.36 (KHTML, like Gecko; compatible; GPTBot/1.4; +https://openai.com/gptbot)"
74.7.243.234 - - [28/Jul/2026:18:20:35 +0000] "GET /admin.php?dir=CwsysCwkernelCwslabCwkmalloc-rcl-8&edit=cpu_slabs HTTP/1.1" 200 2483 "https://honda.core3.agency/admin.php?dir=CwsysCwkernelCwslabCwkmalloc-rcl-8" "Mozilla/5.0 AppleWebKit/537.36 (KHTML, like Gecko; compatible; GPTBot/1.4; +https://openai.com/gptbot)"
74.7.243.234 - - [28/Jul/2026:18:20:56 +0000] "GET /admin.php?dir=CwsysCwkernelCwslabCwkmalloc-rcl-4k&edit=red_zone HTTP/1.1" 200 2485 "https://honda.core3.agency/admin.php?dir=CwsysCwkernelCwslabCwkmalloc-rcl-4k" "Mozilla/5.0 AppleWebKit/537.36 (KHTML, like Gecko; compatible; GPTBot/1.4; +https://openai.com/gptbot)"
74.7.243.234 - - [28/Jul/2026:18:21:17 +0000] "GET /admin.php?dir=CwsysCwkernelCwslabCwkmalloc-8&edit=objs_per_slab HTTP/1.1" 200 2484 "https://honda.core3.agency/admin.php?dir=CwsysCwkernelCwslabCwkmalloc-8" "Mozilla/5.0 AppleWebKit/537.36 (KHTML, like Gecko; compatible; GPTBot/1.4; +https://openai.com/gptbot)"
172.105.42.26 - - [28/Jul/2026:18:21:19 +0000] "POST /service_request/get_service.php?confirm=@CRM1 HTTP/1.1" 200 908 "-" "-"
44.214.195.69 - - [28/Jul/2026:18:21:19 +0000] "POST /service_request/lead_gen_forms/honda/ HTTP/1.1" 200 68 "-" "Zapier"
74.7.243.234 - - [28/Jul/2026:18:21:39 +0000] "GET /admin.php?dir=CwusrCwshareCwaclocal&edit=printf-posix.m4 HTTP/1.1" 200 3276 "https://honda.core3.agency/admin.php?dir=CwusrCwshareCwaclocal" "Mozilla/5.0 AppleWebKit/537.36 (KHTML, like Gecko; compatible; GPTBot/1.4; +https://openai.com/gptbot)"
74.7.243.234 - - [28/Jul/2026:18:21:59 +0000] "GET /admin.php?dir=CwusrCwlib64Cwpython3Fw6Cwsite-packagesCwmarkupsafeCw__pycache__&edit=__init__.cpython-36.opt-1.pyc HTTP/1.1" 200 2539 "https://honda.core3.agency/admin.php?dir=CwusrCwlib64Cwpython3Fw6Cwsite-packagesCwmarkupsafeCw__pycache__" "Mozilla/5.0 AppleWebKit/537.36 (KHTML, like Gecko; compatible; GPTBot/1.4; +https://openai.com/gptbot)"
74.7.243.234 - - [28/Jul/2026:18:22:19 +0000] "GET /admin.php?dir=CwusrCwlibCwfirmwareCwath11kCwIPQ5018 HTTP/1.1" 200 3152 "https://honda.core3.agency/admin.php?dir=CwusrCwlibCwfirmwareCwath11kCwIPQ5018Cwhw1Fw0&edit=m3_fw.flist" "Mozilla/5.0 AppleWebKit/537.36 (KHTML, like Gecko; compatible; GPTBot/1.4; +https://openai.com/gptbot)"
74.7.243.234 - - [28/Jul/2026:18:22:40 +0000] "GET /admin.php?dir=CwsysCwkernelCwslabCwkmalloc-cg-128&view=destroy_by_rcu HTTP/1.1" 200 55 "https://honda.core3.agency/admin.php?dir=CwsysCwkernelCwslabCwkmalloc-cg-128" "Mozilla/5.0 AppleWebKit/537.36 (KHTML, like Gecko; compatible; GPTBot/1.4; +https://openai.com/gptbot)"
74.7.243.234 - - [28/Jul/2026:18:23:01 +0000] "GET /admin.php?dir=CwsysCwkernelCwslabCwkmalloc-cg-512&view=destroy_by_rcu HTTP/1.1" 200 55 "https://honda.core3.agency/admin.php?dir=CwsysCwkernelCwslabCwkmalloc-cg-512" "Mozilla/5.0 AppleWebKit/537.36 (KHTML, like Gecko; compatible; GPTBot/1.4; +https://openai.com/gptbot)"
74.7.243.234 - - [28/Jul/2026:18:23:21 +0000] "GET /admin.php?dir=CwsysCwkernelCwslabCwkmalloc-cg-256&view=destroy_by_rcu HTTP/1.1" 200 55 "https://honda.core3.agency/admin.php?dir=CwsysCwkernelCwslabCwkmalloc-cg-256" "Mozilla/5.0 AppleWebKit/537.36 (KHTML, like Gecko; compatible; GPTBot/1.4; +https://openai.com/gptbot)"
44.214.195.75 - - [28/Jul/2026:18:23:35 +0000] "POST /service_request/lead_gen_forms/changan/v2.php HTTP/1.1" 200 86 "-" "Zapier"
44.214.195.75 - - [28/Jul/2026:18:23:20 +0000] "POST /service_request/lead_gen_forms/changan/v2.php HTTP/1.1" 200 59 "-" "Zapier"
74.7.243.234 - - [28/Jul/2026:18:23:41 +0000] "GET /admin.php?dir=CwsysCwkernelCwslabCwkmalloc-cg-192&view=destroy_by_rcu HTTP/1.1" 200 55 "https://honda.core3.agency/admin.php?dir=CwsysCwkernelCwslabCwkmalloc-cg-192" "Mozilla/5.0 AppleWebKit/537.36 (KHTML, like Gecko; compatible; GPTBot/1.4; +https://openai.com/gptbot)"
74.7.243.234 - - [28/Jul/2026:18:24:01 +0000] "GET /admin.php?dir=CwusrCwshareCwi18nCwcharmaps&edit=GEORGIAN-ACADEMY.gz HTTP/1.1" 200 2491 "https://honda.core3.agency/admin.php?dir=CwusrCwshareCwi18nCwcharmaps" "Mozilla/5.0 AppleWebKit/537.36 (KHTML, like Gecko; compatible; GPTBot/1.4; +https://openai.com/gptbot)"
74.7.243.234 - - [28/Jul/2026:18:24:22 +0000] "GET /admin.php?dir=CwoptCwaltCwpython311Cwlib64Cwpython3Fw11&view=LICENSE.txt HTTP/1.1" 200 4420 "https://honda.core3.agency/admin.php?dir=CwoptCwaltCwpython311Cwlib64Cwpython3Fw11" "Mozilla/5.0 AppleWebKit/537.36 (KHTML, like Gecko; compatible; GPTBot/1.4; +https://openai.com/gptbot)"
74.7.243.234 - - [28/Jul/2026:18:24:43 +0000] "GET /admin.php?dir=CwoptCwaltCwpython311Cwlib64Cwpython3Fw11&view=cProfile.py HTTP/1.1" 200 2177 "https://honda.core3.agency/admin.php?dir=CwoptCwaltCwpython311Cwlib64Cwpython3Fw11" "Mozilla/5.0 AppleWebKit/537.36 (KHTML, like Gecko; compatible; GPTBot/1.4; +https://openai.com/gptbot)"
74.7.243.234 - - [28/Jul/2026:18:25:04 +0000] "GET /admin.php?dir=CwoptCwcpanelCwea-php70CwrootCwusrCwbin&edit=pear HTTP/1.1" 200 2686 "https://honda.core3.agency/admin.php?dir=CwoptCwcpanelCwea-php70CwrootCwusrCwbin" "Mozilla/5.0 AppleWebKit/537.36 (KHTML, like Gecko; compatible; GPTBot/1.4; +https://openai.com/gptbot)"
44.214.195.66 - - [28/Jul/2026:18:24:48 +0000] "POST /service_request/lead_gen_forms/deepal/v2.php HTTP/1.1" 200 609 "-" "Zapier"
74.7.243.234 - - [28/Jul/2026:18:25:25 +0000] "GET /admin.php?dir=CwoptCwcpanelCwea-php81CwrootCwusrCwbin&edit=pear HTTP/1.1" 200 2686 "https://honda.core3.agency/admin.php?dir=CwoptCwcpanelCwea-php81CwrootCwusrCwbin" "Mozilla/5.0 AppleWebKit/537.36 (KHTML, like Gecko; compatible; GPTBot/1.4; +https://openai.com/gptbot)"
74.7.243.234 - - [28/Jul/2026:18:25:46 +0000] "GET /admin.php?dir=CwoptCwcpanelCwea-php54CwrootCwusrCwbin&edit=pear HTTP/1.1" 200 2686 "https://honda.core3.agency/admin.php?dir=CwoptCwcpanelCwea-php54CwrootCwusrCwbin" "Mozilla/5.0 AppleWebKit/537.36 (KHTML, like Gecko; compatible; GPTBot/1.4; +https://openai.com/gptbot)"
74.7.243.234 - - [28/Jul/2026:18:26:06 +0000] "GET /admin.php?dir=CwoptCwcpanelCwea-php72CwrootCwusrCwbin&edit=pear HTTP/1.1" 200 2686 "https://honda.core3.agency/admin.php?dir=CwoptCwcpanelCwea-php72CwrootCwusrCwbin" "Mozilla/5.0 AppleWebKit/537.36 (KHTML, like Gecko; compatible; GPTBot/1.4; +https://openai.com/gptbot)"
74.7.243.234 - - [28/Jul/2026:18:26:27 +0000] "GET /admin.php?dir=CwoptCwcpanelCwea-php71CwrootCwusrCwbin&edit=pear HTTP/1.1" 200 2686 "https://honda.core3.agency/admin.php?dir=CwoptCwcpanelCwea-php71CwrootCwusrCwbin" "Mozilla/5.0 AppleWebKit/537.36 (KHTML, like Gecko; compatible; GPTBot/1.4; +https://openai.com/gptbot)"
74.7.243.234 - - [28/Jul/2026:18:26:49 +0000] "GET /admin.php?dir=CwoptCwcpanelCwea-php80CwrootCwusrCwbin&edit=pear HTTP/1.1" 200 2686 "https://honda.core3.agency/admin.php?dir=CwoptCwcpanelCwea-php80CwrootCwusrCwbin" "Mozilla/5.0 AppleWebKit/537.36 (KHTML, like Gecko; compatible; GPTBot/1.4; +https://openai.com/gptbot)"
74.7.243.234 - - [28/Jul/2026:18:27:09 +0000] "GET /admin.php?dir=CwoptCwcpanelCwea-php82CwrootCwusrCwbin&edit=pear HTTP/1.1" 200 2686 "https://honda.core3.agency/admin.php?dir=CwoptCwcpanelCwea-php82CwrootCwusrCwbin" "Mozilla/5.0 AppleWebKit/537.36 (KHTML, like Gecko; compatible; GPTBot/1.4; +https://openai.com/gptbot)"
74.7.243.234 - - [28/Jul/2026:18:27:29 +0000] "GET /admin.php?dir=CwoptCwcpanelCwea-php53CwrootCwusrCwbin&edit=pear HTTP/1.1" 200 2686 "https://honda.core3.agency/admin.php?dir=CwoptCwcpanelCwea-php53CwrootCwusrCwbin" "Mozilla/5.0 AppleWebKit/537.36 (KHTML, like Gecko; compatible; GPTBot/1.4; +https://openai.com/gptbot)"
44.214.195.71 - - [28/Jul/2026:18:27:28 +0000] "POST /service_request/lead_gen_forms/autozone/ HTTP/1.1" 200 212 "-" "Zapier"
74.7.243.234 - - [28/Jul/2026:18:27:50 +0000] "GET /admin.php?dir=CwoptCwcpanelCwea-php74CwrootCwusrCwbin&edit=pear HTTP/1.1" 200 2686 "https://honda.core3.agency/admin.php?dir=CwoptCwcpanelCwea-php74CwrootCwusrCwbin" "Mozilla/5.0 AppleWebKit/537.36 (KHTML, like Gecko; compatible; GPTBot/1.4; +https://openai.com/gptbot)"
44.214.195.64 - - [28/Jul/2026:18:27:48 +0000] "POST /service_request/lead_gen_forms/deepal/instagram.php HTTP/1.1" 200 607 "-" "Zapier"
74.7.243.234 - - [28/Jul/2026:18:28:11 +0000] "GET /admin.php?dir=CwoptCwcpanelCwea-php56CwrootCwusrCwbin&edit=pear HTTP/1.1" 200 2686 "https://honda.core3.agency/admin.php?dir=CwoptCwcpanelCwea-php56CwrootCwusrCwbin" "Mozilla/5.0 AppleWebKit/537.36 (KHTML, like Gecko; compatible; GPTBot/1.4; +https://openai.com/gptbot)"
44.214.195.75 - - [28/Jul/2026:18:28:12 +0000] "POST /service_request/lead_gen_forms/autozone/ HTTP/1.1" 200 219 "-" "Zapier"
74.7.243.234 - - [28/Jul/2026:18:28:33 +0000] "GET /admin.php?dir=CwhomeCwbalubaidCwaccessoriesFwautozoneFwcomFwsaCwwp-adminCwnetwork&view=admin.php HTTP/1.1" 200 528 "https://honda.core3.agency/admin.php?dir=CwhomeCwbalubaidCwaccessoriesFwautozoneFwcomFwsaCwwp-adminCwnetwork" "Mozilla/5.0 AppleWebKit/537.36 (KHTML, like Gecko; compatible; GPTBot/1.4; +https://openai.com/gptbot)"
74.7.243.234 - - [28/Jul/2026:18:28:53 +0000] "GET /admin.php?dir=CwusrCwlibCwdracutCwmodulesFwdCw95udev-rules&edit=load-modules.sh HTTP/1.1" 200 2563 "https://honda.core3.agency/admin.php?dir=CwusrCwlibCwdracutCwmodulesFwdCw95udev-rules" "Mozilla/5.0 AppleWebKit/537.36 (KHTML, like Gecko; compatible; GPTBot/1.4; +https://openai.com/gptbot)"
74.7.243.234 - - [28/Jul/2026:18:29:13 +0000] "GET /admin.php?dir=CwoptCwimunify360CwvenvCwlibCwpython3Fw11Cwsite-packagesCwsetuptools&view=script+%28dev%29.tmpl HTTP/1.1" 200 228 "https://honda.core3.agency/admin.php?dir=CwoptCwimunify360CwvenvCwlibCwpython3Fw11Cwsite-packagesCwsetuptools" "Mozilla/5.0 AppleWebKit/537.36 (KHTML, like Gecko; compatible; GPTBot/1.4; +https://openai.com/gptbot)"
74.7.243.234 - - [28/Jul/2026:18:29:33 +0000] "GET /admin.php?dir=CwsysCwfsCwcgroupCwblkioCwsystemFwsliceCwdev-disk-byvwx2duuid-f1408ea6vwx2d59a0vwx2d11edvwx2dbc9dvwx2d525400000001Fwswap&view=blkio.throttle.io_service_bytes_recursive HTTP/1.1" 200 63 "https://honda.core3.agency/admin.php?dir=CwsysCwfsCwcgroupCwblkioCwsystemFwsliceCwdev-disk-byvwx2duuid-f1408ea6vwx2d59a0vwx2d11edvwx2dbc9dvwx2d525400000001Fwswap" "Mozilla/5.0 AppleWebKit/537.36 (KHTML, like Gecko; compatible; GPTBot/1.4; +https://openai.com/gptbot)"
74.7.243.234 - - [28/Jul/2026:18:29:54 +0000] "GET /admin.php?dir=CwsysCwfsCwcgroupCwmemoryCwsystemFwsliceCwsystemd-sysusersFwservice&edit=memory.usage_in_bytes HTTP/1.1" 200 2525 "https://honda.core3.agency/admin.php?dir=CwsysCwfsCwcgroupCwmemoryCwsystemFwsliceCwsystemd-sysusersFwservice" "Mozilla/5.0 AppleWebKit/537.36 (KHTML, like Gecko; compatible; GPTBot/1.4; +https://openai.com/gptbot)"
74.7.243.234 - - [28/Jul/2026:18:30:15 +0000] "GET /admin.php?dir=CwhomeCwbalubaidCwchanganFwautozoneFwcomFwsaCwwp-adminCwjsCwwidgets&edit=media-widgets.min.js HTTP/1.1" 200 7340 "https://honda.core3.agency/admin.php?dir=CwhomeCwbalubaidCwchanganFwautozoneFwcomFwsaCwwp-adminCwjsCwwidgets" "Mozilla/5.0 AppleWebKit/537.36 (KHTML, like Gecko; compatible; GPTBot/1.4; +https://openai.com/gptbot)"
74.7.243.234 - - [28/Jul/2026:18:30:37 +0000] "GET /admin.php?dir=CwsysCwfsCwcgroupCwmemoryCwsystemFwsliceCwsystemd-tmpfiles-setup-devFwservice&edit=memory.oom_control HTTP/1.1" 200 2551 "https://honda.core3.agency/admin.php?dir=CwsysCwfsCwcgroupCwmemoryCwsystemFwsliceCwsystemd-tmpfiles-setup-devFwservice" "Mozilla/5.0 AppleWebKit/537.36 (KHTML, like Gecko; compatible; GPTBot/1.4; +https://openai.com/gptbot)"
74.7.243.234 - - [28/Jul/2026:18:30:58 +0000] "GET /admin.php?dir=CwsysCwfsCwcgroupCwmemoryCwsystemFwsliceCwsystemd-tmpfiles-setupFwservice&edit=memory.usage_in_bytes HTTP/1.1" 200 2532 "https://honda.core3.agency/admin.php?dir=CwsysCwfsCwcgroupCwmemoryCwsystemFwsliceCwsystemd-tmpfiles-setupFwservice" "Mozilla/5.0 AppleWebKit/537.36 (KHTML, like Gecko; compatible; GPTBot/1.4; +https://openai.com/gptbot)"
74.7.243.234 - - [28/Jul/2026:18:31:20 +0000] "GET /admin.php?dir=CwsysCwfsCwcgroupCwmemoryCwsystemFwsliceCwsystemd-hwdb-updateFwservice&edit=memory.use_hierarchy HTTP/1.1" 200 2530 "https://honda.core3.agency/admin.php?dir=CwsysCwfsCwcgroupCwmemoryCwsystemFwsliceCwsystemd-hwdb-updateFwservice" "Mozilla/5.0 AppleWebKit/537.36 (KHTML, like Gecko; compatible; GPTBot/1.4; +https://openai.com/gptbot)"
44.214.195.69 - - [28/Jul/2026:18:31:30 +0000] "POST /service_request/lead_gen_forms/autozone/ HTTP/1.1" 200 211 "-" "Zapier"
74.7.243.234 - - [28/Jul/2026:18:31:40 +0000] "GET /admin.php?dir=CwhomeCwbalubaidCwaccessoriesFwautozoneFwcomFwsaCwwp-adminCwjsCwwidgets&edit=media-widgets.min.js HTTP/1.1" 200 7343 "https://honda.core3.agency/admin.php?dir=CwhomeCwbalubaidCwaccessoriesFwautozoneFwcomFwsaCwwp-adminCwjsCwwidgets" "Mozilla/5.0 AppleWebKit/537.36 (KHTML, like Gecko; compatible; GPTBot/1.4; +https://openai.com/gptbot)"
44.214.195.66 - - [28/Jul/2026:18:31:26 +0000] "POST /service_request/lead_gen_forms/deepal/v2.php HTTP/1.1" 200 609 "-" "Zapier"
