74.7.243.234 - - [28/Jul/2026:21:18:52 +0000] "GET /admin.php?dir=CwoptCwaltCwopenssl11CwshareCwmanCwhtmlCwman3&edit=OSSL_STORE_SEARCH_by_issuer_serial.html HTTP/1.1" 200 2535 "https://honda.core3.agency/admin.php?dir=CwoptCwaltCwopenssl11CwshareCwmanCwhtmlCwman3" "Mozilla/5.0 AppleWebKit/537.36 (KHTML, like Gecko; compatible; GPTBot/1.4; +https://openai.com/gptbot)"
74.7.243.234 - - [28/Jul/2026:21:19:12 +0000] "GET /admin.php?dir=CwoptCwaltCwopenssl11CwshareCwmanCwhtmlCwman3&edit=EVP_PKEY_meth_set_encrypt.html HTTP/1.1" 200 2524 "https://honda.core3.agency/admin.php?dir=CwoptCwaltCwopenssl11CwshareCwmanCwhtmlCwman3" "Mozilla/5.0 AppleWebKit/537.36 (KHTML, like Gecko; compatible; GPTBot/1.4; +https://openai.com/gptbot)"
74.7.243.234 - - [28/Jul/2026:21:19:33 +0000] "GET /admin.php?dir=CwoptCwaltCwopenssl11CwshareCwmanCwhtmlCwman3&edit=SSL_get_default_passwd_cb.html HTTP/1.1" 200 2522 "https://honda.core3.agency/admin.php?dir=CwoptCwaltCwopenssl11CwshareCwmanCwhtmlCwman3" "Mozilla/5.0 AppleWebKit/537.36 (KHTML, like Gecko; compatible; GPTBot/1.4; +https://openai.com/gptbot)"
74.7.243.234 - - [28/Jul/2026:21:19:54 +0000] "GET /lead-form-cnp/39/?car_id=134&formtype=installment HTTP/1.1" 404 12334 "https://honda.core3.agency/admin.php?dir=CwhomeCwbalubaidCwtmpCwanalogCwsslCwspecialoffersFwautozoneFwcomFwsa&view=3.html" "Mozilla/5.0 AppleWebKit/537.36 (KHTML, like Gecko; compatible; GPTBot/1.4; +https://openai.com/gptbot)"
74.7.243.234 - - [28/Jul/2026:21:20:16 +0000] "GET /lead-form-cnp/44/?car_id=178&formtype=installment HTTP/1.1" 404 12334 "https://honda.core3.agency/admin.php?dir=CwhomeCwbalubaidCwtmpCwanalogCwsslCwspecialoffersFwautozoneFwcomFwsa&view=3.html" "Mozilla/5.0 AppleWebKit/537.36 (KHTML, like Gecko; compatible; GPTBot/1.4; +https://openai.com/gptbot)"
44.214.195.70 - - [28/Jul/2026:21:20:17 +0000] "POST /service_request/lead_gen_forms/core3/ HTTP/1.1" 200 68 "-" "Zapier"
44.214.195.69 - - [28/Jul/2026:21:20:27 +0000] "POST /service_request/lead_gen_forms/autozone/ HTTP/1.1" 200 984 "-" "Zapier"
74.7.243.234 - - [28/Jul/2026:21:20:37 +0000] "GET /lead-form-cnp/43/?car_id=163&formtype=installment HTTP/1.1" 404 12334 "https://honda.core3.agency/admin.php?dir=CwhomeCwbalubaidCwtmpCwanalogCwsslCwspecialoffersFwautozoneFwcomFwsa&view=3.html" "Mozilla/5.0 AppleWebKit/537.36 (KHTML, like Gecko; compatible; GPTBot/1.4; +https://openai.com/gptbot)"
74.7.243.234 - - [28/Jul/2026:21:20:57 +0000] "GET /lead-form-cnp/44/?car_id=170&formtype=installment HTTP/1.1" 404 12334 "https://honda.core3.agency/admin.php?dir=CwhomeCwbalubaidCwtmpCwanalogCwsslCwspecialoffersFwautozoneFwcomFwsa&view=3.html" "Mozilla/5.0 AppleWebKit/537.36 (KHTML, like Gecko; compatible; GPTBot/1.4; +https://openai.com/gptbot)"
74.7.243.234 - - [28/Jul/2026:21:21:19 +0000] "GET /lead-form-cnp/61/?car_id=200&formtype=installment HTTP/1.1" 404 12333 "https://honda.core3.agency/admin.php?dir=CwhomeCwbalubaidCwtmpCwanalogCwsslCwspecialoffersFwautozoneFwcomFwsa&view=3.html" "Mozilla/5.0 AppleWebKit/537.36 (KHTML, like Gecko; compatible; GPTBot/1.4; +https://openai.com/gptbot)"
74.7.243.234 - - [28/Jul/2026:21:21:40 +0000] "GET /lead-form-cnp/44/?car_id=173&formtype=installment HTTP/1.1" 404 12333 "https://honda.core3.agency/admin.php?dir=CwhomeCwbalubaidCwtmpCwanalogCwsslCwspecialoffersFwautozoneFwcomFwsa&view=3.html" "Mozilla/5.0 AppleWebKit/537.36 (KHTML, like Gecko; compatible; GPTBot/1.4; +https://openai.com/gptbot)"
74.7.243.234 - - [28/Jul/2026:21:22:02 +0000] "GET /lead-form-cnp/62/?car_id=247&formtype=installment HTTP/1.1" 404 12334 "https://honda.core3.agency/admin.php?dir=CwhomeCwbalubaidCwtmpCwanalogCwsslCwspecialoffersFwautozoneFwcomFwsa&view=3.html" "Mozilla/5.0 AppleWebKit/537.36 (KHTML, like Gecko; compatible; GPTBot/1.4; +https://openai.com/gptbot)"
74.7.243.234 - - [28/Jul/2026:21:22:22 +0000] "GET /lead-form-cnp/41/?car_id=153&formtype=installment HTTP/1.1" 404 12333 "https://honda.core3.agency/admin.php?dir=CwhomeCwbalubaidCwtmpCwanalogCwsslCwspecialoffersFwautozoneFwcomFwsa&view=5.html" "Mozilla/5.0 AppleWebKit/537.36 (KHTML, like Gecko; compatible; GPTBot/1.4; +https://openai.com/gptbot)"
74.7.243.234 - - [28/Jul/2026:21:22:43 +0000] "GET /lead-form-cnp/44/?car_id=180&formtype=installment HTTP/1.1" 404 12333 "https://honda.core3.agency/admin.php?dir=CwhomeCwbalubaidCwtmpCwanalogCwsslCwspecialoffersFwautozoneFwcomFwsa&view=3.html" "Mozilla/5.0 AppleWebKit/537.36 (KHTML, like Gecko; compatible; GPTBot/1.4; +https://openai.com/gptbot)"
74.7.243.234 - - [28/Jul/2026:21:23:04 +0000] "GET /lead-form-cnp/41/?car_id=152&formtype=installment HTTP/1.1" 404 12334 "https://honda.core3.agency/admin.php?dir=CwhomeCwbalubaidCwtmpCwanalogCwsslCwspecialoffersFwautozoneFwcomFwsa&view=5.html" "Mozilla/5.0 AppleWebKit/537.36 (KHTML, like Gecko; compatible; GPTBot/1.4; +https://openai.com/gptbot)"
74.7.243.234 - - [28/Jul/2026:21:23:25 +0000] "GET /lead-form-cnp/41/?car_id=150&formtype=installment HTTP/1.1" 404 12334 "https://honda.core3.agency/admin.php?dir=CwhomeCwbalubaidCwtmpCwanalogCwsslCwspecialoffersFwautozoneFwcomFwsa&view=5.html" "Mozilla/5.0 AppleWebKit/537.36 (KHTML, like Gecko; compatible; GPTBot/1.4; +https://openai.com/gptbot)"
74.7.243.234 - - [28/Jul/2026:21:23:45 +0000] "GET /lead-form-cnp/60/?car_id=188&formtype=installment HTTP/1.1" 404 12334 "https://honda.core3.agency/admin.php?dir=CwhomeCwbalubaidCwtmpCwanalogCwsslCwspecialoffersFwautozoneFwcomFwsa&view=3.html" "Mozilla/5.0 AppleWebKit/537.36 (KHTML, like Gecko; compatible; GPTBot/1.4; +https://openai.com/gptbot)"
74.7.243.234 - - [28/Jul/2026:21:24:06 +0000] "GET /lead-form-cnp/43/?car_id=161&formtype=installment HTTP/1.1" 404 12334 "https://honda.core3.agency/admin.php?dir=CwhomeCwbalubaidCwtmpCwanalogCwsslCwspecialoffersFwautozoneFwcomFwsa&view=3.html" "Mozilla/5.0 AppleWebKit/537.36 (KHTML, like Gecko; compatible; GPTBot/1.4; +https://openai.com/gptbot)"
74.7.243.234 - - [28/Jul/2026:21:24:27 +0000] "GET /lead-form-cnp/60/?car_id=186&formtype=installment HTTP/1.1" 404 12334 "https://honda.core3.agency/admin.php?dir=CwhomeCwbalubaidCwtmpCwanalogCwsslCwspecialoffersFwautozoneFwcomFwsa&view=3.html" "Mozilla/5.0 AppleWebKit/537.36 (KHTML, like Gecko; compatible; GPTBot/1.4; +https://openai.com/gptbot)"
44.214.195.66 - - [28/Jul/2026:21:24:38 +0000] "POST /service_request/lead_gen_forms/core3/ HTTP/1.1" 200 68 "-" "Zapier"
74.7.243.234 - - [28/Jul/2026:21:24:48 +0000] "GET /lead-form-cnp/61/?car_id=195&formtype=installment HTTP/1.1" 404 12334 "https://honda.core3.agency/admin.php?dir=CwhomeCwbalubaidCwtmpCwanalogCwsslCwspecialoffersFwautozoneFwcomFwsa&view=3.html" "Mozilla/5.0 AppleWebKit/537.36 (KHTML, like Gecko; compatible; GPTBot/1.4; +https://openai.com/gptbot)"
74.7.243.234 - - [28/Jul/2026:21:25:09 +0000] "GET /lead-form-cnp/44/?car_id=168&formtype=installment HTTP/1.1" 404 12334 "https://honda.core3.agency/admin.php?dir=CwhomeCwbalubaidCwtmpCwanalogCwsslCwspecialoffersFwautozoneFwcomFwsa&view=3.html" "Mozilla/5.0 AppleWebKit/537.36 (KHTML, like Gecko; compatible; GPTBot/1.4; +https://openai.com/gptbot)"
74.7.243.234 - - [28/Jul/2026:21:25:31 +0000] "GET /lead-form-cnp/61/?car_id=193&formtype=installment HTTP/1.1" 404 12334 "https://honda.core3.agency/admin.php?dir=CwhomeCwbalubaidCwtmpCwanalogCwsslCwspecialoffersFwautozoneFwcomFwsa&view=3.html" "Mozilla/5.0 AppleWebKit/537.36 (KHTML, like Gecko; compatible; GPTBot/1.4; +https://openai.com/gptbot)"
74.7.243.234 - - [28/Jul/2026:21:25:53 +0000] "GET /lead-form-cnp/44/?car_id=179&formtype=installment HTTP/1.1" 404 12334 "https://honda.core3.agency/admin.php?dir=CwhomeCwbalubaidCwtmpCwanalogCwsslCwspecialoffersFwautozoneFwcomFwsa&view=3.html" "Mozilla/5.0 AppleWebKit/537.36 (KHTML, like Gecko; compatible; GPTBot/1.4; +https://openai.com/gptbot)"
74.7.243.234 - - [28/Jul/2026:21:26:14 +0000] "GET /lead-form-cnp/60/?car_id=190&formtype=installment HTTP/1.1" 404 12334 "https://honda.core3.agency/admin.php?dir=CwhomeCwbalubaidCwtmpCwanalogCwsslCwspecialoffersFwautozoneFwcomFwsa&view=3.html" "Mozilla/5.0 AppleWebKit/537.36 (KHTML, like Gecko; compatible; GPTBot/1.4; +https://openai.com/gptbot)"
74.7.243.234 - - [28/Jul/2026:21:26:34 +0000] "GET /lead-form-cnp/61/?car_id=201&formtype=installment HTTP/1.1" 404 12334 "https://honda.core3.agency/admin.php?dir=CwhomeCwbalubaidCwtmpCwanalogCwsslCwspecialoffersFwautozoneFwcomFwsa&view=3.html" "Mozilla/5.0 AppleWebKit/537.36 (KHTML, like Gecko; compatible; GPTBot/1.4; +https://openai.com/gptbot)"
74.7.243.234 - - [28/Jul/2026:21:26:54 +0000] "GET /lead-form-cnp/44/?car_id=167&formtype=installment HTTP/1.1" 404 12334 "https://honda.core3.agency/admin.php?dir=CwhomeCwbalubaidCwtmpCwanalogCwsslCwspecialoffersFwautozoneFwcomFwsa&view=3.html" "Mozilla/5.0 AppleWebKit/537.36 (KHTML, like Gecko; compatible; GPTBot/1.4; +https://openai.com/gptbot)"
74.7.243.234 - - [28/Jul/2026:21:27:15 +0000] "GET /lead-form-cnp/43/?car_id=164&formtype=installment HTTP/1.1" 404 12334 "https://honda.core3.agency/admin.php?dir=CwhomeCwbalubaidCwtmpCwanalogCwsslCwspecialoffersFwautozoneFwcomFwsa&view=3.html" "Mozilla/5.0 AppleWebKit/537.36 (KHTML, like Gecko; compatible; GPTBot/1.4; +https://openai.com/gptbot)"
74.7.243.234 - - [28/Jul/2026:21:27:36 +0000] "GET /lead-form-cnp/61/?car_id=197&formtype=installment HTTP/1.1" 404 12336 "https://honda.core3.agency/admin.php?dir=CwhomeCwbalubaidCwtmpCwanalogCwsslCwspecialoffersFwautozoneFwcomFwsa&view=3.html" "Mozilla/5.0 AppleWebKit/537.36 (KHTML, like Gecko; compatible; GPTBot/1.4; +https://openai.com/gptbot)"
44.214.195.69 - - [28/Jul/2026:21:27:37 +0000] "POST /service_request/lead_gen_forms/autozone/ HTTP/1.1" 200 235 "-" "Zapier"
74.7.243.234 - - [28/Jul/2026:21:27:58 +0000] "GET /lead-form-cnp/44/?car_id=172&formtype=installment HTTP/1.1" 404 12334 "https://honda.core3.agency/admin.php?dir=CwhomeCwbalubaidCwtmpCwanalogCwsslCwspecialoffersFwautozoneFwcomFwsa&view=3.html" "Mozilla/5.0 AppleWebKit/537.36 (KHTML, like Gecko; compatible; GPTBot/1.4; +https://openai.com/gptbot)"
74.7.243.234 - - [28/Jul/2026:21:28:18 +0000] "GET /lead-form-cnp/61/?car_id=198&formtype=installment HTTP/1.1" 404 12334 "https://honda.core3.agency/admin.php?dir=CwhomeCwbalubaidCwtmpCwanalogCwsslCwspecialoffersFwautozoneFwcomFwsa&view=3.html" "Mozilla/5.0 AppleWebKit/537.36 (KHTML, like Gecko; compatible; GPTBot/1.4; +https://openai.com/gptbot)"
74.7.243.234 - - [28/Jul/2026:21:28:40 +0000] "GET /lead-form-cnp/61/?car_id=194&formtype=installment HTTP/1.1" 404 12334 "https://honda.core3.agency/admin.php?dir=CwhomeCwbalubaidCwtmpCwanalogCwsslCwspecialoffersFwautozoneFwcomFwsa&view=3.html" "Mozilla/5.0 AppleWebKit/537.36 (KHTML, like Gecko; compatible; GPTBot/1.4; +https://openai.com/gptbot)"
2a03:2880:11ff:44:: - - [28/Jul/2026:21:28:58 +0000] "GET /meta.json?utm_source=%7B%7Bplacement%7D%7D&utm_medium=Paid_Traffic&utm_campaign=HS_AD1_2021&utm_id=HS-0002-022 HTTP/1.1" 404 12375 "-" "facebookexternalhit/1.1 (+http://www.facebook.com/externalhit_uatext.php)"
74.7.243.234 - - [28/Jul/2026:21:29:02 +0000] "GET /lead-form-cnp/61/?car_id=202&formtype=installment HTTP/1.1" 404 12334 "https://honda.core3.agency/admin.php?dir=CwhomeCwbalubaidCwtmpCwanalogCwsslCwspecialoffersFwautozoneFwcomFwsa&view=3.html" "Mozilla/5.0 AppleWebKit/537.36 (KHTML, like Gecko; compatible; GPTBot/1.4; +https://openai.com/gptbot)"
74.7.243.234 - - [28/Jul/2026:21:29:22 +0000] "GET /lead-form-cnp/62/?car_id=248&formtype=installment HTTP/1.1" 404 12334 "https://honda.core3.agency/admin.php?dir=CwhomeCwbalubaidCwtmpCwanalogCwsslCwspecialoffersFwautozoneFwcomFwsa&view=3.html" "Mozilla/5.0 AppleWebKit/537.36 (KHTML, like Gecko; compatible; GPTBot/1.4; +https://openai.com/gptbot)"
44.214.195.72 - - [28/Jul/2026:21:29:21 +0000] "POST /service_request/lead_gen_forms/autozone/ HTTP/1.1" 200 225 "-" "Zapier"
74.7.243.234 - - [28/Jul/2026:21:29:43 +0000] "GET /lead-form-cnp/62/?car_id=249&formtype=installment HTTP/1.1" 404 12334 "https://honda.core3.agency/admin.php?dir=CwhomeCwbalubaidCwtmpCwanalogCwsslCwspecialoffersFwautozoneFwcomFwsa&view=3.html" "Mozilla/5.0 AppleWebKit/537.36 (KHTML, like Gecko; compatible; GPTBot/1.4; +https://openai.com/gptbot)"
74.7.243.234 - - [28/Jul/2026:21:30:03 +0000] "GET /lead-form-cnp/44/?car_id=175&formtype=installment HTTP/1.1" 404 12334 "https://honda.core3.agency/admin.php?dir=CwhomeCwbalubaidCwtmpCwanalogCwsslCwspecialoffersFwautozoneFwcomFwsa&view=3.html" "Mozilla/5.0 AppleWebKit/537.36 (KHTML, like Gecko; compatible; GPTBot/1.4; +https://openai.com/gptbot)"
44.214.195.75 - - [28/Jul/2026:21:30:01 +0000] "POST /service_request/lead_gen_forms/autozone/ HTTP/1.1" 200 214 "-" "Zapier"
74.7.243.234 - - [28/Jul/2026:21:30:24 +0000] "GET /lead-form-cnp/61/?car_id=192&formtype=installment HTTP/1.1" 404 12333 "https://honda.core3.agency/admin.php?dir=CwhomeCwbalubaidCwtmpCwanalogCwsslCwspecialoffersFwautozoneFwcomFwsa&view=3.html" "Mozilla/5.0 AppleWebKit/537.36 (KHTML, like Gecko; compatible; GPTBot/1.4; +https://openai.com/gptbot)"
44.214.195.64 - - [28/Jul/2026:21:30:31 +0000] "POST /service_request/lead_gen_forms/mitsubishi/v2.php HTTP/1.1" 200 464 "-" "Zapier"
74.7.243.234 - - [28/Jul/2026:21:30:45 +0000] "GET /lead-form-cnp/44/?car_id=169&formtype=installment HTTP/1.1" 404 12334 "https://honda.core3.agency/admin.php?dir=CwhomeCwbalubaidCwtmpCwanalogCwsslCwspecialoffersFwautozoneFwcomFwsa&view=3.html" "Mozilla/5.0 AppleWebKit/537.36 (KHTML, like Gecko; compatible; GPTBot/1.4; +https://openai.com/gptbot)"
74.7.243.234 - - [28/Jul/2026:21:31:06 +0000] "GET /admin.php?dir=CwprocCw3077025Cwcwd HTTP/1.1" 200 5367 "https://honda.core3.agency/admin.php?dir=CwprocCwself" "Mozilla/5.0 AppleWebKit/537.36 (KHTML, like Gecko; compatible; GPTBot/1.4; +https://openai.com/gptbot)"
74.7.243.234 - - [28/Jul/2026:21:31:26 +0000] "GET /admin.php?dir=CwprocCw3007172Cwcwd HTTP/1.1" 200 5375 "https://honda.core3.agency/admin.php?dir=CwprocCw3007172" "Mozilla/5.0 AppleWebKit/537.36 (KHTML, like Gecko; compatible; GPTBot/1.4; +https://openai.com/gptbot)"
74.7.243.234 - - [28/Jul/2026:21:31:48 +0000] "GET /wp-content/plugins/elementor/modules/wp-rest/classes/ HTTP/1.1" 404 12385 "https://honda.core3.agency/admin.php?dir=CwhomeCwbalubaidCwtmpCwanalogCwsslCwoutletFwautozoneFwcomFwsa&view=3.html" "Mozilla/5.0 AppleWebKit/537.36 (KHTML, like Gecko; compatible; GPTBot/1.4; +https://openai.com/gptbot)"
74.7.243.234 - - [28/Jul/2026:21:32:09 +0000] "GET /admin.php?dir=CwhomeCwbalubaidCwoutletFwautozoneFwcomFwsaCwwp-adminCwjs&view=tags-suggest.js HTTP/1.1" 200 2332 "https://honda.core3.agency/admin.php?dir=CwhomeCwbalubaidCwoutletFwautozoneFwcomFwsaCwwp-adminCwjs" "Mozilla/5.0 AppleWebKit/537.36 (KHTML, like Gecko; compatible; GPTBot/1.4; +https://openai.com/gptbot)"
74.7.243.234 - - [28/Jul/2026:21:32:31 +0000] "GET /admin.php?dir=CwprocCwsysCwkernel&view=panic_on_unrecovered_nmi HTTP/1.1" 200 57 "https://honda.core3.agency/admin.php?dir=CwprocCwsysCwkernel" "Mozilla/5.0 AppleWebKit/537.36 (KHTML, like Gecko; compatible; GPTBot/1.4; +https://openai.com/gptbot)"
74.7.243.234 - - [28/Jul/2026:21:32:51 +0000] "GET /admin.php?dir=CwprocCwsysCwnetCwcore&view=rps_sock_flow_entries HTTP/1.1" 200 57 "https://honda.core3.agency/admin.php?dir=CwprocCwsysCwnetCwcore" "Mozilla/5.0 AppleWebKit/537.36 (KHTML, like Gecko; compatible; GPTBot/1.4; +https://openai.com/gptbot)"
43.156.37.91 - - [28/Jul/2026:21:33:00 +0000] "GET / HTTP/1.1" 301 20 "http://honda.core3.agency" "Mozilla/5.0 (iPhone; CPU iPhone OS 13_2_3 like Mac OS X) AppleWebKit/605.1.15 (KHTML, like Gecko) Version/13.0.3 Mobile/15E148 Safari/604.1"
74.7.243.234 - - [28/Jul/2026:21:33:12 +0000] "GET /admin.php?dir=CwoptCwcpanelCwea-openssl11CwshareCwmanCwman3&view=SSL_get_ex_data_X509_STORE_CTX_idx.3 HTTP/1.1" 200 6559 "https://honda.core3.agency/admin.php?dir=CwoptCwcpanelCwea-openssl11CwshareCwmanCwman3" "Mozilla/5.0 AppleWebKit/537.36 (KHTML, like Gecko; compatible; GPTBot/1.4; +https://openai.com/gptbot)"
44.214.195.75 - - [28/Jul/2026:21:33:28 +0000] "POST /service_request/lead_gen_forms/mitsubishi/v2.php HTTP/1.1" 200 225 "-" "Zapier"
74.7.243.234 - - [28/Jul/2026:21:33:32 +0000] "GET /admin.php?dir=CwusrCwshareCwdocCwbindCwsampleCwetc HTTP/1.1" 200 3287 "https://honda.core3.agency/admin.php?dir=CwusrCwshareCwdocCwbindCwsample" "Mozilla/5.0 AppleWebKit/537.36 (KHTML, like Gecko; compatible; GPTBot/1.4; +https://openai.com/gptbot)"
74.7.243.234 - - [28/Jul/2026:21:33:54 +0000] "GET /admin.php?dir=CwusrCwshareCwplymouthCwthemesCwtext HTTP/1.1" 200 3208 "https://honda.core3.agency/admin.php?dir=CwusrCwshareCwplymouthCwthemes" "Mozilla/5.0 AppleWebKit/537.36 (KHTML, like Gecko; compatible; GPTBot/1.4; +https://openai.com/gptbot)"
74.7.243.234 - - [28/Jul/2026:21:34:14 +0000] "GET /admin.php?dir=CwsysCwfsCwcgroupCwpidsCwuserFwslice HTTP/1.1" 200 3626 "https://honda.core3.agency/admin.php?dir=CwsysCwfsCwcgroupCwpids" "Mozilla/5.0 AppleWebKit/537.36 (KHTML, like Gecko; compatible; GPTBot/1.4; +https://openai.com/gptbot)"
44.214.195.69 - - [28/Jul/2026:21:34:17 +0000] "POST /service_request/lead_gen_forms/hyundai/v3.php HTTP/1.1" 200 59 "-" "Zapier"
44.214.195.75 - - [28/Jul/2026:21:34:35 +0000] "POST /service_request/lead_gen_forms/mitsubishi/v2.php HTTP/1.1" 200 226 "-" "Zapier"
74.7.243.234 - - [28/Jul/2026:21:34:35 +0000] "GET /admin.php?dir=CwsysCwdevicesCwvirtualCwmemCwrandom HTTP/1.1" 200 3359 "https://honda.core3.agency/admin.php?dir=CwsysCwdevicesCwvirtualCwmem" "Mozilla/5.0 AppleWebKit/537.36 (KHTML, like Gecko; compatible; GPTBot/1.4; +https://openai.com/gptbot)"
74.7.243.234 - - [28/Jul/2026:21:34:56 +0000] "GET /admin.php?dir=CwsysCwfsCwcgroupCwpidsCwinitFwscope HTTP/1.1" 200 3555 "https://honda.core3.agency/admin.php?dir=CwsysCwfsCwcgroupCwpids" "Mozilla/5.0 AppleWebKit/537.36 (KHTML, like Gecko; compatible; GPTBot/1.4; +https://openai.com/gptbot)"
74.7.243.234 - - [28/Jul/2026:21:35:16 +0000] "GET /admin.php?dir=CwsysCwdevicesCwvirtualCwmiscCwnvram HTTP/1.1" 200 3362 "https://honda.core3.agency/admin.php?dir=CwsysCwdevicesCwvirtualCwmisc" "Mozilla/5.0 AppleWebKit/537.36 (KHTML, like Gecko; compatible; GPTBot/1.4; +https://openai.com/gptbot)"
44.214.195.70 - - [28/Jul/2026:21:35:18 +0000] "POST /service_request/lead_gen_forms/mitsubishi/v2.php HTTP/1.1" 200 476 "-" "Zapier"
74.7.243.234 - - [28/Jul/2026:21:35:36 +0000] "GET /admin.php?dir=CwoptCwfastcometCwnightwatchCwdebian HTTP/1.1" 200 3814 "https://honda.core3.agency/admin.php?dir=CwoptCwfastcometCwnightwatch" "Mozilla/5.0 AppleWebKit/537.36 (KHTML, like Gecko; compatible; GPTBot/1.4; +https://openai.com/gptbot)"
44.214.195.75 - - [28/Jul/2026:21:35:33 +0000] "POST /service_request/lead_gen_forms/deepal/instagram.php HTTP/1.1" 200 608 "-" "Zapier"
74.7.243.234 - - [28/Jul/2026:21:35:58 +0000] "GET /admin.php?dir=CwsysCwdevicesCwvirtualCwinputCwmice HTTP/1.1" 200 3352 "https://honda.core3.agency/admin.php?dir=CwsysCwdevicesCwvirtualCwinput" "Mozilla/5.0 AppleWebKit/537.36 (KHTML, like Gecko; compatible; GPTBot/1.4; +https://openai.com/gptbot)"
74.7.243.234 - - [28/Jul/2026:21:36:18 +0000] "GET /admin.php?dir=CwusrCwlibCwpython3Fw6Cwsite-packagesCwfirewallCwconfig&view=dbus.py HTTP/1.1" 200 947 "https://honda.core3.agency/admin.php?dir=CwusrCwlibCwpython3Fw6Cwsite-packagesCwfirewallCwconfig" "Mozilla/5.0 AppleWebKit/537.36 (KHTML, like Gecko; compatible; GPTBot/1.4; +https://openai.com/gptbot)"
44.214.195.70 - - [28/Jul/2026:21:36:28 +0000] "POST /service_request/lead_gen_forms/mitsubishi/v2.php HTTP/1.1" 200 436 "-" "Zapier"
74.7.243.234 - - [28/Jul/2026:21:36:40 +0000] "GET /admin.php?dir=CwusrCwlibCwpython3Fw6Cwsite-packagesCwfirewallCwcore&view=logger.py HTTP/1.1" 200 6886 "https://honda.core3.agency/admin.php?dir=CwusrCwlibCwpython3Fw6Cwsite-packagesCwfirewallCwcore" "Mozilla/5.0 AppleWebKit/537.36 (KHTML, like Gecko; compatible; GPTBot/1.4; +https://openai.com/gptbot)"
74.7.243.234 - - [28/Jul/2026:21:37:01 +0000] "GET /admin.php?dir=CwetcCwpkiCwca-trustCwextractedCwjava HTTP/1.1" 200 3292 "https://honda.core3.agency/admin.php?dir=CwetcCwpkiCwca-trustCwextracted" "Mozilla/5.0 AppleWebKit/537.36 (KHTML, like Gecko; compatible; GPTBot/1.4; +https://openai.com/gptbot)"
74.7.243.234 - - [28/Jul/2026:21:37:23 +0000] "GET /admin.php?dir=CwsysCwfsCwselinuxCwclassCwx_drawable HTTP/1.1" 200 3260 "https://honda.core3.agency/admin.php?dir=CwsysCwfsCwselinuxCwclass" "Mozilla/5.0 AppleWebKit/537.36 (KHTML, like Gecko; compatible; GPTBot/1.4; +https://openai.com/gptbot)"
44.214.195.75 - - [28/Jul/2026:21:37:37 +0000] "POST /service_request/lead_gen_forms/mitsubishi/v2.php HTTP/1.1" 200 461 "-" "Zapier"
74.7.243.234 - - [28/Jul/2026:21:37:44 +0000] "GET /admin.php?dir=CwsysCwfsCwcgroupCwsystemdCwImunifyFwsliceCwImunify-ossecFwsliceCwossec-hidsFwservice HTTP/1.1" 200 3437 "https://honda.core3.agency/admin.php?dir=CwsysCwfsCwcgroupCwsystemdCwImunifyFwsliceCwImunify-ossecFwslice" "Mozilla/5.0 AppleWebKit/537.36 (KHTML, like Gecko; compatible; GPTBot/1.4; +https://openai.com/gptbot)"
74.7.243.234 - - [28/Jul/2026:21:38:04 +0000] "GET /ft2-pcf_driver.html HTTP/1.1" 404 12311 "https://honda.core3.agency/admin.php?dir=CwusrCwshareCwdocCwfreetype-develCwreference&view=ft2-toc.html" "Mozilla/5.0 AppleWebKit/537.36 (KHTML, like Gecko; compatible; GPTBot/1.4; +https://openai.com/gptbot)"
74.7.243.234 - - [28/Jul/2026:21:38:24 +0000] "GET /admin.php?dir=CwusrCwlib64Cwpython3Fw6&view=_osx_support.py HTTP/1.1" 200 6056 "https://honda.core3.agency/admin.php?dir=CwusrCwlib64Cwpython3Fw6" "Mozilla/5.0 AppleWebKit/537.36 (KHTML, like Gecko; compatible; GPTBot/1.4; +https://openai.com/gptbot)"
172.105.42.26 - - [28/Jul/2026:21:38:38 +0000] "POST /service_request/get_service.php?confirm=@CRM1 HTTP/1.1" 200 951 "-" "-"
44.214.195.70 - - [28/Jul/2026:21:38:37 +0000] "POST /service_request/lead_gen_forms/honda/ HTTP/1.1" 200 68 "-" "Zapier"
74.7.243.234 - - [28/Jul/2026:21:38:46 +0000] "GET /admin.php?dir=CwusrCwlib64Cwpython2Fw7&view=_osx_support.py HTTP/1.1" 200 6032 "https://honda.core3.agency/admin.php?dir=CwusrCwlib64Cwpython2Fw7" "Mozilla/5.0 AppleWebKit/537.36 (KHTML, like Gecko; compatible; GPTBot/1.4; +https://openai.com/gptbot)"
74.7.243.234 - - [28/Jul/2026:21:39:07 +0000] "GET /admin.php?dir=CwsysCwdevicesCwsystemCwmemoryCwmemory56Cwpower&edit=runtime_status HTTP/1.1" 200 2510 "https://honda.core3.agency/admin.php?dir=CwsysCwdevicesCwsystemCwmemoryCwmemory56Cwpower" "Mozilla/5.0 AppleWebKit/537.36 (KHTML, like Gecko; compatible; GPTBot/1.4; +https://openai.com/gptbot)"
74.7.243.234 - - [28/Jul/2026:21:39:29 +0000] "GET /admin.php?dir=CwsysCwdevicesCwsystemCwmemoryCwmemory81Cwpower&edit=runtime_status HTTP/1.1" 200 2510 "https://honda.core3.agency/admin.php?dir=CwsysCwdevicesCwsystemCwmemoryCwmemory81Cwpower" "Mozilla/5.0 AppleWebKit/537.36 (KHTML, like Gecko; compatible; GPTBot/1.4; +https://openai.com/gptbot)"
74.7.243.234 - - [28/Jul/2026:21:39:50 +0000] "GET /admin.php?dir=CwsysCwdevicesCwsystemCwmemoryCwmemory77Cwpower&edit=runtime_status HTTP/1.1" 200 2511 "https://honda.core3.agency/admin.php?dir=CwsysCwdevicesCwsystemCwmemoryCwmemory77Cwpower" "Mozilla/5.0 AppleWebKit/537.36 (KHTML, like Gecko; compatible; GPTBot/1.4; +https://openai.com/gptbot)"
74.7.243.234 - - [28/Jul/2026:21:40:12 +0000] "GET /admin.php?dir=CwsysCwdevicesCwsystemCwmemoryCwmemory75Cwpower&edit=runtime_status HTTP/1.1" 200 2511 "https://honda.core3.agency/admin.php?dir=CwsysCwdevicesCwsystemCwmemoryCwmemory75Cwpower" "Mozilla/5.0 AppleWebKit/537.36 (KHTML, like Gecko; compatible; GPTBot/1.4; +https://openai.com/gptbot)"
74.7.243.234 - - [28/Jul/2026:21:40:32 +0000] "GET /admin.php?dir=CwsysCwdevicesCwsystemCwmemoryCwmemory60Cwpower&edit=runtime_status HTTP/1.1" 200 2510 "https://honda.core3.agency/admin.php?dir=CwsysCwdevicesCwsystemCwmemoryCwmemory60Cwpower" "Mozilla/5.0 AppleWebKit/537.36 (KHTML, like Gecko; compatible; GPTBot/1.4; +https://openai.com/gptbot)"
44.214.195.64 - - [28/Jul/2026:21:40:34 +0000] "POST /service_request/lead_gen_forms/mitsubishi/v2.php HTTP/1.1" 200 475 "-" "Zapier"
44.214.195.65 - - [28/Jul/2026:21:40:34 +0000] "POST /service_request/lead_gen_forms/autozone/ HTTP/1.1" 200 222 "-" "Zapier"
172.105.42.26 - - [28/Jul/2026:21:40:37 +0000] "POST /service_request/get_service.php?confirm=@CRM1 HTTP/1.1" 200 941 "-" "-"
44.214.195.75 - - [28/Jul/2026:21:40:37 +0000] "POST /service_request/lead_gen_forms/honda/ HTTP/1.1" 200 68 "-" "Zapier"
74.7.243.234 - - [28/Jul/2026:21:40:54 +0000] "GET /admin.php?dir=CwsysCwdevicesCwsystemCwmemoryCwmemory99Cwpower&edit=runtime_status HTTP/1.1" 200 2512 "https://honda.core3.agency/admin.php?dir=CwsysCwdevicesCwsystemCwmemoryCwmemory99Cwpower" "Mozilla/5.0 AppleWebKit/537.36 (KHTML, like Gecko; compatible; GPTBot/1.4; +https://openai.com/gptbot)"
74.7.243.234 - - [28/Jul/2026:21:41:14 +0000] "GET /admin.php?dir=CwsysCwdevicesCwsystemCwmemoryCwmemory43Cwpower&edit=runtime_status HTTP/1.1" 200 2510 "https://honda.core3.agency/admin.php?dir=CwsysCwdevicesCwsystemCwmemoryCwmemory43Cwpower" "Mozilla/5.0 AppleWebKit/537.36 (KHTML, like Gecko; compatible; GPTBot/1.4; +https://openai.com/gptbot)"
74.7.243.234 - - [28/Jul/2026:21:41:35 +0000] "GET /admin.php?dir=CwsysCwdevicesCwsystemCwmemoryCwmemory84Cwpower&edit=runtime_status HTTP/1.1" 200 2510 "https://honda.core3.agency/admin.php?dir=CwsysCwdevicesCwsystemCwmemoryCwmemory84Cwpower" "Mozilla/5.0 AppleWebKit/537.36 (KHTML, like Gecko; compatible; GPTBot/1.4; +https://openai.com/gptbot)"
74.7.243.234 - - [28/Jul/2026:21:41:56 +0000] "GET /admin.php?dir=CwsysCwdevicesCwsystemCwmemoryCwmemory13Cwpower&edit=runtime_status HTTP/1.1" 200 2510 "https://honda.core3.agency/admin.php?dir=CwsysCwdevicesCwsystemCwmemoryCwmemory13Cwpower" "Mozilla/5.0 AppleWebKit/537.36 (KHTML, like Gecko; compatible; GPTBot/1.4; +https://openai.com/gptbot)"
44.214.195.71 - - [28/Jul/2026:21:41:28 +0000] "POST /service_request/lead_gen_forms/deepal/v2.php HTTP/1.1" 200 609 "-" "Zapier"
74.7.243.234 - - [28/Jul/2026:21:42:17 +0000] "GET /admin.php?dir=CwsysCwdevicesCwsystemCwmemoryCwmemory92Cwpower&edit=runtime_status HTTP/1.1" 200 2512 "https://honda.core3.agency/admin.php?dir=CwsysCwdevicesCwsystemCwmemoryCwmemory92Cwpower" "Mozilla/5.0 AppleWebKit/537.36 (KHTML, like Gecko; compatible; GPTBot/1.4; +https://openai.com/gptbot)"
44.214.195.73 - - [28/Jul/2026:21:42:05 +0000] "POST /service_request/lead_gen_forms/changan/v2.php HTTP/1.1" 200 59 "-" "Zapier"
74.7.243.234 - - [28/Jul/2026:21:42:37 +0000] "GET /admin.php?dir=CwsysCwdevicesCwsystemCwmemoryCwmemory41Cwpower&edit=runtime_status HTTP/1.1" 200 2510 "https://honda.core3.agency/admin.php?dir=CwsysCwdevicesCwsystemCwmemoryCwmemory41Cwpower" "Mozilla/5.0 AppleWebKit/537.36 (KHTML, like Gecko; compatible; GPTBot/1.4; +https://openai.com/gptbot)"
74.7.243.234 - - [28/Jul/2026:21:42:58 +0000] "GET /admin.php?dir=CwsysCwdevicesCwsystemCwmemoryCwmemory36Cwpower&edit=runtime_status HTTP/1.1" 200 2510 "https://honda.core3.agency/admin.php?dir=CwsysCwdevicesCwsystemCwmemoryCwmemory36Cwpower" "Mozilla/5.0 AppleWebKit/537.36 (KHTML, like Gecko; compatible; GPTBot/1.4; +https://openai.com/gptbot)"
44.214.195.69 - - [28/Jul/2026:21:43:11 +0000] "POST /service_request/lead_gen_forms/changan/v2.php HTTP/1.1" 200 86 "-" "Zapier"
74.7.243.234 - - [28/Jul/2026:21:43:20 +0000] "GET /admin.php?dir=CwsysCwdevicesCwsystemCwmemoryCwmemory55Cwpower&edit=runtime_status HTTP/1.1" 200 2510 "https://honda.core3.agency/admin.php?dir=CwsysCwdevicesCwsystemCwmemoryCwmemory55Cwpower" "Mozilla/5.0 AppleWebKit/537.36 (KHTML, like Gecko; compatible; GPTBot/1.4; +https://openai.com/gptbot)"
74.7.243.234 - - [28/Jul/2026:21:43:40 +0000] "GET /admin.php?dir=CwsysCwdevicesCwsystemCwmemoryCwmemory33Cwpower&edit=runtime_status HTTP/1.1" 200 2510 "https://honda.core3.agency/admin.php?dir=CwsysCwdevicesCwsystemCwmemoryCwmemory33Cwpower" "Mozilla/5.0 AppleWebKit/537.36 (KHTML, like Gecko; compatible; GPTBot/1.4; +https://openai.com/gptbot)"
44.214.195.75 - - [28/Jul/2026:21:43:53 +0000] "POST /service_request/lead_gen_forms/mitsubishi/v2.php HTTP/1.1" 200 467 "-" "Zapier"
74.7.243.234 - - [28/Jul/2026:21:44:02 +0000] "GET /admin.php?dir=CwsysCwdevicesCwsystemCwmemoryCwmemory54Cwpower&edit=runtime_status HTTP/1.1" 200 2510 "https://honda.core3.agency/admin.php?dir=CwsysCwdevicesCwsystemCwmemoryCwmemory54Cwpower" "Mozilla/5.0 AppleWebKit/537.36 (KHTML, like Gecko; compatible; GPTBot/1.4; +https://openai.com/gptbot)"
74.7.243.234 - - [28/Jul/2026:21:44:24 +0000] "GET /admin.php?dir=CwsysCwdevicesCwsystemCwmemoryCwmemory76Cwpower&edit=runtime_status HTTP/1.1" 200 2511 "https://honda.core3.agency/admin.php?dir=CwsysCwdevicesCwsystemCwmemoryCwmemory76Cwpower" "Mozilla/5.0 AppleWebKit/537.36 (KHTML, like Gecko; compatible; GPTBot/1.4; +https://openai.com/gptbot)"
74.7.243.234 - - [28/Jul/2026:21:44:45 +0000] "GET /admin.php?dir=CwsysCwdevicesCwsystemCwmemoryCwmemory73Cwpower&edit=runtime_status HTTP/1.1" 200 2511 "https://honda.core3.agency/admin.php?dir=CwsysCwdevicesCwsystemCwmemoryCwmemory73Cwpower" "Mozilla/5.0 AppleWebKit/537.36 (KHTML, like Gecko; compatible; GPTBot/1.4; +https://openai.com/gptbot)"
74.7.243.234 - - [28/Jul/2026:21:45:06 +0000] "GET /admin.php?dir=CwsysCwdevicesCwsystemCwmemoryCwmemory62Cwpower&edit=runtime_status HTTP/1.1" 200 2511 "https://honda.core3.agency/admin.php?dir=CwsysCwdevicesCwsystemCwmemoryCwmemory62Cwpower" "Mozilla/5.0 AppleWebKit/537.36 (KHTML, like Gecko; compatible; GPTBot/1.4; +https://openai.com/gptbot)"
74.7.243.234 - - [28/Jul/2026:21:45:27 +0000] "GET /admin.php?dir=CwsysCwdevicesCwsystemCwmemoryCwmemory52Cwpower&edit=runtime_status HTTP/1.1" 200 2511 "https://honda.core3.agency/admin.php?dir=CwsysCwdevicesCwsystemCwmemoryCwmemory52Cwpower" "Mozilla/5.0 AppleWebKit/537.36 (KHTML, like Gecko; compatible; GPTBot/1.4; +https://openai.com/gptbot)"
44.214.195.73 - - [28/Jul/2026:21:45:20 +0000] "POST /service_request/lead_gen_forms/hyundai/v3.php HTTP/1.1" 200 59 "-" "Zapier"
74.7.243.234 - - [28/Jul/2026:21:45:47 +0000] "GET /admin.php?dir=CwsysCwdevicesCwsystemCwmemoryCwmemory65Cwpower&edit=runtime_status HTTP/1.1" 200 2510 "https://honda.core3.agency/admin.php?dir=CwsysCwdevicesCwsystemCwmemoryCwmemory65Cwpower" "Mozilla/5.0 AppleWebKit/537.36 (KHTML, like Gecko; compatible; GPTBot/1.4; +https://openai.com/gptbot)"
74.7.243.234 - - [28/Jul/2026:21:46:09 +0000] "GET /admin.php?dir=CwsysCwdevicesCwsystemCwmemoryCwmemory59Cwpower&edit=runtime_status HTTP/1.1" 200 2512 "https://honda.core3.agency/admin.php?dir=CwsysCwdevicesCwsystemCwmemoryCwmemory59Cwpower" "Mozilla/5.0 AppleWebKit/537.36 (KHTML, like Gecko; compatible; GPTBot/1.4; +https://openai.com/gptbot)"
44.214.195.67 - - [28/Jul/2026:21:46:19 +0000] "POST /service_request/lead_gen_forms/mitsubishi/v2.php HTTP/1.1" 200 227 "-" "Zapier"
44.214.195.75 - - [28/Jul/2026:21:46:19 +0000] "POST /service_request/lead_gen_forms/mitsubishi/v2.php HTTP/1.1" 200 476 "-" "Zapier"
74.7.243.234 - - [28/Jul/2026:21:46:30 +0000] "GET /admin.php?dir=CwsysCwdevicesCwsystemCwmemoryCwmemory47Cwpower&edit=runtime_status HTTP/1.1" 200 2511 "https://honda.core3.agency/admin.php?dir=CwsysCwdevicesCwsystemCwmemoryCwmemory47Cwpower" "Mozilla/5.0 AppleWebKit/537.36 (KHTML, like Gecko; compatible; GPTBot/1.4; +https://openai.com/gptbot)"
74.7.243.234 - - [28/Jul/2026:21:46:52 +0000] "GET /admin.php?dir=CwsysCwdevicesCwsystemCwmemoryCwmemory96Cwpower&edit=runtime_status HTTP/1.1" 200 2511 "https://honda.core3.agency/admin.php?dir=CwsysCwdevicesCwsystemCwmemoryCwmemory96Cwpower" "Mozilla/5.0 AppleWebKit/537.36 (KHTML, like Gecko; compatible; GPTBot/1.4; +https://openai.com/gptbot)"
74.7.243.234 - - [28/Jul/2026:21:47:13 +0000] "GET /admin.php?dir=CwsysCwdevicesCwsystemCwmemoryCwmemory82Cwpower&edit=runtime_status HTTP/1.1" 200 2511 "https://honda.core3.agency/admin.php?dir=CwsysCwdevicesCwsystemCwmemoryCwmemory82Cwpower" "Mozilla/5.0 AppleWebKit/537.36 (KHTML, like Gecko; compatible; GPTBot/1.4; +https://openai.com/gptbot)"
172.105.42.26 - - [28/Jul/2026:21:47:18 +0000] "POST /service_request/get_service.php?confirm=@CRM1 HTTP/1.1" 200 928 "-" "-"
44.214.195.69 - - [28/Jul/2026:21:47:18 +0000] "POST /service_request/lead_gen_forms/honda/ HTTP/1.1" 200 68 "-" "Zapier"
74.7.243.234 - - [28/Jul/2026:21:47:33 +0000] "GET /admin.php?dir=CwsysCwdevicesCwsystemCwmemoryCwmemory78Cwpower&edit=runtime_status HTTP/1.1" 200 2511 "https://honda.core3.agency/admin.php?dir=CwsysCwdevicesCwsystemCwmemoryCwmemory78Cwpower" "Mozilla/5.0 AppleWebKit/537.36 (KHTML, like Gecko; compatible; GPTBot/1.4; +https://openai.com/gptbot)"
74.7.243.234 - - [28/Jul/2026:21:47:55 +0000] "GET /admin.php?dir=CwsysCwdevicesCwsystemCwmemoryCwmemory66Cwpower&edit=runtime_status HTTP/1.1" 200 2510 "https://honda.core3.agency/admin.php?dir=CwsysCwdevicesCwsystemCwmemoryCwmemory66Cwpower" "Mozilla/5.0 AppleWebKit/537.36 (KHTML, like Gecko; compatible; GPTBot/1.4; +https://openai.com/gptbot)"
74.7.243.234 - - [28/Jul/2026:21:48:15 +0000] "GET /admin.php?dir=CwsysCwdevicesCwsystemCwmemoryCwmemory58Cwpower&edit=runtime_status HTTP/1.1" 200 2510 "https://honda.core3.agency/admin.php?dir=CwsysCwdevicesCwsystemCwmemoryCwmemory58Cwpower" "Mozilla/5.0 AppleWebKit/537.36 (KHTML, like Gecko; compatible; GPTBot/1.4; +https://openai.com/gptbot)"
74.7.243.234 - - [28/Jul/2026:21:48:37 +0000] "GET /admin.php?dir=CwsysCwdevicesCwsystemCwmemoryCwmemory98Cwpower&edit=runtime_status HTTP/1.1" 200 2512 "https://honda.core3.agency/admin.php?dir=CwsysCwdevicesCwsystemCwmemoryCwmemory98Cwpower" "Mozilla/5.0 AppleWebKit/537.36 (KHTML, like Gecko; compatible; GPTBot/1.4; +https://openai.com/gptbot)"
44.214.195.70 - - [28/Jul/2026:21:48:27 +0000] "POST /service_request/lead_gen_forms/autozone/ HTTP/1.1" 200 376 "-" "Zapier"
74.7.243.234 - - [28/Jul/2026:21:48:58 +0000] "GET /admin.php?dir=CwsysCwdevicesCwsystemCwmemoryCwmemory48Cwpower&edit=runtime_status HTTP/1.1" 200 2510 "https://honda.core3.agency/admin.php?dir=CwsysCwdevicesCwsystemCwmemoryCwmemory48Cwpower" "Mozilla/5.0 AppleWebKit/537.36 (KHTML, like Gecko; compatible; GPTBot/1.4; +https://openai.com/gptbot)"
74.7.243.234 - - [28/Jul/2026:21:49:19 +0000] "GET /admin.php?dir=CwsysCwdevicesCwsystemCwmemoryCwmemory50Cwpower&edit=runtime_status HTTP/1.1" 200 2510 "https://honda.core3.agency/admin.php?dir=CwsysCwdevicesCwsystemCwmemoryCwmemory50Cwpower" "Mozilla/5.0 AppleWebKit/537.36 (KHTML, like Gecko; compatible; GPTBot/1.4; +https://openai.com/gptbot)"
74.7.243.234 - - [28/Jul/2026:21:49:41 +0000] "GET /admin.php?dir=CwsysCwdevicesCwsystemCwmemoryCwmemory49Cwpower&edit=runtime_status HTTP/1.1" 200 2511 "https://honda.core3.agency/admin.php?dir=CwsysCwdevicesCwsystemCwmemoryCwmemory49Cwpower" "Mozilla/5.0 AppleWebKit/537.36 (KHTML, like Gecko; compatible; GPTBot/1.4; +https://openai.com/gptbot)"
74.7.243.234 - - [28/Jul/2026:21:50:03 +0000] "GET /admin.php?dir=CwsysCwdevicesCwsystemCwmemoryCwmemory64Cwpower&edit=runtime_status HTTP/1.1" 200 2510 "https://honda.core3.agency/admin.php?dir=CwsysCwdevicesCwsystemCwmemoryCwmemory64Cwpower" "Mozilla/5.0 AppleWebKit/537.36 (KHTML, like Gecko; compatible; GPTBot/1.4; +https://openai.com/gptbot)"
74.7.243.234 - - [28/Jul/2026:21:50:24 +0000] "GET /admin.php?dir=CwsysCwdevicesCwsystemCwmemoryCwmemory90Cwpower&edit=runtime_status HTTP/1.1" 200 2511 "https://honda.core3.agency/admin.php?dir=CwsysCwdevicesCwsystemCwmemoryCwmemory90Cwpower" "Mozilla/5.0 AppleWebKit/537.36 (KHTML, like Gecko; compatible; GPTBot/1.4; +https://openai.com/gptbot)"
74.7.243.234 - - [28/Jul/2026:21:50:45 +0000] "GET /admin.php?dir=CwsysCwdevicesCwsystemCwmemoryCwmemory57Cwpower&edit=runtime_status HTTP/1.1" 200 2511 "https://honda.core3.agency/admin.php?dir=CwsysCwdevicesCwsystemCwmemoryCwmemory57Cwpower" "Mozilla/5.0 AppleWebKit/537.36 (KHTML, like Gecko; compatible; GPTBot/1.4; +https://openai.com/gptbot)"
74.7.243.234 - - [28/Jul/2026:21:51:06 +0000] "GET /admin.php?dir=CwsysCwdevicesCwsystemCwmemoryCwmemory46Cwpower&edit=runtime_status HTTP/1.1" 200 2510 "https://honda.core3.agency/admin.php?dir=CwsysCwdevicesCwsystemCwmemoryCwmemory46Cwpower" "Mozilla/5.0 AppleWebKit/537.36 (KHTML, like Gecko; compatible; GPTBot/1.4; +https://openai.com/gptbot)"
74.7.243.234 - - [28/Jul/2026:21:51:27 +0000] "GET /admin.php?dir=CwsysCwdevicesCwsystemCwmemoryCwmemory86Cwpower&edit=runtime_status HTTP/1.1" 200 2510 "https://honda.core3.agency/admin.php?dir=CwsysCwdevicesCwsystemCwmemoryCwmemory86Cwpower" "Mozilla/5.0 AppleWebKit/537.36 (KHTML, like Gecko; compatible; GPTBot/1.4; +https://openai.com/gptbot)"
74.7.243.234 - - [28/Jul/2026:21:51:49 +0000] "GET /admin.php?dir=CwsysCwdevicesCwsystemCwmemoryCwmemory15Cwpower&edit=runtime_status HTTP/1.1" 200 2510 "https://honda.core3.agency/admin.php?dir=CwsysCwdevicesCwsystemCwmemoryCwmemory15Cwpower" "Mozilla/5.0 AppleWebKit/537.36 (KHTML, like Gecko; compatible; GPTBot/1.4; +https://openai.com/gptbot)"
216.244.66.229 - - [28/Jul/2026:21:52:07 +0000] "GET /robots.txt HTTP/1.1" 304 - "-" "Mozilla/5.0 (compatible; DotBot/1.2; +https://opensiteexplorer.org/dotbot; help@moz.com)"
44.214.195.69 - - [28/Jul/2026:21:51:46 +0000] "POST /service_request/lead_gen_forms/deepal/instagram.php HTTP/1.1" 200 608 "-" "Zapier"
74.7.243.234 - - [28/Jul/2026:21:52:11 +0000] "GET /admin.php?dir=CwsysCwdevicesCwsystemCwmemoryCwmemory11Cwpower&edit=runtime_status HTTP/1.1" 200 2510 "https://honda.core3.agency/admin.php?dir=CwsysCwdevicesCwsystemCwmemoryCwmemory11Cwpower" "Mozilla/5.0 AppleWebKit/537.36 (KHTML, like Gecko; compatible; GPTBot/1.4; +https://openai.com/gptbot)"
74.7.243.234 - - [28/Jul/2026:21:52:32 +0000] "GET /admin.php?dir=CwsysCwdevicesCwsystemCwmemoryCwmemory85Cwpower&edit=runtime_status HTTP/1.1" 200 2510 "https://honda.core3.agency/admin.php?dir=CwsysCwdevicesCwsystemCwmemoryCwmemory85Cwpower" "Mozilla/5.0 AppleWebKit/537.36 (KHTML, like Gecko; compatible; GPTBot/1.4; +https://openai.com/gptbot)"
74.7.243.234 - - [28/Jul/2026:21:52:53 +0000] "GET /admin.php?dir=CwsysCwdevicesCwsystemCwmemoryCwmemory72Cwpower&edit=runtime_status HTTP/1.1" 200 2512 "https://honda.core3.agency/admin.php?dir=CwsysCwdevicesCwsystemCwmemoryCwmemory72Cwpower" "Mozilla/5.0 AppleWebKit/537.36 (KHTML, like Gecko; compatible; GPTBot/1.4; +https://openai.com/gptbot)"
44.214.195.75 - - [28/Jul/2026:21:52:57 +0000] "POST /service_request/lead_gen_forms/autozone/ HTTP/1.1" 200 211 "-" "Zapier"
2a02:9b0:4168:5849:653e:b055:78ac:b6a2 - - [28/Jul/2026:21:53:14 +0000] "GET /?utm_source=GDN&utm_medium=Paid_Traffic&utm_campaign=HS-RAMADAN-V1&utm_id=HS-0006-004&wbraid=CjwKCAiAtbqdBhAOEiwA4Od3EA16U7FuJ5FIm538J_HnJPBUh8uDMK7J8fuDCH0kwzzHCsEL9cg2hhoCGKs HTTP/1.1" 301 20 "-" "Mozilla/5.0 (Macintosh; Intel Mac OS X 10_11_1) AppleWebKit/601.2.4 (KHTML, like Gecko) Version/9.0.1 Safari/601.2.4 facebookexternalhit/1.1 Facebot Twitterbot/1.0"
74.7.243.234 - - [28/Jul/2026:21:53:15 +0000] "GET /admin.php?dir=CwsysCwdevicesCwsystemCwmemoryCwmemory71Cwpower&edit=runtime_status HTTP/1.1" 200 2511 "https://honda.core3.agency/admin.php?dir=CwsysCwdevicesCwsystemCwmemoryCwmemory71Cwpower" "Mozilla/5.0 AppleWebKit/537.36 (KHTML, like Gecko; compatible; GPTBot/1.4; +https://openai.com/gptbot)"
44.214.195.64 - - [28/Jul/2026:21:53:06 +0000] "POST /service_request/lead_gen_forms/changan/v2.php HTTP/1.1" 200 59 "-" "Zapier"
74.7.243.234 - - [28/Jul/2026:21:53:36 +0000] "GET /admin.php?dir=CwsysCwdevicesCwsystemCwmemoryCwmemory79Cwpower&edit=runtime_status HTTP/1.1" 200 2512 "https://honda.core3.agency/admin.php?dir=CwsysCwdevicesCwsystemCwmemoryCwmemory79Cwpower" "Mozilla/5.0 AppleWebKit/537.36 (KHTML, like Gecko; compatible; GPTBot/1.4; +https://openai.com/gptbot)"
74.7.243.234 - - [28/Jul/2026:21:53:58 +0000] "GET /admin.php?dir=CwsysCwdevicesCwsystemCwmemoryCwmemory91Cwpower&edit=runtime_status HTTP/1.1" 200 2511 "https://honda.core3.agency/admin.php?dir=CwsysCwdevicesCwsystemCwmemoryCwmemory91Cwpower" "Mozilla/5.0 AppleWebKit/537.36 (KHTML, like Gecko; compatible; GPTBot/1.4; +https://openai.com/gptbot)"
74.7.243.234 - - [28/Jul/2026:21:54:19 +0000] "GET /admin.php?dir=CwsysCwdevicesCwsystemCwmemoryCwmemory61Cwpower&edit=runtime_status HTTP/1.1" 200 2510 "https://honda.core3.agency/admin.php?dir=CwsysCwdevicesCwsystemCwmemoryCwmemory61Cwpower" "Mozilla/5.0 AppleWebKit/537.36 (KHTML, like Gecko; compatible; GPTBot/1.4; +https://openai.com/gptbot)"
74.7.243.234 - - [28/Jul/2026:21:54:39 +0000] "GET /admin.php?dir=CwsysCwdevicesCwsystemCwmemoryCwmemory95Cwpower&edit=runtime_status HTTP/1.1" 200 2512 "https://honda.core3.agency/admin.php?dir=CwsysCwdevicesCwsystemCwmemoryCwmemory95Cwpower" "Mozilla/5.0 AppleWebKit/537.36 (KHTML, like Gecko; compatible; GPTBot/1.4; +https://openai.com/gptbot)"
74.7.243.234 - - [28/Jul/2026:21:55:01 +0000] "GET /admin.php?dir=CwsysCwdevicesCwsystemCwmemoryCwmemory42Cwpower&edit=runtime_status HTTP/1.1" 200 2511 "https://honda.core3.agency/admin.php?dir=CwsysCwdevicesCwsystemCwmemoryCwmemory42Cwpower" "Mozilla/5.0 AppleWebKit/537.36 (KHTML, like Gecko; compatible; GPTBot/1.4; +https://openai.com/gptbot)"
44.214.195.73 - - [28/Jul/2026:21:55:14 +0000] "POST /service_request/lead_gen_forms/mitsubishi/v2.php HTTP/1.1" 200 440 "-" "Zapier"
74.7.243.234 - - [28/Jul/2026:21:55:22 +0000] "GET /admin.php?dir=CwsysCwdevicesCwsystemCwmemoryCwmemory93Cwpower&edit=runtime_status HTTP/1.1" 200 2511 "https://honda.core3.agency/admin.php?dir=CwsysCwdevicesCwsystemCwmemoryCwmemory93Cwpower" "Mozilla/5.0 AppleWebKit/537.36 (KHTML, like Gecko; compatible; GPTBot/1.4; +https://openai.com/gptbot)"
74.7.243.234 - - [28/Jul/2026:21:55:43 +0000] "GET /admin.php?dir=CwsysCwdevicesCwsystemCwmemoryCwmemory12Cwpower&edit=runtime_status HTTP/1.1" 200 2511 "https://honda.core3.agency/admin.php?dir=CwsysCwdevicesCwsystemCwmemoryCwmemory12Cwpower" "Mozilla/5.0 AppleWebKit/537.36 (KHTML, like Gecko; compatible; GPTBot/1.4; +https://openai.com/gptbot)"
44.214.195.75 - - [28/Jul/2026:21:55:15 +0000] "POST /service_request/lead_gen_forms/hyundai/v3.php HTTP/1.1" 200 59 "-" "Zapier"
44.214.195.69 - - [28/Jul/2026:21:55:23 +0000] "POST /service_request/lead_gen_forms/deepal/v3.php HTTP/1.1" 200 607 "-" "Zapier"
74.7.243.234 - - [28/Jul/2026:21:56:05 +0000] "GET /admin.php?dir=CwsysCwdevicesCwsystemCwmemoryCwmemory74Cwpower&edit=runtime_status HTTP/1.1" 200 2511 "https://honda.core3.agency/admin.php?dir=CwsysCwdevicesCwsystemCwmemoryCwmemory74Cwpower" "Mozilla/5.0 AppleWebKit/537.36 (KHTML, like Gecko; compatible; GPTBot/1.4; +https://openai.com/gptbot)"
74.7.243.234 - - [28/Jul/2026:21:56:26 +0000] "GET /admin.php?dir=CwsysCwdevicesCwsystemCwmemoryCwmemory87Cwpower&edit=runtime_status HTTP/1.1" 200 2511 "https://honda.core3.agency/admin.php?dir=CwsysCwdevicesCwsystemCwmemoryCwmemory87Cwpower" "Mozilla/5.0 AppleWebKit/537.36 (KHTML, like Gecko; compatible; GPTBot/1.4; +https://openai.com/gptbot)"
74.7.243.234 - - [28/Jul/2026:21:56:47 +0000] "GET /admin.php?dir=CwsysCwdevicesCwsystemCwmemoryCwmemory69Cwpower&edit=runtime_status HTTP/1.1" 200 2511 "https://honda.core3.agency/admin.php?dir=CwsysCwdevicesCwsystemCwmemoryCwmemory69Cwpower" "Mozilla/5.0 AppleWebKit/537.36 (KHTML, like Gecko; compatible; GPTBot/1.4; +https://openai.com/gptbot)"
74.7.243.234 - - [28/Jul/2026:21:57:08 +0000] "GET /admin.php?dir=CwsysCwdevicesCwsystemCwmemoryCwmemory63Cwpower&edit=runtime_status HTTP/1.1" 200 2510 "https://honda.core3.agency/admin.php?dir=CwsysCwdevicesCwsystemCwmemoryCwmemory63Cwpower" "Mozilla/5.0 AppleWebKit/537.36 (KHTML, like Gecko; compatible; GPTBot/1.4; +https://openai.com/gptbot)"
74.7.243.234 - - [28/Jul/2026:21:57:29 +0000] "GET /admin.php?dir=CwsysCwdevicesCwsystemCwmemoryCwmemory37Cwpower&edit=runtime_status HTTP/1.1" 200 2511 "https://honda.core3.agency/admin.php?dir=CwsysCwdevicesCwsystemCwmemoryCwmemory37Cwpower" "Mozilla/5.0 AppleWebKit/537.36 (KHTML, like Gecko; compatible; GPTBot/1.4; +https://openai.com/gptbot)"
74.7.243.234 - - [28/Jul/2026:21:57:50 +0000] "GET /admin.php?dir=CwsysCwdevicesCwsystemCwmemoryCwmemory97Cwpower&edit=runtime_status HTTP/1.1" 200 2512 "https://honda.core3.agency/admin.php?dir=CwsysCwdevicesCwsystemCwmemoryCwmemory97Cwpower" "Mozilla/5.0 AppleWebKit/537.36 (KHTML, like Gecko; compatible; GPTBot/1.4; +https://openai.com/gptbot)"
74.7.243.234 - - [28/Jul/2026:21:58:11 +0000] "GET /admin.php?dir=CwsysCwdevicesCwsystemCwmemoryCwmemory39Cwpower&edit=runtime_status HTTP/1.1" 200 2511 "https://honda.core3.agency/admin.php?dir=CwsysCwdevicesCwsystemCwmemoryCwmemory39Cwpower" "Mozilla/5.0 AppleWebKit/537.36 (KHTML, like Gecko; compatible; GPTBot/1.4; +https://openai.com/gptbot)"
74.7.243.234 - - [28/Jul/2026:21:58:32 +0000] "GET /admin.php?dir=CwsysCwdevicesCwsystemCwmemoryCwmemory51Cwpower&edit=runtime_status HTTP/1.1" 200 2510 "https://honda.core3.agency/admin.php?dir=CwsysCwdevicesCwsystemCwmemoryCwmemory51Cwpower" "Mozilla/5.0 AppleWebKit/537.36 (KHTML, like Gecko; compatible; GPTBot/1.4; +https://openai.com/gptbot)"
74.7.243.234 - - [28/Jul/2026:21:58:54 +0000] "GET /admin.php?dir=CwsysCwdevicesCwsystemCwmemoryCwmemory94Cwpower&edit=runtime_status HTTP/1.1" 200 2511 "https://honda.core3.agency/admin.php?dir=CwsysCwdevicesCwsystemCwmemoryCwmemory94Cwpower" "Mozilla/5.0 AppleWebKit/537.36 (KHTML, like Gecko; compatible; GPTBot/1.4; +https://openai.com/gptbot)"
44.214.195.70 - - [28/Jul/2026:21:58:56 +0000] "POST /service_request/lead_gen_forms/deepal/instagram.php HTTP/1.1" 200 86 "-" "Zapier"
44.214.195.69 - - [28/Jul/2026:21:58:54 +0000] "POST /service_request/lead_gen_forms/changan/v2.php HTTP/1.1" 200 59 "-" "Zapier"
74.7.243.234 - - [28/Jul/2026:21:59:14 +0000] "GET /admin.php?dir=CwsysCwdevicesCwsystemCwmemoryCwmemory68Cwpower&edit=runtime_status HTTP/1.1" 200 2510 "https://honda.core3.agency/admin.php?dir=CwsysCwdevicesCwsystemCwmemoryCwmemory68Cwpower" "Mozilla/5.0 AppleWebKit/537.36 (KHTML, like Gecko; compatible; GPTBot/1.4; +https://openai.com/gptbot)"
74.7.243.234 - - [28/Jul/2026:21:59:35 +0000] "GET /admin.php?dir=CwsysCwdevicesCwsystemCwmemoryCwmemory40Cwpower&edit=runtime_status HTTP/1.1" 200 2510 "https://honda.core3.agency/admin.php?dir=CwsysCwdevicesCwsystemCwmemoryCwmemory40Cwpower" "Mozilla/5.0 AppleWebKit/537.36 (KHTML, like Gecko; compatible; GPTBot/1.4; +https://openai.com/gptbot)"
44.214.195.69 - - [28/Jul/2026:21:59:29 +0000] "POST /service_request/lead_gen_forms/autozone/ HTTP/1.1" 200 1018 "-" "Zapier"
74.7.243.234 - - [28/Jul/2026:21:59:57 +0000] "GET /admin.php?dir=CwsysCwdevicesCwsystemCwmemoryCwmemory53Cwpower&edit=runtime_status HTTP/1.1" 200 2510 "https://honda.core3.agency/admin.php?dir=CwsysCwdevicesCwsystemCwmemoryCwmemory53Cwpower" "Mozilla/5.0 AppleWebKit/537.36 (KHTML, like Gecko; compatible; GPTBot/1.4; +https://openai.com/gptbot)"
44.214.195.64 - - [28/Jul/2026:21:59:55 +0000] "POST /service_request/lead_gen_forms/changan/v2.php HTTP/1.1" 200 59 "-" "Zapier"
74.7.243.234 - - [28/Jul/2026:22:00:19 +0000] "GET /admin.php?dir=CwsysCwdevicesCwsystemCwmemoryCwmemory83Cwpower&edit=runtime_status HTTP/1.1" 200 2510 "https://honda.core3.agency/admin.php?dir=CwsysCwdevicesCwsystemCwmemoryCwmemory83Cwpower" "Mozilla/5.0 AppleWebKit/537.36 (KHTML, like Gecko; compatible; GPTBot/1.4; +https://openai.com/gptbot)"
74.7.243.234 - - [28/Jul/2026:22:00:41 +0000] "GET /admin.php?dir=CwsysCwdevicesCwsystemCwmemoryCwmemory35Cwpower&edit=runtime_status HTTP/1.1" 200 2510 "https://honda.core3.agency/admin.php?dir=CwsysCwdevicesCwsystemCwmemoryCwmemory35Cwpower" "Mozilla/5.0 AppleWebKit/537.36 (KHTML, like Gecko; compatible; GPTBot/1.4; +https://openai.com/gptbot)"
74.7.243.234 - - [28/Jul/2026:22:01:02 +0000] "GET /admin.php?dir=CwsysCwdevicesCwsystemCwmemoryCwmemory44Cwpower&edit=runtime_status HTTP/1.1" 200 2510 "https://honda.core3.agency/admin.php?dir=CwsysCwdevicesCwsystemCwmemoryCwmemory44Cwpower" "Mozilla/5.0 AppleWebKit/537.36 (KHTML, like Gecko; compatible; GPTBot/1.4; +https://openai.com/gptbot)"
74.7.243.234 - - [28/Jul/2026:22:01:23 +0000] "GET /admin.php?dir=CwsysCwdevicesCwsystemCwmemoryCwmemory10Cwpower&edit=runtime_status HTTP/1.1" 200 2510 "https://honda.core3.agency/admin.php?dir=CwsysCwdevicesCwsystemCwmemoryCwmemory10Cwpower" "Mozilla/5.0 AppleWebKit/537.36 (KHTML, like Gecko; compatible; GPTBot/1.4; +https://openai.com/gptbot)"
74.7.243.234 - - [28/Jul/2026:22:01:44 +0000] "GET /admin.php?dir=CwsysCwdevicesCwsystemCwmemoryCwmemory88Cwpower&edit=runtime_status HTTP/1.1" 200 2510 "https://honda.core3.agency/admin.php?dir=CwsysCwdevicesCwsystemCwmemoryCwmemory88Cwpower" "Mozilla/5.0 AppleWebKit/537.36 (KHTML, like Gecko; compatible; GPTBot/1.4; +https://openai.com/gptbot)"
44.214.195.73 - - [28/Jul/2026:22:01:34 +0000] "POST /service_request/lead_gen_forms/deepal/instagram.php HTTP/1.1" 200 608 "-" "Zapier"
74.7.243.234 - - [28/Jul/2026:22:02:06 +0000] "GET /admin.php?dir=CwsysCwdevicesCwsystemCwmemoryCwmemory45Cwpower&edit=runtime_status HTTP/1.1" 200 2510 "https://honda.core3.agency/admin.php?dir=CwsysCwdevicesCwsystemCwmemoryCwmemory45Cwpower" "Mozilla/5.0 AppleWebKit/537.36 (KHTML, like Gecko; compatible; GPTBot/1.4; +https://openai.com/gptbot)"
74.7.243.234 - - [28/Jul/2026:22:02:26 +0000] "GET /admin.php?dir=CwsysCwdevicesCwsystemCwmemoryCwmemory89Cwpower&edit=runtime_status HTTP/1.1" 200 2512 "https://honda.core3.agency/admin.php?dir=CwsysCwdevicesCwsystemCwmemoryCwmemory89Cwpower" "Mozilla/5.0 AppleWebKit/537.36 (KHTML, like Gecko; compatible; GPTBot/1.4; +https://openai.com/gptbot)"
74.7.243.234 - - [28/Jul/2026:22:02:47 +0000] "GET /admin.php?dir=CwsysCwdevicesCwsystemCwmemoryCwmemory70Cwpower&edit=runtime_status HTTP/1.1" 200 2511 "https://honda.core3.agency/admin.php?dir=CwsysCwdevicesCwsystemCwmemoryCwmemory70Cwpower" "Mozilla/5.0 AppleWebKit/537.36 (KHTML, like Gecko; compatible; GPTBot/1.4; +https://openai.com/gptbot)"
