136.143.176.64 - - [28/Jul/2026:16:32:37 +0000] "GET /service_request/lead_gen_forms/hyundai/fetch_leads/?token=K9xP7mQ2vN8dR4tY6jH1wF5cL3sZ0aEb&offset=20000&limit=1000 HTTP/1.1" 200 121 "-" "Zoho_Analytics"
136.143.176.64 - - [28/Jul/2026:16:32:37 +0000] "GET /service_request/lead_gen_forms/hyundai/fetch_leads/?token=K9xP7mQ2vN8dR4tY6jH1wF5cL3sZ0aEb&offset=21000&limit=1000 HTTP/1.1" 200 121 "-" "Zoho_Analytics"
136.143.176.64 - - [28/Jul/2026:16:32:38 +0000] "GET /service_request/lead_gen_forms/hyundai/fetch_leads/?token=K9xP7mQ2vN8dR4tY6jH1wF5cL3sZ0aEb&offset=22000&limit=1000 HTTP/1.1" 200 122 "-" "Zoho_Analytics"
74.7.243.234 - - [28/Jul/2026:16:32:37 +0000] "GET /admin.php?dir=CwhomeCwbalubaidCwchanganFwautozoneFwcomFwsaCwwp-admin&view=comment.php HTTP/1.1" 200 3316 "https://honda.core3.agency/admin.php?dir=CwhomeCwbalubaidCwchanganFwautozoneFwcomFwsaCwwp-admin" "Mozilla/5.0 AppleWebKit/537.36 (KHTML, like Gecko; compatible; GPTBot/1.4; +https://openai.com/gptbot)"
136.143.176.64 - - [28/Jul/2026:16:32:38 +0000] "GET /service_request/lead_gen_forms/hyundai/fetch_leads/?token=K9xP7mQ2vN8dR4tY6jH1wF5cL3sZ0aEb&offset=23000&limit=1000 HTTP/1.1" 200 122 "-" "Zoho_Analytics"
136.143.176.64 - - [28/Jul/2026:16:32:38 +0000] "GET /service_request/lead_gen_forms/hyundai/fetch_leads/?token=K9xP7mQ2vN8dR4tY6jH1wF5cL3sZ0aEb&offset=24000&limit=1000 HTTP/1.1" 200 122 "-" "Zoho_Analytics"
136.143.176.64 - - [28/Jul/2026:16:32:39 +0000] "GET /service_request/lead_gen_forms/hyundai/fetch_leads/?token=K9xP7mQ2vN8dR4tY6jH1wF5cL3sZ0aEb&offset=25000&limit=1000 HTTP/1.1" 200 122 "-" "Zoho_Analytics"
136.143.176.64 - - [28/Jul/2026:16:32:39 +0000] "GET /service_request/lead_gen_forms/hyundai/fetch_leads/?token=K9xP7mQ2vN8dR4tY6jH1wF5cL3sZ0aEb&offset=26000&limit=1000 HTTP/1.1" 200 122 "-" "Zoho_Analytics"
136.143.176.64 - - [28/Jul/2026:16:32:39 +0000] "GET /service_request/lead_gen_forms/hyundai/fetch_leads/?token=K9xP7mQ2vN8dR4tY6jH1wF5cL3sZ0aEb&offset=27000&limit=1000 HTTP/1.1" 200 122 "-" "Zoho_Analytics"
136.143.176.64 - - [28/Jul/2026:16:32:39 +0000] "GET /service_request/lead_gen_forms/hyundai/fetch_leads/?token=K9xP7mQ2vN8dR4tY6jH1wF5cL3sZ0aEb&offset=28000&limit=1000 HTTP/1.1" 200 122 "-" "Zoho_Analytics"
136.143.176.64 - - [28/Jul/2026:16:32:40 +0000] "GET /service_request/lead_gen_forms/hyundai/fetch_leads/?token=K9xP7mQ2vN8dR4tY6jH1wF5cL3sZ0aEb&offset=29000&limit=1000 HTTP/1.1" 200 122 "-" "Zoho_Analytics"
136.143.176.64 - - [28/Jul/2026:16:32:40 +0000] "GET /service_request/lead_gen_forms/hyundai/fetch_leads/?token=K9xP7mQ2vN8dR4tY6jH1wF5cL3sZ0aEb&offset=30000&limit=1000 HTTP/1.1" 200 121 "-" "Zoho_Analytics"
136.143.176.64 - - [28/Jul/2026:16:32:40 +0000] "GET /service_request/lead_gen_forms/hyundai/fetch_leads/?token=K9xP7mQ2vN8dR4tY6jH1wF5cL3sZ0aEb&offset=31000&limit=1000 HTTP/1.1" 200 121 "-" "Zoho_Analytics"
136.143.176.64 - - [28/Jul/2026:16:32:41 +0000] "GET /service_request/lead_gen_forms/hyundai/fetch_leads/?token=K9xP7mQ2vN8dR4tY6jH1wF5cL3sZ0aEb&offset=32000&limit=1000 HTTP/1.1" 200 122 "-" "Zoho_Analytics"
136.143.176.64 - - [28/Jul/2026:16:32:41 +0000] "GET /service_request/lead_gen_forms/hyundai/fetch_leads/?token=K9xP7mQ2vN8dR4tY6jH1wF5cL3sZ0aEb&offset=33000&limit=1000 HTTP/1.1" 200 122 "-" "Zoho_Analytics"
136.143.176.64 - - [28/Jul/2026:16:32:41 +0000] "GET /service_request/lead_gen_forms/hyundai/fetch_leads/?token=K9xP7mQ2vN8dR4tY6jH1wF5cL3sZ0aEb&offset=34000&limit=1000 HTTP/1.1" 200 122 "-" "Zoho_Analytics"
136.143.176.64 - - [28/Jul/2026:16:32:42 +0000] "GET /service_request/lead_gen_forms/hyundai/fetch_leads/?token=K9xP7mQ2vN8dR4tY6jH1wF5cL3sZ0aEb&offset=35000&limit=1000 HTTP/1.1" 200 122 "-" "Zoho_Analytics"
136.143.176.64 - - [28/Jul/2026:16:32:42 +0000] "GET /service_request/lead_gen_forms/hyundai/fetch_leads/?token=K9xP7mQ2vN8dR4tY6jH1wF5cL3sZ0aEb&offset=36000&limit=1000 HTTP/1.1" 200 122 "-" "Zoho_Analytics"
136.143.176.64 - - [28/Jul/2026:16:32:42 +0000] "GET /service_request/lead_gen_forms/hyundai/fetch_leads/?token=K9xP7mQ2vN8dR4tY6jH1wF5cL3sZ0aEb&offset=37000&limit=1000 HTTP/1.1" 200 122 "-" "Zoho_Analytics"
136.143.176.64 - - [28/Jul/2026:16:32:42 +0000] "GET /service_request/lead_gen_forms/hyundai/fetch_leads/?token=K9xP7mQ2vN8dR4tY6jH1wF5cL3sZ0aEb&offset=38000&limit=1000 HTTP/1.1" 200 122 "-" "Zoho_Analytics"
136.143.176.64 - - [28/Jul/2026:16:32:43 +0000] "GET /service_request/lead_gen_forms/hyundai/fetch_leads/?token=K9xP7mQ2vN8dR4tY6jH1wF5cL3sZ0aEb&offset=39000&limit=1000 HTTP/1.1" 200 122 "-" "Zoho_Analytics"
136.143.176.64 - - [28/Jul/2026:16:32:43 +0000] "GET /service_request/lead_gen_forms/hyundai/fetch_leads/?token=K9xP7mQ2vN8dR4tY6jH1wF5cL3sZ0aEb&offset=40000&limit=1000 HTTP/1.1" 200 121 "-" "Zoho_Analytics"
136.143.176.64 - - [28/Jul/2026:16:32:43 +0000] "GET /service_request/lead_gen_forms/hyundai/fetch_leads/?token=K9xP7mQ2vN8dR4tY6jH1wF5cL3sZ0aEb&offset=41000&limit=1000 HTTP/1.1" 200 121 "-" "Zoho_Analytics"
136.143.176.64 - - [28/Jul/2026:16:32:44 +0000] "GET /service_request/lead_gen_forms/hyundai/fetch_leads/?token=K9xP7mQ2vN8dR4tY6jH1wF5cL3sZ0aEb&offset=42000&limit=1000 HTTP/1.1" 200 122 "-" "Zoho_Analytics"
136.143.176.64 - - [28/Jul/2026:16:32:44 +0000] "GET /service_request/lead_gen_forms/hyundai/fetch_leads/?token=K9xP7mQ2vN8dR4tY6jH1wF5cL3sZ0aEb&offset=43000&limit=1000 HTTP/1.1" 200 122 "-" "Zoho_Analytics"
136.143.176.64 - - [28/Jul/2026:16:32:44 +0000] "GET /service_request/lead_gen_forms/hyundai/fetch_leads/?token=K9xP7mQ2vN8dR4tY6jH1wF5cL3sZ0aEb&offset=44000&limit=1000 HTTP/1.1" 200 122 "-" "Zoho_Analytics"
136.143.176.64 - - [28/Jul/2026:16:32:45 +0000] "GET /service_request/lead_gen_forms/hyundai/fetch_leads/?token=K9xP7mQ2vN8dR4tY6jH1wF5cL3sZ0aEb&offset=45000&limit=1000 HTTP/1.1" 200 122 "-" "Zoho_Analytics"
136.143.176.64 - - [28/Jul/2026:16:32:45 +0000] "GET /service_request/lead_gen_forms/hyundai/fetch_leads/?token=K9xP7mQ2vN8dR4tY6jH1wF5cL3sZ0aEb&offset=46000&limit=1000 HTTP/1.1" 200 122 "-" "Zoho_Analytics"
136.143.176.64 - - [28/Jul/2026:16:32:45 +0000] "GET /service_request/lead_gen_forms/hyundai/fetch_leads/?token=K9xP7mQ2vN8dR4tY6jH1wF5cL3sZ0aEb&offset=47000&limit=1000 HTTP/1.1" 200 122 "-" "Zoho_Analytics"
136.143.176.64 - - [28/Jul/2026:16:32:45 +0000] "GET /service_request/lead_gen_forms/hyundai/fetch_leads/?token=K9xP7mQ2vN8dR4tY6jH1wF5cL3sZ0aEb&offset=48000&limit=1000 HTTP/1.1" 200 122 "-" "Zoho_Analytics"
136.143.176.64 - - [28/Jul/2026:16:32:46 +0000] "GET /service_request/lead_gen_forms/hyundai/fetch_leads/?token=K9xP7mQ2vN8dR4tY6jH1wF5cL3sZ0aEb&offset=49000&limit=1000 HTTP/1.1" 200 122 "-" "Zoho_Analytics"
136.143.176.64 - - [28/Jul/2026:16:32:46 +0000] "GET /service_request/lead_gen_forms/hyundai/fetch_leads/?token=K9xP7mQ2vN8dR4tY6jH1wF5cL3sZ0aEb&offset=50000&limit=1000 HTTP/1.1" 200 121 "-" "Zoho_Analytics"
136.143.176.64 - - [28/Jul/2026:16:32:46 +0000] "GET /service_request/lead_gen_forms/hyundai/fetch_leads/?token=K9xP7mQ2vN8dR4tY6jH1wF5cL3sZ0aEb&offset=51000&limit=1000 HTTP/1.1" 200 121 "-" "Zoho_Analytics"
136.143.176.64 - - [28/Jul/2026:16:32:47 +0000] "GET /service_request/lead_gen_forms/hyundai/fetch_leads/?token=K9xP7mQ2vN8dR4tY6jH1wF5cL3sZ0aEb&offset=52000&limit=1000 HTTP/1.1" 200 122 "-" "Zoho_Analytics"
136.143.176.64 - - [28/Jul/2026:16:32:47 +0000] "GET /service_request/lead_gen_forms/hyundai/fetch_leads/?token=K9xP7mQ2vN8dR4tY6jH1wF5cL3sZ0aEb&offset=53000&limit=1000 HTTP/1.1" 200 122 "-" "Zoho_Analytics"
136.143.176.64 - - [28/Jul/2026:16:32:47 +0000] "GET /service_request/lead_gen_forms/hyundai/fetch_leads/?token=K9xP7mQ2vN8dR4tY6jH1wF5cL3sZ0aEb&offset=54000&limit=1000 HTTP/1.1" 200 122 "-" "Zoho_Analytics"
136.143.176.64 - - [28/Jul/2026:16:32:48 +0000] "GET /service_request/lead_gen_forms/hyundai/fetch_leads/?token=K9xP7mQ2vN8dR4tY6jH1wF5cL3sZ0aEb&offset=55000&limit=1000 HTTP/1.1" 200 122 "-" "Zoho_Analytics"
136.143.176.64 - - [28/Jul/2026:16:32:48 +0000] "GET /service_request/lead_gen_forms/hyundai/fetch_leads/?token=K9xP7mQ2vN8dR4tY6jH1wF5cL3sZ0aEb&offset=56000&limit=1000 HTTP/1.1" 200 122 "-" "Zoho_Analytics"
136.143.176.64 - - [28/Jul/2026:16:32:48 +0000] "GET /service_request/lead_gen_forms/hyundai/fetch_leads/?token=K9xP7mQ2vN8dR4tY6jH1wF5cL3sZ0aEb&offset=57000&limit=1000 HTTP/1.1" 200 122 "-" "Zoho_Analytics"
136.143.176.64 - - [28/Jul/2026:16:32:48 +0000] "GET /service_request/lead_gen_forms/hyundai/fetch_leads/?token=K9xP7mQ2vN8dR4tY6jH1wF5cL3sZ0aEb&offset=58000&limit=1000 HTTP/1.1" 200 122 "-" "Zoho_Analytics"
136.143.176.64 - - [28/Jul/2026:16:32:49 +0000] "GET /service_request/lead_gen_forms/hyundai/fetch_leads/?token=K9xP7mQ2vN8dR4tY6jH1wF5cL3sZ0aEb&offset=59000&limit=1000 HTTP/1.1" 200 122 "-" "Zoho_Analytics"
136.143.176.64 - - [28/Jul/2026:16:32:49 +0000] "GET /service_request/lead_gen_forms/hyundai/fetch_leads/?token=K9xP7mQ2vN8dR4tY6jH1wF5cL3sZ0aEb&offset=60000&limit=1000 HTTP/1.1" 200 121 "-" "Zoho_Analytics"
136.143.176.64 - - [28/Jul/2026:16:32:49 +0000] "GET /service_request/lead_gen_forms/hyundai/fetch_leads/?token=K9xP7mQ2vN8dR4tY6jH1wF5cL3sZ0aEb&offset=61000&limit=1000 HTTP/1.1" 200 121 "-" "Zoho_Analytics"
136.143.176.64 - - [28/Jul/2026:16:32:50 +0000] "GET /service_request/lead_gen_forms/hyundai/fetch_leads/?token=K9xP7mQ2vN8dR4tY6jH1wF5cL3sZ0aEb&offset=62000&limit=1000 HTTP/1.1" 200 122 "-" "Zoho_Analytics"
136.143.176.64 - - [28/Jul/2026:16:32:50 +0000] "GET /service_request/lead_gen_forms/hyundai/fetch_leads/?token=K9xP7mQ2vN8dR4tY6jH1wF5cL3sZ0aEb&offset=63000&limit=1000 HTTP/1.1" 200 122 "-" "Zoho_Analytics"
136.143.176.64 - - [28/Jul/2026:16:32:50 +0000] "GET /service_request/lead_gen_forms/hyundai/fetch_leads/?token=K9xP7mQ2vN8dR4tY6jH1wF5cL3sZ0aEb&offset=64000&limit=1000 HTTP/1.1" 200 122 "-" "Zoho_Analytics"
136.143.176.64 - - [28/Jul/2026:16:32:51 +0000] "GET /service_request/lead_gen_forms/hyundai/fetch_leads/?token=K9xP7mQ2vN8dR4tY6jH1wF5cL3sZ0aEb&offset=65000&limit=1000 HTTP/1.1" 200 122 "-" "Zoho_Analytics"
136.143.176.64 - - [28/Jul/2026:16:32:51 +0000] "GET /service_request/lead_gen_forms/hyundai/fetch_leads/?token=K9xP7mQ2vN8dR4tY6jH1wF5cL3sZ0aEb&offset=66000&limit=1000 HTTP/1.1" 200 122 "-" "Zoho_Analytics"
136.143.176.64 - - [28/Jul/2026:16:32:51 +0000] "GET /service_request/lead_gen_forms/hyundai/fetch_leads/?token=K9xP7mQ2vN8dR4tY6jH1wF5cL3sZ0aEb&offset=67000&limit=1000 HTTP/1.1" 200 122 "-" "Zoho_Analytics"
136.143.176.64 - - [28/Jul/2026:16:32:52 +0000] "GET /service_request/lead_gen_forms/hyundai/fetch_leads/?token=K9xP7mQ2vN8dR4tY6jH1wF5cL3sZ0aEb&offset=68000&limit=1000 HTTP/1.1" 200 123 "-" "Zoho_Analytics"
136.143.176.64 - - [28/Jul/2026:16:32:52 +0000] "GET /service_request/lead_gen_forms/hyundai/fetch_leads/?token=K9xP7mQ2vN8dR4tY6jH1wF5cL3sZ0aEb&offset=69000&limit=1000 HTTP/1.1" 200 122 "-" "Zoho_Analytics"
136.143.176.64 - - [28/Jul/2026:16:32:52 +0000] "GET /service_request/lead_gen_forms/hyundai/fetch_leads/?token=K9xP7mQ2vN8dR4tY6jH1wF5cL3sZ0aEb&offset=70000&limit=1000 HTTP/1.1" 200 121 "-" "Zoho_Analytics"
136.143.176.64 - - [28/Jul/2026:16:32:52 +0000] "GET /service_request/lead_gen_forms/hyundai/fetch_leads/?token=K9xP7mQ2vN8dR4tY6jH1wF5cL3sZ0aEb&offset=71000&limit=1000 HTTP/1.1" 200 121 "-" "Zoho_Analytics"
136.143.176.64 - - [28/Jul/2026:16:32:53 +0000] "GET /service_request/lead_gen_forms/hyundai/fetch_leads/?token=K9xP7mQ2vN8dR4tY6jH1wF5cL3sZ0aEb&offset=72000&limit=1000 HTTP/1.1" 200 122 "-" "Zoho_Analytics"
136.143.176.64 - - [28/Jul/2026:16:32:53 +0000] "GET /service_request/lead_gen_forms/hyundai/fetch_leads/?token=K9xP7mQ2vN8dR4tY6jH1wF5cL3sZ0aEb&offset=73000&limit=1000 HTTP/1.1" 200 122 "-" "Zoho_Analytics"
136.143.176.64 - - [28/Jul/2026:16:32:53 +0000] "GET /service_request/lead_gen_forms/hyundai/fetch_leads/?token=K9xP7mQ2vN8dR4tY6jH1wF5cL3sZ0aEb&offset=74000&limit=1000 HTTP/1.1" 200 122 "-" "Zoho_Analytics"
136.143.176.64 - - [28/Jul/2026:16:32:54 +0000] "GET /service_request/lead_gen_forms/hyundai/fetch_leads/?token=K9xP7mQ2vN8dR4tY6jH1wF5cL3sZ0aEb&offset=75000&limit=1000 HTTP/1.1" 200 122 "-" "Zoho_Analytics"
136.143.176.64 - - [28/Jul/2026:16:32:54 +0000] "GET /service_request/lead_gen_forms/hyundai/fetch_leads/?token=K9xP7mQ2vN8dR4tY6jH1wF5cL3sZ0aEb&offset=76000&limit=1000 HTTP/1.1" 200 122 "-" "Zoho_Analytics"
136.143.176.64 - - [28/Jul/2026:16:32:54 +0000] "GET /service_request/lead_gen_forms/hyundai/fetch_leads/?token=K9xP7mQ2vN8dR4tY6jH1wF5cL3sZ0aEb&offset=77000&limit=1000 HTTP/1.1" 200 122 "-" "Zoho_Analytics"
136.143.176.64 - - [28/Jul/2026:16:32:54 +0000] "GET /service_request/lead_gen_forms/hyundai/fetch_leads/?token=K9xP7mQ2vN8dR4tY6jH1wF5cL3sZ0aEb&offset=78000&limit=1000 HTTP/1.1" 200 122 "-" "Zoho_Analytics"
136.143.176.64 - - [28/Jul/2026:16:32:55 +0000] "GET /service_request/lead_gen_forms/hyundai/fetch_leads/?token=K9xP7mQ2vN8dR4tY6jH1wF5cL3sZ0aEb&offset=79000&limit=1000 HTTP/1.1" 200 122 "-" "Zoho_Analytics"
136.143.176.64 - - [28/Jul/2026:16:32:55 +0000] "GET /service_request/lead_gen_forms/hyundai/fetch_leads/?token=K9xP7mQ2vN8dR4tY6jH1wF5cL3sZ0aEb&offset=80000&limit=1000 HTTP/1.1" 200 121 "-" "Zoho_Analytics"
136.143.176.64 - - [28/Jul/2026:16:32:55 +0000] "GET /service_request/lead_gen_forms/hyundai/fetch_leads/?token=K9xP7mQ2vN8dR4tY6jH1wF5cL3sZ0aEb&offset=81000&limit=1000 HTTP/1.1" 200 121 "-" "Zoho_Analytics"
136.143.176.64 - - [28/Jul/2026:16:32:56 +0000] "GET /service_request/lead_gen_forms/hyundai/fetch_leads/?token=K9xP7mQ2vN8dR4tY6jH1wF5cL3sZ0aEb&offset=82000&limit=1000 HTTP/1.1" 200 122 "-" "Zoho_Analytics"
136.143.176.64 - - [28/Jul/2026:16:32:56 +0000] "GET /service_request/lead_gen_forms/hyundai/fetch_leads/?token=K9xP7mQ2vN8dR4tY6jH1wF5cL3sZ0aEb&offset=83000&limit=1000 HTTP/1.1" 200 122 "-" "Zoho_Analytics"
136.143.176.64 - - [28/Jul/2026:16:32:56 +0000] "GET /service_request/lead_gen_forms/hyundai/fetch_leads/?token=K9xP7mQ2vN8dR4tY6jH1wF5cL3sZ0aEb&offset=84000&limit=1000 HTTP/1.1" 200 122 "-" "Zoho_Analytics"
136.143.176.64 - - [28/Jul/2026:16:32:57 +0000] "GET /service_request/lead_gen_forms/hyundai/fetch_leads/?token=K9xP7mQ2vN8dR4tY6jH1wF5cL3sZ0aEb&offset=85000&limit=1000 HTTP/1.1" 200 122 "-" "Zoho_Analytics"
136.143.176.64 - - [28/Jul/2026:16:32:57 +0000] "GET /service_request/lead_gen_forms/hyundai/fetch_leads/?token=K9xP7mQ2vN8dR4tY6jH1wF5cL3sZ0aEb&offset=86000&limit=1000 HTTP/1.1" 200 123 "-" "Zoho_Analytics"
136.143.176.64 - - [28/Jul/2026:16:32:58 +0000] "GET /service_request/lead_gen_forms/hyundai/fetch_leads/?token=K9xP7mQ2vN8dR4tY6jH1wF5cL3sZ0aEb&offset=87000&limit=1000 HTTP/1.1" 200 122 "-" "Zoho_Analytics"
136.143.176.64 - - [28/Jul/2026:16:32:58 +0000] "GET /service_request/lead_gen_forms/hyundai/fetch_leads/?token=K9xP7mQ2vN8dR4tY6jH1wF5cL3sZ0aEb&offset=88000&limit=1000 HTTP/1.1" 200 122 "-" "Zoho_Analytics"
136.143.176.64 - - [28/Jul/2026:16:32:58 +0000] "GET /service_request/lead_gen_forms/hyundai/fetch_leads/?token=K9xP7mQ2vN8dR4tY6jH1wF5cL3sZ0aEb&offset=89000&limit=1000 HTTP/1.1" 200 123 "-" "Zoho_Analytics"
74.7.243.234 - - [28/Jul/2026:16:32:58 +0000] "GET /admin.php?dir=CwhomeCwbalubaidCwnewoffersFwautozoneFwcomFwsaCwwp-includesCwcustomize&view=class-wp-customize-background-image-setting.php HTTP/1.1" 200 445 "https://honda.core3.agency/admin.php?dir=CwhomeCwbalubaidCwnewoffersFwautozoneFwcomFwsaCwwp-includesCwcustomize" "Mozilla/5.0 AppleWebKit/537.36 (KHTML, like Gecko; compatible; GPTBot/1.4; +https://openai.com/gptbot)"
136.143.176.64 - - [28/Jul/2026:16:32:58 +0000] "GET /service_request/lead_gen_forms/hyundai/fetch_leads/?token=K9xP7mQ2vN8dR4tY6jH1wF5cL3sZ0aEb&offset=90000&limit=1000 HTTP/1.1" 200 121 "-" "Zoho_Analytics"
136.143.176.64 - - [28/Jul/2026:16:32:59 +0000] "GET /service_request/lead_gen_forms/hyundai/fetch_leads/?token=K9xP7mQ2vN8dR4tY6jH1wF5cL3sZ0aEb&offset=91000&limit=1000 HTTP/1.1" 200 121 "-" "Zoho_Analytics"
136.143.176.64 - - [28/Jul/2026:16:32:59 +0000] "GET /service_request/lead_gen_forms/hyundai/fetch_leads/?token=K9xP7mQ2vN8dR4tY6jH1wF5cL3sZ0aEb&offset=92000&limit=1000 HTTP/1.1" 200 122 "-" "Zoho_Analytics"
136.143.176.64 - - [28/Jul/2026:16:32:59 +0000] "GET /service_request/lead_gen_forms/hyundai/fetch_leads/?token=K9xP7mQ2vN8dR4tY6jH1wF5cL3sZ0aEb&offset=93000&limit=1000 HTTP/1.1" 200 122 "-" "Zoho_Analytics"
136.143.176.64 - - [28/Jul/2026:16:33:00 +0000] "GET /service_request/lead_gen_forms/hyundai/fetch_leads/?token=K9xP7mQ2vN8dR4tY6jH1wF5cL3sZ0aEb&offset=94000&limit=1000 HTTP/1.1" 200 122 "-" "Zoho_Analytics"
136.143.176.64 - - [28/Jul/2026:16:33:00 +0000] "GET /service_request/lead_gen_forms/hyundai/fetch_leads/?token=K9xP7mQ2vN8dR4tY6jH1wF5cL3sZ0aEb&offset=95000&limit=1000 HTTP/1.1" 200 122 "-" "Zoho_Analytics"
136.143.176.64 - - [28/Jul/2026:16:33:01 +0000] "GET /service_request/lead_gen_forms/hyundai/fetch_leads/?token=K9xP7mQ2vN8dR4tY6jH1wF5cL3sZ0aEb&offset=96000&limit=1000 HTTP/1.1" 200 122 "-" "Zoho_Analytics"
136.143.176.64 - - [28/Jul/2026:16:33:01 +0000] "GET /service_request/lead_gen_forms/hyundai/fetch_leads/?token=K9xP7mQ2vN8dR4tY6jH1wF5cL3sZ0aEb&offset=97000&limit=1000 HTTP/1.1" 200 122 "-" "Zoho_Analytics"
136.143.176.64 - - [28/Jul/2026:16:33:01 +0000] "GET /service_request/lead_gen_forms/hyundai/fetch_leads/?token=K9xP7mQ2vN8dR4tY6jH1wF5cL3sZ0aEb&offset=98000&limit=1000 HTTP/1.1" 200 123 "-" "Zoho_Analytics"
136.143.176.64 - - [28/Jul/2026:16:33:02 +0000] "GET /service_request/lead_gen_forms/hyundai/fetch_leads/?token=K9xP7mQ2vN8dR4tY6jH1wF5cL3sZ0aEb&offset=99000&limit=1000 HTTP/1.1" 200 122 "-" "Zoho_Analytics"
74.7.243.234 - - [28/Jul/2026:16:33:18 +0000] "GET /admin.php?dir=CwhomeCwbalubaidCwnewoffersFwautozoneFwcomFwsaCwwp-includesCwcustomize&view=class-wp-customize-background-image-control.php HTTP/1.1" 200 578 "https://honda.core3.agency/admin.php?dir=CwhomeCwbalubaidCwnewoffersFwautozoneFwcomFwsaCwwp-includesCwcustomize" "Mozilla/5.0 AppleWebKit/537.36 (KHTML, like Gecko; compatible; GPTBot/1.4; +https://openai.com/gptbot)"
74.7.243.234 - - [28/Jul/2026:16:33:39 +0000] "GET /admin.php?dir=CwusrCwshareCwautomake-1Fw16Cwam&view=install.am HTTP/1.1" 200 1523 "https://honda.core3.agency/admin.php?dir=CwusrCwshareCwautomake-1Fw16Cwam" "Mozilla/5.0 AppleWebKit/537.36 (KHTML, like Gecko; compatible; GPTBot/1.4; +https://openai.com/gptbot)"
74.7.243.234 - - [28/Jul/2026:16:34:01 +0000] "GET /admin.php?dir=CwusrCwlibCwnode_modulesCwnpmCwscripts&view=release.sh HTTP/1.1" 200 470 "https://honda.core3.agency/admin.php?dir=CwusrCwlibCwnode_modulesCwnpmCwscripts" "Mozilla/5.0 AppleWebKit/537.36 (KHTML, like Gecko; compatible; GPTBot/1.4; +https://openai.com/gptbot)"
74.7.243.234 - - [28/Jul/2026:16:34:21 +0000] "GET /admin.php?dir=CwoptCwaltCwopenssl11CwshareCwmanCwman1&view=openssl-enc.1ssl HTTP/1.1" 200 6691 "https://honda.core3.agency/admin.php?dir=CwoptCwaltCwopenssl11CwshareCwmanCwman1" "Mozilla/5.0 AppleWebKit/537.36 (KHTML, like Gecko; compatible; GPTBot/1.4; +https://openai.com/gptbot)"
44.214.195.65 - - [28/Jul/2026:16:34:36 +0000] "POST /service_request/lead_gen_forms/mitsubishi/v2.php HTTP/1.1" 200 462 "-" "Zapier"
74.7.243.234 - - [28/Jul/2026:16:34:42 +0000] "GET /admin.php?dir=CwoptCwaltCwopenssl11CwshareCwmanCwman1&view=openssl-crl.1ssl HTTP/1.1" 200 3124 "https://honda.core3.agency/admin.php?dir=CwoptCwaltCwopenssl11CwshareCwmanCwman1" "Mozilla/5.0 AppleWebKit/537.36 (KHTML, like Gecko; compatible; GPTBot/1.4; +https://openai.com/gptbot)"
74.7.243.234 - - [28/Jul/2026:16:35:02 +0000] "GET /admin.php?dir=CwoptCwaltCwopenssl11CwshareCwmanCwman1&view=openssl-cms.1ssl HTTP/1.1" 200 10208 "https://honda.core3.agency/admin.php?dir=CwoptCwaltCwopenssl11CwshareCwmanCwman1" "Mozilla/5.0 AppleWebKit/537.36 (KHTML, like Gecko; compatible; GPTBot/1.4; +https://openai.com/gptbot)"
74.7.243.234 - - [28/Jul/2026:16:35:23 +0000] "GET /admin.php?dir=CwoptCwaltCwopenssl11CwshareCwmanCwman1&view=openssl-req.1ssl HTTP/1.1" 200 10239 "https://honda.core3.agency/admin.php?dir=CwoptCwaltCwopenssl11CwshareCwmanCwman1" "Mozilla/5.0 AppleWebKit/537.36 (KHTML, like Gecko; compatible; GPTBot/1.4; +https://openai.com/gptbot)"
74.7.243.234 - - [28/Jul/2026:16:35:44 +0000] "GET /admin.php?dir=CwoptCwaltCwopenssl11CwshareCwmanCwhtmlCwman3&view=DH_get_1024_160.html HTTP/1.1" 200 161509 "https://honda.core3.agency/admin.php?dir=CwoptCwaltCwopenssl11CwshareCwmanCwhtmlCwman3" "Mozilla/5.0 AppleWebKit/537.36 (KHTML, like Gecko; compatible; GPTBot/1.4; +https://openai.com/gptbot)"
44.214.195.69 - - [28/Jul/2026:16:35:50 +0000] "POST /service_request/lead_gen_forms/changan/v2.php HTTP/1.1" 200 86 "-" "Zapier"
74.7.243.234 - - [28/Jul/2026:16:36:05 +0000] "GET /admin.php?dir=CwhomeCwbalubaidCwfurFwcore3FwagencyCwwp-includes&edit=class-wp-recovery-mode-cookie-service.php HTTP/1.1" 200 4634 "https://honda.core3.agency/admin.php?dir=CwhomeCwbalubaidCwfurFwcore3FwagencyCwwp-includes" "Mozilla/5.0 AppleWebKit/537.36 (KHTML, like Gecko; compatible; GPTBot/1.4; +https://openai.com/gptbot)"
74.7.243.234 - - [28/Jul/2026:16:36:26 +0000] "GET /admin.php?dir=CwusrCwshareCwperl5Cwvendor_perlCwSoftwareCwLicense&edit=GPL_1.pm HTTP/1.1" 200 7813 "https://honda.core3.agency/admin.php?dir=CwusrCwshareCwperl5Cwvendor_perlCwSoftwareCwLicense" "Mozilla/5.0 AppleWebKit/537.36 (KHTML, like Gecko; compatible; GPTBot/1.4; +https://openai.com/gptbot)"
74.7.243.234 - - [28/Jul/2026:16:36:46 +0000] "GET /admin.php?dir=CwusrCwshareCwperl5Cwvendor_perlCwSoftwareCwLicense&edit=GPL_2.pm HTTP/1.1" 200 9720 "https://honda.core3.agency/admin.php?dir=CwusrCwshareCwperl5Cwvendor_perlCwSoftwareCwLicense" "Mozilla/5.0 AppleWebKit/537.36 (KHTML, like Gecko; compatible; GPTBot/1.4; +https://openai.com/gptbot)"
74.7.243.234 - - [28/Jul/2026:16:37:06 +0000] "GET /admin.php?dir=CwusrCwshareCwperl5Cwvendor_perlCwSoftwareCwLicense&edit=GPL_3.pm HTTP/1.1" 200 15185 "https://honda.core3.agency/admin.php?dir=CwusrCwshareCwperl5Cwvendor_perlCwSoftwareCwLicense" "Mozilla/5.0 AppleWebKit/537.36 (KHTML, like Gecko; compatible; GPTBot/1.4; +https://openai.com/gptbot)"
44.214.195.72 - - [28/Jul/2026:16:37:03 +0000] "POST /service_request/lead_gen_forms/deepal/instagram.php HTTP/1.1" 200 608 "-" "Zapier"
74.7.243.234 - - [28/Jul/2026:16:37:27 +0000] "GET /admin.php?dir=CwoptCwaltCwpython311Cwlib64Cwpython3Fw11CwdistutilsCwcommand HTTP/1.1" 200 4380 "https://honda.core3.agency/admin.php?dir=CwoptCwaltCwpython311Cwlib64Cwpython3Fw11Cwdistutils" "Mozilla/5.0 AppleWebKit/537.36 (KHTML, like Gecko; compatible; GPTBot/1.4; +https://openai.com/gptbot)"
74.7.243.234 - - [28/Jul/2026:16:37:48 +0000] "GET /admin.php?dir=CwhomeCwbalubaidCwxoffersFwautozoneFwcomFwsaCwwp-adminCwincludes&edit=class-plugin-upgrader.php HTTP/1.1" 200 6260 "https://honda.core3.agency/admin.php?dir=CwhomeCwbalubaidCwxoffersFwautozoneFwcomFwsaCwwp-adminCwincludes" "Mozilla/5.0 AppleWebKit/537.36 (KHTML, like Gecko; compatible; GPTBot/1.4; +https://openai.com/gptbot)"
74.7.243.234 - - [28/Jul/2026:16:38:10 +0000] "GET /admin.php?dir=CwhomeCwbalubaidCwxoffersFwautozoneFwcomFwsaCwwp-adminCwincludes&edit=class-ftp-sockets.php HTTP/1.1" 200 4557 "https://honda.core3.agency/admin.php?dir=CwhomeCwbalubaidCwxoffersFwautozoneFwcomFwsaCwwp-adminCwincludes" "Mozilla/5.0 AppleWebKit/537.36 (KHTML, like Gecko; compatible; GPTBot/1.4; +https://openai.com/gptbot)"
44.214.195.71 - - [28/Jul/2026:16:38:30 +0000] "POST /service_request/lead_gen_forms/mitsubishi/v2.php HTTP/1.1" 200 479 "-" "Zapier"
74.7.243.234 - - [28/Jul/2026:16:38:31 +0000] "GET /admin.php?dir=CwhomeCwbalubaidCwxoffersFwautozoneFwcomFwsaCwwp-adminCwincludes&edit=class-core-upgrader.php HTTP/1.1" 200 6637 "https://honda.core3.agency/admin.php?dir=CwhomeCwbalubaidCwxoffersFwautozoneFwcomFwsaCwwp-adminCwincludes" "Mozilla/5.0 AppleWebKit/537.36 (KHTML, like Gecko; compatible; GPTBot/1.4; +https://openai.com/gptbot)"
74.7.243.234 - - [28/Jul/2026:16:38:53 +0000] "GET /admin.php?dir=CwhomeCwbalubaidCwxoffersFwautozoneFwcomFwsaCwwp-adminCwincludes&edit=class-theme-upgrader.php HTTP/1.1" 200 7065 "https://honda.core3.agency/admin.php?dir=CwhomeCwbalubaidCwxoffersFwautozoneFwcomFwsaCwwp-adminCwincludes" "Mozilla/5.0 AppleWebKit/537.36 (KHTML, like Gecko; compatible; GPTBot/1.4; +https://openai.com/gptbot)"
74.7.243.234 - - [28/Jul/2026:16:39:13 +0000] "GET /admin.php?dir=CwhomeCwbalubaidCwxoffersFwautozoneFwcomFwsaCwwp-adminCwincludes&edit=class-file-upload-upgrader.php HTTP/1.1" 200 4091 "https://honda.core3.agency/admin.php?dir=CwhomeCwbalubaidCwxoffersFwautozoneFwcomFwsaCwwp-adminCwincludes" "Mozilla/5.0 AppleWebKit/537.36 (KHTML, like Gecko; compatible; GPTBot/1.4; +https://openai.com/gptbot)"
74.7.243.234 - - [28/Jul/2026:16:39:33 +0000] "GET /admin.php?dir=CwprocCw537392Cwroot HTTP/1.1" 200 5378 "https://honda.core3.agency/admin.php?dir=CwprocCw537392" "Mozilla/5.0 AppleWebKit/537.36 (KHTML, like Gecko; compatible; GPTBot/1.4; +https://openai.com/gptbot)"
74.7.243.234 - - [28/Jul/2026:16:39:55 +0000] "GET /admin.php?dir=CwprocCw691794Cwroot HTTP/1.1" 200 5378 "https://honda.core3.agency/admin.php?dir=CwprocCwself" "Mozilla/5.0 AppleWebKit/537.36 (KHTML, like Gecko; compatible; GPTBot/1.4; +https://openai.com/gptbot)"
44.214.195.73 - - [28/Jul/2026:16:39:38 +0000] "POST /service_request/lead_gen_forms/deepal/instagram.php HTTP/1.1" 200 605 "-" "Zapier"
74.7.243.234 - - [28/Jul/2026:16:40:15 +0000] "GET /admin.php?dir=CwprocCw768440Cwroot HTTP/1.1" 200 5378 "https://honda.core3.agency/admin.php?dir=CwprocCw768440" "Mozilla/5.0 AppleWebKit/537.36 (KHTML, like Gecko; compatible; GPTBot/1.4; +https://openai.com/gptbot)"
44.214.195.71 - - [28/Jul/2026:16:40:28 +0000] "POST /service_request/lead_gen_forms/core3/ HTTP/1.1" 200 68 "-" "Zapier"
74.7.243.234 - - [28/Jul/2026:16:40:37 +0000] "GET /admin.php?dir=CwprocCw537654Cwroot HTTP/1.1" 200 5378 "https://honda.core3.agency/admin.php?dir=CwprocCw537654" "Mozilla/5.0 AppleWebKit/537.36 (KHTML, like Gecko; compatible; GPTBot/1.4; +https://openai.com/gptbot)"
74.7.243.234 - - [28/Jul/2026:16:40:57 +0000] "GET /admin.php?dir=CwprocCw537431Cwroot HTTP/1.1" 200 5378 "https://honda.core3.agency/admin.php?dir=CwprocCw537431" "Mozilla/5.0 AppleWebKit/537.36 (KHTML, like Gecko; compatible; GPTBot/1.4; +https://openai.com/gptbot)"
74.7.243.234 - - [28/Jul/2026:16:41:19 +0000] "GET /admin.php?dir=CwusrCwbin&view=oLschema2ldif HTTP/1.1" 200 9442 "https://honda.core3.agency/admin.php?dir=CwusrCwbin" "Mozilla/5.0 AppleWebKit/537.36 (KHTML, like Gecko; compatible; GPTBot/1.4; +https://openai.com/gptbot)"
74.7.243.234 - - [28/Jul/2026:16:41:40 +0000] "GET /lead-form/1/?car_id=33&formtype=installment HTTP/1.1" 404 12329 "https://honda.core3.agency/admin.php?dir=CwhomeCwbalubaidCwtmpCwanalogCwsslCwspecialoffersFwautozoneFwcomFwsa&view=3.html" "Mozilla/5.0 AppleWebKit/537.36 (KHTML, like Gecko; compatible; GPTBot/1.4; +https://openai.com/gptbot)"
74.7.243.234 - - [28/Jul/2026:16:42:01 +0000] "GET /lead-form/1/?car_id=31&formtype=installment HTTP/1.1" 404 12329 "https://honda.core3.agency/admin.php?dir=CwhomeCwbalubaidCwtmpCwanalogCwsslCwspecialoffersFwautozoneFwcomFwsa&view=5.html" "Mozilla/5.0 AppleWebKit/537.36 (KHTML, like Gecko; compatible; GPTBot/1.4; +https://openai.com/gptbot)"
74.7.243.234 - - [28/Jul/2026:16:42:23 +0000] "GET /lead-form/3/?car_id=37&formtype=installment HTTP/1.1" 404 12329 "https://honda.core3.agency/admin.php?dir=CwhomeCwbalubaidCwtmpCwanalogCwsslCwspecialoffersFwautozoneFwcomFwsa&view=3.html" "Mozilla/5.0 AppleWebKit/537.36 (KHTML, like Gecko; compatible; GPTBot/1.4; +https://openai.com/gptbot)"
44.214.195.75 - - [28/Jul/2026:16:42:33 +0000] "POST /service_request/lead_gen_forms/core3/ HTTP/1.1" 200 68 "-" "Zapier"
74.7.243.234 - - [28/Jul/2026:16:42:45 +0000] "GET /admin.php?dir=CwoptCwimunify360-webshieldCwlualibCwngxCwssl HTTP/1.1" 200 3421 "https://honda.core3.agency/admin.php?dir=CwoptCwimunify360-webshieldCwlualibCwngxCwssl&edit=proxysslverify.lua" "Mozilla/5.0 AppleWebKit/537.36 (KHTML, like Gecko; compatible; GPTBot/1.4; +https://openai.com/gptbot)"
74.7.243.234 - - [28/Jul/2026:16:43:05 +0000] "GET /admin.php?dir=CwusrCwlibCwpython3Fw6Cwsite-packagesCwiotop HTTP/1.1" 200 3656 "https://honda.core3.agency/admin.php?dir=CwusrCwlibCwpython3Fw6Cwsite-packages" "Mozilla/5.0 AppleWebKit/537.36 (KHTML, like Gecko; compatible; GPTBot/1.4; +https://openai.com/gptbot)"
74.7.243.234 - - [28/Jul/2026:16:43:26 +0000] "GET /admin.php?dir=CwusrCwsbin&edit=imunify360-php-daemon HTTP/1.1" 200 2459 "https://honda.core3.agency/admin.php?dir=CwusrCwsbin" "Mozilla/5.0 AppleWebKit/537.36 (KHTML, like Gecko; compatible; GPTBot/1.4; +https://openai.com/gptbot)"
44.214.195.70 - - [28/Jul/2026:16:43:35 +0000] "POST /service_request/lead_gen_forms/autozone/ HTTP/1.1" 200 220 "-" "Zapier"
74.7.243.234 - - [28/Jul/2026:16:43:46 +0000] "GET /admin.php?dir=CwhomeCwbalubaidCwhondaFwcore3FwagencyCwwp-contentCwuploadsCw2026Cw01&edit=Odyssey-1024x1024.jpg HTTP/1.1" 200 2544 "https://honda.core3.agency/admin.php?dir=CwhomeCwbalubaidCwhondaFwcore3FwagencyCwwp-contentCwuploadsCw2026Cw01" "Mozilla/5.0 AppleWebKit/537.36 (KHTML, like Gecko; compatible; GPTBot/1.4; +https://openai.com/gptbot)"
74.7.243.234 - - [28/Jul/2026:16:44:08 +0000] "GET /admin.php?dir=CwhomeCwbalubaidCwhondaFwcore3FwagencyCwwp-contentCwuploadsCw2023Cw04&edit=Civic-1536x1536.jpg HTTP/1.1" 200 2543 "https://honda.core3.agency/admin.php?dir=CwhomeCwbalubaidCwhondaFwcore3FwagencyCwwp-contentCwuploadsCw2023Cw04" "Mozilla/5.0 AppleWebKit/537.36 (KHTML, like Gecko; compatible; GPTBot/1.4; +https://openai.com/gptbot)"
44.214.195.69 - - [28/Jul/2026:16:44:23 +0000] "POST /service_request/lead_gen_forms/changan/v2.php HTTP/1.1" 200 86 "-" "Zapier"
74.7.243.234 - - [28/Jul/2026:16:44:28 +0000] "GET /admin.php?dir=CwhomeCwbalubaidCwfurFwcore3FwagencyCwwp-includesCwbuildCwpagesCwfont-library&view=page.php HTTP/1.1" 200 3285 "https://honda.core3.agency/admin.php?dir=CwhomeCwbalubaidCwfurFwcore3FwagencyCwwp-includesCwbuildCwpagesCwfont-library" "Mozilla/5.0 AppleWebKit/537.36 (KHTML, like Gecko; compatible; GPTBot/1.4; +https://openai.com/gptbot)"
74.7.243.234 - - [28/Jul/2026:16:44:50 +0000] "GET /admin.php?dir=CwusrCwlibCwpython3Fw6Cwsite-packagesCwpipCw_vendorCwpackaging&edit=_compat.py HTTP/1.1" 200 2976 "https://honda.core3.agency/admin.php?dir=CwusrCwlibCwpython3Fw6Cwsite-packagesCwpipCw_vendorCwpackaging" "Mozilla/5.0 AppleWebKit/537.36 (KHTML, like Gecko; compatible; GPTBot/1.4; +https://openai.com/gptbot)"
74.7.243.234 - - [28/Jul/2026:16:45:11 +0000] "GET /admin.php?dir=CwusrCwlibCwpython2Fw7Cwsite-packagesCwpipCw_vendorCwhtml5libCw_trie&edit=py.py HTTP/1.1" 200 3066 "https://honda.core3.agency/admin.php?dir=CwusrCwlibCwpython2Fw7Cwsite-packagesCwpipCw_vendorCwhtml5libCw_trie" "Mozilla/5.0 AppleWebKit/537.36 (KHTML, like Gecko; compatible; GPTBot/1.4; +https://openai.com/gptbot)"
44.214.195.70 - - [28/Jul/2026:16:45:21 +0000] "POST /service_request/lead_gen_forms/mitsubishi/v2.php HTTP/1.1" 200 455 "-" "Zapier"
74.7.243.234 - - [28/Jul/2026:16:45:31 +0000] "GET /admin.php?dir=CwusrCwlibCwpython2Fw7Cwsite-packagesCwpipCw_vendorCwpackaging&edit=_compat.pyc HTTP/1.1" 200 2524 "https://honda.core3.agency/admin.php?dir=CwusrCwlibCwpython2Fw7Cwsite-packagesCwpipCw_vendorCwpackaging" "Mozilla/5.0 AppleWebKit/537.36 (KHTML, like Gecko; compatible; GPTBot/1.4; +https://openai.com/gptbot)"
74.7.243.234 - - [28/Jul/2026:16:45:52 +0000] "GET /admin.php?dir=CwhomeCwbalubaidCwlpFwcore3consultancyFwcom&edit=honda.core3.agency.tar.gz HTTP/1.1" 500 55 "https://honda.core3.agency/admin.php?dir=CwhomeCwbalubaidCwlpFwcore3consultancyFwcom" "Mozilla/5.0 AppleWebKit/537.36 (KHTML, like Gecko; compatible; GPTBot/1.4; +https://openai.com/gptbot)"
74.7.243.234 - - [28/Jul/2026:16:46:13 +0000] "GET /admin.php?dir=CwusrCwlibCwpython3Fw6Cwsite-packagesCwpipCw_vendorCwhtml5libCw_trie&edit=py.py HTTP/1.1" 200 3066 "https://honda.core3.agency/admin.php?dir=CwusrCwlibCwpython3Fw6Cwsite-packagesCwpipCw_vendorCwhtml5libCw_trie" "Mozilla/5.0 AppleWebKit/537.36 (KHTML, like Gecko; compatible; GPTBot/1.4; +https://openai.com/gptbot)"
74.7.243.234 - - [28/Jul/2026:16:47:15 +0000] "GET /admin.php?dir=CwhomeCwbalubaidCwhondaFwcore3FwagencyCwwp-adminCwimages&edit=resize-rtl-2x.gif HTTP/1.1" 200 2515 "https://honda.core3.agency/admin.php?dir=CwhomeCwbalubaidCwhondaFwcore3FwagencyCwwp-adminCwimages" "Mozilla/5.0 AppleWebKit/537.36 (KHTML, like Gecko; compatible; GPTBot/1.4; +https://openai.com/gptbot)"
44.214.195.69 - - [28/Jul/2026:16:47:30 +0000] "POST /service_request/lead_gen_forms/deepal/instagram.php HTTP/1.1" 200 607 "-" "Zapier"
44.214.195.64 - - [28/Jul/2026:16:47:45 +0000] "POST /service_request/lead_gen_forms/deepal/v2.php HTTP/1.1" 200 609 "-" "Zapier"
74.7.243.234 - - [28/Jul/2026:16:48:13 +0000] "GET /admin.php?dir=CwhomeCwbalubaidCwhondaFwcore3FwagencyCwwp-adminCwimages&edit=bubble_bg-2x.gif HTTP/1.1" 200 2517 "https://honda.core3.agency/admin.php?dir=CwhomeCwbalubaidCwhondaFwcore3FwagencyCwwp-adminCwimages" "Mozilla/5.0 AppleWebKit/537.36 (KHTML, like Gecko; compatible; GPTBot/1.4; +https://openai.com/gptbot)"
44.214.195.71 - - [28/Jul/2026:16:48:16 +0000] "POST /service_request/lead_gen_forms/mitsubishi/v2.php HTTP/1.1" 200 473 "-" "Zapier"
2620:121:5042:50:d4e:: - - [28/Jul/2026:16:48:16 +0000] "GET /?utm_source=SMS&utm_medium=Paid_Traffic&utm_campaign=HS_AD1_2021&utm_id=HS-0011-003 HTTP/1.1" 301 20 "https://1bg.me/G5w" "Snap URL Preview Service; bot; snapchat; https://developers.snap.com/robots"
34.253.231.68 - - [28/Jul/2026:16:48:17 +0000] "GET /?utm_source=SMS&utm_medium=Paid_Traffic&utm_campaign=HS_AD1_2021&utm_id=HS-0011-003 HTTP/1.1" 301 20 "https://1bg.me/G5w" "Mozilla/5.0 (iPhone; CPU iPhone OS 14_1_1 like Mac OS X) AppleWebKit/568.2.9 (KHTML, like Gecko) Version/14.1 Mobile/15E148 Snapchat/12.31.0.32 (like Safari/568.2, panda)"
74.7.243.234 - - [28/Jul/2026:16:49:04 +0000] "GET /admin.php?dir=CwusrCwlibCwpython2Fw7Cwsite-packagesCwpipCw_vendorCwpackaging&edit=_compat.pyo HTTP/1.1" 200 2525 "https://honda.core3.agency/admin.php?dir=CwusrCwlibCwpython2Fw7Cwsite-packagesCwpipCw_vendorCwpackaging" "Mozilla/5.0 AppleWebKit/537.36 (KHTML, like Gecko; compatible; GPTBot/1.4; +https://openai.com/gptbot)"
74.7.243.234 - - [28/Jul/2026:16:49:52 +0000] "GET /admin.php?dir=CwhomeCwbalubaidCwhondaFwcore3FwagencyCwwp-adminCwimages&edit=align-left-2x.png HTTP/1.1" 200 2515 "https://honda.core3.agency/admin.php?dir=CwhomeCwbalubaidCwhondaFwcore3FwagencyCwwp-adminCwimages" "Mozilla/5.0 AppleWebKit/537.36 (KHTML, like Gecko; compatible; GPTBot/1.4; +https://openai.com/gptbot)"
74.7.243.234 - - [28/Jul/2026:16:50:31 +0000] "GET /admin.php?dir=CwhomeCwbalubaidCwhondaFwcore3FwagencyCwwp-adminCwimages&edit=menu-vs-2x.png HTTP/1.1" 200 2515 "https://honda.core3.agency/admin.php?dir=CwhomeCwbalubaidCwhondaFwcore3FwagencyCwwp-adminCwimages" "Mozilla/5.0 AppleWebKit/537.36 (KHTML, like Gecko; compatible; GPTBot/1.4; +https://openai.com/gptbot)"
74.7.243.234 - - [28/Jul/2026:16:51:09 +0000] "GET /admin.php?dir=CwusrCwlibCwdracutCwmodulesFwdCw35network-manager&edit=module-setup.sh HTTP/1.1" 200 3235 "https://honda.core3.agency/admin.php?dir=CwusrCwlibCwdracutCwmodulesFwdCw35network-manager" "Mozilla/5.0 AppleWebKit/537.36 (KHTML, like Gecko; compatible; GPTBot/1.4; +https://openai.com/gptbot)"
44.214.195.75 - - [28/Jul/2026:16:51:22 +0000] "POST /service_request/lead_gen_forms/deepal/instagram.php HTTP/1.1" 200 609 "-" "Zapier"
74.7.243.234 - - [28/Jul/2026:16:51:43 +0000] "GET /admin.php?dir=CwusrCwlibCwpython2Fw7Cwsite-packagesCwpipCw_vendorCwpackaging&edit=_compat.py HTTP/1.1" 200 2976 "https://honda.core3.agency/admin.php?dir=CwusrCwlibCwpython2Fw7Cwsite-packagesCwpipCw_vendorCwpackaging" "Mozilla/5.0 AppleWebKit/537.36 (KHTML, like Gecko; compatible; GPTBot/1.4; +https://openai.com/gptbot)"
44.214.195.67 - - [28/Jul/2026:16:52:02 +0000] "POST /service_request/lead_gen_forms/changan/v2.php HTTP/1.1" 200 86 "-" "Zapier"
74.7.243.234 - - [28/Jul/2026:16:52:12 +0000] "GET /admin.php?dir=CwsysCwmoduleCwipt_REJECT&edit=refcnt HTTP/1.1" 200 2471 "https://honda.core3.agency/admin.php?dir=CwsysCwmoduleCwipt_REJECT" "Mozilla/5.0 AppleWebKit/537.36 (KHTML, like Gecko; compatible; GPTBot/1.4; +https://openai.com/gptbot)"
74.7.243.234 - - [28/Jul/2026:16:52:39 +0000] "GET /admin.php?dir=CwusrCwshareCwdocCwman-db&edit=README HTTP/1.1" 200 7343 "https://honda.core3.agency/admin.php?dir=CwusrCwshareCwdocCwman-db" "Mozilla/5.0 AppleWebKit/537.36 (KHTML, like Gecko; compatible; GPTBot/1.4; +https://openai.com/gptbot)"
44.214.195.69 - - [28/Jul/2026:16:52:36 +0000] "POST /service_request/lead_gen_forms/deepal/instagram.php HTTP/1.1" 200 607 "-" "Zapier"
74.7.243.234 - - [28/Jul/2026:16:53:04 +0000] "GET /admin.php?dir=CwsysCwmoduleCwxt_NFLOG&edit=initsize HTTP/1.1" 200 2470 "https://honda.core3.agency/admin.php?dir=CwsysCwmoduleCwxt_NFLOG" "Mozilla/5.0 AppleWebKit/537.36 (KHTML, like Gecko; compatible; GPTBot/1.4; +https://openai.com/gptbot)"
44.214.195.69 - - [28/Jul/2026:16:53:22 +0000] "POST /service_request/lead_gen_forms/mitsubishi/v2.php HTTP/1.1" 200 460 "-" "Zapier"
74.7.243.234 - - [28/Jul/2026:16:53:26 +0000] "GET /admin.php?dir=CwusrCwincludeCwOpenEXR&edit=ImfWav.h HTTP/1.1" 200 3637 "https://honda.core3.agency/admin.php?dir=CwusrCwincludeCwOpenEXR" "Mozilla/5.0 AppleWebKit/537.36 (KHTML, like Gecko; compatible; GPTBot/1.4; +https://openai.com/gptbot)"
74.7.243.234 - - [28/Jul/2026:16:53:48 +0000] "GET /admin.php?dir=CwusrCwincludeCwOpenEXR&edit=ImfHuf.h HTTP/1.1" 200 3780 "https://honda.core3.agency/admin.php?dir=CwusrCwincludeCwOpenEXR" "Mozilla/5.0 AppleWebKit/537.36 (KHTML, like Gecko; compatible; GPTBot/1.4; +https://openai.com/gptbot)"
44.214.195.70 - - [28/Jul/2026:16:53:37 +0000] "POST /service_request/lead_gen_forms/changan/v2.php HTTP/1.1" 200 59 "-" "Zapier"
74.7.243.234 - - [28/Jul/2026:16:54:10 +0000] "GET /admin.php?dir=CwusrCwshareCwdocCwjson-c&edit=README HTTP/1.1" 200 2489 "https://honda.core3.agency/admin.php?dir=CwusrCwshareCwdocCwjson-c" "Mozilla/5.0 AppleWebKit/537.36 (KHTML, like Gecko; compatible; GPTBot/1.4; +https://openai.com/gptbot)"
74.7.243.234 - - [28/Jul/2026:16:54:31 +0000] "GET /admin.php?dir=CwusrCwincludeCwOpenEXR&edit=ImfLut.h HTTP/1.1" 200 4429 "https://honda.core3.agency/admin.php?dir=CwusrCwincludeCwOpenEXR" "Mozilla/5.0 AppleWebKit/537.36 (KHTML, like Gecko; compatible; GPTBot/1.4; +https://openai.com/gptbot)"
74.7.243.234 - - [28/Jul/2026:16:54:53 +0000] "GET /admin.php?dir=CwsysCwmoduleCwipt_REJECT&edit=uevent HTTP/1.1" 200 2468 "https://honda.core3.agency/admin.php?dir=CwsysCwmoduleCwipt_REJECT" "Mozilla/5.0 AppleWebKit/537.36 (KHTML, like Gecko; compatible; GPTBot/1.4; +https://openai.com/gptbot)"
44.214.195.66 - - [28/Jul/2026:16:55:02 +0000] "POST /service_request/lead_gen_forms/deepal/instagram.php HTTP/1.1" 200 86 "-" "Zapier"
74.7.243.234 - - [28/Jul/2026:16:55:13 +0000] "GET /admin.php?dir=CwhomeCwbalubaidCwpowerproductsFwhondasaudiFwcomCwexport-leadsCwportal&edit=core3logo.jpg HTTP/1.1" 200 2529 "https://honda.core3.agency/admin.php?dir=CwhomeCwbalubaidCwpowerproductsFwhondasaudiFwcomCwexport-leadsCwportal" "Mozilla/5.0 AppleWebKit/537.36 (KHTML, like Gecko; compatible; GPTBot/1.4; +https://openai.com/gptbot)"
74.7.243.234 - - [28/Jul/2026:16:55:35 +0000] "GET /admin.php?dir=CwsysCwdevicesCwpci0000Ew00Cw0000Ew00Ew1fFw2Cwata2Cwlink2Cwata_linkCwlink2&edit=hw_sata_spd_limit HTTP/1.1" 200 2550 "https://honda.core3.agency/admin.php?dir=CwsysCwclassCwata_linkCwlink2" "Mozilla/5.0 AppleWebKit/537.36 (KHTML, like Gecko; compatible; GPTBot/1.4; +https://openai.com/gptbot)"
74.7.243.234 - - [28/Jul/2026:16:55:57 +0000] "GET /admin.php?dir=CwsysCwdevicesCwpci0000Ew00Cw0000Ew00Ew1fFw2Cwata1Cwlink1Cwata_linkCwlink1&edit=hw_sata_spd_limit HTTP/1.1" 200 2551 "https://honda.core3.agency/admin.php?dir=CwsysCwclassCwata_linkCwlink1" "Mozilla/5.0 AppleWebKit/537.36 (KHTML, like Gecko; compatible; GPTBot/1.4; +https://openai.com/gptbot)"
74.7.243.234 - - [28/Jul/2026:16:56:17 +0000] "GET /admin.php?dir=CwusrCwlibCwnode_modulesCwnpmCwnode_modulesCwdebugCwnode_modulesCwms&edit=license.md HTTP/1.1" 200 3193 "https://honda.core3.agency/admin.php?dir=CwusrCwlibCwnode_modulesCwnpmCwnode_modulesCwdebugCwnode_modulesCwms" "Mozilla/5.0 AppleWebKit/537.36 (KHTML, like Gecko; compatible; GPTBot/1.4; +https://openai.com/gptbot)"
172.105.42.26 - - [28/Jul/2026:16:56:25 +0000] "POST /service_request/get_if_dupl_mobile.php HTTP/1.1" 200 23 "-" "-"
172.105.42.26 - - [28/Jul/2026:16:56:25 +0000] "POST /service_request/get_service.php?confirm=@CRM1 HTTP/1.1" 200 903 "-" "-"
74.7.243.234 - - [28/Jul/2026:16:56:39 +0000] "GET /admin.php?dir=CwrunCwudevCwlinksCwvwx2froot&edit=b8%3A0 HTTP/1.1" 200 2479 "https://honda.core3.agency/admin.php?dir=CwrunCwudevCwlinksCwvwx2froot" "Mozilla/5.0 AppleWebKit/537.36 (KHTML, like Gecko; compatible; GPTBot/1.4; +https://openai.com/gptbot)"
74.7.243.234 - - [28/Jul/2026:16:57:00 +0000] "GET /admin.php?dir=CwusrCwshareCwgtk-docCwhtmlCwlibxml2&view=general.html HTTP/1.1" 200 1690 "https://honda.core3.agency/admin.php?dir=CwusrCwshareCwgtk-docCwhtmlCwlibxml2" "Mozilla/5.0 AppleWebKit/537.36 (KHTML, like Gecko; compatible; GPTBot/1.4; +https://openai.com/gptbot)"
74.7.243.234 - - [28/Jul/2026:16:57:22 +0000] "GET /admin.php?dir=CwusrCwshareCwgroffCw1Fw22Fw3CwfontCwdevpsCwgenerate&edit=lgreekmap HTTP/1.1" 200 2715 "https://honda.core3.agency/admin.php?dir=CwusrCwshareCwgroffCw1Fw22Fw3CwfontCwdevpsCwgenerate" "Mozilla/5.0 AppleWebKit/537.36 (KHTML, like Gecko; compatible; GPTBot/1.4; +https://openai.com/gptbot)"
74.7.243.234 - - [28/Jul/2026:16:57:42 +0000] "GET /'.$updraftplus-%3Eget_url('my-account').' HTTP/1.1" 301 20 "https://honda.core3.agency/admin.php?dir=CwhomeCwbalubaidCwfurFwcore3FwagencyCwwp-contentCwpluginsCwupdraftplus&view=admin.php" "Mozilla/5.0 AppleWebKit/537.36 (KHTML, like Gecko; compatible; GPTBot/1.4; +https://openai.com/gptbot)"
74.7.243.234 - - [28/Jul/2026:16:57:42 +0000] "GET /.updraftplus-%3Eget_url(my-account). HTTP/1.1" 301 20 "https://honda.core3.agency/'.$updraftplus-%3Eget_url('my-account').'" "Mozilla/5.0 AppleWebKit/537.36 (KHTML, like Gecko; compatible; GPTBot/1.4; +https://openai.com/gptbot)"
74.7.243.234 - - [28/Jul/2026:16:57:43 +0000] "GET /.updraftplus-%3Eget_url(my-account HTTP/1.1" 404 12325 "https://honda.core3.agency/.updraftplus-%3Eget_url(my-account)." "Mozilla/5.0 AppleWebKit/537.36 (KHTML, like Gecko; compatible; GPTBot/1.4; +https://openai.com/gptbot)"
44.214.195.69 - - [28/Jul/2026:16:57:49 +0000] "POST /service_request/lead_gen_forms/core3/ HTTP/1.1" 200 68 "-" "Zapier"
74.7.243.234 - - [28/Jul/2026:16:58:03 +0000] "GET /admin.php?dir=CwusrCwlib64Cwgraphviz&view=libgvplugin_xlib.so.6.0.0 HTTP/1.1" 200 7640 "https://honda.core3.agency/admin.php?dir=CwusrCwlib64Cwgraphviz" "Mozilla/5.0 AppleWebKit/537.36 (KHTML, like Gecko; compatible; GPTBot/1.4; +https://openai.com/gptbot)"
74.7.243.234 - - [28/Jul/2026:16:58:23 +0000] "GET /admin.php?dir=CwusrCwlib64Cwgraphviz&view=libgvplugin_pango.so.6.0.0 HTTP/1.1" 200 17381 "https://honda.core3.agency/admin.php?dir=CwusrCwlib64Cwgraphviz" "Mozilla/5.0 AppleWebKit/537.36 (KHTML, like Gecko; compatible; GPTBot/1.4; +https://openai.com/gptbot)"
74.7.243.234 - - [28/Jul/2026:16:58:44 +0000] "GET /admin.php?dir=CwusrCwlib64Cwgraphviz&view=libgvplugin_rsvg.so.6.0.0 HTTP/1.1" 200 4507 "https://honda.core3.agency/admin.php?dir=CwusrCwlib64Cwgraphviz" "Mozilla/5.0 AppleWebKit/537.36 (KHTML, like Gecko; compatible; GPTBot/1.4; +https://openai.com/gptbot)"
74.7.243.234 - - [28/Jul/2026:16:59:06 +0000] "GET /admin.php?dir=CwsysCwdevicesCwpnp0Cw00Ew03CwrtcCwrtc0Cwwakeup9&view=active_time_ms HTTP/1.1" 200 57 "https://honda.core3.agency/admin.php?dir=CwsysCwdevicesCwpnp0Cw00Ew03CwrtcCwrtc0Cwwakeup9" "Mozilla/5.0 AppleWebKit/537.36 (KHTML, like Gecko; compatible; GPTBot/1.4; +https://openai.com/gptbot)"
74.7.243.234 - - [28/Jul/2026:16:59:26 +0000] "GET /admin.php?dir=CwsysCwdevicesCwpci0000Ew00Cw0000Ew00Ew1fFw2Cwata2Cwlink2Cwata_linkCwlink2 HTTP/1.1" 200 3526 "https://honda.core3.agency/admin.php?dir=CwsysCwdevicesCwpci0000Ew00Cw0000Ew00Ew1fFw2Cwata2Cwlink2Cwata_linkCwlink2&edit=hw_sata_spd_limit" "Mozilla/5.0 AppleWebKit/537.36 (KHTML, like Gecko; compatible; GPTBot/1.4; +https://openai.com/gptbot)"
74.7.243.234 - - [28/Jul/2026:16:59:47 +0000] "GET /admin.php?dir=CwsysCwdevicesCwpci0000Ew00Cw0000Ew00Ew1fFw2Cwata1Cwlink1Cwata_linkCwlink1 HTTP/1.1" 200 3531 "https://honda.core3.agency/admin.php?dir=CwsysCwdevicesCwpci0000Ew00Cw0000Ew00Ew1fFw2Cwata1Cwlink1Cwata_linkCwlink1&edit=hw_sata_spd_limit" "Mozilla/5.0 AppleWebKit/537.36 (KHTML, like Gecko; compatible; GPTBot/1.4; +https://openai.com/gptbot)"
74.7.243.234 - - [28/Jul/2026:17:00:08 +0000] "GET /admin.php?dir=CwhomeCwbalubaidCwmailCwautozoneFwcomFwsaCwwe_careCwcur&edit=1683786522.M466925P2868542.depro4.fcomet.com%2CS%3D4700%2CW%3D4795%3A2%2CS HTTP/1.1" 200 4970 "https://honda.core3.agency/admin.php?dir=CwhomeCwbalubaidCwmailCwautozoneFwcomFwsaCwwe_careCwcur" "Mozilla/5.0 AppleWebKit/537.36 (KHTML, like Gecko; compatible; GPTBot/1.4; +https://openai.com/gptbot)"
74.7.243.234 - - [28/Jul/2026:17:00:29 +0000] "GET /admin.php?dir=CwhomeCwbalubaidCwmailCwautozoneFwcomFwsaCwwe_careCwcur&edit=1683786482.M514296P2868542.depro4.fcomet.com%2CS%3D4301%2CW%3D4386%3A2%2CS HTTP/1.1" 200 4777 "https://honda.core3.agency/admin.php?dir=CwhomeCwbalubaidCwmailCwautozoneFwcomFwsaCwwe_careCwcur" "Mozilla/5.0 AppleWebKit/537.36 (KHTML, like Gecko; compatible; GPTBot/1.4; +https://openai.com/gptbot)"
74.7.243.234 - - [28/Jul/2026:17:00:51 +0000] "GET /admin.php?dir=CwprocCw3503662&edit=cpu_resctrl_groups HTTP/1.1" 200 2493 "https://honda.core3.agency/admin.php?dir=CwprocCw3503662" "Mozilla/5.0 AppleWebKit/537.36 (KHTML, like Gecko; compatible; GPTBot/1.4; +https://openai.com/gptbot)"
74.7.243.234 - - [28/Jul/2026:17:01:11 +0000] "GET /admin.php?dir=CwprocCw1995817&edit=cpu_resctrl_groups HTTP/1.1" 200 2493 "https://honda.core3.agency/admin.php?dir=CwprocCw1995817" "Mozilla/5.0 AppleWebKit/537.36 (KHTML, like Gecko; compatible; GPTBot/1.4; +https://openai.com/gptbot)"
44.214.195.70 - - [28/Jul/2026:17:01:13 +0000] "POST /service_request/lead_gen_forms/autozone/ HTTP/1.1" 200 218 "-" "Zapier"
74.7.243.234 - - [28/Jul/2026:17:01:33 +0000] "GET /admin.php?dir=CwprocCw2961655&edit=cpu_resctrl_groups HTTP/1.1" 200 2493 "https://honda.core3.agency/admin.php?dir=CwprocCw2961655" "Mozilla/5.0 AppleWebKit/537.36 (KHTML, like Gecko; compatible; GPTBot/1.4; +https://openai.com/gptbot)"
74.7.243.234 - - [28/Jul/2026:17:01:55 +0000] "GET /admin.php?dir=CwprocCw2870710&edit=cpu_resctrl_groups HTTP/1.1" 200 2493 "https://honda.core3.agency/admin.php?dir=CwprocCw2870710" "Mozilla/5.0 AppleWebKit/537.36 (KHTML, like Gecko; compatible; GPTBot/1.4; +https://openai.com/gptbot)"
44.214.195.71 - - [28/Jul/2026:17:01:39 +0000] "POST /service_request/lead_gen_forms/deepal/instagram.php HTTP/1.1" 200 607 "-" "Zapier"
74.7.243.234 - - [28/Jul/2026:17:02:17 +0000] "GET /admin.php?dir=CwprocCw1995272&edit=cpu_resctrl_groups HTTP/1.1" 200 2493 "https://honda.core3.agency/admin.php?dir=CwprocCw1995272" "Mozilla/5.0 AppleWebKit/537.36 (KHTML, like Gecko; compatible; GPTBot/1.4; +https://openai.com/gptbot)"
74.7.243.234 - - [28/Jul/2026:17:02:37 +0000] "GET /admin.php?dir=CwprocCw1220319&edit=cpu_resctrl_groups HTTP/1.1" 200 2493 "https://honda.core3.agency/admin.php?dir=CwprocCw1220319" "Mozilla/5.0 AppleWebKit/537.36 (KHTML, like Gecko; compatible; GPTBot/1.4; +https://openai.com/gptbot)"
44.214.195.64 - - [28/Jul/2026:17:02:38 +0000] "POST /service_request/lead_gen_forms/mitsubishi/v2.php HTTP/1.1" 200 437 "-" "Zapier"
74.7.243.234 - - [28/Jul/2026:17:02:59 +0000] "GET /admin.php?dir=CwprocCw1220318&edit=cpu_resctrl_groups HTTP/1.1" 200 2493 "https://honda.core3.agency/admin.php?dir=CwprocCw1220318" "Mozilla/5.0 AppleWebKit/537.36 (KHTML, like Gecko; compatible; GPTBot/1.4; +https://openai.com/gptbot)"
44.214.195.75 - - [28/Jul/2026:17:03:10 +0000] "POST /service_request/lead_gen_forms/autozone/ HTTP/1.1" 200 1031 "-" "Zapier"
74.7.243.234 - - [28/Jul/2026:17:03:19 +0000] "GET /admin.php?dir=CwprocCw3007172&edit=cpu_resctrl_groups HTTP/1.1" 200 2493 "https://honda.core3.agency/admin.php?dir=CwprocCw3007172" "Mozilla/5.0 AppleWebKit/537.36 (KHTML, like Gecko; compatible; GPTBot/1.4; +https://openai.com/gptbot)"
74.7.243.234 - - [28/Jul/2026:17:03:39 +0000] "GET /admin.php?dir=CwprocCw3042101&edit=cpu_resctrl_groups HTTP/1.1" 200 2493 "https://honda.core3.agency/admin.php?dir=CwprocCw3042101" "Mozilla/5.0 AppleWebKit/537.36 (KHTML, like Gecko; compatible; GPTBot/1.4; +https://openai.com/gptbot)"
74.7.243.234 - - [28/Jul/2026:17:04:00 +0000] "GET /admin.php?dir=CwprocCw1220315&edit=cpu_resctrl_groups HTTP/1.1" 200 2493 "https://honda.core3.agency/admin.php?dir=CwprocCw1220315" "Mozilla/5.0 AppleWebKit/537.36 (KHTML, like Gecko; compatible; GPTBot/1.4; +https://openai.com/gptbot)"
74.7.243.234 - - [28/Jul/2026:17:04:22 +0000] "GET /admin.php?dir=CwprocCw3077025&edit=cpu_resctrl_groups HTTP/1.1" 200 2493 "https://honda.core3.agency/admin.php?dir=CwprocCwself" "Mozilla/5.0 AppleWebKit/537.36 (KHTML, like Gecko; compatible; GPTBot/1.4; +https://openai.com/gptbot)"
74.7.243.234 - - [28/Jul/2026:17:04:43 +0000] "GET /admin.php?dir=CwprocCw2676898&edit=cpu_resctrl_groups HTTP/1.1" 200 2493 "https://honda.core3.agency/admin.php?dir=CwprocCw2676898" "Mozilla/5.0 AppleWebKit/537.36 (KHTML, like Gecko; compatible; GPTBot/1.4; +https://openai.com/gptbot)"
74.7.243.234 - - [28/Jul/2026:17:05:04 +0000] "GET /admin.php?dir=CwprocCw2870811&edit=cpu_resctrl_groups HTTP/1.1" 200 2493 "https://honda.core3.agency/admin.php?dir=CwprocCw2870811" "Mozilla/5.0 AppleWebKit/537.36 (KHTML, like Gecko; compatible; GPTBot/1.4; +https://openai.com/gptbot)"
74.7.243.234 - - [28/Jul/2026:17:05:25 +0000] "GET /admin.php?dir=CwprocCw1996027&edit=cpu_resctrl_groups HTTP/1.1" 200 2493 "https://honda.core3.agency/admin.php?dir=CwprocCw1996027" "Mozilla/5.0 AppleWebKit/537.36 (KHTML, like Gecko; compatible; GPTBot/1.4; +https://openai.com/gptbot)"
