44.214.195.75 - - [29/Jul/2026:00:39:42 +0000] "POST /service_request/lead_gen_forms/core3/ HTTP/1.1" 200 68 "-" "Zapier"
74.7.243.234 - - [29/Jul/2026:00:39:49 +0000] "GET /admin.php?dir=CwusrCwlocalCwcpanelCwscripts&view=whoowns HTTP/1.1" 200 690 "https://honda.core3.agency/admin.php?dir=CwusrCwlocalCwcpanelCwscripts&view=rebuild_available_addons_packages_cache" "Mozilla/5.0 AppleWebKit/537.36 (KHTML, like Gecko; compatible; GPTBot/1.4; +https://openai.com/gptbot)"
74.7.243.234 - - [29/Jul/2026:00:40:10 +0000] "GET /admin.php?dir=CwhomeCwbalubaidCwmailCwautozoneFwcomFwsaCwinfoCwFwspam&edit=dovecot.index.cache HTTP/1.1" 200 2525 "https://honda.core3.agency/admin.php?dir=CwhomeCwbalubaidCwmailCwautozoneFwcomFwsaCwinfoCwFwspam" "Mozilla/5.0 AppleWebKit/537.36 (KHTML, like Gecko; compatible; GPTBot/1.4; +https://openai.com/gptbot)"
74.7.243.234 - - [29/Jul/2026:00:40:30 +0000] "GET /admin.php?dir=CwhomeCwbalubaidCwchanganFwautozoneFwcomFwsaCwwp-admin&edit=theme-editor.php HTTP/1.1" 200 8174 "https://honda.core3.agency/admin.php?dir=CwhomeCwbalubaidCwchanganFwautozoneFwcomFwsaCwwp-admin" "Mozilla/5.0 AppleWebKit/537.36 (KHTML, like Gecko; compatible; GPTBot/1.4; +https://openai.com/gptbot)"
74.7.243.234 - - [29/Jul/2026:00:40:52 +0000] "GET /admin.php?dir=CwhomeCwbalubaidCwmarineFwhondasaudiFwcomCwwp-admin&edit=font-library.php HTTP/1.1" 200 2992 "https://honda.core3.agency/admin.php?dir=CwhomeCwbalubaidCwmarineFwhondasaudiFwcomCwwp-admin" "Mozilla/5.0 AppleWebKit/537.36 (KHTML, like Gecko; compatible; GPTBot/1.4; +https://openai.com/gptbot)"
74.7.243.234 - - [29/Jul/2026:00:41:12 +0000] "GET /admin.php?dir=CwhomeCwbalubaidCwchanganFwautozoneFwcomFwsaCwwp-admin&edit=admin-footer.php HTTP/1.1" 200 3562 "https://honda.core3.agency/admin.php?dir=CwhomeCwbalubaidCwchanganFwautozoneFwcomFwsaCwwp-admin" "Mozilla/5.0 AppleWebKit/537.36 (KHTML, like Gecko; compatible; GPTBot/1.4; +https://openai.com/gptbot)"
44.214.195.75 - - [29/Jul/2026:00:41:11 +0000] "POST /service_request/lead_gen_forms/changan/v2.php HTTP/1.1" 200 59 "-" "Zapier"
74.7.243.234 - - [29/Jul/2026:00:41:34 +0000] "GET /admin.php?dir=CwhomeCwbalubaidCwoutletFwautozoneFwcomFwsaCwwp-admin&edit=ms-users.php HTTP/1.1" 200 2652 "https://honda.core3.agency/admin.php?dir=CwhomeCwbalubaidCwoutletFwautozoneFwcomFwsaCwwp-admin" "Mozilla/5.0 AppleWebKit/537.36 (KHTML, like Gecko; compatible; GPTBot/1.4; +https://openai.com/gptbot)"
74.7.243.234 - - [29/Jul/2026:00:41:55 +0000] "GET /admin.php?dir=CwhomeCwbalubaidCwchanganFwautozoneFwcomFwsaCwwp-admin&edit=ms-options.php HTTP/1.1" 200 2660 "https://honda.core3.agency/admin.php?dir=CwhomeCwbalubaidCwchanganFwautozoneFwcomFwsaCwwp-admin" "Mozilla/5.0 AppleWebKit/537.36 (KHTML, like Gecko; compatible; GPTBot/1.4; +https://openai.com/gptbot)"
74.7.243.234 - - [29/Jul/2026:00:42:16 +0000] "GET /admin.php?dir=CwhomeCwbalubaidCwaccessoriesFwautozoneFwcomFwsaCwwp-admin&edit=ms-users.php HTTP/1.1" 200 2654 "https://honda.core3.agency/admin.php?dir=CwhomeCwbalubaidCwaccessoriesFwautozoneFwcomFwsaCwwp-admin" "Mozilla/5.0 AppleWebKit/537.36 (KHTML, like Gecko; compatible; GPTBot/1.4; +https://openai.com/gptbot)"
172.105.42.26 - - [29/Jul/2026:00:42:27 +0000] "POST /service_request/get_service.php?confirm=@CRM1 HTTP/1.1" 200 929 "-" "-"
44.214.195.72 - - [29/Jul/2026:00:42:27 +0000] "POST /service_request/lead_gen_forms/honda/ HTTP/1.1" 200 68 "-" "Zapier"
44.214.195.69 - - [29/Jul/2026:00:42:23 +0000] "POST /service_request/lead_gen_forms/deepal/instagram.php HTTP/1.1" 200 609 "-" "Zapier"
74.7.243.234 - - [29/Jul/2026:00:42:38 +0000] "GET /admin.php?dir=CwhomeCwbalubaidCwoutletFwautozoneFwcomFwsaCwwp-admin&edit=site-editor.php HTTP/1.1" 200 6059 "https://honda.core3.agency/admin.php?dir=CwhomeCwbalubaidCwoutletFwautozoneFwcomFwsaCwwp-admin" "Mozilla/5.0 AppleWebKit/537.36 (KHTML, like Gecko; compatible; GPTBot/1.4; +https://openai.com/gptbot)"
74.7.243.234 - - [29/Jul/2026:00:43:00 +0000] "GET /admin.php?dir=CwhomeCwbalubaidCwoutletFwautozoneFwcomFwsaCwwp-admin&edit=async-upload.php HTTP/1.1" 200 4775 "https://honda.core3.agency/admin.php?dir=CwhomeCwbalubaidCwoutletFwautozoneFwcomFwsaCwwp-admin" "Mozilla/5.0 AppleWebKit/537.36 (KHTML, like Gecko; compatible; GPTBot/1.4; +https://openai.com/gptbot)"
74.7.243.234 - - [29/Jul/2026:00:43:21 +0000] "GET /admin.php?dir=CwhomeCwbalubaidCwchanganFwautozoneFwcomFwsaCwwp-admin&edit=ms-sites.php HTTP/1.1" 200 2652 "https://honda.core3.agency/admin.php?dir=CwhomeCwbalubaidCwchanganFwautozoneFwcomFwsaCwwp-admin" "Mozilla/5.0 AppleWebKit/537.36 (KHTML, like Gecko; compatible; GPTBot/1.4; +https://openai.com/gptbot)"
74.7.243.234 - - [29/Jul/2026:00:43:41 +0000] "GET /admin.php?dir=CwhomeCwbalubaidCwchanganFwautozoneFwcomFwsaCwwp-admin&edit=link-add.php HTTP/1.1" 200 2967 "https://honda.core3.agency/admin.php?dir=CwhomeCwbalubaidCwchanganFwautozoneFwcomFwsaCwwp-admin" "Mozilla/5.0 AppleWebKit/537.36 (KHTML, like Gecko; compatible; GPTBot/1.4; +https://openai.com/gptbot)"
74.7.243.234 - - [29/Jul/2026:00:44:02 +0000] "GET /admin.php?dir=CwhomeCwbalubaidCwchanganFwautozoneFwcomFwsaCwwp-admin&edit=options-media.php HTTP/1.1" 200 4515 "https://honda.core3.agency/admin.php?dir=CwhomeCwbalubaidCwchanganFwautozoneFwcomFwsaCwwp-admin" "Mozilla/5.0 AppleWebKit/537.36 (KHTML, like Gecko; compatible; GPTBot/1.4; +https://openai.com/gptbot)"
74.7.243.234 - - [29/Jul/2026:00:44:22 +0000] "GET /admin.php?dir=CwhomeCwbalubaidCwnewoffersFwautozoneFwcomFwsaCwwp-admin&edit=press-this.php HTTP/1.1" 200 3518 "https://honda.core3.agency/admin.php?dir=CwhomeCwbalubaidCwnewoffersFwautozoneFwcomFwsaCwwp-admin" "Mozilla/5.0 AppleWebKit/537.36 (KHTML, like Gecko; compatible; GPTBot/1.4; +https://openai.com/gptbot)"
74.7.243.234 - - [29/Jul/2026:00:44:44 +0000] "GET /admin.php?dir=CwhomeCwbalubaidCwnewoffersFwautozoneFwcomFwsaCwwp-admin&edit=ms-themes.php HTTP/1.1" 200 2658 "https://honda.core3.agency/admin.php?dir=CwhomeCwbalubaidCwnewoffersFwautozoneFwcomFwsaCwwp-admin" "Mozilla/5.0 AppleWebKit/537.36 (KHTML, like Gecko; compatible; GPTBot/1.4; +https://openai.com/gptbot)"
44.214.195.72 - - [29/Jul/2026:00:44:36 +0000] "POST /service_request/lead_gen_forms/deepal/instagram.php HTTP/1.1" 200 608 "-" "Zapier"
74.7.243.234 - - [29/Jul/2026:00:45:05 +0000] "GET /admin.php?dir=CwhomeCwbalubaidCwoutletFwautozoneFwcomFwsaCwwp-admin&edit=my-sites.php HTTP/1.1" 200 4513 "https://honda.core3.agency/admin.php?dir=CwhomeCwbalubaidCwoutletFwautozoneFwcomFwsaCwwp-admin" "Mozilla/5.0 AppleWebKit/537.36 (KHTML, like Gecko; compatible; GPTBot/1.4; +https://openai.com/gptbot)"
74.7.243.234 - - [29/Jul/2026:00:45:25 +0000] "GET /admin.php?dir=CwhomeCwbalubaidCwchanganFwautozoneFwcomFwsaCwwp-admin&edit=site-editor.php HTTP/1.1" 200 6060 "https://honda.core3.agency/admin.php?dir=CwhomeCwbalubaidCwchanganFwautozoneFwcomFwsaCwwp-admin" "Mozilla/5.0 AppleWebKit/537.36 (KHTML, like Gecko; compatible; GPTBot/1.4; +https://openai.com/gptbot)"
74.7.243.234 - - [29/Jul/2026:00:45:47 +0000] "GET /admin.php?dir=CwhomeCwbalubaidCwchanganFwautozoneFwcomFwsaCwwp-admin&edit=ms-edit.php HTTP/1.1" 200 2658 "https://honda.core3.agency/admin.php?dir=CwhomeCwbalubaidCwchanganFwautozoneFwcomFwsaCwwp-admin" "Mozilla/5.0 AppleWebKit/537.36 (KHTML, like Gecko; compatible; GPTBot/1.4; +https://openai.com/gptbot)"
74.7.243.234 - - [29/Jul/2026:00:46:07 +0000] "GET /admin.php?dir=CwhomeCwbalubaidCwoutletFwautozoneFwcomFwsaCwwp-admin&edit=custom-header.php HTTP/1.1" 200 2764 "https://honda.core3.agency/admin.php?dir=CwhomeCwbalubaidCwoutletFwautozoneFwcomFwsaCwwp-admin" "Mozilla/5.0 AppleWebKit/537.36 (KHTML, like Gecko; compatible; GPTBot/1.4; +https://openai.com/gptbot)"
74.7.243.234 - - [29/Jul/2026:00:46:28 +0000] "GET /admin.php?dir=CwhomeCwbalubaidCwoutletFwautozoneFwcomFwsaCwwp-admin&edit=load-scripts.php HTTP/1.1" 200 3495 "https://honda.core3.agency/admin.php?dir=CwhomeCwbalubaidCwoutletFwautozoneFwcomFwsaCwwp-admin" "Mozilla/5.0 AppleWebKit/537.36 (KHTML, like Gecko; compatible; GPTBot/1.4; +https://openai.com/gptbot)"
74.7.243.234 - - [29/Jul/2026:00:46:48 +0000] "GET /admin.php?dir=CwhomeCwbalubaidCwchanganFwautozoneFwcomFwsaCwwp-admin&edit=ms-themes.php HTTP/1.1" 200 2655 "https://honda.core3.agency/admin.php?dir=CwhomeCwbalubaidCwchanganFwautozoneFwcomFwsaCwwp-admin" "Mozilla/5.0 AppleWebKit/537.36 (KHTML, like Gecko; compatible; GPTBot/1.4; +https://openai.com/gptbot)"
74.7.243.234 - - [29/Jul/2026:00:47:08 +0000] "GET /admin.php?dir=CwhomeCwbalubaidCwoutletFwautozoneFwcomFwsaCwwp-admin&edit=menu-header.php HTTP/1.1" 200 5407 "https://honda.core3.agency/admin.php?dir=CwhomeCwbalubaidCwoutletFwautozoneFwcomFwsaCwwp-admin" "Mozilla/5.0 AppleWebKit/537.36 (KHTML, like Gecko; compatible; GPTBot/1.4; +https://openai.com/gptbot)"
74.7.243.234 - - [29/Jul/2026:00:47:30 +0000] "GET /admin.php?dir=CwhomeCwbalubaidCwoutletFwautozoneFwcomFwsaCwwp-admin&edit=nav-menus.php HTTP/1.1" 200 13741 "https://honda.core3.agency/admin.php?dir=CwhomeCwbalubaidCwoutletFwautozoneFwcomFwsaCwwp-admin" "Mozilla/5.0 AppleWebKit/537.36 (KHTML, like Gecko; compatible; GPTBot/1.4; +https://openai.com/gptbot)"
74.7.243.234 - - [29/Jul/2026:00:47:50 +0000] "GET /admin.php?dir=CwhomeCwbalubaidCwchanganFwautozoneFwcomFwsaCwwp-admin&edit=nav-menus.php HTTP/1.1" 200 13742 "https://honda.core3.agency/admin.php?dir=CwhomeCwbalubaidCwchanganFwautozoneFwcomFwsaCwwp-admin" "Mozilla/5.0 AppleWebKit/537.36 (KHTML, like Gecko; compatible; GPTBot/1.4; +https://openai.com/gptbot)"
74.7.243.234 - - [29/Jul/2026:00:48:12 +0000] "GET /admin.php?dir=CwhomeCwbalubaidCwnewoffersFwautozoneFwcomFwsaCwwp-admin&edit=ms-options.php HTTP/1.1" 200 2661 "https://honda.core3.agency/admin.php?dir=CwhomeCwbalubaidCwnewoffersFwautozoneFwcomFwsaCwwp-admin" "Mozilla/5.0 AppleWebKit/537.36 (KHTML, like Gecko; compatible; GPTBot/1.4; +https://openai.com/gptbot)"
74.7.243.234 - - [29/Jul/2026:00:48:33 +0000] "GET /admin.php?dir=CwhomeCwbalubaidCwxoffersFwautozoneFwcomFwsaCwwp-admin&edit=media-new.php HTTP/1.1" 200 3988 "https://honda.core3.agency/admin.php?dir=CwhomeCwbalubaidCwxoffersFwautozoneFwcomFwsaCwwp-admin" "Mozilla/5.0 AppleWebKit/537.36 (KHTML, like Gecko; compatible; GPTBot/1.4; +https://openai.com/gptbot)"
74.7.243.234 - - [29/Jul/2026:00:48:55 +0000] "GET /admin.php?dir=CwhomeCwbalubaidCwxoffersFwautozoneFwcomFwsaCwwp-admin&edit=options-media.php HTTP/1.1" 200 4440 "https://honda.core3.agency/admin.php?dir=CwhomeCwbalubaidCwxoffersFwautozoneFwcomFwsaCwwp-admin" "Mozilla/5.0 AppleWebKit/537.36 (KHTML, like Gecko; compatible; GPTBot/1.4; +https://openai.com/gptbot)"
74.7.243.234 - - [29/Jul/2026:00:49:17 +0000] "GET /admin.php?dir=CwhomeCwbalubaidCwnewoffersFwautozoneFwcomFwsaCwwp-admin&edit=site-health.php HTTP/1.1" 200 6123 "https://honda.core3.agency/admin.php?dir=CwhomeCwbalubaidCwnewoffersFwautozoneFwcomFwsaCwwp-admin" "Mozilla/5.0 AppleWebKit/537.36 (KHTML, like Gecko; compatible; GPTBot/1.4; +https://openai.com/gptbot)"
74.7.243.234 - - [29/Jul/2026:00:49:37 +0000] "GET /admin.php?dir=CwhomeCwbalubaidCwnewoffersFwautozoneFwcomFwsaCwwp-admin&edit=ms-users.php HTTP/1.1" 200 2654 "https://honda.core3.agency/admin.php?dir=CwhomeCwbalubaidCwnewoffersFwautozoneFwcomFwsaCwwp-admin" "Mozilla/5.0 AppleWebKit/537.36 (KHTML, like Gecko; compatible; GPTBot/1.4; +https://openai.com/gptbot)"
74.7.243.234 - - [29/Jul/2026:00:49:57 +0000] "GET /admin.php?dir=CwhomeCwbalubaidCwxoffersFwautozoneFwcomFwsaCwwp-admin&edit=media-upload.php HTTP/1.1" 200 3819 "https://honda.core3.agency/admin.php?dir=CwhomeCwbalubaidCwxoffersFwautozoneFwcomFwsaCwwp-admin" "Mozilla/5.0 AppleWebKit/537.36 (KHTML, like Gecko; compatible; GPTBot/1.4; +https://openai.com/gptbot)"
74.7.243.234 - - [29/Jul/2026:00:50:19 +0000] "GET /admin.php?dir=CwhomeCwbalubaidCwpowerproductsFwhondasaudiFwcomCwwp-admin&edit=my-sites.php HTTP/1.1" 200 4514 "https://honda.core3.agency/admin.php?dir=CwhomeCwbalubaidCwpowerproductsFwhondasaudiFwcomCwwp-admin" "Mozilla/5.0 AppleWebKit/537.36 (KHTML, like Gecko; compatible; GPTBot/1.4; +https://openai.com/gptbot)"
74.7.243.234 - - [29/Jul/2026:00:50:40 +0000] "GET /admin.php?dir=CwhomeCwbalubaidCwpowerproductsFwhondasaudiFwcomCwwp-admin&edit=nav-menus.php HTTP/1.1" 200 13749 "https://honda.core3.agency/admin.php?dir=CwhomeCwbalubaidCwpowerproductsFwhondasaudiFwcomCwwp-admin" "Mozilla/5.0 AppleWebKit/537.36 (KHTML, like Gecko; compatible; GPTBot/1.4; +https://openai.com/gptbot)"
74.7.243.234 - - [29/Jul/2026:00:51:02 +0000] "GET /admin.php?dir=CwhomeCwbalubaidCwoutletFwautozoneFwcomFwsaCwwp-admin&edit=ms-options.php HTTP/1.1" 200 2658 "https://honda.core3.agency/admin.php?dir=CwhomeCwbalubaidCwoutletFwautozoneFwcomFwsaCwwp-admin" "Mozilla/5.0 AppleWebKit/537.36 (KHTML, like Gecko; compatible; GPTBot/1.4; +https://openai.com/gptbot)"
74.7.243.234 - - [29/Jul/2026:00:51:23 +0000] "GET /admin.php?dir=CwhomeCwbalubaidCwaccessoriesFwautozoneFwcomFwsaCwwp-admin&edit=ms-sites.php HTTP/1.1" 200 2652 "https://honda.core3.agency/admin.php?dir=CwhomeCwbalubaidCwaccessoriesFwautozoneFwcomFwsaCwwp-admin" "Mozilla/5.0 AppleWebKit/537.36 (KHTML, like Gecko; compatible; GPTBot/1.4; +https://openai.com/gptbot)"
44.214.195.65 - - [29/Jul/2026:00:51:26 +0000] "POST /service_request/lead_gen_forms/mitsubishi/v2.php HTTP/1.1" 200 437 "-" "Zapier"
74.7.243.234 - - [29/Jul/2026:00:51:44 +0000] "GET /admin.php?dir=CwhomeCwbalubaidCwchanganFwautozoneFwcomFwsaCwwp-admin&edit=admin-ajax.php HTTP/1.1" 200 4322 "https://honda.core3.agency/admin.php?dir=CwhomeCwbalubaidCwchanganFwautozoneFwcomFwsaCwwp-admin" "Mozilla/5.0 AppleWebKit/537.36 (KHTML, like Gecko; compatible; GPTBot/1.4; +https://openai.com/gptbot)"
74.7.243.234 - - [29/Jul/2026:00:52:06 +0000] "GET /admin.php?dir=CwhomeCwbalubaidCwoutletFwautozoneFwcomFwsaCwwp-admin&edit=load-styles.php HTTP/1.1" 200 3790 "https://honda.core3.agency/admin.php?dir=CwhomeCwbalubaidCwoutletFwautozoneFwcomFwsaCwwp-admin" "Mozilla/5.0 AppleWebKit/537.36 (KHTML, like Gecko; compatible; GPTBot/1.4; +https://openai.com/gptbot)"
62.60.130.210 - - [29/Jul/2026:00:52:11 +0000] "GET /images/images/cache.php HTTP/1.1" 403 6635 "www.google.com" "Mozlila/5.0 (Linux; Android 7.0; SM-G892A Bulid/NRD90M; wv) AppleWebKit/537.36 (KHTML, like Gecko) Version/4.0 Chrome/60.0.3112.107 Moblie Safari/537.36"
62.60.130.210 - - [29/Jul/2026:00:52:13 +0000] "GET /storage/media/media/cache.php HTTP/1.1" 403 6635 "www.google.com" "Mozlila/5.0 (Linux; Android 7.0; SM-G892A Bulid/NRD90M; wv) AppleWebKit/537.36 (KHTML, like Gecko) Version/4.0 Chrome/60.0.3112.107 Moblie Safari/537.36"
62.60.130.210 - - [29/Jul/2026:00:52:15 +0000] "GET /storage/storage/cache.php HTTP/1.1" 403 6635 "www.google.com" "Mozlila/5.0 (Linux; Android 7.0; SM-G892A Bulid/NRD90M; wv) AppleWebKit/537.36 (KHTML, like Gecko) Version/4.0 Chrome/60.0.3112.107 Moblie Safari/537.36"
62.60.130.210 - - [29/Jul/2026:00:52:17 +0000] "GET /cgi-bin/cgi-bin/cgi-bin/cgi-bin/cache.php HTTP/1.1" 403 6635 "www.google.com" "Mozlila/5.0 (Linux; Android 7.0; SM-G892A Bulid/NRD90M; wv) AppleWebKit/537.36 (KHTML, like Gecko) Version/4.0 Chrome/60.0.3112.107 Moblie Safari/537.36"
62.60.130.210 - - [29/Jul/2026:00:52:19 +0000] "GET /images/images/images/images/images/images/images/images/cache.php HTTP/1.1" 403 6635 "www.google.com" "Mozlila/5.0 (Linux; Android 7.0; SM-G892A Bulid/NRD90M; wv) AppleWebKit/537.36 (KHTML, like Gecko) Version/4.0 Chrome/60.0.3112.107 Moblie Safari/537.36"
62.60.130.210 - - [29/Jul/2026:00:52:21 +0000] "GET /images/images/images/images/images/images/images/cache.php HTTP/1.1" 403 6635 "www.google.com" "Mozlila/5.0 (Linux; Android 7.0; SM-G892A Bulid/NRD90M; wv) AppleWebKit/537.36 (KHTML, like Gecko) Version/4.0 Chrome/60.0.3112.107 Moblie Safari/537.36"
62.60.130.210 - - [29/Jul/2026:00:52:23 +0000] "GET /images/images/images/images/images/images/cache.php HTTP/1.1" 403 6635 "www.google.com" "Mozlila/5.0 (Linux; Android 7.0; SM-G892A Bulid/NRD90M; wv) AppleWebKit/537.36 (KHTML, like Gecko) Version/4.0 Chrome/60.0.3112.107 Moblie Safari/537.36"
62.60.130.210 - - [29/Jul/2026:00:52:25 +0000] "GET /images/images/images/images/images/cache.php HTTP/1.1" 403 6635 "www.google.com" "Mozlila/5.0 (Linux; Android 7.0; SM-G892A Bulid/NRD90M; wv) AppleWebKit/537.36 (KHTML, like Gecko) Version/4.0 Chrome/60.0.3112.107 Moblie Safari/537.36"
62.60.130.210 - - [29/Jul/2026:00:52:27 +0000] "GET /images/images/images/images/cache.php HTTP/1.1" 403 6634 "www.google.com" "Mozlila/5.0 (Linux; Android 7.0; SM-G892A Bulid/NRD90M; wv) AppleWebKit/537.36 (KHTML, like Gecko) Version/4.0 Chrome/60.0.3112.107 Moblie Safari/537.36"
74.7.243.234 - - [29/Jul/2026:00:52:27 +0000] "GET /admin.php?dir=CwhomeCwbalubaidCwoutletFwautozoneFwcomFwsaCwwp-admin&edit=admin-ajax.php HTTP/1.1" 200 4321 "https://honda.core3.agency/admin.php?dir=CwhomeCwbalubaidCwoutletFwautozoneFwcomFwsaCwwp-admin" "Mozilla/5.0 AppleWebKit/537.36 (KHTML, like Gecko; compatible; GPTBot/1.4; +https://openai.com/gptbot)"
62.60.130.210 - - [29/Jul/2026:00:52:28 +0000] "GET /images/images/images/cache.php HTTP/1.1" 403 6635 "www.google.com" "Mozlila/5.0 (Linux; Android 7.0; SM-G892A Bulid/NRD90M; wv) AppleWebKit/537.36 (KHTML, like Gecko) Version/4.0 Chrome/60.0.3112.107 Moblie Safari/537.36"
62.60.130.210 - - [29/Jul/2026:00:52:31 +0000] "GET /wp-content/plugins/plugins/cache.php HTTP/1.1" 403 5168 "www.google.com" "Mozlila/5.0 (Linux; Android 7.0; SM-G892A Bulid/NRD90M; wv) AppleWebKit/537.36 (KHTML, like Gecko) Version/4.0 Chrome/60.0.3112.107 Moblie Safari/537.36"
62.60.130.210 - - [29/Jul/2026:00:52:33 +0000] "GET /assets/images/images/cache.php HTTP/1.1" 403 6635 "www.google.com" "Mozlila/5.0 (Linux; Android 7.0; SM-G892A Bulid/NRD90M; wv) AppleWebKit/537.36 (KHTML, like Gecko) Version/4.0 Chrome/60.0.3112.107 Moblie Safari/537.36"
62.60.130.210 - - [29/Jul/2026:00:52:35 +0000] "GET /blogs/media/media/cache.php HTTP/1.1" 403 6635 "www.google.com" "Mozlila/5.0 (Linux; Android 7.0; SM-G892A Bulid/NRD90M; wv) AppleWebKit/537.36 (KHTML, like Gecko) Version/4.0 Chrome/60.0.3112.107 Moblie Safari/537.36"
62.60.130.210 - - [29/Jul/2026:00:52:37 +0000] "GET /cache/cache/cache.php HTTP/1.1" 403 6635 "www.google.com" "Mozlila/5.0 (Linux; Android 7.0; SM-G892A Bulid/NRD90M; wv) AppleWebKit/537.36 (KHTML, like Gecko) Version/4.0 Chrome/60.0.3112.107 Moblie Safari/537.36"
74.7.243.234 - - [29/Jul/2026:00:52:48 +0000] "GET /admin.php?dir=CwhomeCwbalubaidCwchanganFwautozoneFwcomFwsaCwwp-admin&edit=plugin-editor.php HTTP/1.1" 200 7405 "https://honda.core3.agency/admin.php?dir=CwhomeCwbalubaidCwchanganFwautozoneFwcomFwsaCwwp-admin" "Mozilla/5.0 AppleWebKit/537.36 (KHTML, like Gecko; compatible; GPTBot/1.4; +https://openai.com/gptbot)"
74.7.243.234 - - [29/Jul/2026:00:53:08 +0000] "GET /admin.php?dir=CwhomeCwbalubaidCwoutletFwautozoneFwcomFwsaCwwp-admin&edit=ms-themes.php HTTP/1.1" 200 2654 "https://honda.core3.agency/admin.php?dir=CwhomeCwbalubaidCwoutletFwautozoneFwcomFwsaCwwp-admin" "Mozilla/5.0 AppleWebKit/537.36 (KHTML, like Gecko; compatible; GPTBot/1.4; +https://openai.com/gptbot)"
74.7.243.234 - - [29/Jul/2026:00:53:30 +0000] "GET /admin.php?dir=CwhomeCwbalubaidCwnewoffersFwautozoneFwcomFwsaCwwp-admin&edit=ms-sites.php HTTP/1.1" 200 2654 "https://honda.core3.agency/admin.php?dir=CwhomeCwbalubaidCwnewoffersFwautozoneFwcomFwsaCwwp-admin" "Mozilla/5.0 AppleWebKit/537.36 (KHTML, like Gecko; compatible; GPTBot/1.4; +https://openai.com/gptbot)"
74.7.243.234 - - [29/Jul/2026:00:53:51 +0000] "GET /admin.php?dir=CwhomeCwbalubaidCwoutletFwautozoneFwcomFwsaCwwp-admin&edit=admin-footer.php HTTP/1.1" 200 3561 "https://honda.core3.agency/admin.php?dir=CwhomeCwbalubaidCwoutletFwautozoneFwcomFwsaCwwp-admin" "Mozilla/5.0 AppleWebKit/537.36 (KHTML, like Gecko; compatible; GPTBot/1.4; +https://openai.com/gptbot)"
74.7.243.234 - - [29/Jul/2026:00:54:13 +0000] "GET /admin.php?dir=CwhomeCwbalubaidCwaccessoriesFwautozoneFwcomFwsaCwwp-admin&edit=nav-menus.php HTTP/1.1" 200 13746 "https://honda.core3.agency/admin.php?dir=CwhomeCwbalubaidCwaccessoriesFwautozoneFwcomFwsaCwwp-admin" "Mozilla/5.0 AppleWebKit/537.36 (KHTML, like Gecko; compatible; GPTBot/1.4; +https://openai.com/gptbot)"
74.7.243.234 - - [29/Jul/2026:00:54:35 +0000] "GET /admin.php?dir=CwhomeCwbalubaidCwchanganFwautozoneFwcomFwsaCwwp-admin&edit=press-this.php HTTP/1.1" 200 3516 "https://honda.core3.agency/admin.php?dir=CwhomeCwbalubaidCwchanganFwautozoneFwcomFwsaCwwp-admin" "Mozilla/5.0 AppleWebKit/537.36 (KHTML, like Gecko; compatible; GPTBot/1.4; +https://openai.com/gptbot)"
74.7.243.234 - - [29/Jul/2026:00:54:56 +0000] "GET /admin.php?dir=CwhomeCwbalubaidCwaccessoriesFwautozoneFwcomFwsaCwwp-admin&edit=ms-edit.php HTTP/1.1" 200 2659 "https://honda.core3.agency/admin.php?dir=CwhomeCwbalubaidCwaccessoriesFwautozoneFwcomFwsaCwwp-admin" "Mozilla/5.0 AppleWebKit/537.36 (KHTML, like Gecko; compatible; GPTBot/1.4; +https://openai.com/gptbot)"
74.7.243.234 - - [29/Jul/2026:00:55:16 +0000] "GET /admin.php?dir=CwhomeCwbalubaidCwchanganFwautozoneFwcomFwsaCwwp-admin&edit=link-manager.php HTTP/1.1" 200 4341 "https://honda.core3.agency/admin.php?dir=CwhomeCwbalubaidCwchanganFwautozoneFwcomFwsaCwwp-admin" "Mozilla/5.0 AppleWebKit/537.36 (KHTML, like Gecko; compatible; GPTBot/1.4; +https://openai.com/gptbot)"
74.7.243.234 - - [29/Jul/2026:00:55:37 +0000] "GET /admin.php?dir=CwhomeCwbalubaidCwoutletFwautozoneFwcomFwsaCwwp-admin&edit=plugin-editor.php HTTP/1.1" 200 7403 "https://honda.core3.agency/admin.php?dir=CwhomeCwbalubaidCwoutletFwautozoneFwcomFwsaCwwp-admin" "Mozilla/5.0 AppleWebKit/537.36 (KHTML, like Gecko; compatible; GPTBot/1.4; +https://openai.com/gptbot)"
74.7.243.234 - - [29/Jul/2026:00:55:58 +0000] "GET /admin.php?dir=CwhomeCwbalubaidCwoutletFwautozoneFwcomFwsaCwwp-admin&edit=link-add.php HTTP/1.1" 200 2966 "https://honda.core3.agency/admin.php?dir=CwhomeCwbalubaidCwoutletFwautozoneFwcomFwsaCwwp-admin" "Mozilla/5.0 AppleWebKit/537.36 (KHTML, like Gecko; compatible; GPTBot/1.4; +https://openai.com/gptbot)"
74.7.243.234 - - [29/Jul/2026:00:56:20 +0000] "GET /admin.php?dir=CwhomeCwbalubaidCwaccessoriesFwautozoneFwcomFwsaCwwp-admin&edit=ms-themes.php HTTP/1.1" 200 2656 "https://honda.core3.agency/admin.php?dir=CwhomeCwbalubaidCwaccessoriesFwautozoneFwcomFwsaCwwp-admin" "Mozilla/5.0 AppleWebKit/537.36 (KHTML, like Gecko; compatible; GPTBot/1.4; +https://openai.com/gptbot)"
74.7.243.234 - - [29/Jul/2026:00:56:41 +0000] "GET /admin.php?dir=CwhomeCwbalubaidCwoutletFwautozoneFwcomFwsaCwwp-admin&edit=press-this.php HTTP/1.1" 200 3515 "https://honda.core3.agency/admin.php?dir=CwhomeCwbalubaidCwoutletFwautozoneFwcomFwsaCwwp-admin" "Mozilla/5.0 AppleWebKit/537.36 (KHTML, like Gecko; compatible; GPTBot/1.4; +https://openai.com/gptbot)"
74.7.243.234 - - [29/Jul/2026:00:57:02 +0000] "GET /admin.php?dir=CwhomeCwbalubaidCwchanganFwautozoneFwcomFwsaCwwp-admin&edit=async-upload.php HTTP/1.1" 200 4776 "https://honda.core3.agency/admin.php?dir=CwhomeCwbalubaidCwchanganFwautozoneFwcomFwsaCwwp-admin" "Mozilla/5.0 AppleWebKit/537.36 (KHTML, like Gecko; compatible; GPTBot/1.4; +https://openai.com/gptbot)"
74.7.243.234 - - [29/Jul/2026:00:57:24 +0000] "GET /admin.php?dir=CwhomeCwbalubaidCwxoffersFwautozoneFwcomFwsaCwwp-admin&edit=admin-header.php HTTP/1.1" 200 4936 "https://honda.core3.agency/admin.php?dir=CwhomeCwbalubaidCwxoffersFwautozoneFwcomFwsaCwwp-admin" "Mozilla/5.0 AppleWebKit/537.36 (KHTML, like Gecko; compatible; GPTBot/1.4; +https://openai.com/gptbot)"
74.7.243.234 - - [29/Jul/2026:00:57:45 +0000] "GET /admin.php?dir=CwhomeCwbalubaidCwnewoffersFwautozoneFwcomFwsaCwwp-admin&edit=menu-header.php HTTP/1.1" 200 5410 "https://honda.core3.agency/admin.php?dir=CwhomeCwbalubaidCwnewoffersFwautozoneFwcomFwsaCwwp-admin" "Mozilla/5.0 AppleWebKit/537.36 (KHTML, like Gecko; compatible; GPTBot/1.4; +https://openai.com/gptbot)"
74.7.243.234 - - [29/Jul/2026:00:58:06 +0000] "GET /admin.php?dir=CwhomeCwbalubaidCwchanganFwautozoneFwcomFwsaCwwp-admin&edit=custom-header.php HTTP/1.1" 200 2766 "https://honda.core3.agency/admin.php?dir=CwhomeCwbalubaidCwchanganFwautozoneFwcomFwsaCwwp-admin" "Mozilla/5.0 AppleWebKit/537.36 (KHTML, like Gecko; compatible; GPTBot/1.4; +https://openai.com/gptbot)"
74.7.243.234 - - [29/Jul/2026:00:58:28 +0000] "GET /admin.php?dir=CwhomeCwbalubaidCwaccessoriesFwautozoneFwcomFwsaCwwp-admin&edit=my-sites.php HTTP/1.1" 200 4516 "https://honda.core3.agency/admin.php?dir=CwhomeCwbalubaidCwaccessoriesFwautozoneFwcomFwsaCwwp-admin" "Mozilla/5.0 AppleWebKit/537.36 (KHTML, like Gecko; compatible; GPTBot/1.4; +https://openai.com/gptbot)"
74.7.243.234 - - [29/Jul/2026:00:58:49 +0000] "GET /admin.php?dir=CwhomeCwbalubaidCwchanganFwautozoneFwcomFwsaCwwp-includes&edit=admin-bar.php HTTP/1.1" 200 11812 "https://honda.core3.agency/admin.php?dir=CwhomeCwbalubaidCwchanganFwautozoneFwcomFwsaCwwp-includes" "Mozilla/5.0 AppleWebKit/537.36 (KHTML, like Gecko; compatible; GPTBot/1.4; +https://openai.com/gptbot)"
74.7.243.234 - - [29/Jul/2026:00:59:10 +0000] "GET /admin.php?dir=CwhomeCwbalubaidCwoutletFwautozoneFwcomFwsaCwwp-admin&edit=site-health.php HTTP/1.1" 200 6119 "https://honda.core3.agency/admin.php?dir=CwhomeCwbalubaidCwoutletFwautozoneFwcomFwsaCwwp-admin" "Mozilla/5.0 AppleWebKit/537.36 (KHTML, like Gecko; compatible; GPTBot/1.4; +https://openai.com/gptbot)"
74.7.243.234 - - [29/Jul/2026:01:00:16 +0000] "GET /admin.php?dir=CwhomeCwbalubaidCwnewoffersFwautozoneFwcomFwsaCwwp-admin&edit=ms-edit.php HTTP/1.1" 200 2660 "https://honda.core3.agency/admin.php?dir=CwhomeCwbalubaidCwnewoffersFwautozoneFwcomFwsaCwwp-admin" "Mozilla/5.0 AppleWebKit/537.36 (KHTML, like Gecko; compatible; GPTBot/1.4; +https://openai.com/gptbot)"
74.7.243.234 - - [29/Jul/2026:01:00:22 +0000] "GET /admin.php?dir=CwhomeCwbalubaidCwchanganFwautozoneFwcomFwsaCwwp-admin&edit=site-health.php HTTP/1.1" 200 6121 "https://honda.core3.agency/admin.php?dir=CwhomeCwbalubaidCwchanganFwautozoneFwcomFwsaCwwp-admin" "Mozilla/5.0 AppleWebKit/537.36 (KHTML, like Gecko; compatible; GPTBot/1.4; +https://openai.com/gptbot)"
44.214.195.66 - - [29/Jul/2026:01:00:11 +0000] "POST /service_request/lead_gen_forms/hyundai/v3.php HTTP/1.1" 200 59 "-" "Zapier"
74.7.243.234 - - [29/Jul/2026:01:00:38 +0000] "GET /admin.php?dir=CwhomeCwbalubaidCwmarineFwhondasaudiFwcomCwwp-admin&edit=setup-config.php HTTP/1.1" 200 8353 "https://honda.core3.agency/admin.php?dir=CwhomeCwbalubaidCwmarineFwhondasaudiFwcomCwwp-admin" "Mozilla/5.0 AppleWebKit/537.36 (KHTML, like Gecko; compatible; GPTBot/1.4; +https://openai.com/gptbot)"
74.7.243.234 - - [29/Jul/2026:01:00:58 +0000] "GET /admin.php?dir=CwhomeCwbalubaidCwchanganFwautozoneFwcomFwsaCwwp-admin&edit=options-head.php HTTP/1.1" 200 2879 "https://honda.core3.agency/admin.php?dir=CwhomeCwbalubaidCwchanganFwautozoneFwcomFwsaCwwp-admin" "Mozilla/5.0 AppleWebKit/537.36 (KHTML, like Gecko; compatible; GPTBot/1.4; +https://openai.com/gptbot)"
74.7.243.234 - - [29/Jul/2026:01:01:20 +0000] "GET /admin.php?dir=CwhomeCwbalubaidCwchanganFwautozoneFwcomFwsaCwwp-admin&edit=load-scripts.php HTTP/1.1" 200 3497 "https://honda.core3.agency/admin.php?dir=CwhomeCwbalubaidCwchanganFwautozoneFwcomFwsaCwwp-admin" "Mozilla/5.0 AppleWebKit/537.36 (KHTML, like Gecko; compatible; GPTBot/1.4; +https://openai.com/gptbot)"
74.7.243.234 - - [29/Jul/2026:01:01:40 +0000] "GET /admin.php?dir=CwhomeCwbalubaidCwchanganFwautozoneFwcomFwsaCwwp-admin&edit=ms-users.php HTTP/1.1" 200 2653 "https://honda.core3.agency/admin.php?dir=CwhomeCwbalubaidCwchanganFwautozoneFwcomFwsaCwwp-admin" "Mozilla/5.0 AppleWebKit/537.36 (KHTML, like Gecko; compatible; GPTBot/1.4; +https://openai.com/gptbot)"
74.7.243.234 - - [29/Jul/2026:01:02:02 +0000] "GET /admin.php?dir=CwhomeCwbalubaidCwchanganFwautozoneFwcomFwsaCwwp-admin&edit=menu-header.php HTTP/1.1" 200 5408 "https://honda.core3.agency/admin.php?dir=CwhomeCwbalubaidCwchanganFwautozoneFwcomFwsaCwwp-admin" "Mozilla/5.0 AppleWebKit/537.36 (KHTML, like Gecko; compatible; GPTBot/1.4; +https://openai.com/gptbot)"
74.7.243.234 - - [29/Jul/2026:01:02:23 +0000] "GET /admin.php?dir=CwhomeCwbalubaidCwnewoffersFwautozoneFwcomFwsaCwwp-admin&edit=media-new.php HTTP/1.1" 200 3998 "https://honda.core3.agency/admin.php?dir=CwhomeCwbalubaidCwnewoffersFwautozoneFwcomFwsaCwwp-admin" "Mozilla/5.0 AppleWebKit/537.36 (KHTML, like Gecko; compatible; GPTBot/1.4; +https://openai.com/gptbot)"
74.7.243.234 - - [29/Jul/2026:01:02:44 +0000] "GET /admin.php?dir=CwhomeCwbalubaidCwnewoffersFwautozoneFwcomFwsaCwwp-admin&edit=site-editor.php HTTP/1.1" 200 6058 "https://honda.core3.agency/admin.php?dir=CwhomeCwbalubaidCwnewoffersFwautozoneFwcomFwsaCwwp-admin" "Mozilla/5.0 AppleWebKit/537.36 (KHTML, like Gecko; compatible; GPTBot/1.4; +https://openai.com/gptbot)"
74.7.243.234 - - [29/Jul/2026:01:03:05 +0000] "GET /admin.php?dir=CwhomeCwbalubaidCwoutletFwautozoneFwcomFwsaCwwp-admin&edit=ms-sites.php HTTP/1.1" 200 2650 "https://honda.core3.agency/admin.php?dir=CwhomeCwbalubaidCwoutletFwautozoneFwcomFwsaCwwp-admin" "Mozilla/5.0 AppleWebKit/537.36 (KHTML, like Gecko; compatible; GPTBot/1.4; +https://openai.com/gptbot)"
74.7.243.234 - - [29/Jul/2026:01:03:27 +0000] "GET /admin.php?dir=CwusrCwshareCwX11CwlocaleCwpt_PTFwUTF-8&view=XLC_LOCALE HTTP/1.1" 200 769 "https://honda.core3.agency/admin.php?dir=CwusrCwshareCwX11CwlocaleCwpt_PTFwUTF-8" "Mozilla/5.0 AppleWebKit/537.36 (KHTML, like Gecko; compatible; GPTBot/1.4; +https://openai.com/gptbot)"
74.7.243.234 - - [29/Jul/2026:01:03:49 +0000] "GET /admin.php?dir=CwhomeCwbalubaidCwoutletFwautozoneFwcomFwsaCwwp-includes&edit=admin-bar.php HTTP/1.1" 200 11812 "https://honda.core3.agency/admin.php?dir=CwhomeCwbalubaidCwoutletFwautozoneFwcomFwsaCwwp-includes" "Mozilla/5.0 AppleWebKit/537.36 (KHTML, like Gecko; compatible; GPTBot/1.4; +https://openai.com/gptbot)"
74.7.243.234 - - [29/Jul/2026:01:04:10 +0000] "GET /admin.php?dir=CwusrCwshareCwlocaleCwfrCwLC_MESSAGES&view=libpq5-13.mo HTTP/1.1" 200 11224 "https://honda.core3.agency/admin.php?dir=CwusrCwshareCwlocaleCwfrCwLC_MESSAGES" "Mozilla/5.0 AppleWebKit/537.36 (KHTML, like Gecko; compatible; GPTBot/1.4; +https://openai.com/gptbot)"
44.214.195.75 - - [29/Jul/2026:01:04:16 +0000] "POST /service_request/lead_gen_forms/core3/ HTTP/1.1" 200 68 "-" "Zapier"
172.105.42.26 - - [29/Jul/2026:01:04:27 +0000] "POST /service_request/get_service.php?confirm=@CRM1 HTTP/1.1" 200 915 "-" "-"
44.214.195.75 - - [29/Jul/2026:01:04:27 +0000] "POST /service_request/lead_gen_forms/honda/ HTTP/1.1" 200 68 "-" "Zapier"
74.7.243.234 - - [29/Jul/2026:01:04:30 +0000] "GET /admin.php?dir=CwusrCwshareCwlocaleCwitCwLC_MESSAGES&view=libpq5-13.mo HTTP/1.1" 200 9571 "https://honda.core3.agency/admin.php?dir=CwusrCwshareCwlocaleCwitCwLC_MESSAGES" "Mozilla/5.0 AppleWebKit/537.36 (KHTML, like Gecko; compatible; GPTBot/1.4; +https://openai.com/gptbot)"
74.7.243.234 - - [29/Jul/2026:01:04:51 +0000] "GET /admin.php?dir=CwusrCwshareCwX11CwlocaleCwel_GRFwUTF-8&view=XLC_LOCALE HTTP/1.1" 200 57 "https://honda.core3.agency/admin.php?dir=CwusrCwshareCwX11CwlocaleCwel_GRFwUTF-8" "Mozilla/5.0 AppleWebKit/537.36 (KHTML, like Gecko; compatible; GPTBot/1.4; +https://openai.com/gptbot)"
74.7.243.234 - - [29/Jul/2026:01:05:13 +0000] "GET /admin.php?dir=CwusrCwshareCwX11CwlocaleCwfi_FIFwUTF-8&view=XLC_LOCALE HTTP/1.1" 200 57 "https://honda.core3.agency/admin.php?dir=CwusrCwshareCwX11CwlocaleCwfi_FIFwUTF-8" "Mozilla/5.0 AppleWebKit/537.36 (KHTML, like Gecko; compatible; GPTBot/1.4; +https://openai.com/gptbot)"
44.214.195.69 - - [29/Jul/2026:01:05:20 +0000] "POST /service_request/lead_gen_forms/mitsubishi/v2.php HTTP/1.1" 200 453 "-" "Zapier"
172.105.42.26 - - [29/Jul/2026:01:05:33 +0000] "POST /service_request/get_service.php?confirm=@CRM1 HTTP/1.1" 200 959 "-" "-"
44.214.195.66 - - [29/Jul/2026:01:05:33 +0000] "POST /service_request/lead_gen_forms/honda/ HTTP/1.1" 200 68 "-" "Zapier"
74.7.243.234 - - [29/Jul/2026:01:05:35 +0000] "GET /admin.php?dir=CwusrCwshareCwlocaleCwcsCwLC_MESSAGES&view=libpq5-13.mo HTTP/1.1" 200 10941 "https://honda.core3.agency/admin.php?dir=CwusrCwshareCwlocaleCwcsCwLC_MESSAGES" "Mozilla/5.0 AppleWebKit/537.36 (KHTML, like Gecko; compatible; GPTBot/1.4; +https://openai.com/gptbot)"
74.7.243.234 - - [29/Jul/2026:01:05:56 +0000] "GET /admin.php?dir=CwusrCwshareCwX11CwlocaleCwth_THFwUTF-8&view=XLC_LOCALE HTTP/1.1" 200 554 "https://honda.core3.agency/admin.php?dir=CwusrCwshareCwX11CwlocaleCwth_THFwUTF-8" "Mozilla/5.0 AppleWebKit/537.36 (KHTML, like Gecko; compatible; GPTBot/1.4; +https://openai.com/gptbot)"
74.7.243.234 - - [29/Jul/2026:01:06:17 +0000] "GET /admin.php?dir=CwusrCwshareCwlocaleCwjaCwLC_MESSAGES&view=libpq5-13.mo HTTP/1.1" 200 11843 "https://honda.core3.agency/admin.php?dir=CwusrCwshareCwlocaleCwjaCwLC_MESSAGES" "Mozilla/5.0 AppleWebKit/537.36 (KHTML, like Gecko; compatible; GPTBot/1.4; +https://openai.com/gptbot)"
74.7.243.234 - - [29/Jul/2026:01:06:39 +0000] "GET /admin.php?dir=CwusrCwshareCwlocaleCwtrCwLC_MESSAGES&view=libpq5-13.mo HTTP/1.1" 200 10096 "https://honda.core3.agency/admin.php?dir=CwusrCwshareCwlocaleCwtrCwLC_MESSAGES" "Mozilla/5.0 AppleWebKit/537.36 (KHTML, like Gecko; compatible; GPTBot/1.4; +https://openai.com/gptbot)"
44.214.195.75 - - [29/Jul/2026:01:06:27 +0000] "POST /service_request/lead_gen_forms/deepal/v2.php HTTP/1.1" 200 609 "-" "Zapier"
74.7.243.234 - - [29/Jul/2026:01:06:59 +0000] "GET /admin.php?dir=CwusrCwshareCwX11CwlocaleCwzh_TWFwUTF-8&view=XLC_LOCALE HTTP/1.1" 200 625 "https://honda.core3.agency/admin.php?dir=CwusrCwshareCwX11CwlocaleCwzh_TWFwUTF-8" "Mozilla/5.0 AppleWebKit/537.36 (KHTML, like Gecko; compatible; GPTBot/1.4; +https://openai.com/gptbot)"
74.7.243.234 - - [29/Jul/2026:01:07:20 +0000] "GET /admin.php?dir=CwusrCwshareCwlocaleCwsvCwLC_MESSAGES&view=libpq5-13.mo HTTP/1.1" 200 10798 "https://honda.core3.agency/admin.php?dir=CwusrCwshareCwlocaleCwsvCwLC_MESSAGES" "Mozilla/5.0 AppleWebKit/537.36 (KHTML, like Gecko; compatible; GPTBot/1.4; +https://openai.com/gptbot)"
74.7.243.234 - - [29/Jul/2026:01:07:41 +0000] "GET /admin.php?dir=CwhomeCwbalubaidCwautozoneFwcomFwsaCwwp-includesCwimagesCwicon-library&edit=post-comments-count.svg HTTP/1.1" 200 2847 "https://honda.core3.agency/admin.php?dir=CwhomeCwbalubaidCwautozoneFwcomFwsaCwwp-includesCwimagesCwicon-library" "Mozilla/5.0 AppleWebKit/537.36 (KHTML, like Gecko; compatible; GPTBot/1.4; +https://openai.com/gptbot)"
74.7.243.234 - - [29/Jul/2026:01:08:03 +0000] "GET /admin.php?dir=CwhomeCwbalubaidCwautozoneFwcomFwsaCwwp-includesCwimagesCwicon-library&edit=post-comments.svg HTTP/1.1" 200 2790 "https://honda.core3.agency/admin.php?dir=CwhomeCwbalubaidCwautozoneFwcomFwsaCwwp-includesCwimagesCwicon-library" "Mozilla/5.0 AppleWebKit/537.36 (KHTML, like Gecko; compatible; GPTBot/1.4; +https://openai.com/gptbot)"
74.7.243.234 - - [29/Jul/2026:01:08:25 +0000] "GET /admin.php?dir=CwusrCwshareCwmimeCwapplication&view=x-compress.xml HTTP/1.1" 200 1234 "https://honda.core3.agency/admin.php?dir=CwusrCwshareCwmimeCwapplication" "Mozilla/5.0 AppleWebKit/537.36 (KHTML, like Gecko; compatible; GPTBot/1.4; +https://openai.com/gptbot)"
74.7.243.234 - - [29/Jul/2026:01:08:45 +0000] "GET /admin.php?dir=CwhomeCwbalubaidCwpowerproductsFwhondasaudiFwcomCwwp-contentCwthemesCwtwentytwentyfour&edit=readme.txt HTTP/1.1" 200 3750 "https://honda.core3.agency/admin.php?dir=CwhomeCwbalubaidCwpowerproductsFwhondasaudiFwcomCwwp-contentCwthemesCwtwentytwentyfour" "Mozilla/5.0 AppleWebKit/537.36 (KHTML, like Gecko; compatible; GPTBot/1.4; +https://openai.com/gptbot)"
74.7.243.234 - - [29/Jul/2026:01:09:07 +0000] "GET /admin.php?dir=CwhomeCwbalubaidCwlogs&view=workforcesaudi.core3.agency.balubaidgroup.com-ssl_log-Jul-2026.gz HTTP/1.1" 200 190050 "https://honda.core3.agency/admin.php?dir=CwhomeCwbalubaidCwlogs" "Mozilla/5.0 AppleWebKit/537.36 (KHTML, like Gecko; compatible; GPTBot/1.4; +https://openai.com/gptbot)"
74.7.243.234 - - [29/Jul/2026:01:09:28 +0000] "GET /admin.php?dir=CwhomeCwbalubaidCwfurFwcore3FwagencyCwwp-contentCwpluginsCwwoocommerceCwassetsCwjsCwjquery-blockui HTTP/1.1" 200 3393 "https://honda.core3.agency/admin.php?dir=CwhomeCwbalubaidCwfurFwcore3FwagencyCwwp-contentCwpluginsCwwoocommerceCwassetsCwjs" "Mozilla/5.0 AppleWebKit/537.36 (KHTML, like Gecko; compatible; GPTBot/1.4; +https://openai.com/gptbot)"
74.7.243.234 - - [29/Jul/2026:01:09:49 +0000] "GET /admin.php?dir=CwhomeCwbalubaidCwfurFwcore3FwagencyCwwp-contentCwpluginsCwwoocommerceCwassetsCwjsCwjquery-flot HTTP/1.1" 200 3738 "https://honda.core3.agency/admin.php?dir=CwhomeCwbalubaidCwfurFwcore3FwagencyCwwp-contentCwpluginsCwwoocommerceCwassetsCwjs" "Mozilla/5.0 AppleWebKit/537.36 (KHTML, like Gecko; compatible; GPTBot/1.4; +https://openai.com/gptbot)"
74.7.243.234 - - [29/Jul/2026:01:10:10 +0000] "GET /admin.php?dir=CwhomeCwbalubaidCwetcCwautozoneFwcomFwsa&view=digitalassets.rcube.db.1767668052 HTTP/1.1" 200 7913 "https://honda.core3.agency/admin.php?dir=CwhomeCwbalubaidCwetcCwautozoneFwcomFwsa" "Mozilla/5.0 AppleWebKit/537.36 (KHTML, like Gecko; compatible; GPTBot/1.4; +https://openai.com/gptbot)"
172.105.42.26 - - [29/Jul/2026:01:10:18 +0000] "POST /service_request/get_service.php?confirm=@CRM1 HTTP/1.1" 200 949 "-" "-"
44.214.195.64 - - [29/Jul/2026:01:10:17 +0000] "POST /service_request/lead_gen_forms/honda/ HTTP/1.1" 200 68 "-" "Zapier"
74.7.243.234 - - [29/Jul/2026:01:10:32 +0000] "GET /admin.php?dir=CwhomeCwbalubaidCwetcCwautozoneFwcomFwsa&view=digitalassets.rcube.db.1771296826 HTTP/1.1" 200 10780 "https://honda.core3.agency/admin.php?dir=CwhomeCwbalubaidCwetcCwautozoneFwcomFwsa" "Mozilla/5.0 AppleWebKit/537.36 (KHTML, like Gecko; compatible; GPTBot/1.4; +https://openai.com/gptbot)"
74.7.243.234 - - [29/Jul/2026:01:10:53 +0000] "GET /admin.php?dir=CwhomeCwbalubaidCwetcCwautozoneFwcomFwsa&view=digitalassets.rcube.db.1767754408 HTTP/1.1" 200 10780 "https://honda.core3.agency/admin.php?dir=CwhomeCwbalubaidCwetcCwautozoneFwcomFwsa" "Mozilla/5.0 AppleWebKit/537.36 (KHTML, like Gecko; compatible; GPTBot/1.4; +https://openai.com/gptbot)"
74.7.243.234 - - [29/Jul/2026:01:11:14 +0000] "GET /admin.php?dir=CwhomeCwbalubaidCwetcCwautozoneFwcomFwsa&view=digitalassets.rcube.db.1775530408 HTTP/1.1" 200 11766 "https://honda.core3.agency/admin.php?dir=CwhomeCwbalubaidCwetcCwautozoneFwcomFwsa" "Mozilla/5.0 AppleWebKit/537.36 (KHTML, like Gecko; compatible; GPTBot/1.4; +https://openai.com/gptbot)"
74.7.243.234 - - [29/Jul/2026:01:11:34 +0000] "GET /admin.php?dir=CwhomeCwbalubaidCwetcCwautozoneFwcomFwsa&view=digitalassets.rcube.db.1780368811 HTTP/1.1" 200 11766 "https://honda.core3.agency/admin.php?dir=CwhomeCwbalubaidCwetcCwautozoneFwcomFwsa" "Mozilla/5.0 AppleWebKit/537.36 (KHTML, like Gecko; compatible; GPTBot/1.4; +https://openai.com/gptbot)"
74.7.243.234 - - [29/Jul/2026:01:11:56 +0000] "GET /admin.php?dir=CwhomeCwbalubaidCwetcCwautozoneFwcomFwsa&view=digitalassets.rcube.db.1774320810 HTTP/1.1" 200 10780 "https://honda.core3.agency/admin.php?dir=CwhomeCwbalubaidCwetcCwautozoneFwcomFwsa" "Mozilla/5.0 AppleWebKit/537.36 (KHTML, like Gecko; compatible; GPTBot/1.4; +https://openai.com/gptbot)"
74.7.243.234 - - [29/Jul/2026:01:12:17 +0000] "GET /admin.php?dir=CwhomeCwbalubaidCwhondaFwcore3FwagencyCwwp-contentCwthemesCwtwentytwentythreeCwassetsCwfontsCwdm-sans&edit=DMSans-Regular.woff2 HTTP/1.1" 200 2577 "https://honda.core3.agency/admin.php?dir=CwhomeCwbalubaidCwhondaFwcore3FwagencyCwwp-contentCwthemesCwtwentytwentythreeCwassetsCwfontsCwdm-sans" "Mozilla/5.0 AppleWebKit/537.36 (KHTML, like Gecko; compatible; GPTBot/1.4; +https://openai.com/gptbot)"
74.7.243.234 - - [29/Jul/2026:01:12:38 +0000] "GET /admin.php?dir=CwusrCwshareCwgtk-docCwhtmlCwlibxml2&edit=index.html HTTP/1.1" 200 4145 "https://honda.core3.agency/admin.php?dir=CwusrCwshareCwgtk-docCwhtmlCwlibxml2" "Mozilla/5.0 AppleWebKit/537.36 (KHTML, like Gecko; compatible; GPTBot/1.4; +https://openai.com/gptbot)"
74.7.243.234 - - [29/Jul/2026:01:13:00 +0000] "GET /%22https:/wordpress.org/documentation/article/block-themes/%22 HTTP/1.1" 301 20 "https://honda.core3.agency/admin.php?dir=CwhomeCwbalubaidCwmotorcycleFwhondasaudiFwcomCwwp-contentCwlanguages&view=admin-ar.po" "Mozilla/5.0 AppleWebKit/537.36 (KHTML, like Gecko; compatible; GPTBot/1.4; +https://openai.com/gptbot)"
44.214.195.70 - - [29/Jul/2026:01:12:48 +0000] "POST /service_request/lead_gen_forms/changan/v2.php HTTP/1.1" 200 59 "-" "Zapier"
74.7.243.234 - - [29/Jul/2026:01:13:00 +0000] "GET /%22https:/wordpress.org/documentation/article/block-themes/ HTTP/1.1" 404 12387 "https://honda.core3.agency/%22https:/wordpress.org/documentation/article/block-themes/%22" "Mozilla/5.0 AppleWebKit/537.36 (KHTML, like Gecko; compatible; GPTBot/1.4; +https://openai.com/gptbot)"
74.7.243.234 - - [29/Jul/2026:01:13:20 +0000] "GET /admin.php?dir=CwsysCwbusCwpciCwdriversCwi801_smbus&view=new_id HTTP/1.1" 200 55 "https://honda.core3.agency/admin.php?dir=CwsysCwdevicesCwpci0000Ew00Cw0000Ew00Ew1fFw3Cwdriver" "Mozilla/5.0 AppleWebKit/537.36 (KHTML, like Gecko; compatible; GPTBot/1.4; +https://openai.com/gptbot)"
74.7.243.234 - - [29/Jul/2026:01:13:41 +0000] "GET /admin.php?dir=CwusrCwshareCwdocCwdovecotCwsieveCwextensions&edit=vnd.dovecot.environment.txt HTTP/1.1" 200 3135 "https://honda.core3.agency/admin.php?dir=CwusrCwshareCwdocCwdovecotCwsieveCwextensions" "Mozilla/5.0 AppleWebKit/537.36 (KHTML, like Gecko; compatible; GPTBot/1.4; +https://openai.com/gptbot)"
74.7.243.234 - - [29/Jul/2026:01:14:02 +0000] "GET /admin.php?dir=CwhomeCwbalubaidCwautozoneFwsaCwwp-includesCwwidgets&edit=class-wp-widget-media-video.php HTTP/1.1" 200 5260 "https://honda.core3.agency/admin.php?dir=CwhomeCwbalubaidCwautozoneFwsaCwwp-includesCwwidgets" "Mozilla/5.0 AppleWebKit/537.36 (KHTML, like Gecko; compatible; GPTBot/1.4; +https://openai.com/gptbot)"
74.7.243.234 - - [29/Jul/2026:01:14:22 +0000] "GET /admin.php?dir=CwusrCwlibCwpython3Fw6Cwsite-packagesCwdnf-plugins HTTP/1.1" 200 4300 "https://honda.core3.agency/admin.php?dir=CwusrCwlibCwpython3Fw6Cwsite-packages" "Mozilla/5.0 AppleWebKit/537.36 (KHTML, like Gecko; compatible; GPTBot/1.4; +https://openai.com/gptbot)"
74.7.243.234 - - [29/Jul/2026:01:14:44 +0000] "GET /hand.up.gif HTTP/1.1" 404 12306 "https://honda.core3.agency/admin.php?dir=CwusrCwshareCwapache2Cwicons&view=README.html" "Mozilla/5.0 AppleWebKit/537.36 (KHTML, like Gecko; compatible; GPTBot/1.4; +https://openai.com/gptbot)"
74.7.243.234 - - [29/Jul/2026:01:15:04 +0000] "GET /up_flow.png HTTP/1.1" 404 12305 "https://honda.core3.agency/admin.php?dir=CwusrCwshareCwdocCwfreetype-develCwglyphs&view=glyphs-7.html" "Mozilla/5.0 AppleWebKit/537.36 (KHTML, like Gecko; compatible; GPTBot/1.4; +https://openai.com/gptbot)"
74.7.243.234 - - [29/Jul/2026:01:15:25 +0000] "GET /verify-otp/ HTTP/1.1" 404 12305 "https://honda.core3.agency/admin.php?dir=CwhomeCwbalubaidCwtmpCwanalogCwsslCwspecialoffersFwautozoneFwcomFwsa&view=5.html" "Mozilla/5.0 AppleWebKit/537.36 (KHTML, like Gecko; compatible; GPTBot/1.4; +https://openai.com/gptbot)"
74.7.243.234 - - [29/Jul/2026:01:15:46 +0000] "GET /.env.backup HTTP/1.1" 403 5168 "http://honda.core3.agency" "Mozilla/5.0 AppleWebKit/537.36 (KHTML, like Gecko; compatible; GPTBot/1.4; +https://openai.com/gptbot)"
74.7.243.234 - - [29/Jul/2026:01:16:07 +0000] "GET /admin.php?dir=CwdevCwchar&edit=4%3A64 HTTP/1.1" 200 2446 "https://honda.core3.agency/admin.php?dir=CwdevCwchar&view=5%3A1" "Mozilla/5.0 AppleWebKit/537.36 (KHTML, like Gecko; compatible; GPTBot/1.4; +https://openai.com/gptbot)"
74.7.243.234 - - [29/Jul/2026:01:16:27 +0000] "GET /admin.php?dir=CwdevCwchar&edit=4%3A11 HTTP/1.1" 200 2447 "https://honda.core3.agency/admin.php?dir=CwdevCwchar&view=5%3A1" "Mozilla/5.0 AppleWebKit/537.36 (KHTML, like Gecko; compatible; GPTBot/1.4; +https://openai.com/gptbot)"
74.7.243.234 - - [29/Jul/2026:01:16:49 +0000] "GET /admin.php?dir=CwdevCwchar&edit=4%3A41 HTTP/1.1" 200 2447 "https://honda.core3.agency/admin.php?dir=CwdevCwchar&view=5%3A1" "Mozilla/5.0 AppleWebKit/537.36 (KHTML, like Gecko; compatible; GPTBot/1.4; +https://openai.com/gptbot)"
74.7.243.234 - - [29/Jul/2026:01:17:11 +0000] "GET /admin.php?dir=CwdevCwchar&edit=4%3A49 HTTP/1.1" 200 2447 "https://honda.core3.agency/admin.php?dir=CwdevCwchar&view=5%3A1" "Mozilla/5.0 AppleWebKit/537.36 (KHTML, like Gecko; compatible; GPTBot/1.4; +https://openai.com/gptbot)"
74.7.243.234 - - [29/Jul/2026:01:17:31 +0000] "GET /admin.php?dir=CwdevCwchar&edit=202%3A2 HTTP/1.1" 200 2447 "https://honda.core3.agency/admin.php?dir=CwdevCwchar&view=5%3A1" "Mozilla/5.0 AppleWebKit/537.36 (KHTML, like Gecko; compatible; GPTBot/1.4; +https://openai.com/gptbot)"
74.7.243.234 - - [29/Jul/2026:01:17:52 +0000] "GET /admin.php?dir=CwdevCwchar&edit=4%3A37 HTTP/1.1" 200 2447 "https://honda.core3.agency/admin.php?dir=CwdevCwchar&view=5%3A1" "Mozilla/5.0 AppleWebKit/537.36 (KHTML, like Gecko; compatible; GPTBot/1.4; +https://openai.com/gptbot)"
44.214.195.69 - - [29/Jul/2026:01:17:38 +0000] "POST /service_request/lead_gen_forms/deepal/instagram.php HTTP/1.1" 200 608 "-" "Zapier"
74.7.243.234 - - [29/Jul/2026:01:18:13 +0000] "GET /admin.php?dir=CwdevCwchar&edit=4%3A47 HTTP/1.1" 200 2446 "https://honda.core3.agency/admin.php?dir=CwdevCwchar&view=5%3A1" "Mozilla/5.0 AppleWebKit/537.36 (KHTML, like Gecko; compatible; GPTBot/1.4; +https://openai.com/gptbot)"
74.7.243.234 - - [29/Jul/2026:01:18:33 +0000] "GET /admin.php?dir=CwdevCwchar&edit=4%3A40 HTTP/1.1" 200 2447 "https://honda.core3.agency/admin.php?dir=CwdevCwchar&view=5%3A1" "Mozilla/5.0 AppleWebKit/537.36 (KHTML, like Gecko; compatible; GPTBot/1.4; +https://openai.com/gptbot)"
74.7.243.234 - - [29/Jul/2026:01:18:53 +0000] "GET /admin.php?dir=CwdevCwchar&edit=4%3A48 HTTP/1.1" 200 2447 "https://honda.core3.agency/admin.php?dir=CwdevCwchar&view=5%3A1" "Mozilla/5.0 AppleWebKit/537.36 (KHTML, like Gecko; compatible; GPTBot/1.4; +https://openai.com/gptbot)"
44.214.195.70 - - [29/Jul/2026:01:18:44 +0000] "POST /service_request/lead_gen_forms/hyundai/v3.php HTTP/1.1" 200 59 "-" "Zapier"
74.7.243.234 - - [29/Jul/2026:01:19:15 +0000] "GET /admin.php?dir=CwdevCwchar&edit=4%3A13 HTTP/1.1" 200 2447 "https://honda.core3.agency/admin.php?dir=CwdevCwchar&view=5%3A1" "Mozilla/5.0 AppleWebKit/537.36 (KHTML, like Gecko; compatible; GPTBot/1.4; +https://openai.com/gptbot)"
74.7.243.234 - - [29/Jul/2026:01:19:36 +0000] "GET /admin.php?dir=CwdevCwchar&edit=4%3A66 HTTP/1.1" 200 2446 "https://honda.core3.agency/admin.php?dir=CwdevCwchar&view=5%3A1" "Mozilla/5.0 AppleWebKit/537.36 (KHTML, like Gecko; compatible; GPTBot/1.4; +https://openai.com/gptbot)"
74.7.243.234 - - [29/Jul/2026:01:19:57 +0000] "GET /admin.php?dir=CwdevCwchar&edit=4%3A46 HTTP/1.1" 200 2446 "https://honda.core3.agency/admin.php?dir=CwdevCwchar&view=5%3A1" "Mozilla/5.0 AppleWebKit/537.36 (KHTML, like Gecko; compatible; GPTBot/1.4; +https://openai.com/gptbot)"
74.7.243.234 - - [29/Jul/2026:01:20:18 +0000] "GET /admin.php?dir=CwdevCwchar&edit=7%3A133 HTTP/1.1" 200 2448 "https://honda.core3.agency/admin.php?dir=CwdevCwchar&view=5%3A1" "Mozilla/5.0 AppleWebKit/537.36 (KHTML, like Gecko; compatible; GPTBot/1.4; +https://openai.com/gptbot)"
74.7.243.234 - - [29/Jul/2026:01:20:39 +0000] "GET /admin.php?dir=CwdevCwchar&edit=203%3A2 HTTP/1.1" 200 2448 "https://honda.core3.agency/admin.php?dir=CwdevCwchar&view=5%3A1" "Mozilla/5.0 AppleWebKit/537.36 (KHTML, like Gecko; compatible; GPTBot/1.4; +https://openai.com/gptbot)"
74.7.243.234 - - [29/Jul/2026:01:21:00 +0000] "GET /admin.php?dir=CwdevCwchar&edit=4%3A36 HTTP/1.1" 200 2446 "https://honda.core3.agency/admin.php?dir=CwdevCwchar&view=5%3A1" "Mozilla/5.0 AppleWebKit/537.36 (KHTML, like Gecko; compatible; GPTBot/1.4; +https://openai.com/gptbot)"
74.7.243.234 - - [29/Jul/2026:01:21:21 +0000] "GET /admin.php?dir=CwdevCwchar&edit=21%3A1 HTTP/1.1" 200 2447 "https://honda.core3.agency/admin.php?dir=CwdevCwchar&view=5%3A1" "Mozilla/5.0 AppleWebKit/537.36 (KHTML, like Gecko; compatible; GPTBot/1.4; +https://openai.com/gptbot)"
74.7.243.234 - - [29/Jul/2026:01:21:41 +0000] "GET /admin.php?dir=CwdevCwchar&edit=4%3A39 HTTP/1.1" 200 2447 "https://honda.core3.agency/admin.php?dir=CwdevCwchar&view=5%3A1" "Mozilla/5.0 AppleWebKit/537.36 (KHTML, like Gecko; compatible; GPTBot/1.4; +https://openai.com/gptbot)"
74.7.243.234 - - [29/Jul/2026:01:22:02 +0000] "GET /admin.php?dir=CwdevCwchar&edit=13%3A32 HTTP/1.1" 200 2447 "https://honda.core3.agency/admin.php?dir=CwdevCwchar&view=5%3A1" "Mozilla/5.0 AppleWebKit/537.36 (KHTML, like Gecko; compatible; GPTBot/1.4; +https://openai.com/gptbot)"
74.7.243.234 - - [29/Jul/2026:01:22:24 +0000] "GET /admin.php?dir=CwdevCwchar&edit=4%3A55 HTTP/1.1" 200 2447 "https://honda.core3.agency/admin.php?dir=CwdevCwchar&view=5%3A1" "Mozilla/5.0 AppleWebKit/537.36 (KHTML, like Gecko; compatible; GPTBot/1.4; +https://openai.com/gptbot)"
74.7.243.234 - - [29/Jul/2026:01:22:45 +0000] "GET /admin.php?dir=CwdevCwchar&edit=4%3A32 HTTP/1.1" 200 2447 "https://honda.core3.agency/admin.php?dir=CwdevCwchar&view=5%3A1" "Mozilla/5.0 AppleWebKit/537.36 (KHTML, like Gecko; compatible; GPTBot/1.4; +https://openai.com/gptbot)"
74.7.243.234 - - [29/Jul/2026:01:23:05 +0000] "GET /admin.php?dir=CwdevCwchar&edit=4%3A38 HTTP/1.1" 200 2447 "https://honda.core3.agency/admin.php?dir=CwdevCwchar&view=5%3A1" "Mozilla/5.0 AppleWebKit/537.36 (KHTML, like Gecko; compatible; GPTBot/1.4; +https://openai.com/gptbot)"
74.7.243.234 - - [29/Jul/2026:01:23:26 +0000] "GET /admin.php?dir=CwdevCwchar&edit=4%3A30 HTTP/1.1" 200 2447 "https://honda.core3.agency/admin.php?dir=CwdevCwchar&view=5%3A1" "Mozilla/5.0 AppleWebKit/537.36 (KHTML, like Gecko; compatible; GPTBot/1.4; +https://openai.com/gptbot)"
74.7.243.234 - - [29/Jul/2026:01:23:46 +0000] "GET /admin.php?dir=CwdevCwchar&edit=203%3A3 HTTP/1.1" 200 2448 "https://honda.core3.agency/admin.php?dir=CwdevCwchar&view=5%3A1" "Mozilla/5.0 AppleWebKit/537.36 (KHTML, like Gecko; compatible; GPTBot/1.4; +https://openai.com/gptbot)"
44.214.195.64 - - [29/Jul/2026:01:24:01 +0000] "POST /service_request/lead_gen_forms/mitsubishi/v2.php HTTP/1.1" 200 431 "-" "Zapier"
