­ ­ ­ ­ ­ ­ ­ ­ ­ ­ ­ ­ ­ ­ ­ ­ ­ ­
74.7.243.234 - - [28/Jul/2026:12:08:07 +0000] "GET /admin.php?dir=CwoptCwaltCwcyrus-saslCwshareCwdocCwalt-cyrus-sasl-lib&view=search.html HTTP/1.1" 200 6555 "https://honda.core3.agency/admin.php?dir=CwoptCwaltCwcyrus-saslCwshareCwdocCwalt-cyrus-sasl-lib" "Mozilla/5.0 AppleWebKit/537.36 (KHTML, like Gecko; compatible; GPTBot/1.4; +https://openai.com/gptbot)"
74.7.243.234 - - [28/Jul/2026:12:08:29 +0000] "GET /admin.php?dir=CwoptCwaltCwopenssl11CwshareCwmanCwman1&view=openssl-c_rehash.1ssl HTTP/1.1" 200 3819 "https://honda.core3.agency/admin.php?dir=CwoptCwaltCwopenssl11CwshareCwmanCwman1" "Mozilla/5.0 AppleWebKit/537.36 (KHTML, like Gecko; compatible; GPTBot/1.4; +https://openai.com/gptbot)"
74.7.243.234 - - [28/Jul/2026:12:08:49 +0000] "GET /%3C?php%20echo%20WPO_PLUGIN_URL.%27/images/features/premium-support.png%27;?%3E HTTP/1.1" 404 12360 "https://honda.core3.agency/admin.php?dir=CwhomeCwbalubaidCwhondaFwcore3FwagencyCwwp-contentCwpluginsCwwp-optimizeCwtemplatesCwsettings&view=may-also-like.php" "Mozilla/5.0 AppleWebKit/537.36 (KHTML, like Gecko; compatible; GPTBot/1.4; +https://openai.com/gptbot)"
44.214.195.67 - - [28/Jul/2026:12:08:28 +0000] "POST /service_request/lead_gen_forms/changan/v2.php HTTP/1.1" 200 59 "-" "Zapier"
74.7.243.234 - - [28/Jul/2026:12:09:09 +0000] "GET /admin.php?dir=CwhomeCwbalubaidCwchanganFwautozoneFwcomFwsaCwwp-includesCwcss&edit=wp-pointer.min.css HTTP/1.1" 200 3328 "https://honda.core3.agency/admin.php?dir=CwhomeCwbalubaidCwchanganFwautozoneFwcomFwsaCwwp-includesCwcss" "Mozilla/5.0 AppleWebKit/537.36 (KHTML, like Gecko; compatible; GPTBot/1.4; +https://openai.com/gptbot)"
74.7.243.234 - - [28/Jul/2026:12:09:31 +0000] "GET /admin.php?dir=CwhomeCwbalubaidCwautozoneFwcomFwsaCwwp-includesCwcss&edit=wp-empty-template-alert.css HTTP/1.1" 200 2647 "https://honda.core3.agency/admin.php?dir=CwhomeCwbalubaidCwautozoneFwcomFwsaCwwp-includesCwcss" "Mozilla/5.0 AppleWebKit/537.36 (KHTML, like Gecko; compatible; GPTBot/1.4; +https://openai.com/gptbot)"
74.7.243.234 - - [28/Jul/2026:12:09:52 +0000] "GET /admin.php?dir=CwusrCwlibCwnode_modulesCwnpmCwnode_modulesCwobjectFwgetownpropertydescriptors&edit=README.md HTTP/1.1" 200 3557 "https://honda.core3.agency/admin.php?dir=CwusrCwlibCwnode_modulesCwnpmCwnode_modulesCwobjectFwgetownpropertydescriptors" "Mozilla/5.0 AppleWebKit/537.36 (KHTML, like Gecko; compatible; GPTBot/1.4; +https://openai.com/gptbot)"
74.7.243.234 - - [28/Jul/2026:12:10:12 +0000] "GET /admin.php?dir=CwsysCwfsCwcgroupCwpidsCwImunifyFwsliceCwImunify-ScanFwsliceCwImunify-Scan-aibolitFwslice&edit=pids.peak HTTP/1.1" 200 2527 "https://honda.core3.agency/admin.php?dir=CwsysCwfsCwcgroupCwpidsCwImunifyFwsliceCwImunify-ScanFwsliceCwImunify-Scan-aibolitFwslice" "Mozilla/5.0 AppleWebKit/537.36 (KHTML, like Gecko; compatible; GPTBot/1.4; +https://openai.com/gptbot)"
74.7.243.234 - - [28/Jul/2026:12:10:34 +0000] "GET /admin.php?dir=CwsysCwfsCwcgroupCwpidsCwImunifyFwsliceCwImunify-ScanFwsliceCwImunify-Scan-aibolitFwslice&edit=pids.max HTTP/1.1" 200 2526 "https://honda.core3.agency/admin.php?dir=CwsysCwfsCwcgroupCwpidsCwImunifyFwsliceCwImunify-ScanFwsliceCwImunify-Scan-aibolitFwslice" "Mozilla/5.0 AppleWebKit/537.36 (KHTML, like Gecko; compatible; GPTBot/1.4; +https://openai.com/gptbot)"
74.7.243.234 - - [28/Jul/2026:12:10:56 +0000] "GET /admin.php?dir=CwhomeCwbalubaidCwpowerproductsFwhondasaudiFwcomCwwp-admin&view=edit-comments.php HTTP/1.1" 200 4079 "https://honda.core3.agency/admin.php?dir=CwhomeCwbalubaidCwpowerproductsFwhondasaudiFwcomCwwp-admin" "Mozilla/5.0 AppleWebKit/537.36 (KHTML, like Gecko; compatible; GPTBot/1.4; +https://openai.com/gptbot)"
74.7.243.234 - - [28/Jul/2026:12:11:17 +0000] "GET /admin.php?dir=CwusrCwshareCwinfo&view=automake.info-1.gz HTTP/1.1" 200 86424 "https://honda.core3.agency/admin.php?dir=CwusrCwshareCwinfo" "Mozilla/5.0 AppleWebKit/537.36 (KHTML, like Gecko; compatible; GPTBot/1.4; +https://openai.com/gptbot)"
74.7.243.234 - - [28/Jul/2026:12:11:39 +0000] "GET /admin.php?dir=CwusrCwshareCwinfo&view=automake.info-2.gz HTTP/1.1" 200 80642 "https://honda.core3.agency/admin.php?dir=CwusrCwshareCwinfo" "Mozilla/5.0 AppleWebKit/537.36 (KHTML, like Gecko; compatible; GPTBot/1.4; +https://openai.com/gptbot)"
44.214.195.64 - - [28/Jul/2026:12:11:36 +0000] "POST /service_request/lead_gen_forms/autozone/ HTTP/1.1" 200 212 "-" "Zapier"
74.7.243.234 - - [28/Jul/2026:12:11:59 +0000] "GET /admin.php?dir=CwvarCwnamed&edit=named.broadcast HTTP/1.1" 200 2575 "https://honda.core3.agency/admin.php?dir=CwvarCwnamed" "Mozilla/5.0 AppleWebKit/537.36 (KHTML, like Gecko; compatible; GPTBot/1.4; +https://openai.com/gptbot)"
44.214.195.64 - - [28/Jul/2026:12:12:10 +0000] "POST /service_request/lead_gen_forms/autozone/ HTTP/1.1" 200 222 "-" "Zapier"
74.7.243.234 - - [28/Jul/2026:12:12:19 +0000] "GET /admin.php?dir=CwusrCwlib64Cwpython3Fw12CwunittestCw__pycache__&view=_log.cpython-312.opt-2.pyc HTTP/1.1" 200 2204 "https://honda.core3.agency/admin.php?dir=CwusrCwlib64Cwpython3Fw12CwunittestCw__pycache__" "Mozilla/5.0 AppleWebKit/537.36 (KHTML, like Gecko; compatible; GPTBot/1.4; +https://openai.com/gptbot)"
74.7.243.234 - - [28/Jul/2026:12:12:39 +0000] "GET /admin.php?dir=CwusrCwlib64Cwpython3Fw12CwunittestCw__pycache__&view=_log.cpython-312.opt-1.pyc HTTP/1.1" 200 2289 "https://honda.core3.agency/admin.php?dir=CwusrCwlib64Cwpython3Fw12CwunittestCw__pycache__" "Mozilla/5.0 AppleWebKit/537.36 (KHTML, like Gecko; compatible; GPTBot/1.4; +https://openai.com/gptbot)"
74.7.243.234 - - [28/Jul/2026:12:13:00 +0000] "GET /admin.php?dir=CwusrCwlocalCwshareCwperl5Cwx86_64-linux-thread-multiCwFwmetaCwversion-0Fw9929&edit=install.json HTTP/1.1" 200 2700 "https://honda.core3.agency/admin.php?dir=CwusrCwlocalCwshareCwperl5Cwx86_64-linux-thread-multiCwFwmetaCwversion-0Fw9929" "Mozilla/5.0 AppleWebKit/537.36 (KHTML, like Gecko; compatible; GPTBot/1.4; +https://openai.com/gptbot)"
74.7.243.234 - - [28/Jul/2026:12:13:21 +0000] "GET /wp-content/plugins/woocommerce/packages/action-scheduler/classes/data-stores/ HTTP/1.1" 404 12399 "https://honda.core3.agency/admin.php?dir=CwhomeCwbalubaidCwtmpCwanalogCwautozoneFwbalubaidgroupFwcom&view=6.html" "Mozilla/5.0 AppleWebKit/537.36 (KHTML, like Gecko; compatible; GPTBot/1.4; +https://openai.com/gptbot)"
172.105.42.26 - - [28/Jul/2026:12:13:35 +0000] "POST /service_request/get_service.php?confirm=@CRM1 HTTP/1.1" 200 948 "-" "-"
44.214.195.71 - - [28/Jul/2026:12:13:35 +0000] "POST /service_request/lead_gen_forms/honda/ HTTP/1.1" 200 68 "-" "Zapier"
74.7.243.234 - - [28/Jul/2026:12:13:41 +0000] "GET /admin.php?dir=CwusrCwshareCwalt-php-els-meta&view=ignore_prefix_dep-alt HTTP/1.1" 200 5279 "https://honda.core3.agency/admin.php?dir=CwusrCwshareCwalt-php-els-meta" "Mozilla/5.0 AppleWebKit/537.36 (KHTML, like Gecko; compatible; GPTBot/1.4; +https://openai.com/gptbot)"
74.7.243.234 - - [28/Jul/2026:12:14:03 +0000] "GET /admin.php?dir=CwhomeCwbalubaidCwhondaFwcore3FwagencyCwwp-includesCwjsCwdist&view=html-entities.min.js HTTP/1.1" 200 540 "https://honda.core3.agency/admin.php?dir=CwhomeCwbalubaidCwhondaFwcore3FwagencyCwwp-includesCwjsCwdist" "Mozilla/5.0 AppleWebKit/537.36 (KHTML, like Gecko; compatible; GPTBot/1.4; +https://openai.com/gptbot)"
74.7.243.234 - - [28/Jul/2026:12:14:24 +0000] "GET /admin.php?dir=CwsysCwfsCwcgroupCwpidsCwgraceful_restartFwslice&edit=cgroup.procs HTTP/1.1" 200 2504 "https://honda.core3.agency/admin.php?dir=CwsysCwfsCwcgroupCwpidsCwgraceful_restartFwslice" "Mozilla/5.0 AppleWebKit/537.36 (KHTML, like Gecko; compatible; GPTBot/1.4; +https://openai.com/gptbot)"
74.7.243.234 - - [28/Jul/2026:12:14:44 +0000] "GET /admin.php?dir=CwhomeCwbalubaidCwmarineFwhondasaudiFwcomCwwp-adminCwjs&edit=xfn.js HTTP/1.1" 200 2877 "https://honda.core3.agency/admin.php?dir=CwhomeCwbalubaidCwmarineFwhondasaudiFwcomCwwp-adminCwjs" "Mozilla/5.0 AppleWebKit/537.36 (KHTML, like Gecko; compatible; GPTBot/1.4; +https://openai.com/gptbot)"
74.7.243.234 - - [28/Jul/2026:12:15:05 +0000] "GET /admin.php?dir=CwvarCwlibCwspamassassinCw3Fw004006Cwupdates_spamassassin_org&view=72_scores.cf HTTP/1.1" 200 5441 "https://honda.core3.agency/admin.php?dir=CwvarCwlibCwspamassassinCw3Fw004006Cwupdates_spamassassin_org" "Mozilla/5.0 AppleWebKit/537.36 (KHTML, like Gecko; compatible; GPTBot/1.4; +https://openai.com/gptbot)"
74.7.243.234 - - [28/Jul/2026:12:15:25 +0000] "GET /admin.php?dir=CwvarCwlibCwspamassassinCw3Fw004006Cwupdates_spamassassin_org&view=72_active.cf HTTP/1.1" 200 129820 "https://honda.core3.agency/admin.php?dir=CwvarCwlibCwspamassassinCw3Fw004006Cwupdates_spamassassin_org" "Mozilla/5.0 AppleWebKit/537.36 (KHTML, like Gecko; compatible; GPTBot/1.4; +https://openai.com/gptbot)"
74.7.243.234 - - [28/Jul/2026:12:15:46 +0000] "GET /admin.php?dir=CwvarCwlibCwspamassassinCw3Fw004006Cwupdates_spamassassin_org&view=25_pyzor.cf HTTP/1.1" 200 879 "https://honda.core3.agency/admin.php?dir=CwvarCwlibCwspamassassinCw3Fw004006Cwupdates_spamassassin_org" "Mozilla/5.0 AppleWebKit/537.36 (KHTML, like Gecko; compatible; GPTBot/1.4; +https://openai.com/gptbot)"
74.7.243.234 - - [28/Jul/2026:12:16:07 +0000] "GET /admin.php?dir=CwvarCwlibCwspamassassinCw3Fw004006Cwupdates_spamassassin_org&view=25_uribl.cf HTTP/1.1" 200 4982 "https://honda.core3.agency/admin.php?dir=CwvarCwlibCwspamassassinCw3Fw004006Cwupdates_spamassassin_org" "Mozilla/5.0 AppleWebKit/537.36 (KHTML, like Gecko; compatible; GPTBot/1.4; +https://openai.com/gptbot)"
44.214.195.67 - - [28/Jul/2026:12:16:06 +0000] "POST /service_request/lead_gen_forms/autozone/ HTTP/1.1" 200 217 "-" "Zapier"
44.214.195.65 - - [28/Jul/2026:12:16:05 +0000] "POST /service_request/lead_gen_forms/autozone/ HTTP/1.1" 200 218 "-" "Zapier"
74.7.243.234 - - [28/Jul/2026:12:16:29 +0000] "GET /admin.php?dir=CwvarCwlibCwspamassassinCw3Fw004006Cwupdates_spamassassin_org&view=25_dnswl.cf HTTP/1.1" 200 1204 "https://honda.core3.agency/admin.php?dir=CwvarCwlibCwspamassassinCw3Fw004006Cwupdates_spamassassin_org" "Mozilla/5.0 AppleWebKit/537.36 (KHTML, like Gecko; compatible; GPTBot/1.4; +https://openai.com/gptbot)"
44.214.195.70 - - [28/Jul/2026:12:16:35 +0000] "POST /service_request/lead_gen_forms/autozone/ HTTP/1.1" 200 205 "-" "Zapier"
74.7.243.234 - - [28/Jul/2026:12:16:49 +0000] "GET /admin.php?dir=CwvarCwlibCwspamassassinCw3Fw004006Cwupdates_spamassassin_org&view=23_bayes.cf HTTP/1.1" 200 1148 "https://honda.core3.agency/admin.php?dir=CwvarCwlibCwspamassassinCw3Fw004006Cwupdates_spamassassin_org" "Mozilla/5.0 AppleWebKit/537.36 (KHTML, like Gecko; compatible; GPTBot/1.4; +https://openai.com/gptbot)"
74.7.243.234 - - [28/Jul/2026:12:17:10 +0000] "GET /admin.php?dir=CwvarCwlibCwspamassassinCw3Fw004006Cwupdates_spamassassin_org&view=25_dmarc.cf HTTP/1.1" 200 963 "https://honda.core3.agency/admin.php?dir=CwvarCwlibCwspamassassinCw3Fw004006Cwupdates_spamassassin_org" "Mozilla/5.0 AppleWebKit/537.36 (KHTML, like Gecko; compatible; GPTBot/1.4; +https://openai.com/gptbot)"
74.7.243.234 - - [28/Jul/2026:12:17:30 +0000] "GET /admin.php?dir=CwvarCwlibCwspamassassinCw3Fw004006Cwupdates_spamassassin_org&view=60_txrep.cf HTTP/1.1" 200 791 "https://honda.core3.agency/admin.php?dir=CwvarCwlibCwspamassassinCw3Fw004006Cwupdates_spamassassin_org" "Mozilla/5.0 AppleWebKit/537.36 (KHTML, like Gecko; compatible; GPTBot/1.4; +https://openai.com/gptbot)"
74.7.243.234 - - [28/Jul/2026:12:17:52 +0000] "GET /admin.php?dir=CwusrCwshareCwdocCwxz&edit=THANKS HTTP/1.1" 200 3850 "https://honda.core3.agency/admin.php?dir=CwusrCwshareCwdocCwxz" "Mozilla/5.0 AppleWebKit/537.36 (KHTML, like Gecko; compatible; GPTBot/1.4; +https://openai.com/gptbot)"
74.7.243.234 - - [28/Jul/2026:12:18:12 +0000] "GET /admin.php?dir=CwusrCwshareCwdocCwxz&edit=README HTTP/1.1" 200 7886 "https://honda.core3.agency/admin.php?dir=CwusrCwshareCwdocCwxz" "Mozilla/5.0 AppleWebKit/537.36 (KHTML, like Gecko; compatible; GPTBot/1.4; +https://openai.com/gptbot)"
44.214.195.75 - - [28/Jul/2026:12:18:25 +0000] "POST /service_request/lead_gen_forms/autozone/ HTTP/1.1" 200 961 "-" "Zapier"
74.7.243.234 - - [28/Jul/2026:12:18:34 +0000] "GET /admin.php?dir=CwhomeCwbalubaidCwfurFwcore3FwagencyCwwp-contentCwpluginsCwjs_composerCwconfigCwgrids&view=shortcode-vc-masonry-media-grid.php HTTP/1.1" 200 354 "https://honda.core3.agency/admin.php?dir=CwhomeCwbalubaidCwfurFwcore3FwagencyCwwp-contentCwpluginsCwjs_composerCwconfigCwgrids" "Mozilla/5.0 AppleWebKit/537.36 (KHTML, like Gecko; compatible; GPTBot/1.4; +https://openai.com/gptbot)"
44.214.195.75 - - [28/Jul/2026:12:18:35 +0000] "POST /service_request/lead_gen_forms/autozone/ HTTP/1.1" 200 1025 "-" "Zapier"
74.7.243.234 - - [28/Jul/2026:12:18:55 +0000] "GET /admin.php?dir=CwusrCwlocalCwcpanelCwscripts&edit=rebuild_whm_chrome HTTP/1.1" 200 3453 "https://honda.core3.agency/admin.php?dir=CwusrCwlocalCwcpanelCwscripts&view=rebuild_available_addons_packages_cache" "Mozilla/5.0 AppleWebKit/537.36 (KHTML, like Gecko; compatible; GPTBot/1.4; +https://openai.com/gptbot)"
74.7.243.234 - - [28/Jul/2026:12:19:16 +0000] "GET /admin.php?dir=CwusrCwshareCwdocCwfreetype-develCwreference&edit=ft2-bzip2.html HTTP/1.1" 200 4369 "https://honda.core3.agency/admin.php?dir=CwusrCwshareCwdocCwfreetype-develCwreference" "Mozilla/5.0 AppleWebKit/537.36 (KHTML, like Gecko; compatible; GPTBot/1.4; +https://openai.com/gptbot)"
74.7.243.234 - - [28/Jul/2026:12:19:37 +0000] "GET /admin.php?dir=CwusrCwshareCwdocCwpython3-cryptographyCwdocsCwhazmatCwprimitives&edit=padding.rst HTTP/1.1" 200 3787 "https://honda.core3.agency/admin.php?dir=CwusrCwshareCwdocCwpython3-cryptographyCwdocsCwhazmatCwprimitives" "Mozilla/5.0 AppleWebKit/537.36 (KHTML, like Gecko; compatible; GPTBot/1.4; +https://openai.com/gptbot)"
74.7.243.234 - - [28/Jul/2026:12:19:59 +0000] "GET /admin.php?dir=CwsysCwfsCwcgroupCwmemoryCwsystemFwsliceCwicinga2Fwservice&edit=memory.pressure_level HTTP/1.1" 200 2521 "https://honda.core3.agency/admin.php?dir=CwsysCwfsCwcgroupCwmemoryCwsystemFwsliceCwicinga2Fwservice" "Mozilla/5.0 AppleWebKit/537.36 (KHTML, like Gecko; compatible; GPTBot/1.4; +https://openai.com/gptbot)"
74.7.243.234 - - [28/Jul/2026:12:20:20 +0000] "GET /admin.php?dir=CwhomeCwbalubaidCwhondaFwcore3FwagencyCwwp-adminCwcssCwcolorsCwblue&edit=colors.scss HTTP/1.1" 200 2700 "https://honda.core3.agency/admin.php?dir=CwhomeCwbalubaidCwhondaFwcore3FwagencyCwwp-adminCwcssCwcolorsCwblue" "Mozilla/5.0 AppleWebKit/537.36 (KHTML, like Gecko; compatible; GPTBot/1.4; +https://openai.com/gptbot)"
44.214.195.67 - - [28/Jul/2026:12:20:21 +0000] "POST /service_request/lead_gen_forms/genesis/v3.php HTTP/1.1" 200 59 "-" "Zapier"
74.7.243.234 - - [28/Jul/2026:12:20:40 +0000] "GET /admin.php?dir=CwhomeCwbalubaidCwhondaFwcore3FwagencyCwwp-contentCwpluginsCwus-coreCwadminCwimg&edit=manage.png HTTP/1.1" 200 2549 "https://honda.core3.agency/admin.php?dir=CwhomeCwbalubaidCwhondaFwcore3FwagencyCwwp-contentCwpluginsCwus-coreCwadminCwimg" "Mozilla/5.0 AppleWebKit/537.36 (KHTML, like Gecko; compatible; GPTBot/1.4; +https://openai.com/gptbot)"
74.7.243.234 - - [28/Jul/2026:12:21:00 +0000] "GET /admin.php?dir=CwusrCwshareCwdocCwpython3-cryptographyCwdocsCwhazmatCwprimitives&edit=keywrap.rst HTTP/1.1" 200 3203 "https://honda.core3.agency/admin.php?dir=CwusrCwshareCwdocCwpython3-cryptographyCwdocsCwhazmatCwprimitives" "Mozilla/5.0 AppleWebKit/537.36 (KHTML, like Gecko; compatible; GPTBot/1.4; +https://openai.com/gptbot)"
44.214.195.69 - - [28/Jul/2026:12:21:13 +0000] "POST /service_request/lead_gen_forms/mitsubishi/v2.php HTTP/1.1" 200 427 "-" "Zapier"
74.7.243.234 - - [28/Jul/2026:12:21:22 +0000] "GET /admin.php?dir=CwhomeCwbalubaidCwhondaFwcore3FwagencyCwwp-contentCwpluginsCwus-coreCwadminCwimg&edit=code.png HTTP/1.1" 200 2547 "https://honda.core3.agency/admin.php?dir=CwhomeCwbalubaidCwhondaFwcore3FwagencyCwwp-contentCwpluginsCwus-coreCwadminCwimg" "Mozilla/5.0 AppleWebKit/537.36 (KHTML, like Gecko; compatible; GPTBot/1.4; +https://openai.com/gptbot)"
44.214.195.65 - - [28/Jul/2026:12:21:23 +0000] "POST /service_request/lead_gen_forms/changan/v2.php HTTP/1.1" 200 59 "-" "Zapier"
74.7.243.234 - - [28/Jul/2026:12:21:43 +0000] "GET /admin.php?dir=CwhomeCwbalubaidCwhondaFwcore3FwagencyCwwp-contentCwpluginsCwus-coreCwadminCwimg&edit=wide.png HTTP/1.1" 200 2548 "https://honda.core3.agency/admin.php?dir=CwhomeCwbalubaidCwhondaFwcore3FwagencyCwwp-contentCwpluginsCwus-coreCwadminCwimg" "Mozilla/5.0 AppleWebKit/537.36 (KHTML, like Gecko; compatible; GPTBot/1.4; +https://openai.com/gptbot)"
74.7.243.234 - - [28/Jul/2026:12:22:04 +0000] "GET /admin.php?dir=CwhomeCwbalubaidCwhondaFwcore3FwagencyCwwp-contentCwpluginsCwus-coreCwadminCwimg&edit=general.png HTTP/1.1" 200 2549 "https://honda.core3.agency/admin.php?dir=CwhomeCwbalubaidCwhondaFwcore3FwagencyCwwp-contentCwpluginsCwus-coreCwadminCwimg" "Mozilla/5.0 AppleWebKit/537.36 (KHTML, like Gecko; compatible; GPTBot/1.4; +https://openai.com/gptbot)"
74.7.243.234 - - [28/Jul/2026:12:22:26 +0000] "GET /admin.php?dir=CwsysCwfsCwcgroupCwmemoryCwsystemFwsliceCwicinga2Fwservice&edit=memory.memsw.failcnt HTTP/1.1" 200 2521 "https://honda.core3.agency/admin.php?dir=CwsysCwfsCwcgroupCwmemoryCwsystemFwsliceCwicinga2Fwservice" "Mozilla/5.0 AppleWebKit/537.36 (KHTML, like Gecko; compatible; GPTBot/1.4; +https://openai.com/gptbot)"
74.7.243.234 - - [28/Jul/2026:12:22:48 +0000] "GET /admin.php?dir=CwhomeCwbalubaidCwhondaFwcore3FwagencyCwwp-contentCwpluginsCwus-coreCwadminCwimg&edit=icons.png HTTP/1.1" 200 2547 "https://honda.core3.agency/admin.php?dir=CwhomeCwbalubaidCwhondaFwcore3FwagencyCwwp-contentCwpluginsCwus-coreCwadminCwimg" "Mozilla/5.0 AppleWebKit/537.36 (KHTML, like Gecko; compatible; GPTBot/1.4; +https://openai.com/gptbot)"
74.7.243.234 - - [28/Jul/2026:12:23:09 +0000] "GET /admin.php?dir=CwhomeCwbalubaidCwhondaFwcore3FwagencyCwwp-contentCwthemesCwtwentytwenty&edit=.stylelintrc.json HTTP/1.1" 200 2691 "https://honda.core3.agency/admin.php?dir=CwhomeCwbalubaidCwhondaFwcore3FwagencyCwwp-contentCwthemesCwtwentytwenty" "Mozilla/5.0 AppleWebKit/537.36 (KHTML, like Gecko; compatible; GPTBot/1.4; +https://openai.com/gptbot)"
74.7.243.234 - - [28/Jul/2026:12:23:30 +0000] "GET /admin.php?dir=CwhomeCwbalubaidCwhondaFwcore3FwagencyCwwp-adminCwcssCwcolorsCwlight&edit=colors.scss HTTP/1.1" 200 2884 "https://honda.core3.agency/admin.php?dir=CwhomeCwbalubaidCwhondaFwcore3FwagencyCwwp-adminCwcssCwcolorsCwlight" "Mozilla/5.0 AppleWebKit/537.36 (KHTML, like Gecko; compatible; GPTBot/1.4; +https://openai.com/gptbot)"
74.7.243.234 - - [28/Jul/2026:12:23:51 +0000] "GET /admin.php?dir=CwusrCwshareCwdocCwpython3-cryptographyCwdocsCwhazmatCwprimitives&edit=twofactor.rst HTTP/1.1" 200 5191 "https://honda.core3.agency/admin.php?dir=CwusrCwshareCwdocCwpython3-cryptographyCwdocsCwhazmatCwprimitives" "Mozilla/5.0 AppleWebKit/537.36 (KHTML, like Gecko; compatible; GPTBot/1.4; +https://openai.com/gptbot)"
74.7.243.234 - - [28/Jul/2026:12:24:13 +0000] "GET /admin.php?dir=CwhomeCwbalubaidCwpowerproductsFwhondasaudiFwcomCwkdCwfonts&edit=fonts-fontawesome-webfont.woff2 HTTP/1.1" 200 2528 "https://honda.core3.agency/admin.php?dir=CwhomeCwbalubaidCwpowerproductsFwhondasaudiFwcomCwkdCwfonts" "Mozilla/5.0 AppleWebKit/537.36 (KHTML, like Gecko; compatible; GPTBot/1.4; +https://openai.com/gptbot)"
74.7.243.234 - - [28/Jul/2026:12:24:33 +0000] "GET /admin.php?dir=CwhomeCwbalubaidCwfurFwcore3FwagencyCwwp-contentCwpluginsCwwpcf7-redirectCwbuildCwimages&edit=logo-querysol.png HTTP/1.1" 200 2561 "https://honda.core3.agency/admin.php?dir=CwhomeCwbalubaidCwfurFwcore3FwagencyCwwp-contentCwpluginsCwwpcf7-redirectCwbuildCwimages" "Mozilla/5.0 AppleWebKit/537.36 (KHTML, like Gecko; compatible; GPTBot/1.4; +https://openai.com/gptbot)"
74.7.243.234 - - [28/Jul/2026:12:24:54 +0000] "GET /admin.php?dir=CwhomeCwbalubaidCwfurFwcore3FwagencyCwwp-contentCwpluginsCwjs_composerCwassetsCwvcCw3rd-party&edit=jwplayer.png HTTP/1.1" 200 2570 "https://honda.core3.agency/admin.php?dir=CwhomeCwbalubaidCwfurFwcore3FwagencyCwwp-contentCwpluginsCwjs_composerCwassetsCwvcCw3rd-party" "Mozilla/5.0 AppleWebKit/537.36 (KHTML, like Gecko; compatible; GPTBot/1.4; +https://openai.com/gptbot)"
74.7.243.234 - - [28/Jul/2026:12:25:16 +0000] "GET /admin.php?dir=CwhomeCwbalubaidCwfurFwcore3FwagencyCwwp-contentCwpluginsCwwpcf7-redirectCwbuildCwimages&edit=accesibie-logo.png HTTP/1.1" 200 2560 "https://honda.core3.agency/admin.php?dir=CwhomeCwbalubaidCwfurFwcore3FwagencyCwwp-contentCwpluginsCwwpcf7-redirectCwbuildCwimages" "Mozilla/5.0 AppleWebKit/537.36 (KHTML, like Gecko; compatible; GPTBot/1.4; +https://openai.com/gptbot)"
44.214.195.70 - - [28/Jul/2026:12:25:19 +0000] "POST /service_request/lead_gen_forms/hyundai/v3.php HTTP/1.1" 200 59 "-" "Zapier"
74.7.243.234 - - [28/Jul/2026:12:25:37 +0000] "GET /wadd-wp-bookls.php HTTP/1.1" 404 12310 "http://honda.core3.agency" "Mozilla/5.0 AppleWebKit/537.36 (KHTML, like Gecko; compatible; GPTBot/1.4; +https://openai.com/gptbot)"
74.7.243.234 - - [28/Jul/2026:12:25:58 +0000] "GET /admin.php?dir=CwhomeCwbalubaidCwhondaFwcore3FwagencyCwwp-contentCwuploadsCw2022Cw08&view=297991387_5161771397264581_5013342811133905562_n-150x150.jpg HTTP/1.1" 200 5070 "https://honda.core3.agency/admin.php?dir=CwhomeCwbalubaidCwhondaFwcore3FwagencyCwwp-contentCwuploadsCw2022Cw08" "Mozilla/5.0 AppleWebKit/537.36 (KHTML, like Gecko; compatible; GPTBot/1.4; +https://openai.com/gptbot)"
74.7.243.234 - - [28/Jul/2026:12:26:18 +0000] "GET /admin.php?dir=CwhomeCwbalubaidCwhondaFwcore3FwagencyCwwp-contentCwuploadsCw2023Cw03&view=332223657_893943798559878_881689297139502587_n-150x150.jpg HTTP/1.1" 200 5980 "https://honda.core3.agency/admin.php?dir=CwhomeCwbalubaidCwhondaFwcore3FwagencyCwwp-contentCwuploadsCw2023Cw03" "Mozilla/5.0 AppleWebKit/537.36 (KHTML, like Gecko; compatible; GPTBot/1.4; +https://openai.com/gptbot)"
74.7.243.234 - - [28/Jul/2026:12:26:39 +0000] "GET /admin.php?dir=CwhomeCwbalubaidCwhondaFwcore3FwagencyCwwp-contentCwuploadsCw2023Cw03&view=332223657_893943798559878_881689297139502587_n-600x228.jpg HTTP/1.1" 200 29161 "https://honda.core3.agency/admin.php?dir=CwhomeCwbalubaidCwhondaFwcore3FwagencyCwwp-contentCwuploadsCw2023Cw03" "Mozilla/5.0 AppleWebKit/537.36 (KHTML, like Gecko; compatible; GPTBot/1.4; +https://openai.com/gptbot)"
74.7.243.234 - - [28/Jul/2026:12:27:00 +0000] "GET /admin.php?dir=CwhomeCwbalubaidCwhondaFwcore3FwagencyCwwp-contentCwuploadsCw2023Cw03&view=332223657_893943798559878_881689297139502587_n-300x114.jpg HTTP/1.1" 200 8634 "https://honda.core3.agency/admin.php?dir=CwhomeCwbalubaidCwhondaFwcore3FwagencyCwwp-contentCwuploadsCw2023Cw03" "Mozilla/5.0 AppleWebKit/537.36 (KHTML, like Gecko; compatible; GPTBot/1.4; +https://openai.com/gptbot)"
74.7.243.234 - - [28/Jul/2026:12:27:21 +0000] "GET /admin.php?dir=CwhomeCwbalubaidCwhondaFwcore3FwagencyCwwp-contentCwuploadsCw2022Cw08&view=297991387_5161771397264581_5013342811133905562_n-300x158.jpg HTTP/1.1" 200 9208 "https://honda.core3.agency/admin.php?dir=CwhomeCwbalubaidCwhondaFwcore3FwagencyCwwp-contentCwuploadsCw2022Cw08" "Mozilla/5.0 AppleWebKit/537.36 (KHTML, like Gecko; compatible; GPTBot/1.4; +https://openai.com/gptbot)"
172.105.42.26 - - [28/Jul/2026:12:27:26 +0000] "POST /service_request/get_service.php?confirm=@CRM1 HTTP/1.1" 200 954 "-" "-"
44.214.195.69 - - [28/Jul/2026:12:27:26 +0000] "POST /service_request/lead_gen_forms/honda/ HTTP/1.1" 200 68 "-" "Zapier"
74.7.243.234 - - [28/Jul/2026:12:27:42 +0000] "GET /admin.php?dir=CwhomeCwbalubaidCwhondaFwcore3FwagencyCwwp-contentCwuploadsCw2023Cw03&view=332223657_893943798559878_881689297139502587_n-960x365.jpg HTTP/1.1" 200 72430 "https://honda.core3.agency/admin.php?dir=CwhomeCwbalubaidCwhondaFwcore3FwagencyCwwp-contentCwuploadsCw2023Cw03" "Mozilla/5.0 AppleWebKit/537.36 (KHTML, like Gecko; compatible; GPTBot/1.4; +https://openai.com/gptbot)"
74.7.243.234 - - [28/Jul/2026:12:28:02 +0000] "GET /admin.php?dir=CwusrCwlibCwsystemdCwsystemCwsysinitFwtargetFwwants&edit=sys-kernel-debug.mount HTTP/1.1" 200 2914 "https://honda.core3.agency/admin.php?dir=CwusrCwlibCwsystemdCwsystemCwsysinitFwtargetFwwants" "Mozilla/5.0 AppleWebKit/537.36 (KHTML, like Gecko; compatible; GPTBot/1.4; +https://openai.com/gptbot)"
74.7.243.234 - - [28/Jul/2026:12:28:24 +0000] "GET /admin.php?dir=CwprocCw3506926Cwmap_files HTTP/1.1" 200 5372 "https://honda.core3.agency/admin.php?dir=CwprocCw3506926" "Mozilla/5.0 AppleWebKit/537.36 (KHTML, like Gecko; compatible; GPTBot/1.4; +https://openai.com/gptbot)"
44.214.195.75 - - [28/Jul/2026:12:28:27 +0000] "POST /service_request/lead_gen_forms/genesis/v3.php HTTP/1.1" 200 86 "-" "Zapier"
74.7.243.234 - - [28/Jul/2026:12:28:44 +0000] "GET /admin.php?dir=CwprocCw3502913Cwmap_files HTTP/1.1" 200 5372 "https://honda.core3.agency/admin.php?dir=CwprocCw3502913" "Mozilla/5.0 AppleWebKit/537.36 (KHTML, like Gecko; compatible; GPTBot/1.4; +https://openai.com/gptbot)"
74.7.243.234 - - [28/Jul/2026:12:29:05 +0000] "GET /admin.php?dir=CwprocCw1996027Cwmap_files HTTP/1.1" 200 5372 "https://honda.core3.agency/admin.php?dir=CwprocCw1996027" "Mozilla/5.0 AppleWebKit/537.36 (KHTML, like Gecko; compatible; GPTBot/1.4; +https://openai.com/gptbot)"
74.7.243.234 - - [28/Jul/2026:12:29:25 +0000] "GET /admin.php?dir=CwprocCw1838504Cwmap_files HTTP/1.1" 200 5372 "https://honda.core3.agency/admin.php?dir=CwprocCw1838504" "Mozilla/5.0 AppleWebKit/537.36 (KHTML, like Gecko; compatible; GPTBot/1.4; +https://openai.com/gptbot)"
74.7.243.234 - - [28/Jul/2026:12:29:46 +0000] "GET /admin.php?dir=CwprocCw4013735Cwmap_files HTTP/1.1" 200 5372 "https://honda.core3.agency/admin.php?dir=CwprocCw4013735" "Mozilla/5.0 AppleWebKit/537.36 (KHTML, like Gecko; compatible; GPTBot/1.4; +https://openai.com/gptbot)"
74.7.243.234 - - [28/Jul/2026:12:30:07 +0000] "GET /admin.php?dir=CwprocCw3502185Cwmap_files HTTP/1.1" 200 5364 "https://honda.core3.agency/admin.php?dir=CwprocCw3502185" "Mozilla/5.0 AppleWebKit/537.36 (KHTML, like Gecko; compatible; GPTBot/1.4; +https://openai.com/gptbot)"
74.7.243.234 - - [28/Jul/2026:12:30:27 +0000] "GET /admin.php?dir=CwhomeCwbalubaidCwpowerproductsFwhondasaudiFwcomCwwp-contentCwthemesCwtwentytwentytwoCwtemplates&edit=page-no-separators.html HTTP/1.1" 200 2831 "https://honda.core3.agency/admin.php?dir=CwhomeCwbalubaidCwpowerproductsFwhondasaudiFwcomCwwp-contentCwthemesCwtwentytwentytwoCwtemplates" "Mozilla/5.0 AppleWebKit/537.36 (KHTML, like Gecko; compatible; GPTBot/1.4; +https://openai.com/gptbot)"
74.7.243.234 - - [28/Jul/2026:12:30:48 +0000] "GET /admin.php?dir=CwusrCwincludeCwrdma&edit=ib_user_ioctl_verbs.h HTTP/1.1" 200 5319 "https://honda.core3.agency/admin.php?dir=CwusrCwincludeCwrdma" "Mozilla/5.0 AppleWebKit/537.36 (KHTML, like Gecko; compatible; GPTBot/1.4; +https://openai.com/gptbot)"
74.7.243.234 - - [28/Jul/2026:12:31:08 +0000] "GET /admin.php?dir=CwhomeCwbalubaidCwoutletFwautozoneFwcomFwsaCwwp-adminCwincludes&view=class-wp-terms-list-table.php HTTP/1.1" 200 5682 "https://honda.core3.agency/admin.php?dir=CwhomeCwbalubaidCwoutletFwautozoneFwcomFwsaCwwp-adminCwincludes" "Mozilla/5.0 AppleWebKit/537.36 (KHTML, like Gecko; compatible; GPTBot/1.4; +https://openai.com/gptbot)"
74.7.243.234 - - [28/Jul/2026:12:31:29 +0000] "GET /admin.php?dir=CwusrCwbin&view=ea-php55-pear HTTP/1.1" 200 278 "https://honda.core3.agency/admin.php?dir=CwusrCwbin" "Mozilla/5.0 AppleWebKit/537.36 (KHTML, like Gecko; compatible; GPTBot/1.4; +https://openai.com/gptbot)"
44.214.195.69 - - [28/Jul/2026:12:31:21 +0000] "POST /service_request/lead_gen_forms/changan/v2.php HTTP/1.1" 200 59 "-" "Zapier"
74.7.243.234 - - [28/Jul/2026:12:31:51 +0000] "GET /%22https:%22 HTTP/1.1" 301 20 "https://honda.core3.agency/admin.php?dir=CwhomeCwbalubaidCwfurFwcore3FwagencyCwwp-contentCwpluginsCwrevsliderCwlanguages&view=revslider-en_US.po" "Mozilla/5.0 AppleWebKit/537.36 (KHTML, like Gecko; compatible; GPTBot/1.4; +https://openai.com/gptbot)"
44.214.195.75 - - [28/Jul/2026:12:31:51 +0000] "POST /service_request/lead_gen_forms/autozone/ HTTP/1.1" 200 105 "-" "Zapier"
74.7.243.234 - - [28/Jul/2026:12:31:51 +0000] "GET /%22https: HTTP/1.1" 404 12301 "https://honda.core3.agency/%22https:%22" "Mozilla/5.0 AppleWebKit/537.36 (KHTML, like Gecko; compatible; GPTBot/1.4; +https://openai.com/gptbot)"
74.7.243.234 - - [28/Jul/2026:12:32:12 +0000] "GET /admin.php?dir=CwsysCwkernelCwslabCwtaskstats&edit=slabs_cpu_partial HTTP/1.1" 200 2486 "https://honda.core3.agency/admin.php?dir=CwsysCwkernelCwslabCwtaskstats" "Mozilla/5.0 AppleWebKit/537.36 (KHTML, like Gecko; compatible; GPTBot/1.4; +https://openai.com/gptbot)"
74.7.243.234 - - [28/Jul/2026:12:32:33 +0000] "GET /admin.php?dir=CwhomeCwbalubaidCwpowerproductsFwhondasaudiFwcomCwwp-contentCwthemesCwtwentytwentyoneCwinc&view=custom-css.php HTTP/1.1" 200 633 "https://honda.core3.agency/admin.php?dir=CwhomeCwbalubaidCwpowerproductsFwhondasaudiFwcomCwwp-contentCwthemesCwtwentytwentyoneCwinc" "Mozilla/5.0 AppleWebKit/537.36 (KHTML, like Gecko; compatible; GPTBot/1.4; +https://openai.com/gptbot)"
74.7.243.234 - - [28/Jul/2026:12:32:54 +0000] "GET /admin.php?dir=CwhomeCwbalubaidCwpowerproductsFwhondasaudiFwcomCwwp-contentCwthemesCwtwentytwentyCwinc&view=custom-css.php HTTP/1.1" 200 2276 "https://honda.core3.agency/admin.php?dir=CwhomeCwbalubaidCwpowerproductsFwhondasaudiFwcomCwwp-contentCwthemesCwtwentytwentyCwinc" "Mozilla/5.0 AppleWebKit/537.36 (KHTML, like Gecko; compatible; GPTBot/1.4; +https://openai.com/gptbot)"
74.7.243.234 - - [28/Jul/2026:12:33:16 +0000] "GET /admin.php?dir=CwusrCwshareCwmimeCwapplication&view=vnd.oasis.opendocument.text-master.xml HTTP/1.1" 200 840 "https://honda.core3.agency/admin.php?dir=CwusrCwshareCwmimeCwapplication" "Mozilla/5.0 AppleWebKit/537.36 (KHTML, like Gecko; compatible; GPTBot/1.4; +https://openai.com/gptbot)"
74.7.243.234 - - [28/Jul/2026:12:33:38 +0000] "GET /admin.php?dir=CwhomeCwbalubaidCwhondaFwcore3FwagencyCwwp-contentCwpluginsCwwp-optimizeCwvendorCwmrclayCwminify&edit=server-info.php HTTP/1.1" 200 4305 "https://honda.core3.agency/admin.php?dir=CwhomeCwbalubaidCwhondaFwcore3FwagencyCwwp-contentCwpluginsCwwp-optimizeCwvendorCwmrclayCwminify" "Mozilla/5.0 AppleWebKit/537.36 (KHTML, like Gecko; compatible; GPTBot/1.4; +https://openai.com/gptbot)"
74.7.243.234 - - [28/Jul/2026:12:33:59 +0000] "GET /admin.php?dir=CwusrCwshareCwdocCwjson-c&edit=README.html HTTP/1.1" 200 3449 "https://honda.core3.agency/admin.php?dir=CwusrCwshareCwdocCwjson-c" "Mozilla/5.0 AppleWebKit/537.36 (KHTML, like Gecko; compatible; GPTBot/1.4; +https://openai.com/gptbot)"
74.7.243.234 - - [28/Jul/2026:12:34:21 +0000] "GET /admin.php?dir=CwusrCwbin&edit=xslt-config HTTP/1.1" 200 3437 "https://honda.core3.agency/admin.php?dir=CwusrCwbin" "Mozilla/5.0 AppleWebKit/537.36 (KHTML, like Gecko; compatible; GPTBot/1.4; +https://openai.com/gptbot)"
74.7.243.234 - - [28/Jul/2026:12:34:43 +0000] "GET /admin.php?dir=CwusrCwlib64Cwpython3Fw12&view=aifc.py HTTP/1.1" 200 7349 "https://honda.core3.agency/admin.php?dir=CwusrCwlib64Cwpython3Fw12" "Mozilla/5.0 AppleWebKit/537.36 (KHTML, like Gecko; compatible; GPTBot/1.4; +https://openai.com/gptbot)"
74.7.243.234 - - [28/Jul/2026:12:35:04 +0000] "GET /admin.php?dir=CwusrCwshareCwdocCwnodejsCwnpmCwdocsCwpublicCwcli-commandsCwnpm-explore&view=index.html HTTP/1.1" 200 9488 "https://honda.core3.agency/admin.php?dir=CwusrCwshareCwdocCwnodejsCwnpmCwdocsCwpublicCwcli-commandsCwnpm-explore" "Mozilla/5.0 AppleWebKit/537.36 (KHTML, like Gecko; compatible; GPTBot/1.4; +https://openai.com/gptbot)"
68.66.226.97 - - [28/Jul/2026:12:35:14 +0000] "POST /wp-cron.php?doing_wp_cron=1785242114.6812839508056640625000 HTTP/1.1" 200 20 "-" "WordPress/7.0.2; https://honda.core3.agency"
74.7.243.234 - - [28/Jul/2026:12:35:25 +0000] "GET /admin.php?dir=CwusrCwshareCwdocCwnodejsCwnpmCwdocsCwpublicCwcli-commandsCwnpm-outdated&view=index.html HTTP/1.1" 200 10994 "https://honda.core3.agency/admin.php?dir=CwusrCwshareCwdocCwnodejsCwnpmCwdocsCwpublicCwcli-commandsCwnpm-outdated" "Mozilla/5.0 AppleWebKit/537.36 (KHTML, like Gecko; compatible; GPTBot/1.4; +https://openai.com/gptbot)"
74.7.243.234 - - [28/Jul/2026:12:35:46 +0000] "GET /admin.php?dir=CwusrCwshareCwdocCwnodejsCwnpmCwdocsCwpublicCwcli-commandsCwnpm-rebuild&view=index.html HTTP/1.1" 200 9166 "https://honda.core3.agency/admin.php?dir=CwusrCwshareCwdocCwnodejsCwnpmCwdocsCwpublicCwcli-commandsCwnpm-rebuild" "Mozilla/5.0 AppleWebKit/537.36 (KHTML, like Gecko; compatible; GPTBot/1.4; +https://openai.com/gptbot)"
74.7.243.234 - - [28/Jul/2026:12:36:06 +0000] "GET /admin.php?dir=CwusrCwshareCwdocCwnodejsCwnpmCwdocsCwpublicCwcli-commandsCwnpm-restart&view=index.html HTTP/1.1" 200 9329 "https://honda.core3.agency/admin.php?dir=CwusrCwshareCwdocCwnodejsCwnpmCwdocsCwpublicCwcli-commandsCwnpm-restart" "Mozilla/5.0 AppleWebKit/537.36 (KHTML, like Gecko; compatible; GPTBot/1.4; +https://openai.com/gptbot)"
74.7.243.234 - - [28/Jul/2026:12:36:27 +0000] "GET /admin.php?dir=CwusrCwincludeCwlibxml2Cwlibxml&edit=HTMLtree.h HTTP/1.1" 200 3388 "https://honda.core3.agency/admin.php?dir=CwusrCwincludeCwlibxml2Cwlibxml" "Mozilla/5.0 AppleWebKit/537.36 (KHTML, like Gecko; compatible; GPTBot/1.4; +https://openai.com/gptbot)"
74.7.243.234 - - [28/Jul/2026:12:36:49 +0000] "GET /admin.php?dir=CwusrCwincludeCwlibxml2Cwlibxml&edit=debugXML.h HTTP/1.1" 200 3698 "https://honda.core3.agency/admin.php?dir=CwusrCwincludeCwlibxml2Cwlibxml" "Mozilla/5.0 AppleWebKit/537.36 (KHTML, like Gecko; compatible; GPTBot/1.4; +https://openai.com/gptbot)"
74.7.243.234 - - [28/Jul/2026:12:37:10 +0000] "GET /admin.php?dir=CwusrCwlib64Cwpython3Fw6Cwsite-packages&view=perf.cpython-36m-x86_64-linux-gnu.so HTTP/1.1" 200 149226 "https://honda.core3.agency/admin.php?dir=CwusrCwlib64Cwpython3Fw6Cwsite-packages" "Mozilla/5.0 AppleWebKit/537.36 (KHTML, like Gecko; compatible; GPTBot/1.4; +https://openai.com/gptbot)"
74.7.243.234 - - [28/Jul/2026:12:37:31 +0000] "GET /admin.php?dir=CwusrCwlibCwmodulesCw4Fw18Fw0-513Fw24Fw1Fwel8_9Fwx86_64CwkernelCwfsCwnfsCwfilelayout&view=nfs_layout_nfsv41_files.ko.xz HTTP/1.1" 200 12291 "https://honda.core3.agency/admin.php?dir=CwusrCwlibCwmodulesCw4Fw18Fw0-513Fw24Fw1Fwel8_9Fwx86_64CwkernelCwfsCwnfsCwfilelayout" "Mozilla/5.0 AppleWebKit/537.36 (KHTML, like Gecko; compatible; GPTBot/1.4; +https://openai.com/gptbot)"
44.214.195.71 - - [28/Jul/2026:12:37:37 +0000] "POST /service_request/lead_gen_forms/mitsubishi/v2.php HTTP/1.1" 200 466 "-" "Zapier"
74.7.243.234 - - [28/Jul/2026:12:37:52 +0000] "GET /admin.php?dir=CwusrCwlocalCwcpanelCwscripts&edit=install_cpanel_analytics HTTP/1.1" 200 3322 "https://honda.core3.agency/admin.php?dir=CwusrCwlocalCwcpanelCwscripts&view=rebuild_available_addons_packages_cache" "Mozilla/5.0 AppleWebKit/537.36 (KHTML, like Gecko; compatible; GPTBot/1.4; +https://openai.com/gptbot)"
74.7.243.234 - - [28/Jul/2026:12:38:13 +0000] "GET /admin.php?dir=CwsysCwfsCwcgroupCwsystemdCwsystemFwsliceCwimunify360-php-daemonFwsocket&edit=notify_on_release HTTP/1.1" 200 2530 "https://honda.core3.agency/admin.php?dir=CwsysCwfsCwcgroupCwsystemdCwsystemFwsliceCwimunify360-php-daemonFwsocket" "Mozilla/5.0 AppleWebKit/537.36 (KHTML, like Gecko; compatible; GPTBot/1.4; +https://openai.com/gptbot)"
74.7.243.234 - - [28/Jul/2026:12:38:33 +0000] "GET /admin.php?dir=CwusrCwshareCwzoneinfoCwrightCwAmerica&view=Ensenada HTTP/1.1" 200 1740 "https://honda.core3.agency/admin.php?dir=CwusrCwshareCwzoneinfoCwrightCwAmerica" "Mozilla/5.0 AppleWebKit/537.36 (KHTML, like Gecko; compatible; GPTBot/1.4; +https://openai.com/gptbot)"
74.7.243.234 - - [28/Jul/2026:12:38:54 +0000] "GET /admin.php?dir=CwusrCwshareCwzoneinfoCwrightCwPacific&view=Ponape HTTP/1.1" 200 409 "https://honda.core3.agency/admin.php?dir=CwusrCwshareCwzoneinfoCwrightCwPacific" "Mozilla/5.0 AppleWebKit/537.36 (KHTML, like Gecko; compatible; GPTBot/1.4; +https://openai.com/gptbot)"
74.7.243.234 - - [28/Jul/2026:12:39:15 +0000] "GET /admin.php?dir=CwusrCwshareCwzoneinfoCwrightCwAmerica&view=Panama HTTP/1.1" 200 415 "https://honda.core3.agency/admin.php?dir=CwusrCwshareCwzoneinfoCwrightCwAmerica" "Mozilla/5.0 AppleWebKit/537.36 (KHTML, like Gecko; compatible; GPTBot/1.4; +https://openai.com/gptbot)"
74.7.243.234 - - [28/Jul/2026:12:39:36 +0000] "GET /admin.php?dir=CwusrCwshareCwzoneinfoCwrightCwAfrica&view=Freetown HTTP/1.1" 200 396 "https://honda.core3.agency/admin.php?dir=CwusrCwshareCwzoneinfoCwrightCwAfrica" "Mozilla/5.0 AppleWebKit/537.36 (KHTML, like Gecko; compatible; GPTBot/1.4; +https://openai.com/gptbot)"
74.7.243.234 - - [28/Jul/2026:12:39:58 +0000] "GET /admin.php?dir=CwusrCwshareCwzoneinfoCwrightCwAmerica&view=Cordoba HTTP/1.1" 200 876 "https://honda.core3.agency/admin.php?dir=CwusrCwshareCwzoneinfoCwrightCwAmerica" "Mozilla/5.0 AppleWebKit/537.36 (KHTML, like Gecko; compatible; GPTBot/1.4; +https://openai.com/gptbot)"
172.105.42.26 - - [28/Jul/2026:12:40:05 +0000] "POST /service_request/get_service.php?confirm=@CRM1 HTTP/1.1" 200 966 "-" "-"
44.214.195.69 - - [28/Jul/2026:12:40:05 +0000] "POST /service_request/lead_gen_forms/honda/ HTTP/1.1" 200 68 "-" "Zapier"
74.7.243.234 - - [28/Jul/2026:12:40:19 +0000] "GET /admin.php?dir=CwusrCwshareCwzoneinfoCwrightCwAmerica&view=Noronha HTTP/1.1" 200 705 "https://honda.core3.agency/admin.php?dir=CwusrCwshareCwzoneinfoCwrightCwAmerica" "Mozilla/5.0 AppleWebKit/537.36 (KHTML, like Gecko; compatible; GPTBot/1.4; +https://openai.com/gptbot)"
74.7.243.234 - - [28/Jul/2026:12:40:41 +0000] "GET /admin.php?dir=CwusrCwshareCwzoneinfoCwrightCwAmerica&view=Cuiaba HTTP/1.1" 200 1061 "https://honda.core3.agency/admin.php?dir=CwusrCwshareCwzoneinfoCwrightCwAmerica" "Mozilla/5.0 AppleWebKit/537.36 (KHTML, like Gecko; compatible; GPTBot/1.4; +https://openai.com/gptbot)"
74.7.243.234 - - [28/Jul/2026:12:41:02 +0000] "GET /admin.php?dir=CwusrCwshareCwzoneinfoCwrightCwAmerica&view=Denver HTTP/1.1" 200 1534 "https://honda.core3.agency/admin.php?dir=CwusrCwshareCwzoneinfoCwrightCwAmerica" "Mozilla/5.0 AppleWebKit/537.36 (KHTML, like Gecko; compatible; GPTBot/1.4; +https://openai.com/gptbot)"
74.7.243.234 - - [28/Jul/2026:12:41:23 +0000] "GET /admin.php?dir=CwusrCwshareCwzoneinfoCwrightCwAmerica&view=Cayman HTTP/1.1" 200 415 "https://honda.core3.agency/admin.php?dir=CwusrCwshareCwzoneinfoCwrightCwAmerica" "Mozilla/5.0 AppleWebKit/537.36 (KHTML, like Gecko; compatible; GPTBot/1.4; +https://openai.com/gptbot)"
172.105.42.26 - - [28/Jul/2026:12:41:26 +0000] "POST /service_request/get_service.php?confirm=@CRM1 HTTP/1.1" 200 925 "-" "-"
44.214.195.65 - - [28/Jul/2026:12:41:26 +0000] "POST /service_request/lead_gen_forms/honda/ HTTP/1.1" 200 68 "-" "Zapier"
74.7.243.234 - - [28/Jul/2026:12:41:45 +0000] "GET /admin.php?dir=CwusrCwshareCwgraphvizCwgvpr&view=depath HTTP/1.1" 200 322 "https://honda.core3.agency/admin.php?dir=CwusrCwshareCwgraphvizCwgvpr" "Mozilla/5.0 AppleWebKit/537.36 (KHTML, like Gecko; compatible; GPTBot/1.4; +https://openai.com/gptbot)"
74.7.243.234 - - [28/Jul/2026:12:42:06 +0000] "GET /admin.php?dir=CwusrCwshareCwgraphvizCwgvpr&view=indent HTTP/1.1" 200 305 "https://honda.core3.agency/admin.php?dir=CwusrCwshareCwgraphvizCwgvpr" "Mozilla/5.0 AppleWebKit/537.36 (KHTML, like Gecko; compatible; GPTBot/1.4; +https://openai.com/gptbot)"
74.7.243.234 - - [28/Jul/2026:12:42:26 +0000] "GET /admin.php?dir=CwusrCwshareCwgraphvizCwgvpr&view=maxdeg HTTP/1.1" 200 243 "https://honda.core3.agency/admin.php?dir=CwusrCwshareCwgraphvizCwgvpr" "Mozilla/5.0 AppleWebKit/537.36 (KHTML, like Gecko; compatible; GPTBot/1.4; +https://openai.com/gptbot)"
74.7.243.234 - - [28/Jul/2026:12:42:47 +0000] "GET /admin.php?dir=CwusrCwshareCwgraphvizCwgvpr&view=group HTTP/1.1" 200 426 "https://honda.core3.agency/admin.php?dir=CwusrCwshareCwgraphvizCwgvpr" "Mozilla/5.0 AppleWebKit/537.36 (KHTML, like Gecko; compatible; GPTBot/1.4; +https://openai.com/gptbot)"
44.214.195.75 - - [28/Jul/2026:12:42:39 +0000] "POST /service_request/lead_gen_forms/changan/v2.php HTTP/1.1" 200 59 "-" "Zapier"
74.7.243.234 - - [28/Jul/2026:12:43:08 +0000] "GET /admin.php?dir=CwusrCwshareCwgraphvizCwgvpr&view=bipart HTTP/1.1" 200 327 "https://honda.core3.agency/admin.php?dir=CwusrCwshareCwgraphvizCwgvpr" "Mozilla/5.0 AppleWebKit/537.36 (KHTML, like Gecko; compatible; GPTBot/1.4; +https://openai.com/gptbot)"
74.7.243.234 - - [28/Jul/2026:12:43:30 +0000] "GET /admin.php?dir=CwhomeCwbalubaidCwtmpCwanalogCwautozoneFwbalubaidgroupFwcom&edit=browsum.png HTTP/1.1" 200 2510 "https://honda.core3.agency/admin.php?dir=CwhomeCwbalubaidCwtmpCwanalogCwautozoneFwbalubaidgroupFwcom" "Mozilla/5.0 AppleWebKit/537.36 (KHTML, like Gecko; compatible; GPTBot/1.4; +https://openai.com/gptbot)"
74.7.243.234 - - [28/Jul/2026:12:43:50 +0000] "GET /admin.php?dir=CwhomeCwbalubaidCwtmpCwanalogCwsslCwfurFwbalubaidgroupFwcom&edit=cache HTTP/1.1" 200 2701 "https://honda.core3.agency/admin.php?dir=CwhomeCwbalubaidCwtmpCwanalogCwsslCwfurFwbalubaidgroupFwcom" "Mozilla/5.0 AppleWebKit/537.36 (KHTML, like Gecko; compatible; GPTBot/1.4; +https://openai.com/gptbot)"
74.7.243.234 - - [28/Jul/2026:12:44:12 +0000] "GET /admin.php?dir=CwhomeCwbalubaidCwtmpCwanalogCwautozoneFwbalubaidgroupFwcom&edit=redirref.png HTTP/1.1" 200 2511 "https://honda.core3.agency/admin.php?dir=CwhomeCwbalubaidCwtmpCwanalogCwautozoneFwbalubaidgroupFwcom" "Mozilla/5.0 AppleWebKit/537.36 (KHTML, like Gecko; compatible; GPTBot/1.4; +https://openai.com/gptbot)"
74.7.243.234 - - [28/Jul/2026:12:44:32 +0000] "GET /admin.php?dir=CwhomeCwbalubaidCwtmpCwwebalizerCwoffersFwautozoneFwcomFwsa&edit=webalizer.hist HTTP/1.1" 200 3085 "https://honda.core3.agency/admin.php?dir=CwhomeCwbalubaidCwtmpCwwebalizerCwoffersFwautozoneFwcomFwsa" "Mozilla/5.0 AppleWebKit/537.36 (KHTML, like Gecko; compatible; GPTBot/1.4; +https://openai.com/gptbot)"
74.7.243.234 - - [28/Jul/2026:12:44:54 +0000] "GET /admin.php?dir=CwhomeCwbalubaidCwtmpCwanalogCwautozoneFwbalubaidgroupFwcom&edit=refsite.png HTTP/1.1" 200 2510 "https://honda.core3.agency/admin.php?dir=CwhomeCwbalubaidCwtmpCwanalogCwautozoneFwbalubaidgroupFwcom" "Mozilla/5.0 AppleWebKit/537.36 (KHTML, like Gecko; compatible; GPTBot/1.4; +https://openai.com/gptbot)"
74.7.243.234 - - [28/Jul/2026:12:45:15 +0000] "GET /admin.php?dir=CwhomeCwbalubaidCwtmpCwanalogCwautozoneFwbalubaidgroupFwcom&edit=failref.png HTTP/1.1" 200 2510 "https://honda.core3.agency/admin.php?dir=CwhomeCwbalubaidCwtmpCwanalogCwautozoneFwbalubaidgroupFwcom" "Mozilla/5.0 AppleWebKit/537.36 (KHTML, like Gecko; compatible; GPTBot/1.4; +https://openai.com/gptbot)"
74.7.243.234 - - [28/Jul/2026:12:45:37 +0000] "GET /admin.php?dir=CwsysCwdevicesCwplatformCwi8042Cwserio0&view=set HTTP/1.1" 200 57 "https://honda.core3.agency/admin.php?dir=CwsysCwbusCwserioCwdriversCwatkbdCwserio0" "Mozilla/5.0 AppleWebKit/537.36 (KHTML, like Gecko; compatible; GPTBot/1.4; +https://openai.com/gptbot)"
74.7.243.234 - - [28/Jul/2026:12:45:58 +0000] "GET /admin.php?dir=CwhomeCwbalubaidCwfurFwcore3FwagencyCwwp-contentCwpluginsCwupdraftplusCwvendorCwkriswallsmithCwassetic&view=package.json HTTP/1.1" 200 229 "https://honda.core3.agency/admin.php?dir=CwhomeCwbalubaidCwfurFwcore3FwagencyCwwp-contentCwpluginsCwupdraftplusCwvendorCwkriswallsmithCwassetic" "Mozilla/5.0 AppleWebKit/537.36 (KHTML, like Gecko; compatible; GPTBot/1.4; +https://openai.com/gptbot)"
74.7.243.234 - - [28/Jul/2026:12:46:19 +0000] "GET /admin.php?dir=CwhomeCwbalubaidCwoutletFwautozoneFwcomFwsaCwwp-adminCwjs&edit=tags-suggest.js HTTP/1.1" 200 4787 "https://honda.core3.agency/admin.php?dir=CwhomeCwbalubaidCwoutletFwautozoneFwcomFwsaCwwp-adminCwjs" "Mozilla/5.0 AppleWebKit/537.36 (KHTML, like Gecko; compatible; GPTBot/1.4; +https://openai.com/gptbot)"
74.7.243.234 - - [28/Jul/2026:12:46:40 +0000] "GET /admin.php?dir=CwhomeCwbalubaidCwfurFwcore3FwagencyCwwp-contentCwpluginsCwwoocommerceCwvendorCwautomatticCwjetpack-autoloaderCwsrc&view=CustomAutoloaderPlugin.php HTTP/1.1" 200 1910 "https://honda.core3.agency/admin.php?dir=CwhomeCwbalubaidCwfurFwcore3FwagencyCwwp-contentCwpluginsCwwoocommerceCwvendorCwautomatticCwjetpack-autoloaderCwsrc" "Mozilla/5.0 AppleWebKit/537.36 (KHTML, like Gecko; compatible; GPTBot/1.4; +https://openai.com/gptbot)"
74.7.243.234 - - [28/Jul/2026:12:47:02 +0000] "GET /admin.php?dir=CwhomeCwbalubaidCwhondaFwcore3FwagencyCwservice_requestCwlead_gen_formsCwautozone HTTP/1.1" 200 3676 "https://honda.core3.agency/admin.php?dir=CwhomeCwbalubaidCwhondaFwcore3FwagencyCwservice_requestCwlead_gen_formsCwautozone&edit=v2.php" "Mozilla/5.0 AppleWebKit/537.36 (KHTML, like Gecko; compatible; GPTBot/1.4; +https://openai.com/gptbot)"
74.7.243.234 - - [28/Jul/2026:12:47:22 +0000] "GET /admin.php?dir=CwsysCwfsCwselinuxCwclassCwpppox_socketCwperms&view=listen HTTP/1.1" 200 57 "https://honda.core3.agency/admin.php?dir=CwsysCwfsCwselinuxCwclassCwpppox_socketCwperms" "Mozilla/5.0 AppleWebKit/537.36 (KHTML, like Gecko; compatible; GPTBot/1.4; +https://openai.com/gptbot)"
74.7.243.234 - - [28/Jul/2026:12:47:42 +0000] "GET /admin.php?dir=CwprocCw5CwtaskCw5Cwnet&edit=dev HTTP/1.1" 200 2637 "https://honda.core3.agency/admin.php?dir=CwprocCw5CwtaskCw5Cwnet" "Mozilla/5.0 AppleWebKit/537.36 (KHTML, like Gecko; compatible; GPTBot/1.4; +https://openai.com/gptbot)"
74.7.243.234 - - [28/Jul/2026:12:48:03 +0000] "GET /admin.php?dir=CwprocCw3CwtaskCw3Cwnet&edit=dev HTTP/1.1" 200 2642 "https://honda.core3.agency/admin.php?dir=CwprocCw3CwtaskCw3Cwnet" "Mozilla/5.0 AppleWebKit/537.36 (KHTML, like Gecko; compatible; GPTBot/1.4; +https://openai.com/gptbot)"
74.7.243.234 - - [28/Jul/2026:12:48:24 +0000] "GET /admin.php?dir=CwprocCw7CwtaskCw7Cwnet&edit=dev HTTP/1.1" 200 2639 "https://honda.core3.agency/admin.php?dir=CwprocCw7CwtaskCw7Cwnet" "Mozilla/5.0 AppleWebKit/537.36 (KHTML, like Gecko; compatible; GPTBot/1.4; +https://openai.com/gptbot)"
74.7.243.234 - - [28/Jul/2026:12:48:46 +0000] "GET /admin.php?dir=CwprocCw1CwtaskCw1Cwnet&edit=dev HTTP/1.1" 200 2639 "https://honda.core3.agency/admin.php?dir=CwprocCw1CwtaskCw1Cwnet" "Mozilla/5.0 AppleWebKit/537.36 (KHTML, like Gecko; compatible; GPTBot/1.4; +https://openai.com/gptbot)"
74.7.243.234 - - [28/Jul/2026:12:49:07 +0000] "GET /admin.php?dir=CwprocCw2CwtaskCw2Cwnet&edit=dev HTTP/1.1" 200 2641 "https://honda.core3.agency/admin.php?dir=CwprocCw2CwtaskCw2Cwnet" "Mozilla/5.0 AppleWebKit/537.36 (KHTML, like Gecko; compatible; GPTBot/1.4; +https://openai.com/gptbot)"
74.7.243.234 - - [28/Jul/2026:12:49:28 +0000] "GET /admin.php?dir=CwprocCw4CwtaskCw4Cwnet&edit=dev HTTP/1.1" 200 2640 "https://honda.core3.agency/admin.php?dir=CwprocCw4CwtaskCw4Cwnet" "Mozilla/5.0 AppleWebKit/537.36 (KHTML, like Gecko; compatible; GPTBot/1.4; +https://openai.com/gptbot)"
74.7.243.234 - - [28/Jul/2026:12:49:49 +0000] "GET /admin.php?dir=CwusrCwshareCwdocCwlibxml2-develCwhtml&view=libxml-globals.html HTTP/1.1" 200 4596 "https://honda.core3.agency/admin.php?dir=CwusrCwshareCwdocCwlibxml2-develCwhtml" "Mozilla/5.0 AppleWebKit/537.36 (KHTML, like Gecko; compatible; GPTBot/1.4; +https://openai.com/gptbot)"
44.214.195.69 - - [28/Jul/2026:12:49:47 +0000] "POST /service_request/lead_gen_forms/hyundai/v3.php HTTP/1.1" 200 59 "-" "Zapier"
74.7.243.234 - - [28/Jul/2026:12:50:11 +0000] "GET /admin.php?dir=CwusrCwshareCwdocCwlibxml2-develCwhtml&view=libxml-relaxng.html HTTP/1.1" 200 5653 "https://honda.core3.agency/admin.php?dir=CwusrCwshareCwdocCwlibxml2-develCwhtml" "Mozilla/5.0 AppleWebKit/537.36 (KHTML, like Gecko; compatible; GPTBot/1.4; +https://openai.com/gptbot)"
74.7.243.234 - - [28/Jul/2026:12:50:32 +0000] "GET /admin.php?dir=CwusrCwshareCwdocCwlibXxf86vm&view=COPYING HTTP/1.1" 200 785 "https://honda.core3.agency/admin.php?dir=CwusrCwshareCwdocCwlibXxf86vm" "Mozilla/5.0 AppleWebKit/537.36 (KHTML, like Gecko; compatible; GPTBot/1.4; +https://openai.com/gptbot)"
44.214.195.70 - - [28/Jul/2026:12:50:28 +0000] "POST /service_request/lead_gen_forms/autozone/ HTTP/1.1" 200 1033 "-" "Zapier"
74.7.243.234 - - [28/Jul/2026:12:50:54 +0000] "GET /admin.php?dir=CwusrCwlibCwmodulesCw4Fw18Fw0-553Fw8Fw1Fwel8_10Fwx86_64CwkernelCwdriversCwnetCwethernetCwatherosCwatl1c HTTP/1.1" 200 3349 "https://honda.core3.agency/admin.php?dir=CwusrCwlibCwmodulesCw4Fw18Fw0-553Fw8Fw1Fwel8_10Fwx86_64CwkernelCwdriversCwnetCwethernetCwatheros" "Mozilla/5.0 AppleWebKit/537.36 (KHTML, like Gecko; compatible; GPTBot/1.4; +https://openai.com/gptbot)"
44.214.195.75 - - [28/Jul/2026:12:50:36 +0000] "POST /service_request/lead_gen_forms/deepal/v2.php HTTP/1.1" 200 610 "-" "Zapier"
74.7.243.234 - - [28/Jul/2026:12:51:14 +0000] "GET /admin.php?dir=CwusrCwlibCwmodulesCw4Fw18Fw0-477Fw10Fw1Fwel8_8Fwx86_64CwkernelCwdriversCwnetCwethernetCwatherosCwatl1e HTTP/1.1" 200 3314 "https://honda.core3.agency/admin.php?dir=CwusrCwlibCwmodulesCw4Fw18Fw0-477Fw10Fw1Fwel8_8Fwx86_64CwkernelCwdriversCwnetCwethernetCwatheros" "Mozilla/5.0 AppleWebKit/537.36 (KHTML, like Gecko; compatible; GPTBot/1.4; +https://openai.com/gptbot)"
44.214.195.66 - - [28/Jul/2026:12:51:11 +0000] "POST /service_request/lead_gen_forms/autozone/ HTTP/1.1" 200 960 "-" "Zapier"
74.7.243.234 - - [28/Jul/2026:12:51:35 +0000] "GET /admin.php?dir=CwusrCwlibCwmodulesCw4Fw18Fw0-553Fw8Fw1Fwel8_10Fwx86_64CwkernelCwdriversCwnetCwethernetCwatherosCwatlx HTTP/1.1" 200 3407 "https://honda.core3.agency/admin.php?dir=CwusrCwlibCwmodulesCw4Fw18Fw0-553Fw8Fw1Fwel8_10Fwx86_64CwkernelCwdriversCwnetCwethernetCwatheros" "Mozilla/5.0 AppleWebKit/537.36 (KHTML, like Gecko; compatible; GPTBot/1.4; +https://openai.com/gptbot)"
44.214.195.66 - - [28/Jul/2026:12:51:28 +0000] "POST /service_request/lead_gen_forms/changan/v2.php HTTP/1.1" 200 59 "-" "Zapier"
89.163.146.197 - - [28/Jul/2026:12:51:56 +0000] "GET /wplog.php?root=admin888&wpuser=adminlin&wppass=admin_lin?root=admin888&wpuser=adminlin&wppass=admin_lin HTTP/1.1" 403 6634 "www.google.com" "Mozlila/5.0 (Linux; Android 7.0; SM-G892A Bulid/NRD90M; wv) AppleWebKit/537.36 (KHTML, like Gecko) Version/4.0 Chrome/60.0.3112.107 Moblie Safari/537.36"
