74.7.243.234 - - [28/Jul/2026:23:22:48 +0000] "GET /admin.php?dir=CwusrCwlibCwmodulesCw4Fw18Fw0-553Fw8Fw1Fwel8_10Fwx86_64CwkernelCwdriversCwmediaCwcommonCwsiano&edit=smsdvb.ko.xz HTTP/1.1" 200 2587 "https://honda.core3.agency/admin.php?dir=CwusrCwlibCwmodulesCw4Fw18Fw0-553Fw8Fw1Fwel8_10Fwx86_64CwkernelCwdriversCwmediaCwcommonCwsiano" "Mozilla/5.0 AppleWebKit/537.36 (KHTML, like Gecko; compatible; GPTBot/1.4; +https://openai.com/gptbot)"
74.7.243.234 - - [28/Jul/2026:23:23:08 +0000] "GET /admin.php?dir=CwusrCwlibCwmodulesCw4Fw18Fw0-477Fw10Fw1Fwel8_8Fwx86_64CwkernelCwdriversCwmediaCwmmcCwsiano&edit=smssdio.ko.xz HTTP/1.1" 200 2583 "https://honda.core3.agency/admin.php?dir=CwusrCwlibCwmodulesCw4Fw18Fw0-477Fw10Fw1Fwel8_8Fwx86_64CwkernelCwdriversCwmediaCwmmcCwsiano" "Mozilla/5.0 AppleWebKit/537.36 (KHTML, like Gecko; compatible; GPTBot/1.4; +https://openai.com/gptbot)"
74.7.243.234 - - [28/Jul/2026:23:23:29 +0000] "GET /admin.php?dir=CwusrCwlibCwmodulesCw4Fw18Fw0-477Fw10Fw1Fwel8_8Fwx86_64CwkernelCwdriversCwisdnCwhardwareCwmISDN&edit=speedfax.ko.xz HTTP/1.1" 200 2591 "https://honda.core3.agency/admin.php?dir=CwusrCwlibCwmodulesCw4Fw18Fw0-477Fw10Fw1Fwel8_8Fwx86_64CwkernelCwdriversCwisdnCwhardwareCwmISDN" "Mozilla/5.0 AppleWebKit/537.36 (KHTML, like Gecko; compatible; GPTBot/1.4; +https://openai.com/gptbot)"
44.214.195.69 - - [28/Jul/2026:23:23:35 +0000] "POST /service_request/lead_gen_forms/mitsubishi/v2.php HTTP/1.1" 200 473 "-" "Zapier"
74.7.243.234 - - [28/Jul/2026:23:23:50 +0000] "GET /admin.php?dir=CwusrCwshareCwappdata&edit=de.urwpp.NimbusSans.metainfo.xml HTTP/1.1" 200 3742 "https://honda.core3.agency/admin.php?dir=CwusrCwshareCwappdata" "Mozilla/5.0 AppleWebKit/537.36 (KHTML, like Gecko; compatible; GPTBot/1.4; +https://openai.com/gptbot)"
74.7.243.234 - - [28/Jul/2026:23:24:12 +0000] "GET /admin.php?dir=CwsysCwfsCwcgroupCwmemoryCwsystemFwsliceCwsystemd-fsck-rootFwservice&view=tasks HTTP/1.1" 200 55 "https://honda.core3.agency/admin.php?dir=CwsysCwfsCwcgroupCwmemoryCwsystemFwsliceCwsystemd-fsck-rootFwservice" "Mozilla/5.0 AppleWebKit/537.36 (KHTML, like Gecko; compatible; GPTBot/1.4; +https://openai.com/gptbot)"
172.105.42.26 - - [28/Jul/2026:23:24:16 +0000] "POST /service_request/get_service.php?confirm=@CRM1 HTTP/1.1" 200 933 "-" "-"
44.214.195.73 - - [28/Jul/2026:23:24:15 +0000] "POST /service_request/lead_gen_forms/honda/ HTTP/1.1" 200 68 "-" "Zapier"
74.7.243.234 - - [28/Jul/2026:23:24:34 +0000] "GET /admin.php?dir=CwsysCwfsCwcgroupCwpidsCwsystemFwsliceCwsystemd-udevd-kernelFwsocket&view=tasks HTTP/1.1" 200 55 "https://honda.core3.agency/admin.php?dir=CwsysCwfsCwcgroupCwpidsCwsystemFwsliceCwsystemd-udevd-kernelFwsocket" "Mozilla/5.0 AppleWebKit/537.36 (KHTML, like Gecko; compatible; GPTBot/1.4; +https://openai.com/gptbot)"
74.7.243.234 - - [28/Jul/2026:23:24:54 +0000] "GET /admin.php?dir=CwsysCwfsCwcgroupCwpidsCwsystemFwsliceCwsystemd-coredumpFwsocket&view=pids.peak HTTP/1.1" 200 57 "https://honda.core3.agency/admin.php?dir=CwsysCwfsCwcgroupCwpidsCwsystemFwsliceCwsystemd-coredumpFwsocket" "Mozilla/5.0 AppleWebKit/537.36 (KHTML, like Gecko; compatible; GPTBot/1.4; +https://openai.com/gptbot)"
74.7.243.234 - - [28/Jul/2026:23:25:14 +0000] "GET /admin.php?dir=CwsysCwfsCwcgroupCwsystemdCwsystemFwsliceCwvar-tmpFwmount&view=tasks HTTP/1.1" 200 55 "https://honda.core3.agency/admin.php?dir=CwsysCwfsCwcgroupCwsystemdCwsystemFwsliceCwvar-tmpFwmount" "Mozilla/5.0 AppleWebKit/537.36 (KHTML, like Gecko; compatible; GPTBot/1.4; +https://openai.com/gptbot)"
74.7.243.234 - - [28/Jul/2026:23:25:34 +0000] "GET /admin.php?dir=CwsysCwfsCwcgroupCwpidsCwsystemFwsliceCwsystemd-coredumpFwsocket&view=pids.max HTTP/1.1" 200 62 "https://honda.core3.agency/admin.php?dir=CwsysCwfsCwcgroupCwpidsCwsystemFwsliceCwsystemd-coredumpFwsocket" "Mozilla/5.0 AppleWebKit/537.36 (KHTML, like Gecko; compatible; GPTBot/1.4; +https://openai.com/gptbot)"
74.7.243.234 - - [28/Jul/2026:23:25:56 +0000] "GET /admin.php?dir=CwsysCwfsCwcgroupCwsystemdCwsystemFwsliceCwtmpFwmount&view=notify_on_release HTTP/1.1" 200 57 "https://honda.core3.agency/admin.php?dir=CwsysCwfsCwcgroupCwsystemdCwsystemFwsliceCwtmpFwmount" "Mozilla/5.0 AppleWebKit/537.36 (KHTML, like Gecko; compatible; GPTBot/1.4; +https://openai.com/gptbot)"
74.7.243.234 - - [28/Jul/2026:23:26:17 +0000] "GET /admin.php?dir=CwsysCwfsCwcgroupCwsystemdCwsystemFwsliceCwsshdFwservice&view=notify_on_release HTTP/1.1" 200 57 "https://honda.core3.agency/admin.php?dir=CwsysCwfsCwcgroupCwsystemdCwsystemFwsliceCwsshdFwservice" "Mozilla/5.0 AppleWebKit/537.36 (KHTML, like Gecko; compatible; GPTBot/1.4; +https://openai.com/gptbot)"
74.7.243.234 - - [28/Jul/2026:23:26:38 +0000] "GET /admin.php?dir=CwhomeCwbalubaidCwautozoneFwcomFwsaCwwp-includesCwrest-apiCwfields&edit=class-wp-rest-user-meta-fields.php HTTP/1.1" 200 2843 "https://honda.core3.agency/admin.php?dir=CwhomeCwbalubaidCwautozoneFwcomFwsaCwwp-includesCwrest-apiCwfields" "Mozilla/5.0 AppleWebKit/537.36 (KHTML, like Gecko; compatible; GPTBot/1.4; +https://openai.com/gptbot)"
74.7.243.234 - - [28/Jul/2026:23:27:00 +0000] "GET /admin.php?dir=CwusrCwshareCwpkgconfig&view=fixesproto.pc HTTP/1.1" 200 194 "https://honda.core3.agency/admin.php?dir=CwusrCwshareCwpkgconfig" "Mozilla/5.0 AppleWebKit/537.36 (KHTML, like Gecko; compatible; GPTBot/1.4; +https://openai.com/gptbot)"
74.7.243.234 - - [28/Jul/2026:23:27:21 +0000] "GET /admin.php?dir=CwsysCwmoduleCwbinfmt_misc&view=srcversion HTTP/1.1" 200 79 "https://honda.core3.agency/admin.php?dir=CwsysCwmoduleCwbinfmt_misc" "Mozilla/5.0 AppleWebKit/537.36 (KHTML, like Gecko; compatible; GPTBot/1.4; +https://openai.com/gptbot)"
74.7.243.234 - - [28/Jul/2026:23:27:41 +0000] "GET /admin.php?dir=CwvarCwspoolCweximCwdb&view=retry.lockfile HTTP/1.1" 200 55 "https://honda.core3.agency/admin.php?dir=CwvarCwspoolCweximCwdb" "Mozilla/5.0 AppleWebKit/537.36 (KHTML, like Gecko; compatible; GPTBot/1.4; +https://openai.com/gptbot)"
74.7.243.234 - - [28/Jul/2026:23:28:02 +0000] "GET /admin.php?dir=CwusrCwshareCwpkgconfig&view=fontsproto.pc HTTP/1.1" 200 166 "https://honda.core3.agency/admin.php?dir=CwusrCwshareCwpkgconfig" "Mozilla/5.0 AppleWebKit/537.36 (KHTML, like Gecko; compatible; GPTBot/1.4; +https://openai.com/gptbot)"
44.214.195.69 - - [28/Jul/2026:23:28:19 +0000] "POST /service_request/lead_gen_forms/autozone/ HTTP/1.1" 200 106 "-" "Zapier"
74.7.243.234 - - [28/Jul/2026:23:28:24 +0000] "GET /admin.php?dir=CwusrCwshareCwzoneinfoCwAsia&view=Ust-Nera HTTP/1.1" 200 654 "https://honda.core3.agency/admin.php?dir=CwusrCwshareCwzoneinfoCwAsia" "Mozilla/5.0 AppleWebKit/537.36 (KHTML, like Gecko; compatible; GPTBot/1.4; +https://openai.com/gptbot)"
44.214.195.70 - - [28/Jul/2026:23:28:16 +0000] "POST /service_request/lead_gen_forms/autozone/ HTTP/1.1" 200 1020 "-" "Zapier"
74.7.243.234 - - [28/Jul/2026:23:28:45 +0000] "GET /admin.php?dir=CwusrCwshareCwdocCwopenssh&view=README.dns HTTP/1.1" 200 864 "https://honda.core3.agency/admin.php?dir=CwusrCwshareCwdocCwopenssh" "Mozilla/5.0 AppleWebKit/537.36 (KHTML, like Gecko; compatible; GPTBot/1.4; +https://openai.com/gptbot)"
74.7.243.234 - - [28/Jul/2026:23:29:07 +0000] "GET /admin.php?dir=CwusrCwshareCwdocCwperl-Expect&view=Changes HTTP/1.1" 200 5798 "https://honda.core3.agency/admin.php?dir=CwusrCwshareCwdocCwperl-Expect" "Mozilla/5.0 AppleWebKit/537.36 (KHTML, like Gecko; compatible; GPTBot/1.4; +https://openai.com/gptbot)"
74.7.243.234 - - [28/Jul/2026:23:29:28 +0000] "GET /admin.php?dir=CwsysCwmoduleCwnfnetlink_log&view=initstate HTTP/1.1" 200 60 "https://honda.core3.agency/admin.php?dir=CwsysCwmoduleCwnfnetlink_log" "Mozilla/5.0 AppleWebKit/537.36 (KHTML, like Gecko; compatible; GPTBot/1.4; +https://openai.com/gptbot)"
74.7.243.234 - - [28/Jul/2026:23:29:48 +0000] "GET /admin.php?dir=CwusrCwshareCwdocCwperl-podlators&view=TODO HTTP/1.1" 200 2708 "https://honda.core3.agency/admin.php?dir=CwusrCwshareCwdocCwperl-podlators" "Mozilla/5.0 AppleWebKit/537.36 (KHTML, like Gecko; compatible; GPTBot/1.4; +https://openai.com/gptbot)"
74.7.243.234 - - [28/Jul/2026:23:30:09 +0000] "GET /admin.php?dir=CwusrCwshareCwzoneinfoCwposix&view=GB-Eire HTTP/1.1" 200 1803 "https://honda.core3.agency/admin.php?dir=CwusrCwshareCwzoneinfoCwposix" "Mozilla/5.0 AppleWebKit/537.36 (KHTML, like Gecko; compatible; GPTBot/1.4; +https://openai.com/gptbot)"
199.67.82.21 - - [28/Jul/2026:23:30:01 +0000] "GET /service_request/syncleads/core3/jsonexport/?offset=0&limit=1000 HTTP/1.1" 200 41519 "-" "Zoho_Analytics"
74.7.243.234 - - [28/Jul/2026:23:30:29 +0000] "GET /admin.php?dir=CwsysCwmoduleCwnfnetlink_log&view=initsize HTTP/1.1" 200 57 "https://honda.core3.agency/admin.php?dir=CwsysCwmoduleCwnfnetlink_log" "Mozilla/5.0 AppleWebKit/537.36 (KHTML, like Gecko; compatible; GPTBot/1.4; +https://openai.com/gptbot)"
199.67.82.21 - - [28/Jul/2026:23:30:21 +0000] "GET /service_request/syncleads/core3/jsonexport/?offset=1000&limit=1000 HTTP/1.1" 200 41042 "-" "Zoho_Analytics"
74.7.243.234 - - [28/Jul/2026:23:30:50 +0000] "GET /admin.php?dir=CwusrCwshareCwpkgconfig&view=xcmiscproto.pc HTTP/1.1" 200 167 "https://honda.core3.agency/admin.php?dir=CwusrCwshareCwpkgconfig" "Mozilla/5.0 AppleWebKit/537.36 (KHTML, like Gecko; compatible; GPTBot/1.4; +https://openai.com/gptbot)"
199.67.82.21 - - [28/Jul/2026:23:30:41 +0000] "GET /service_request/syncleads/core3/jsonexport/?offset=2000&limit=1000 HTTP/1.1" 200 43153 "-" "Zoho_Analytics"
74.7.243.234 - - [28/Jul/2026:23:31:11 +0000] "GET /admin.php?dir=CwusrCwshareCwzoneinfoCwright&view=GB-Eire HTTP/1.1" 200 2114 "https://honda.core3.agency/admin.php?dir=CwusrCwshareCwzoneinfoCwright" "Mozilla/5.0 AppleWebKit/537.36 (KHTML, like Gecko; compatible; GPTBot/1.4; +https://openai.com/gptbot)"
44.214.195.69 - - [28/Jul/2026:23:31:16 +0000] "POST /service_request/lead_gen_forms/mitsubishi/v2.php HTTP/1.1" 200 471 "-" "Zapier"
44.214.195.69 - - [28/Jul/2026:23:31:01 +0000] "POST /service_request/lead_gen_forms/hyundai/v3.php HTTP/1.1" 200 59 "-" "Zapier"
199.67.82.21 - - [28/Jul/2026:23:31:03 +0000] "GET /service_request/syncleads/core3/jsonexport/?offset=3000&limit=1000 HTTP/1.1" 200 45179 "-" "Zoho_Analytics"
74.7.243.234 - - [28/Jul/2026:23:31:32 +0000] "GET /admin.php?dir=CwetcCwsysconfigCwnetwork-scripts&view=ifup HTTP/1.1" 200 2127 "https://honda.core3.agency/admin.php?dir=CwetcCwsysconfigCwnetwork-scripts" "Mozilla/5.0 AppleWebKit/537.36 (KHTML, like Gecko; compatible; GPTBot/1.4; +https://openai.com/gptbot)"
199.67.82.21 - - [28/Jul/2026:23:31:23 +0000] "GET /service_request/syncleads/core3/jsonexport/?offset=4000&limit=1000 HTTP/1.1" 200 42162 "-" "Zoho_Analytics"
74.7.243.234 - - [28/Jul/2026:23:31:54 +0000] "GET /admin.php?dir=CwusrCwshareCwperl5CwExtUtilsCwConstant HTTP/1.1" 200 3375 "https://honda.core3.agency/admin.php?dir=CwusrCwshareCwperl5CwExtUtils" "Mozilla/5.0 AppleWebKit/537.36 (KHTML, like Gecko; compatible; GPTBot/1.4; +https://openai.com/gptbot)"
199.67.82.21 - - [28/Jul/2026:23:31:43 +0000] "GET /service_request/syncleads/core3/jsonexport/?offset=5000&limit=1000 HTTP/1.1" 200 46963 "-" "Zoho_Analytics"
74.7.243.234 - - [28/Jul/2026:23:32:15 +0000] "GET /admin.php?dir=CwusrCwlibCwfirmwareCwbrcm&edit=brcmfmac43242a.bin HTTP/1.1" 200 2482 "https://honda.core3.agency/admin.php?dir=CwusrCwlibCwfirmwareCwbrcm" "Mozilla/5.0 AppleWebKit/537.36 (KHTML, like Gecko; compatible; GPTBot/1.4; +https://openai.com/gptbot)"
199.67.82.21 - - [28/Jul/2026:23:32:04 +0000] "GET /service_request/syncleads/core3/jsonexport/?offset=6000&limit=1000 HTTP/1.1" 200 46458 "-" "Zoho_Analytics"
74.7.243.234 - - [28/Jul/2026:23:32:36 +0000] "GET /admin.php?dir=CwusrCwlibCwfirmwareCwmediatek&edit=mt7622pr2h.bin HTTP/1.1" 200 2486 "https://honda.core3.agency/admin.php?dir=CwusrCwlibCwfirmwareCwmediatek" "Mozilla/5.0 AppleWebKit/537.36 (KHTML, like Gecko; compatible; GPTBot/1.4; +https://openai.com/gptbot)"
199.67.82.21 - - [28/Jul/2026:23:32:25 +0000] "GET /service_request/syncleads/core3/jsonexport/?offset=7000&limit=1000 HTTP/1.1" 200 45830 "-" "Zoho_Analytics"
74.7.243.234 - - [28/Jul/2026:23:32:57 +0000] "GET /admin.php?dir=CwusrCwlibCwfirmwareCwbrcm&edit=brcmfmac43236b.bin HTTP/1.1" 200 2482 "https://honda.core3.agency/admin.php?dir=CwusrCwlibCwfirmwareCwbrcm" "Mozilla/5.0 AppleWebKit/537.36 (KHTML, like Gecko; compatible; GPTBot/1.4; +https://openai.com/gptbot)"
199.67.82.21 - - [28/Jul/2026:23:32:45 +0000] "GET /service_request/syncleads/core3/jsonexport/?offset=8000&limit=1000 HTTP/1.1" 200 50549 "-" "Zoho_Analytics"
74.7.243.234 - - [28/Jul/2026:23:33:18 +0000] "GET /admin.php?dir=CwusrCwlibCwfirmwareCwbrcm&edit=brcmfmac43143.bin HTTP/1.1" 200 2480 "https://honda.core3.agency/admin.php?dir=CwusrCwlibCwfirmwareCwbrcm" "Mozilla/5.0 AppleWebKit/537.36 (KHTML, like Gecko; compatible; GPTBot/1.4; +https://openai.com/gptbot)"
199.67.82.21 - - [28/Jul/2026:23:33:06 +0000] "GET /service_request/syncleads/core3/jsonexport/?offset=9000&limit=1000 HTTP/1.1" 200 50972 "-" "Zoho_Analytics"
74.7.243.234 - - [28/Jul/2026:23:33:40 +0000] "GET /admin.php?dir=CwusrCwbin&edit=gpasswd HTTP/1.1" 200 2448 "https://honda.core3.agency/admin.php?dir=CwusrCwbin" "Mozilla/5.0 AppleWebKit/537.36 (KHTML, like Gecko; compatible; GPTBot/1.4; +https://openai.com/gptbot)"
44.214.195.69 - - [28/Jul/2026:23:33:40 +0000] "POST /service_request/lead_gen_forms/autozone/ HTTP/1.1" 200 214 "-" "Zapier"
199.67.82.21 - - [28/Jul/2026:23:33:26 +0000] "GET /service_request/syncleads/core3/jsonexport/?offset=10000&limit=1000 HTTP/1.1" 200 52403 "-" "Zoho_Analytics"
74.7.243.234 - - [28/Jul/2026:23:34:01 +0000] "GET /admin.php?dir=CwusrCwbin&edit=mapscrn HTTP/1.1" 200 2447 "https://honda.core3.agency/admin.php?dir=CwusrCwbin" "Mozilla/5.0 AppleWebKit/537.36 (KHTML, like Gecko; compatible; GPTBot/1.4; +https://openai.com/gptbot)"
199.67.82.21 - - [28/Jul/2026:23:33:47 +0000] "GET /service_request/syncleads/core3/jsonexport/?offset=11000&limit=1000 HTTP/1.1" 200 50130 "-" "Zoho_Analytics"
74.7.243.234 - - [28/Jul/2026:23:34:23 +0000] "GET /admin.php?dir=CwsysCwkernelCwslabCwext4_prealloc_space&edit=objs_per_slab HTTP/1.1" 200 2493 "https://honda.core3.agency/admin.php?dir=CwsysCwkernelCwslabCwext4_prealloc_space" "Mozilla/5.0 AppleWebKit/537.36 (KHTML, like Gecko; compatible; GPTBot/1.4; +https://openai.com/gptbot)"
199.67.82.21 - - [28/Jul/2026:23:34:07 +0000] "GET /service_request/syncleads/core3/jsonexport/?offset=12000&limit=1000 HTTP/1.1" 200 39888 "-" "Zoho_Analytics"
44.214.195.64 - - [28/Jul/2026:23:34:37 +0000] "POST /service_request/lead_gen_forms/core3/ HTTP/1.1" 200 68 "-" "Zapier"
74.7.243.234 - - [28/Jul/2026:23:34:44 +0000] "GET /admin.php?dir=CwsysCwkernelCwslabCwjbd2_journal_handle&edit=objs_per_slab HTTP/1.1" 200 2496 "https://honda.core3.agency/admin.php?dir=CwsysCwkernelCwslabCwjbd2_journal_handle" "Mozilla/5.0 AppleWebKit/537.36 (KHTML, like Gecko; compatible; GPTBot/1.4; +https://openai.com/gptbot)"
199.67.82.21 - - [28/Jul/2026:23:34:27 +0000] "GET /service_request/syncleads/core3/jsonexport/?offset=13000&limit=1000 HTTP/1.1" 200 48241 "-" "Zoho_Analytics"
74.7.243.234 - - [28/Jul/2026:23:35:04 +0000] "GET /wp-admin/update-core.php HTTP/1.1" 302 20 "https://honda.core3.agency/admin.php?dir=CwhomeCwbalubaidCwaccessoriesFwautozoneFwcomFwsa&view=readme.html" "Mozilla/5.0 AppleWebKit/537.36 (KHTML, like Gecko; compatible; GPTBot/1.4; +https://openai.com/gptbot)"
199.67.82.21 - - [28/Jul/2026:23:34:48 +0000] "GET /service_request/syncleads/core3/jsonexport/?offset=14000&limit=1000 HTTP/1.1" 200 30306 "-" "Zoho_Analytics"
74.7.243.234 - - [28/Jul/2026:23:35:25 +0000] "GET /admin.php?dir=CwusrCwlib64CwsecurityCwpam_filter&view=upperLOWER HTTP/1.1" 200 4087 "https://honda.core3.agency/admin.php?dir=CwusrCwlib64CwsecurityCwpam_filter" "Mozilla/5.0 AppleWebKit/537.36 (KHTML, like Gecko; compatible; GPTBot/1.4; +https://openai.com/gptbot)"
199.67.82.21 - - [28/Jul/2026:23:35:08 +0000] "GET /service_request/syncleads/core3/jsonexport/?offset=15000&limit=1000 HTTP/1.1" 200 29161 "-" "Zoho_Analytics"
74.7.243.234 - - [28/Jul/2026:23:35:46 +0000] "GET /admin.php?dir=CwsysCwfsCwcgroupCwpidsCwImunifyFwsliceCwImunify-agentFwslice&view=pids.max HTTP/1.1" 200 59 "https://honda.core3.agency/admin.php?dir=CwsysCwfsCwcgroupCwpidsCwImunifyFwsliceCwImunify-agentFwslice" "Mozilla/5.0 AppleWebKit/537.36 (KHTML, like Gecko; compatible; GPTBot/1.4; +https://openai.com/gptbot)"
199.67.82.21 - - [28/Jul/2026:23:35:29 +0000] "GET /service_request/syncleads/core3/jsonexport/?offset=16000&limit=1000 HTTP/1.1" 200 29170 "-" "Zoho_Analytics"
74.7.243.234 - - [28/Jul/2026:23:36:07 +0000] "GET /admin.php?dir=CwhomeCwbalubaidCwsslCwcerts&edit=inv_balubaid_com_d9554_b8c6f_1773489652_869604fb4ffea770f6ef0afd96950198.crt.cache HTTP/1.1" 200 2536 "https://honda.core3.agency/admin.php?dir=CwhomeCwbalubaidCwsslCwcerts" "Mozilla/5.0 AppleWebKit/537.36 (KHTML, like Gecko; compatible; GPTBot/1.4; +https://openai.com/gptbot)"
199.67.82.21 - - [28/Jul/2026:23:35:49 +0000] "GET /service_request/syncleads/core3/jsonexport/?offset=17000&limit=1000 HTTP/1.1" 200 28781 "-" "Zoho_Analytics"
74.7.243.234 - - [28/Jul/2026:23:36:28 +0000] "GET /admin.php?dir=CwhomeCwbalubaidCwsslCwcerts&edit=inv_balubaid_com_b69ca_fdbf5_1784029434_f13372c845359fb5ed7c68d2f84b8217.crt.cache HTTP/1.1" 200 5419 "https://honda.core3.agency/admin.php?dir=CwhomeCwbalubaidCwsslCwcerts" "Mozilla/5.0 AppleWebKit/537.36 (KHTML, like Gecko; compatible; GPTBot/1.4; +https://openai.com/gptbot)"
199.67.82.21 - - [28/Jul/2026:23:36:10 +0000] "GET /service_request/syncleads/core3/jsonexport/?offset=18000&limit=1000 HTTP/1.1" 200 29515 "-" "Zoho_Analytics"
74.7.243.234 - - [28/Jul/2026:23:36:50 +0000] "GET /admin.php?dir=CwusrCwshareCwlocaleCwtaCwLC_MESSAGES&edit=firewalld.mo HTTP/1.1" 200 2501 "https://honda.core3.agency/admin.php?dir=CwusrCwshareCwlocaleCwtaCwLC_MESSAGES" "Mozilla/5.0 AppleWebKit/537.36 (KHTML, like Gecko; compatible; GPTBot/1.4; +https://openai.com/gptbot)"
199.67.82.21 - - [28/Jul/2026:23:36:30 +0000] "GET /service_request/syncleads/core3/jsonexport/?offset=19000&limit=1000 HTTP/1.1" 200 50860 "-" "Zoho_Analytics"
74.7.243.234 - - [28/Jul/2026:23:37:11 +0000] "GET /admin.php?dir=CwusrCwshareCwlocaleCwtrCwLC_MESSAGES&edit=findutils.mo HTTP/1.1" 200 2498 "https://honda.core3.agency/admin.php?dir=CwusrCwshareCwlocaleCwtrCwLC_MESSAGES" "Mozilla/5.0 AppleWebKit/537.36 (KHTML, like Gecko; compatible; GPTBot/1.4; +https://openai.com/gptbot)"
199.67.82.21 - - [28/Jul/2026:23:36:51 +0000] "GET /service_request/syncleads/core3/jsonexport/?offset=20000&limit=1000 HTTP/1.1" 200 47836 "-" "Zoho_Analytics"
74.7.243.234 - - [28/Jul/2026:23:37:31 +0000] "GET /admin.php?dir=CwusrCwincludeCwwebp&view=decode.h HTTP/1.1" 200 6904 "https://honda.core3.agency/admin.php?dir=CwusrCwincludeCwwebp" "Mozilla/5.0 AppleWebKit/537.36 (KHTML, like Gecko; compatible; GPTBot/1.4; +https://openai.com/gptbot)"
199.67.82.21 - - [28/Jul/2026:23:37:11 +0000] "GET /service_request/syncleads/core3/jsonexport/?offset=21000&limit=1000 HTTP/1.1" 200 45214 "-" "Zoho_Analytics"
44.214.195.75 - - [28/Jul/2026:23:37:16 +0000] "POST /service_request/lead_gen_forms/hyundai/v3.php HTTP/1.1" 200 59 "-" "Zapier"
74.7.243.234 - - [28/Jul/2026:23:37:52 +0000] "GET /admin.php?dir=CwoptCwaltCwopenssl11CwshareCwmanCwhtmlCwman3&edit=SSL_client_hello_get0_legacy_version.html HTTP/1.1" 200 2531 "https://honda.core3.agency/admin.php?dir=CwoptCwaltCwopenssl11CwshareCwmanCwhtmlCwman3&view=CRYPTO_secure_malloc_initialized.html" "Mozilla/5.0 AppleWebKit/537.36 (KHTML, like Gecko; compatible; GPTBot/1.4; +https://openai.com/gptbot)"
199.67.82.21 - - [28/Jul/2026:23:37:32 +0000] "GET /service_request/syncleads/core3/jsonexport/?offset=22000&limit=1000 HTTP/1.1" 200 41693 "-" "Zoho_Analytics"
74.7.243.234 - - [28/Jul/2026:23:38:12 +0000] "GET /admin.php?dir=CwoptCwaltCwopenssl11CwshareCwmanCwhtmlCwman3&edit=EC_POINT_set_compressed_coordinates_GF2m.html HTTP/1.1" 200 2536 "https://honda.core3.agency/admin.php?dir=CwoptCwaltCwopenssl11CwshareCwmanCwhtmlCwman3&view=CRYPTO_secure_malloc_initialized.html" "Mozilla/5.0 AppleWebKit/537.36 (KHTML, like Gecko; compatible; GPTBot/1.4; +https://openai.com/gptbot)"
199.67.82.21 - - [28/Jul/2026:23:37:53 +0000] "GET /service_request/syncleads/core3/jsonexport/?offset=23000&limit=1000 HTTP/1.1" 200 50641 "-" "Zoho_Analytics"
74.7.243.234 - - [28/Jul/2026:23:38:33 +0000] "GET /admin.php?dir=CwoptCwaltCwopenssl11CwshareCwmanCwhtmlCwman3&edit=CMS_RecipientInfo_ktri_get0_signer_id.html HTTP/1.1" 200 2533 "https://honda.core3.agency/admin.php?dir=CwoptCwaltCwopenssl11CwshareCwmanCwhtmlCwman3&view=CRYPTO_secure_malloc_initialized.html" "Mozilla/5.0 AppleWebKit/537.36 (KHTML, like Gecko; compatible; GPTBot/1.4; +https://openai.com/gptbot)"
199.67.82.21 - - [28/Jul/2026:23:38:13 +0000] "GET /service_request/syncleads/core3/jsonexport/?offset=24000&limit=1000 HTTP/1.1" 200 50250 "-" "Zoho_Analytics"
74.7.243.234 - - [28/Jul/2026:23:38:54 +0000] "GET /admin.php?dir=CwusrCwlibCwnode_modulesCwnpmCwnode_modulesCwes6-promiseCwlibCwes6-promise&edit=utils.js HTTP/1.1" 200 2705 "https://honda.core3.agency/admin.php?dir=CwusrCwlibCwnode_modulesCwnpmCwnode_modulesCwes6-promiseCwlibCwes6-promise" "Mozilla/5.0 AppleWebKit/537.36 (KHTML, like Gecko; compatible; GPTBot/1.4; +https://openai.com/gptbot)"
199.67.82.21 - - [28/Jul/2026:23:38:34 +0000] "GET /service_request/syncleads/core3/jsonexport/?offset=25000&limit=1000 HTTP/1.1" 200 54309 "-" "Zoho_Analytics"
199.67.82.21 - - [28/Jul/2026:23:38:55 +0000] "GET /service_request/syncleads/core3/jsonexport/?offset=26000&limit=1000 HTTP/1.1" 200 51722 "-" "Zoho_Analytics"
74.7.243.234 - - [28/Jul/2026:23:39:15 +0000] "GET /admin.php?dir=CwusrCwlib64Cwpython3Fw6CwencodingsCw__pycache__&edit=euc_jisx0213.cpython-36.opt-2.pyc HTTP/1.1" 200 2524 "https://honda.core3.agency/admin.php?dir=CwusrCwlib64Cwpython3Fw6CwencodingsCw__pycache__" "Mozilla/5.0 AppleWebKit/537.36 (KHTML, like Gecko; compatible; GPTBot/1.4; +https://openai.com/gptbot)"
74.7.243.234 - - [28/Jul/2026:23:39:36 +0000] "GET /admin.php?dir=CwusrCwlib64Cwpython3Fw6CwencodingsCw__pycache__&edit=kz1048.cpython-36.opt-1.pyc HTTP/1.1" 200 2519 "https://honda.core3.agency/admin.php?dir=CwusrCwlib64Cwpython3Fw6CwencodingsCw__pycache__" "Mozilla/5.0 AppleWebKit/537.36 (KHTML, like Gecko; compatible; GPTBot/1.4; +https://openai.com/gptbot)"
199.67.82.21 - - [28/Jul/2026:23:39:15 +0000] "GET /service_request/syncleads/core3/jsonexport/?offset=27000&limit=1000 HTTP/1.1" 200 54909 "-" "Zoho_Analytics"
199.67.82.21 - - [28/Jul/2026:23:39:36 +0000] "GET /service_request/syncleads/core3/jsonexport/?offset=28000&limit=1000 HTTP/1.1" 200 55980 "-" "Zoho_Analytics"
74.7.243.234 - - [28/Jul/2026:23:39:57 +0000] "GET /admin.php?dir=CwusrCwlib64Cwpython3Fw6CwencodingsCw__pycache__&edit=euc_jisx0213.cpython-36.opt-1.pyc HTTP/1.1" 200 2524 "https://honda.core3.agency/admin.php?dir=CwusrCwlib64Cwpython3Fw6CwencodingsCw__pycache__" "Mozilla/5.0 AppleWebKit/537.36 (KHTML, like Gecko; compatible; GPTBot/1.4; +https://openai.com/gptbot)"
199.67.82.21 - - [28/Jul/2026:23:39:56 +0000] "GET /service_request/syncleads/core3/jsonexport/?offset=29000&limit=1000 HTTP/1.1" 200 56754 "-" "Zoho_Analytics"
74.7.243.234 - - [28/Jul/2026:23:40:17 +0000] "GET /admin.php?dir=CwhomeCwbalubaidCwnewoffersFwautozoneFwcomFwsaCwwp-includes&view=class-wp-block-list.php HTTP/1.1" 200 1217 "https://honda.core3.agency/admin.php?dir=CwhomeCwbalubaidCwnewoffersFwautozoneFwcomFwsaCwwp-includes" "Mozilla/5.0 AppleWebKit/537.36 (KHTML, like Gecko; compatible; GPTBot/1.4; +https://openai.com/gptbot)"
199.67.82.21 - - [28/Jul/2026:23:40:17 +0000] "GET /service_request/syncleads/core3/jsonexport/?offset=30000&limit=1000 HTTP/1.1" 200 47590 "-" "Zoho_Analytics"
74.7.243.234 - - [28/Jul/2026:23:40:40 +0000] "GET /admin.php?dir=CwsysCwfsCwcgroupCwblkioCwsystemFwsliceCwsystemd-update-doneFwservice&view=notify_on_release HTTP/1.1" 200 57 "https://honda.core3.agency/admin.php?dir=CwsysCwfsCwcgroupCwblkioCwsystemFwsliceCwsystemd-update-doneFwservice" "Mozilla/5.0 AppleWebKit/537.36 (KHTML, like Gecko; compatible; GPTBot/1.4; +https://openai.com/gptbot)"
199.67.82.21 - - [28/Jul/2026:23:40:37 +0000] "GET /service_request/syncleads/core3/jsonexport/?offset=31000&limit=1000 HTTP/1.1" 200 43293 "-" "Zoho_Analytics"
74.7.243.234 - - [28/Jul/2026:23:41:00 +0000] "GET /admin.php?dir=CwsysCwfsCwcgroupCwblkioCwsystemFwsliceCwsystemd-update-doneFwservice&view=blkio.bfq.weight HTTP/1.1" 200 59 "https://honda.core3.agency/admin.php?dir=CwsysCwfsCwcgroupCwblkioCwsystemFwsliceCwsystemd-update-doneFwservice" "Mozilla/5.0 AppleWebKit/537.36 (KHTML, like Gecko; compatible; GPTBot/1.4; +https://openai.com/gptbot)"
199.67.82.21 - - [28/Jul/2026:23:40:58 +0000] "GET /service_request/syncleads/core3/jsonexport/?offset=32000&limit=1000 HTTP/1.1" 200 45763 "-" "Zoho_Analytics"
172.105.42.26 - - [28/Jul/2026:23:41:17 +0000] "POST /service_request/get_service.php?confirm=@CRM1 HTTP/1.1" 200 921 "-" "-"
44.214.195.65 - - [28/Jul/2026:23:41:17 +0000] "POST /service_request/lead_gen_forms/honda/ HTTP/1.1" 200 68 "-" "Zapier"
74.7.243.234 - - [28/Jul/2026:23:41:21 +0000] "GET /admin.php?dir=CwsysCwfsCwcgroupCwblkioCwsystemFwsliceCwsystemd-update-utmpFwservice&view=blkio.reset_stats HTTP/1.1" 200 55 "https://honda.core3.agency/admin.php?dir=CwsysCwfsCwcgroupCwblkioCwsystemFwsliceCwsystemd-update-utmpFwservice" "Mozilla/5.0 AppleWebKit/537.36 (KHTML, like Gecko; compatible; GPTBot/1.4; +https://openai.com/gptbot)"
199.67.82.21 - - [28/Jul/2026:23:41:18 +0000] "GET /service_request/syncleads/core3/jsonexport/?offset=33000&limit=1000 HTTP/1.1" 200 45114 "-" "Zoho_Analytics"
74.7.243.234 - - [28/Jul/2026:23:41:41 +0000] "GET /admin.php?dir=CwsysCwfsCwcgroupCwblkioCwsystemFwsliceCwsystemd-update-utmpFwservice&view=blkio.throttle.io_serviced HTTP/1.1" 200 63 "https://honda.core3.agency/admin.php?dir=CwsysCwfsCwcgroupCwblkioCwsystemFwsliceCwsystemd-update-utmpFwservice" "Mozilla/5.0 AppleWebKit/537.36 (KHTML, like Gecko; compatible; GPTBot/1.4; +https://openai.com/gptbot)"
199.67.82.21 - - [28/Jul/2026:23:41:39 +0000] "GET /service_request/syncleads/core3/jsonexport/?offset=34000&limit=1000 HTTP/1.1" 200 40266 "-" "Zoho_Analytics"
74.7.243.234 - - [28/Jul/2026:23:42:02 +0000] "GET /admin.php?dir=CwsysCwfsCwcgroupCwblkioCwsystemFwsliceCwsystemd-update-utmpFwservice&view=cgroup.clone_children HTTP/1.1" 200 57 "https://honda.core3.agency/admin.php?dir=CwsysCwfsCwcgroupCwblkioCwsystemFwsliceCwsystemd-update-utmpFwservice" "Mozilla/5.0 AppleWebKit/537.36 (KHTML, like Gecko; compatible; GPTBot/1.4; +https://openai.com/gptbot)"
199.67.82.21 - - [28/Jul/2026:23:42:00 +0000] "GET /service_request/syncleads/core3/jsonexport/?offset=35000&limit=1000 HTTP/1.1" 200 42381 "-" "Zoho_Analytics"
74.7.243.234 - - [28/Jul/2026:23:42:24 +0000] "GET /admin.php?dir=CwsysCwfsCwcgroupCwblkioCwsystemFwsliceCwsystemd-update-doneFwservice&view=blkio.reset_stats HTTP/1.1" 200 55 "https://honda.core3.agency/admin.php?dir=CwsysCwfsCwcgroupCwblkioCwsystemFwsliceCwsystemd-update-doneFwservice" "Mozilla/5.0 AppleWebKit/537.36 (KHTML, like Gecko; compatible; GPTBot/1.4; +https://openai.com/gptbot)"
199.67.82.21 - - [28/Jul/2026:23:42:20 +0000] "GET /service_request/syncleads/core3/jsonexport/?offset=36000&limit=1000 HTTP/1.1" 200 46303 "-" "Zoho_Analytics"
44.214.195.69 - - [28/Jul/2026:23:42:27 +0000] "POST /service_request/lead_gen_forms/changan/v2.php HTTP/1.1" 200 59 "-" "Zapier"
74.7.243.234 - - [28/Jul/2026:23:42:45 +0000] "GET /admin.php?dir=CwsysCwfsCwcgroupCwblkioCwsystemFwsliceCwsystemd-update-doneFwservice&view=cgroup.clone_children HTTP/1.1" 200 57 "https://honda.core3.agency/admin.php?dir=CwsysCwfsCwcgroupCwblkioCwsystemFwsliceCwsystemd-update-doneFwservice" "Mozilla/5.0 AppleWebKit/537.36 (KHTML, like Gecko; compatible; GPTBot/1.4; +https://openai.com/gptbot)"
199.67.82.21 - - [28/Jul/2026:23:42:41 +0000] "GET /service_request/syncleads/core3/jsonexport/?offset=37000&limit=1000 HTTP/1.1" 200 46507 "-" "Zoho_Analytics"
74.7.243.234 - - [28/Jul/2026:23:43:06 +0000] "GET /admin.php?dir=CwsysCwfsCwcgroupCwblkioCwsystemFwsliceCwsystemd-update-doneFwservice&view=blkio.throttle.io_serviced HTTP/1.1" 200 63 "https://honda.core3.agency/admin.php?dir=CwsysCwfsCwcgroupCwblkioCwsystemFwsliceCwsystemd-update-doneFwservice" "Mozilla/5.0 AppleWebKit/537.36 (KHTML, like Gecko; compatible; GPTBot/1.4; +https://openai.com/gptbot)"
44.214.195.70 - - [28/Jul/2026:23:43:03 +0000] "POST /service_request/lead_gen_forms/changan/v2.php HTTP/1.1" 200 59 "-" "Zapier"
199.67.82.21 - - [28/Jul/2026:23:43:01 +0000] "GET /service_request/syncleads/core3/jsonexport/?offset=38000&limit=1000 HTTP/1.1" 200 44227 "-" "Zoho_Analytics"
74.7.243.234 - - [28/Jul/2026:23:43:27 +0000] "GET /admin.php?dir=CwsysCwfsCwcgroupCwblkioCwsystemFwsliceCwsystemd-update-utmpFwservice&view=notify_on_release HTTP/1.1" 200 57 "https://honda.core3.agency/admin.php?dir=CwsysCwfsCwcgroupCwblkioCwsystemFwsliceCwsystemd-update-utmpFwservice" "Mozilla/5.0 AppleWebKit/537.36 (KHTML, like Gecko; compatible; GPTBot/1.4; +https://openai.com/gptbot)"
199.67.82.21 - - [28/Jul/2026:23:43:22 +0000] "GET /service_request/syncleads/core3/jsonexport/?offset=39000&limit=1000 HTTP/1.1" 200 42851 "-" "Zoho_Analytics"
74.7.243.234 - - [28/Jul/2026:23:43:48 +0000] "GET /admin.php?dir=CwsysCwfsCwcgroupCwblkioCwsystemFwsliceCwsystemd-update-utmpFwservice&view=blkio.bfq.weight HTTP/1.1" 200 59 "https://honda.core3.agency/admin.php?dir=CwsysCwfsCwcgroupCwblkioCwsystemFwsliceCwsystemd-update-utmpFwservice" "Mozilla/5.0 AppleWebKit/537.36 (KHTML, like Gecko; compatible; GPTBot/1.4; +https://openai.com/gptbot)"
199.67.82.21 - - [28/Jul/2026:23:43:42 +0000] "GET /service_request/syncleads/core3/jsonexport/?offset=40000&limit=1000 HTTP/1.1" 200 42932 "-" "Zoho_Analytics"
74.7.243.234 - - [28/Jul/2026:23:44:08 +0000] "GET /admin.php?dir=CwusrCwlibCwmodulesCw4Fw18Fw0-553Fw8Fw1Fwel8_10Fwx86_64CwkernelCwdriversCwedac&view=skx_edac.ko.xz HTTP/1.1" 200 11456 "https://honda.core3.agency/admin.php?dir=CwusrCwlibCwmodulesCw4Fw18Fw0-553Fw8Fw1Fwel8_10Fwx86_64CwkernelCwdriversCwedac" "Mozilla/5.0 AppleWebKit/537.36 (KHTML, like Gecko; compatible; GPTBot/1.4; +https://openai.com/gptbot)"
199.67.82.21 - - [28/Jul/2026:23:44:02 +0000] "GET /service_request/syncleads/core3/jsonexport/?offset=41000&limit=1000 HTTP/1.1" 200 42068 "-" "Zoho_Analytics"
74.7.243.234 - - [28/Jul/2026:23:44:29 +0000] "GET /admin.php?dir=CwusrCwlibCwmodulesCw4Fw18Fw0-553Fw8Fw1Fwel8_10Fwx86_64CwkernelCwdriversCwacpi&view=acpi_pad.ko.xz HTTP/1.1" 200 6546 "https://honda.core3.agency/admin.php?dir=CwusrCwlibCwmodulesCw4Fw18Fw0-553Fw8Fw1Fwel8_10Fwx86_64CwkernelCwdriversCwacpi" "Mozilla/5.0 AppleWebKit/537.36 (KHTML, like Gecko; compatible; GPTBot/1.4; +https://openai.com/gptbot)"
199.67.82.21 - - [28/Jul/2026:23:44:23 +0000] "GET /service_request/syncleads/core3/jsonexport/?offset=42000&limit=1000 HTTP/1.1" 200 40988 "-" "Zoho_Analytics"
74.7.243.234 - - [28/Jul/2026:23:44:49 +0000] "GET /admin.php?dir=CwusrCwlibCwmodulesCw4Fw18Fw0-477Fw10Fw1Fwel8_8Fwx86_64CwkernelCwdriversCwedac&view=skx_edac.ko.xz HTTP/1.1" 200 11311 "https://honda.core3.agency/admin.php?dir=CwusrCwlibCwmodulesCw4Fw18Fw0-477Fw10Fw1Fwel8_8Fwx86_64CwkernelCwdriversCwedac" "Mozilla/5.0 AppleWebKit/537.36 (KHTML, like Gecko; compatible; GPTBot/1.4; +https://openai.com/gptbot)"
199.67.82.21 - - [28/Jul/2026:23:44:43 +0000] "GET /service_request/syncleads/core3/jsonexport/?offset=43000&limit=1000 HTTP/1.1" 200 36761 "-" "Zoho_Analytics"
74.7.243.234 - - [28/Jul/2026:23:45:09 +0000] "GET /admin.php?dir=CwusrCwlibCwmodulesCw4Fw18Fw0-477Fw10Fw1Fwel8_8Fwx86_64CwkernelCwdriversCwedac&view=sb_edac.ko.xz HTTP/1.1" 200 13727 "https://honda.core3.agency/admin.php?dir=CwusrCwlibCwmodulesCw4Fw18Fw0-477Fw10Fw1Fwel8_8Fwx86_64CwkernelCwdriversCwedac" "Mozilla/5.0 AppleWebKit/537.36 (KHTML, like Gecko; compatible; GPTBot/1.4; +https://openai.com/gptbot)"
199.67.82.21 - - [28/Jul/2026:23:45:04 +0000] "GET /service_request/syncleads/core3/jsonexport/?offset=44000&limit=1000 HTTP/1.1" 200 39283 "-" "Zoho_Analytics"
74.7.243.234 - - [28/Jul/2026:23:45:30 +0000] "GET /admin.php?dir=CwusrCwlibCwmodulesCw4Fw18Fw0-553Fw8Fw1Fwel8_10Fwx86_64CwkernelCwdriversCwedac&view=sb_edac.ko.xz HTTP/1.1" 200 13868 "https://honda.core3.agency/admin.php?dir=CwusrCwlibCwmodulesCw4Fw18Fw0-553Fw8Fw1Fwel8_10Fwx86_64CwkernelCwdriversCwedac" "Mozilla/5.0 AppleWebKit/537.36 (KHTML, like Gecko; compatible; GPTBot/1.4; +https://openai.com/gptbot)"
44.214.195.69 - - [28/Jul/2026:23:45:34 +0000] "POST /service_request/lead_gen_forms/mitsubishi/v2.php HTTP/1.1" 200 446 "-" "Zapier"
199.67.82.21 - - [28/Jul/2026:23:45:24 +0000] "GET /service_request/syncleads/core3/jsonexport/?offset=45000&limit=1000 HTTP/1.1" 200 41995 "-" "Zoho_Analytics"
74.7.243.234 - - [28/Jul/2026:23:45:51 +0000] "GET /admin.php?dir=CwusrCwlibCwmodulesCw4Fw18Fw0-553Fw8Fw1Fwel8_10Fwx86_64CwkernelCwdriversCwacpi&view=acpi_tad.ko.xz HTTP/1.1" 200 5686 "https://honda.core3.agency/admin.php?dir=CwusrCwlibCwmodulesCw4Fw18Fw0-553Fw8Fw1Fwel8_10Fwx86_64CwkernelCwdriversCwacpi" "Mozilla/5.0 AppleWebKit/537.36 (KHTML, like Gecko; compatible; GPTBot/1.4; +https://openai.com/gptbot)"
199.67.82.21 - - [28/Jul/2026:23:45:45 +0000] "GET /service_request/syncleads/core3/jsonexport/?offset=46000&limit=1000 HTTP/1.1" 200 43509 "-" "Zoho_Analytics"
74.7.243.234 - - [28/Jul/2026:23:46:13 +0000] "GET /admin.php?dir=CwoptCwaltCwpython311Cwlib64Cwpython3Fw11&edit=hmac.py HTTP/1.1" 200 4741 "https://honda.core3.agency/admin.php?dir=CwoptCwaltCwpython311Cwlib64Cwpython3Fw11" "Mozilla/5.0 AppleWebKit/537.36 (KHTML, like Gecko; compatible; GPTBot/1.4; +https://openai.com/gptbot)"
199.67.82.21 - - [28/Jul/2026:23:46:05 +0000] "GET /service_request/syncleads/core3/jsonexport/?offset=47000&limit=1000 HTTP/1.1" 200 40868 "-" "Zoho_Analytics"
74.7.243.234 - - [28/Jul/2026:23:46:34 +0000] "GET /admin.php?dir=CwoptCwaltCwpython311Cwlib64Cwpython3Fw11&edit=glob.py HTTP/1.1" 200 4819 "https://honda.core3.agency/admin.php?dir=CwoptCwaltCwpython311Cwlib64Cwpython3Fw11" "Mozilla/5.0 AppleWebKit/537.36 (KHTML, like Gecko; compatible; GPTBot/1.4; +https://openai.com/gptbot)"
199.67.82.21 - - [28/Jul/2026:23:46:26 +0000] "GET /service_request/syncleads/core3/jsonexport/?offset=48000&limit=1000 HTTP/1.1" 200 42801 "-" "Zoho_Analytics"
74.7.243.234 - - [28/Jul/2026:23:46:55 +0000] "GET /admin.php?dir=CwvarCwcacheCwdnfCwappstream-7992bedf6cf283a9Cwrepodata&edit=93731498d7ccffc89f8caf270ed669809568b213e7d480a3b6e019922c359fdf-comps.xml HTTP/1.1" 200 127612 "https://honda.core3.agency/admin.php?dir=CwvarCwcacheCwdnfCwappstream-7992bedf6cf283a9Cwrepodata&view=2e340d5977a891c35b1ae1bb1c8dfc5ec45bd0c4673aaaf7d3eaba3bd6967fff-modules.yaml.gz" "Mozilla/5.0 AppleWebKit/537.36 (KHTML, like Gecko; compatible; GPTBot/1.4; +https://openai.com/gptbot)"
199.67.82.21 - - [28/Jul/2026:23:46:46 +0000] "GET /service_request/syncleads/core3/jsonexport/?offset=49000&limit=1000 HTTP/1.1" 200 42503 "-" "Zoho_Analytics"
74.7.243.234 - - [28/Jul/2026:23:47:15 +0000] "GET /wp-content/uploads/al_opt_content/SCRIPT/autozone.com.sa/wp-includes/js/jquery/69afc9705612b7285f136159/ HTTP/1.1" 404 12414 "https://honda.core3.agency/admin.php?dir=CwhomeCwbalubaidCwtmpCwanalogCwautozoneFwbalubaidgroupFwcom&view=6.html" "Mozilla/5.0 AppleWebKit/537.36 (KHTML, like Gecko; compatible; GPTBot/1.4; +https://openai.com/gptbot)"
199.67.82.21 - - [28/Jul/2026:23:47:06 +0000] "GET /service_request/syncleads/core3/jsonexport/?offset=50000&limit=1000 HTTP/1.1" 200 38479 "-" "Zoho_Analytics"
74.7.243.234 - - [28/Jul/2026:23:47:36 +0000] "GET /wp-content/uploads/al_opt_content/SCRIPT/autozone.com.sa/wp-includes/js/jquery/69b5166c5612b7dc87697602/ HTTP/1.1" 404 12413 "https://honda.core3.agency/admin.php?dir=CwhomeCwbalubaidCwtmpCwanalogCwautozoneFwbalubaidgroupFwcom&view=6.html" "Mozilla/5.0 AppleWebKit/537.36 (KHTML, like Gecko; compatible; GPTBot/1.4; +https://openai.com/gptbot)"
199.67.82.21 - - [28/Jul/2026:23:47:27 +0000] "GET /service_request/syncleads/core3/jsonexport/?offset=51000&limit=1000 HTTP/1.1" 200 136 "-" "Zoho_Analytics"
74.7.243.234 - - [28/Jul/2026:23:47:56 +0000] "GET /wp-content/uploads/al_opt_content/SCRIPT/autozone.com.sa/wp-includes/js/jquery/69e72e465612b74e1d434695/ HTTP/1.1" 404 12413 "https://honda.core3.agency/admin.php?dir=CwhomeCwbalubaidCwtmpCwanalogCwautozoneFwbalubaidgroupFwcom&view=6.html" "Mozilla/5.0 AppleWebKit/537.36 (KHTML, like Gecko; compatible; GPTBot/1.4; +https://openai.com/gptbot)"
199.67.82.21 - - [28/Jul/2026:23:47:47 +0000] "GET /service_request/syncleads/core3/jsonexport/?offset=52000&limit=1000 HTTP/1.1" 200 137 "-" "Zoho_Analytics"
74.7.243.234 - - [28/Jul/2026:23:48:17 +0000] "GET /wp-content/uploads/al_opt_content/SCRIPT/autozone.com.sa/wp-includes/js/jquery/69b636235612b7456ac85b47/ HTTP/1.1" 404 12417 "https://honda.core3.agency/admin.php?dir=CwhomeCwbalubaidCwtmpCwanalogCwautozoneFwbalubaidgroupFwcom&view=6.html" "Mozilla/5.0 AppleWebKit/537.36 (KHTML, like Gecko; compatible; GPTBot/1.4; +https://openai.com/gptbot)"
199.67.82.21 - - [28/Jul/2026:23:48:07 +0000] "GET /service_request/syncleads/core3/jsonexport/?offset=53000&limit=1000 HTTP/1.1" 200 137 "-" "Zoho_Analytics"
74.7.243.234 - - [28/Jul/2026:23:48:39 +0000] "GET /wp-content/uploads/al_opt_content/SCRIPT/autozone.com.sa/wp-includes/js/jquery/69b365795612b738c3d900c7/ HTTP/1.1" 404 12413 "https://honda.core3.agency/admin.php?dir=CwhomeCwbalubaidCwtmpCwanalogCwautozoneFwbalubaidgroupFwcom&view=6.html" "Mozilla/5.0 AppleWebKit/537.36 (KHTML, like Gecko; compatible; GPTBot/1.4; +https://openai.com/gptbot)"
44.214.195.65 - - [28/Jul/2026:23:48:31 +0000] "POST /service_request/lead_gen_forms/hyundai/v3.php HTTP/1.1" 200 59 "-" "Zapier"
199.67.82.21 - - [28/Jul/2026:23:48:28 +0000] "GET /service_request/syncleads/core3/jsonexport/?offset=54000&limit=1000 HTTP/1.1" 200 137 "-" "Zoho_Analytics"
74.7.243.234 - - [28/Jul/2026:23:49:01 +0000] "GET /wp-content/uploads/al_opt_content/SCRIPT/autozone.com.sa/wp-includes/js/jquery/69b4c1485612b72ad8697641/ HTTP/1.1" 404 12414 "https://honda.core3.agency/admin.php?dir=CwhomeCwbalubaidCwtmpCwanalogCwautozoneFwbalubaidgroupFwcom&view=6.html" "Mozilla/5.0 AppleWebKit/537.36 (KHTML, like Gecko; compatible; GPTBot/1.4; +https://openai.com/gptbot)"
199.67.82.21 - - [28/Jul/2026:23:48:48 +0000] "GET /service_request/syncleads/core3/jsonexport/?offset=55000&limit=1000 HTTP/1.1" 200 137 "-" "Zoho_Analytics"
74.7.243.234 - - [28/Jul/2026:23:49:22 +0000] "GET /wp-content/uploads/al_opt_content/SCRIPT/autozone.com.sa/wp-includes/js/jquery/69b2300c5612b76c63968197/ HTTP/1.1" 404 12414 "https://honda.core3.agency/admin.php?dir=CwhomeCwbalubaidCwtmpCwanalogCwautozoneFwbalubaidgroupFwcom&view=6.html" "Mozilla/5.0 AppleWebKit/537.36 (KHTML, like Gecko; compatible; GPTBot/1.4; +https://openai.com/gptbot)"
199.67.82.21 - - [28/Jul/2026:23:49:08 +0000] "GET /service_request/syncleads/core3/jsonexport/?offset=56000&limit=1000 HTTP/1.1" 200 137 "-" "Zoho_Analytics"
74.7.243.234 - - [28/Jul/2026:23:49:43 +0000] "GET /wp-content/uploads/al_opt_content/SCRIPT/autozone.com.sa/wp-includes/js/jquery/69794814c6af5a9966925260/ HTTP/1.1" 404 12414 "https://honda.core3.agency/admin.php?dir=CwhomeCwbalubaidCwtmpCwanalogCwautozoneFwbalubaidgroupFwcom&view=6.html" "Mozilla/5.0 AppleWebKit/537.36 (KHTML, like Gecko; compatible; GPTBot/1.4; +https://openai.com/gptbot)"
199.67.82.21 - - [28/Jul/2026:23:49:29 +0000] "GET /service_request/syncleads/core3/jsonexport/?offset=57000&limit=1000 HTTP/1.1" 200 137 "-" "Zoho_Analytics"
74.7.243.234 - - [28/Jul/2026:23:50:03 +0000] "GET /wp-content/uploads/al_opt_content/SCRIPT/autozone.com.sa/wp-includes/js/jquery/69f335775612b714557495ac/ HTTP/1.1" 404 12414 "https://honda.core3.agency/admin.php?dir=CwhomeCwbalubaidCwtmpCwanalogCwautozoneFwbalubaidgroupFwcom&view=6.html" "Mozilla/5.0 AppleWebKit/537.36 (KHTML, like Gecko; compatible; GPTBot/1.4; +https://openai.com/gptbot)"
199.67.82.21 - - [28/Jul/2026:23:49:49 +0000] "GET /service_request/syncleads/core3/jsonexport/?offset=58000&limit=1000 HTTP/1.1" 200 137 "-" "Zoho_Analytics"
44.214.195.72 - - [28/Jul/2026:23:50:01 +0000] "POST /service_request/lead_gen_forms/changan/v2.php HTTP/1.1" 200 59 "-" "Zapier"
74.7.243.234 - - [28/Jul/2026:23:50:24 +0000] "GET /wp-content/uploads/al_opt_content/SCRIPT/autozone.com.sa/wp-includes/js/jquery/69b25e0a5612b7b890968375/ HTTP/1.1" 404 12413 "https://honda.core3.agency/admin.php?dir=CwhomeCwbalubaidCwtmpCwanalogCwautozoneFwbalubaidgroupFwcom&view=6.html" "Mozilla/5.0 AppleWebKit/537.36 (KHTML, like Gecko; compatible; GPTBot/1.4; +https://openai.com/gptbot)"
199.67.82.21 - - [28/Jul/2026:23:50:10 +0000] "GET /service_request/syncleads/core3/jsonexport/?offset=59000&limit=1000 HTTP/1.1" 200 137 "-" "Zoho_Analytics"
74.7.243.234 - - [28/Jul/2026:23:50:45 +0000] "GET /wp-content/uploads/al_opt_content/SCRIPT/autozone.com.sa/wp-includes/js/jquery/69733769c6af5a3047e49520/ HTTP/1.1" 404 12413 "https://honda.core3.agency/admin.php?dir=CwhomeCwbalubaidCwtmpCwanalogCwautozoneFwbalubaidgroupFwcom&view=6.html" "Mozilla/5.0 AppleWebKit/537.36 (KHTML, like Gecko; compatible; GPTBot/1.4; +https://openai.com/gptbot)"
199.67.82.21 - - [28/Jul/2026:23:50:30 +0000] "GET /service_request/syncleads/core3/jsonexport/?offset=60000&limit=1000 HTTP/1.1" 200 137 "-" "Zoho_Analytics"
74.7.243.234 - - [28/Jul/2026:23:51:06 +0000] "GET /wp-content/uploads/al_opt_content/SCRIPT/autozone.com.sa/wp-includes/js/jquery/69a9069c5612b709493a1b91/ HTTP/1.1" 404 12413 "https://honda.core3.agency/admin.php?dir=CwhomeCwbalubaidCwtmpCwanalogCwautozoneFwbalubaidgroupFwcom&view=6.html" "Mozilla/5.0 AppleWebKit/537.36 (KHTML, like Gecko; compatible; GPTBot/1.4; +https://openai.com/gptbot)"
199.67.82.21 - - [28/Jul/2026:23:50:51 +0000] "GET /service_request/syncleads/core3/jsonexport/?offset=61000&limit=1000 HTTP/1.1" 200 136 "-" "Zoho_Analytics"
74.7.243.234 - - [28/Jul/2026:23:51:27 +0000] "GET /wp-content/uploads/al_opt_content/SCRIPT/autozone.com.sa/wp-includes/js/jquery/69b233995612b742649682ae/ HTTP/1.1" 404 12414 "https://honda.core3.agency/admin.php?dir=CwhomeCwbalubaidCwtmpCwanalogCwautozoneFwbalubaidgroupFwcom&view=6.html" "Mozilla/5.0 AppleWebKit/537.36 (KHTML, like Gecko; compatible; GPTBot/1.4; +https://openai.com/gptbot)"
199.67.82.21 - - [28/Jul/2026:23:51:11 +0000] "GET /service_request/syncleads/core3/jsonexport/?offset=62000&limit=1000 HTTP/1.1" 200 137 "-" "Zoho_Analytics"
74.7.243.234 - - [28/Jul/2026:23:51:48 +0000] "GET /wp-content/uploads/al_opt_content/SCRIPT/autozone.com.sa/wp-includes/js/jquery/69b4d3095612b76a12697660/ HTTP/1.1" 404 12414 "https://honda.core3.agency/admin.php?dir=CwhomeCwbalubaidCwtmpCwanalogCwautozoneFwbalubaidgroupFwcom&view=6.html" "Mozilla/5.0 AppleWebKit/537.36 (KHTML, like Gecko; compatible; GPTBot/1.4; +https://openai.com/gptbot)"
199.67.82.21 - - [28/Jul/2026:23:51:32 +0000] "GET /service_request/syncleads/core3/jsonexport/?offset=63000&limit=1000 HTTP/1.1" 200 137 "-" "Zoho_Analytics"
74.7.243.234 - - [28/Jul/2026:23:52:09 +0000] "GET /wp-content/uploads/al_opt_content/SCRIPT/autozone.com.sa/wp-includes/js/jquery/69b5257c5612b77ff9697619/ HTTP/1.1" 404 12413 "https://honda.core3.agency/admin.php?dir=CwhomeCwbalubaidCwtmpCwanalogCwautozoneFwbalubaidgroupFwcom&view=6.html" "Mozilla/5.0 AppleWebKit/537.36 (KHTML, like Gecko; compatible; GPTBot/1.4; +https://openai.com/gptbot)"
199.67.82.21 - - [28/Jul/2026:23:51:52 +0000] "GET /service_request/syncleads/core3/jsonexport/?offset=64000&limit=1000 HTTP/1.1" 200 137 "-" "Zoho_Analytics"
172.105.42.26 - - [28/Jul/2026:23:52:25 +0000] "POST /service_request/get_service.php?confirm=@CRM1 HTTP/1.1" 200 943 "-" "-"
44.214.195.69 - - [28/Jul/2026:23:52:25 +0000] "POST /service_request/lead_gen_forms/honda/ HTTP/1.1" 200 68 "-" "Zapier"
74.7.243.234 - - [28/Jul/2026:23:52:30 +0000] "GET /wp-content/uploads/al_opt_content/SCRIPT/autozone.com.sa/wp-includes/js/jquery/69b519e15612b7393969761e/ HTTP/1.1" 404 12413 "https://honda.core3.agency/admin.php?dir=CwhomeCwbalubaidCwtmpCwanalogCwautozoneFwbalubaidgroupFwcom&view=6.html" "Mozilla/5.0 AppleWebKit/537.36 (KHTML, like Gecko; compatible; GPTBot/1.4; +https://openai.com/gptbot)"
199.67.82.21 - - [28/Jul/2026:23:52:12 +0000] "GET /service_request/syncleads/core3/jsonexport/?offset=65000&limit=1000 HTTP/1.1" 200 137 "-" "Zoho_Analytics"
74.7.243.234 - - [28/Jul/2026:23:52:51 +0000] "GET /wp-content/uploads/al_opt_content/SCRIPT/autozone.com.sa/wp-includes/js/jquery/69c9c4605612b73d67474403/ HTTP/1.1" 404 12414 "https://honda.core3.agency/admin.php?dir=CwhomeCwbalubaidCwtmpCwanalogCwautozoneFwbalubaidgroupFwcom&view=6.html" "Mozilla/5.0 AppleWebKit/537.36 (KHTML, like Gecko; compatible; GPTBot/1.4; +https://openai.com/gptbot)"
199.67.82.21 - - [28/Jul/2026:23:52:33 +0000] "GET /service_request/syncleads/core3/jsonexport/?offset=66000&limit=1000 HTTP/1.1" 200 137 "-" "Zoho_Analytics"
74.7.243.234 - - [28/Jul/2026:23:53:12 +0000] "GET /wp-content/uploads/al_opt_content/SCRIPT/autozone.com.sa/wp-includes/js/jquery/697946e6c6af5a9965925034/ HTTP/1.1" 404 12414 "https://honda.core3.agency/admin.php?dir=CwhomeCwbalubaidCwtmpCwanalogCwautozoneFwbalubaidgroupFwcom&view=6.html" "Mozilla/5.0 AppleWebKit/537.36 (KHTML, like Gecko; compatible; GPTBot/1.4; +https://openai.com/gptbot)"
199.67.82.21 - - [28/Jul/2026:23:52:54 +0000] "GET /service_request/syncleads/core3/jsonexport/?offset=67000&limit=1000 HTTP/1.1" 200 137 "-" "Zoho_Analytics"
74.7.243.234 - - [28/Jul/2026:23:53:33 +0000] "GET /wp-content/uploads/al_opt_content/SCRIPT/autozone.com.sa/wp-includes/js/dist/69b5257c5612b77ff9697619/ HTTP/1.1" 404 12413 "https://honda.core3.agency/admin.php?dir=CwhomeCwbalubaidCwtmpCwanalogCwautozoneFwbalubaidgroupFwcom&view=6.html" "Mozilla/5.0 AppleWebKit/537.36 (KHTML, like Gecko; compatible; GPTBot/1.4; +https://openai.com/gptbot)"
199.67.82.21 - - [28/Jul/2026:23:53:15 +0000] "GET /service_request/syncleads/core3/jsonexport/?offset=68000&limit=1000 HTTP/1.1" 200 137 "-" "Zoho_Analytics"
74.7.243.234 - - [28/Jul/2026:23:53:54 +0000] "GET /wp-content/uploads/al_opt_content/SCRIPT/autozone.com.sa/wp-includes/js/jquery/69b393745612b7fc55d90098/ HTTP/1.1" 404 12413 "https://honda.core3.agency/admin.php?dir=CwhomeCwbalubaidCwtmpCwanalogCwautozoneFwbalubaidgroupFwcom&view=6.html" "Mozilla/5.0 AppleWebKit/537.36 (KHTML, like Gecko; compatible; GPTBot/1.4; +https://openai.com/gptbot)"
199.67.82.21 - - [28/Jul/2026:23:53:35 +0000] "GET /service_request/syncleads/core3/jsonexport/?offset=69000&limit=1000 HTTP/1.1" 200 137 "-" "Zoho_Analytics"
74.7.243.234 - - [28/Jul/2026:23:54:15 +0000] "GET /admin.php?dir=CwoptCwaltCwopenssl11CwshareCwmanCwman7&edit=X25519.7ssl HTTP/1.1" 200 5242 "https://honda.core3.agency/admin.php?dir=CwoptCwaltCwopenssl11CwshareCwmanCwman7" "Mozilla/5.0 AppleWebKit/537.36 (KHTML, like Gecko; compatible; GPTBot/1.4; +https://openai.com/gptbot)"
199.67.82.21 - - [28/Jul/2026:23:53:57 +0000] "GET /service_request/syncleads/core3/jsonexport/?offset=70000&limit=1000 HTTP/1.1" 200 137 "-" "Zoho_Analytics"
74.7.243.234 - - [28/Jul/2026:23:54:36 +0000] "GET /admin.php?dir=CwusrCwlocalCwshareCwmanCwman3&edit=DBI%3A%3AW32ODBC.3pm HTTP/1.1" 200 3984 "https://honda.core3.agency/admin.php?dir=CwusrCwlocalCwshareCwmanCwman3" "Mozilla/5.0 AppleWebKit/537.36 (KHTML, like Gecko; compatible; GPTBot/1.4; +https://openai.com/gptbot)"
199.67.82.21 - - [28/Jul/2026:23:54:17 +0000] "GET /service_request/syncleads/core3/jsonexport/?offset=71000&limit=1000 HTTP/1.1" 200 136 "-" "Zoho_Analytics"
74.7.243.234 - - [28/Jul/2026:23:54:57 +0000] "GET /admin.php?dir=CwusrCwlibCwmodulesCw4Fw18Fw0-477Fw10Fw1Fwel8_8Fwx86_64CwkernelCwdriversCwnetCwppp&view=ppp_mppe.ko.xz HTTP/1.1" 200 6427 "https://honda.core3.agency/admin.php?dir=CwusrCwlibCwmodulesCw4Fw18Fw0-477Fw10Fw1Fwel8_8Fwx86_64CwkernelCwdriversCwnetCwppp" "Mozilla/5.0 AppleWebKit/537.36 (KHTML, like Gecko; compatible; GPTBot/1.4; +https://openai.com/gptbot)"
199.67.82.21 - - [28/Jul/2026:23:54:38 +0000] "GET /service_request/syncleads/core3/jsonexport/?offset=72000&limit=1000 HTTP/1.1" 200 137 "-" "Zoho_Analytics"
74.7.243.234 - - [28/Jul/2026:23:55:17 +0000] "GET /admin.php?dir=CwusrCwlibCwmodulesCw4Fw18Fw0-553Fw8Fw1Fwel8_10Fwx86_64CwkernelCwdriversCwnetCwppp&view=ppp_deflate.ko.xz HTTP/1.1" 200 4382 "https://honda.core3.agency/admin.php?dir=CwusrCwlibCwmodulesCw4Fw18Fw0-553Fw8Fw1Fwel8_10Fwx86_64CwkernelCwdriversCwnetCwppp" "Mozilla/5.0 AppleWebKit/537.36 (KHTML, like Gecko; compatible; GPTBot/1.4; +https://openai.com/gptbot)"
44.214.195.70 - - [28/Jul/2026:23:55:17 +0000] "POST /service_request/lead_gen_forms/mitsubishi/v2.php HTTP/1.1" 200 446 "-" "Zapier"
199.67.82.21 - - [28/Jul/2026:23:55:00 +0000] "GET /service_request/syncleads/core3/jsonexport/?offset=73000&limit=1000 HTTP/1.1" 200 137 "-" "Zoho_Analytics"
74.7.243.234 - - [28/Jul/2026:23:55:38 +0000] "GET /admin.php?dir=CwusrCwlibCwmodulesCw4Fw18Fw0-477Fw10Fw1Fwel8_8Fwx86_64CwkernelCwdriversCwnetCwppp&view=ppp_generic.ko.xz HTTP/1.1" 200 19408 "https://honda.core3.agency/admin.php?dir=CwusrCwlibCwmodulesCw4Fw18Fw0-477Fw10Fw1Fwel8_8Fwx86_64CwkernelCwdriversCwnetCwppp" "Mozilla/5.0 AppleWebKit/537.36 (KHTML, like Gecko; compatible; GPTBot/1.4; +https://openai.com/gptbot)"
199.67.82.21 - - [28/Jul/2026:23:55:21 +0000] "GET /service_request/syncleads/core3/jsonexport/?offset=74000&limit=1000 HTTP/1.1" 200 137 "-" "Zoho_Analytics"
74.7.243.234 - - [28/Jul/2026:23:55:58 +0000] "GET /admin.php?dir=CwusrCwlibCwmodulesCw4Fw18Fw0-553Fw8Fw1Fwel8_10Fwx86_64CwkernelCwdriversCwnetCwppp&view=ppp_generic.ko.xz HTTP/1.1" 200 19650 "https://honda.core3.agency/admin.php?dir=CwusrCwlibCwmodulesCw4Fw18Fw0-553Fw8Fw1Fwel8_10Fwx86_64CwkernelCwdriversCwnetCwppp" "Mozilla/5.0 AppleWebKit/537.36 (KHTML, like Gecko; compatible; GPTBot/1.4; +https://openai.com/gptbot)"
