74.7.243.234 - - [29/Jul/2026:02:38:50 +0000] "GET /admin.php?dir=CwrunCwsystemdCwunits&edit=invocation%3Arngd.service HTTP/1.1" 200 2471 "https://honda.core3.agency/admin.php?dir=CwrunCwsystemdCwunits" "Mozilla/5.0 AppleWebKit/537.36 (KHTML, like Gecko; compatible; GPTBot/1.4; +https://openai.com/gptbot)"
74.7.243.234 - - [29/Jul/2026:02:39:12 +0000] "GET /admin.php?dir=CwrunCwsystemdCwunits&edit=invocation%3Aexim.service HTTP/1.1" 200 2471 "https://honda.core3.agency/admin.php?dir=CwrunCwsystemdCwunits" "Mozilla/5.0 AppleWebKit/537.36 (KHTML, like Gecko; compatible; GPTBot/1.4; +https://openai.com/gptbot)"
74.7.243.234 - - [29/Jul/2026:02:39:32 +0000] "GET /admin.php?dir=CwrunCwsystemdCwunits&edit=invocation%3Adbus.service HTTP/1.1" 200 2472 "https://honda.core3.agency/admin.php?dir=CwrunCwsystemdCwunits" "Mozilla/5.0 AppleWebKit/537.36 (KHTML, like Gecko; compatible; GPTBot/1.4; +https://openai.com/gptbot)"
74.7.243.234 - - [29/Jul/2026:02:39:53 +0000] "GET /admin.php?dir=CwprocCw418Cwtask HTTP/1.1" 200 3105 "https://honda.core3.agency/admin.php?dir=CwprocCw418" "Mozilla/5.0 AppleWebKit/537.36 (KHTML, like Gecko; compatible; GPTBot/1.4; +https://openai.com/gptbot)"
44.214.195.65 - - [29/Jul/2026:02:39:46 +0000] "POST /service_request/lead_gen_forms/deepal/instagram.php HTTP/1.1" 200 604 "-" "Zapier"
74.7.243.234 - - [29/Jul/2026:02:40:14 +0000] "GET /admin.php?dir=CwprocCw420Cwtask HTTP/1.1" 200 3105 "https://honda.core3.agency/admin.php?dir=CwprocCw420" "Mozilla/5.0 AppleWebKit/537.36 (KHTML, like Gecko; compatible; GPTBot/1.4; +https://openai.com/gptbot)"
74.7.243.234 - - [29/Jul/2026:02:40:35 +0000] "GET /admin.php?dir=CwprocCw416Cwtask HTTP/1.1" 200 3106 "https://honda.core3.agency/admin.php?dir=CwprocCw416" "Mozilla/5.0 AppleWebKit/537.36 (KHTML, like Gecko; compatible; GPTBot/1.4; +https://openai.com/gptbot)"
74.7.243.234 - - [29/Jul/2026:02:40:56 +0000] "GET /admin.php?dir=CwprocCw423Cwtask HTTP/1.1" 200 3105 "https://honda.core3.agency/admin.php?dir=CwprocCw423" "Mozilla/5.0 AppleWebKit/537.36 (KHTML, like Gecko; compatible; GPTBot/1.4; +https://openai.com/gptbot)"
74.7.243.234 - - [29/Jul/2026:02:41:17 +0000] "GET /admin.php?dir=CwprocCw419Cwtask HTTP/1.1" 200 3106 "https://honda.core3.agency/admin.php?dir=CwprocCw419" "Mozilla/5.0 AppleWebKit/537.36 (KHTML, like Gecko; compatible; GPTBot/1.4; +https://openai.com/gptbot)"
74.7.243.234 - - [29/Jul/2026:02:41:39 +0000] "GET /admin.php?dir=CwprocCw417Cwtask HTTP/1.1" 200 3106 "https://honda.core3.agency/admin.php?dir=CwprocCw417" "Mozilla/5.0 AppleWebKit/537.36 (KHTML, like Gecko; compatible; GPTBot/1.4; +https://openai.com/gptbot)"
74.7.243.234 - - [29/Jul/2026:02:42:00 +0000] "GET /admin.php?dir=CwprocCw456Cwtask HTTP/1.1" 200 3106 "https://honda.core3.agency/admin.php?dir=CwprocCw456" "Mozilla/5.0 AppleWebKit/537.36 (KHTML, like Gecko; compatible; GPTBot/1.4; +https://openai.com/gptbot)"
74.7.243.234 - - [29/Jul/2026:02:42:21 +0000] "GET /admin.php?dir=CwprocCw405Cwtask HTTP/1.1" 200 3105 "https://honda.core3.agency/admin.php?dir=CwprocCw405" "Mozilla/5.0 AppleWebKit/537.36 (KHTML, like Gecko; compatible; GPTBot/1.4; +https://openai.com/gptbot)"
44.214.195.69 - - [29/Jul/2026:02:42:26 +0000] "POST /service_request/lead_gen_forms/autozone/ HTTP/1.1" 200 1026 "-" "Zapier"
74.7.243.234 - - [29/Jul/2026:02:42:42 +0000] "GET /admin.php?dir=CwprocCw164Cwtask HTTP/1.1" 200 3105 "https://honda.core3.agency/admin.php?dir=CwprocCw164&view=exe" "Mozilla/5.0 AppleWebKit/537.36 (KHTML, like Gecko; compatible; GPTBot/1.4; +https://openai.com/gptbot)"
74.7.243.234 - - [29/Jul/2026:02:43:03 +0000] "GET /admin.php?dir=CwprocCw457Cwtask HTTP/1.1" 200 3106 "https://honda.core3.agency/admin.php?dir=CwprocCw457" "Mozilla/5.0 AppleWebKit/537.36 (KHTML, like Gecko; compatible; GPTBot/1.4; +https://openai.com/gptbot)"
74.7.243.234 - - [29/Jul/2026:02:43:24 +0000] "GET /admin.php?dir=CwprocCw415Cwtask HTTP/1.1" 200 3105 "https://honda.core3.agency/admin.php?dir=CwprocCw415" "Mozilla/5.0 AppleWebKit/537.36 (KHTML, like Gecko; compatible; GPTBot/1.4; +https://openai.com/gptbot)"
44.214.195.75 - - [29/Jul/2026:02:43:39 +0000] "POST /service_request/lead_gen_forms/core3/ HTTP/1.1" 200 68 "-" "Zapier"
74.7.243.234 - - [29/Jul/2026:02:43:44 +0000] "GET /admin.php?dir=CwprocCw406Cwtask HTTP/1.1" 200 3094 "https://honda.core3.agency/admin.php?dir=CwprocCw406" "Mozilla/5.0 AppleWebKit/537.36 (KHTML, like Gecko; compatible; GPTBot/1.4; +https://openai.com/gptbot)"
74.7.243.234 - - [29/Jul/2026:02:44:06 +0000] "GET /admin.php?dir=CwprocCw203Cwtask HTTP/1.1" 200 3105 "https://honda.core3.agency/admin.php?dir=CwprocCw203" "Mozilla/5.0 AppleWebKit/537.36 (KHTML, like Gecko; compatible; GPTBot/1.4; +https://openai.com/gptbot)"
74.7.243.234 - - [29/Jul/2026:02:44:28 +0000] "GET /admin.php?dir=CwprocCw159Cwtask HTTP/1.1" 200 3106 "https://honda.core3.agency/admin.php?dir=CwprocCw159" "Mozilla/5.0 AppleWebKit/537.36 (KHTML, like Gecko; compatible; GPTBot/1.4; +https://openai.com/gptbot)"
44.214.195.70 - - [29/Jul/2026:02:44:26 +0000] "POST /service_request/lead_gen_forms/core3/ HTTP/1.1" 200 68 "-" "Zapier"
74.7.243.234 - - [29/Jul/2026:02:44:48 +0000] "GET /admin.php?dir=CwprocCw217Cwtask HTTP/1.1" 200 3106 "https://honda.core3.agency/admin.php?dir=CwprocCw217" "Mozilla/5.0 AppleWebKit/537.36 (KHTML, like Gecko; compatible; GPTBot/1.4; +https://openai.com/gptbot)"
74.7.243.234 - - [29/Jul/2026:02:45:10 +0000] "GET /admin.php?dir=CwoptCwimunify360 HTTP/1.1" 200 3207 "https://honda.core3.agency/admin.php?dir=CwoptCwimunify360CwvenvCwlibCwpython3Fw11Cwsite-packagesCwpymysqlCw__pycache__" "Mozilla/5.0 AppleWebKit/537.36 (KHTML, like Gecko; compatible; GPTBot/1.4; +https://openai.com/gptbot)"
74.7.243.234 - - [29/Jul/2026:02:45:31 +0000] "GET /admin.php?dir=CwprocCw163Cwtask HTTP/1.1" 200 3105 "https://honda.core3.agency/admin.php?dir=CwprocCw163" "Mozilla/5.0 AppleWebKit/537.36 (KHTML, like Gecko; compatible; GPTBot/1.4; +https://openai.com/gptbot)"
74.7.243.234 - - [29/Jul/2026:02:45:52 +0000] "GET /admin.php?dir=CwprocCw382Cwtask HTTP/1.1" 200 3105 "https://honda.core3.agency/admin.php?dir=CwprocCw382" "Mozilla/5.0 AppleWebKit/537.36 (KHTML, like Gecko; compatible; GPTBot/1.4; +https://openai.com/gptbot)"
74.7.243.234 - - [29/Jul/2026:02:46:13 +0000] "GET /admin.php?dir=CwprocCw254Cwtask HTTP/1.1" 200 3105 "https://honda.core3.agency/admin.php?dir=CwprocCw254" "Mozilla/5.0 AppleWebKit/537.36 (KHTML, like Gecko; compatible; GPTBot/1.4; +https://openai.com/gptbot)"
74.7.243.234 - - [29/Jul/2026:02:46:34 +0000] "GET /admin.php?dir=CwprocCw751Cwtask HTTP/1.1" 200 5376 "https://honda.core3.agency/admin.php?dir=CwprocCw751" "Mozilla/5.0 AppleWebKit/537.36 (KHTML, like Gecko; compatible; GPTBot/1.4; +https://openai.com/gptbot)"
74.7.243.234 - - [29/Jul/2026:02:46:54 +0000] "GET /admin.php?dir=CwprocCw398Cwtask HTTP/1.1" 200 3106 "https://honda.core3.agency/admin.php?dir=CwprocCw398&view=exe" "Mozilla/5.0 AppleWebKit/537.36 (KHTML, like Gecko; compatible; GPTBot/1.4; +https://openai.com/gptbot)"
74.7.243.234 - - [29/Jul/2026:02:47:15 +0000] "GET /admin.php?dir=CwprocCw162Cwtask HTTP/1.1" 200 3105 "https://honda.core3.agency/admin.php?dir=CwprocCw162" "Mozilla/5.0 AppleWebKit/537.36 (KHTML, like Gecko; compatible; GPTBot/1.4; +https://openai.com/gptbot)"
74.7.243.234 - - [29/Jul/2026:02:47:35 +0000] "GET /admin.php?dir=CwprocCw430Cwtask HTTP/1.1" 200 3105 "https://honda.core3.agency/admin.php?dir=CwprocCw430" "Mozilla/5.0 AppleWebKit/537.36 (KHTML, like Gecko; compatible; GPTBot/1.4; +https://openai.com/gptbot)"
74.7.243.234 - - [29/Jul/2026:02:47:56 +0000] "GET /admin.php?dir=CwprocCw381Cwtask HTTP/1.1" 200 3105 "https://honda.core3.agency/admin.php?dir=CwprocCw381" "Mozilla/5.0 AppleWebKit/537.36 (KHTML, like Gecko; compatible; GPTBot/1.4; +https://openai.com/gptbot)"
74.7.243.234 - - [29/Jul/2026:02:48:17 +0000] "GET /admin.php?dir=CwprocCw763Cwtask HTTP/1.1" 200 3146 "https://honda.core3.agency/admin.php?dir=CwprocCw763" "Mozilla/5.0 AppleWebKit/537.36 (KHTML, like Gecko; compatible; GPTBot/1.4; +https://openai.com/gptbot)"
74.7.243.234 - - [29/Jul/2026:02:48:38 +0000] "GET /admin.php?dir=CwprocCw158Cwtask HTTP/1.1" 200 3104 "https://honda.core3.agency/admin.php?dir=CwprocCw158&view=exe" "Mozilla/5.0 AppleWebKit/537.36 (KHTML, like Gecko; compatible; GPTBot/1.4; +https://openai.com/gptbot)"
74.7.243.234 - - [29/Jul/2026:02:48:59 +0000] "GET /admin.php?dir=CwprocCw815Cwtask HTTP/1.1" 200 3094 "https://honda.core3.agency/admin.php?dir=CwprocCw815" "Mozilla/5.0 AppleWebKit/537.36 (KHTML, like Gecko; compatible; GPTBot/1.4; +https://openai.com/gptbot)"
74.7.243.234 - - [29/Jul/2026:02:49:19 +0000] "GET /admin.php?dir=CwprocCw413Cwtask HTTP/1.1" 200 3106 "https://honda.core3.agency/admin.php?dir=CwprocCw413" "Mozilla/5.0 AppleWebKit/537.36 (KHTML, like Gecko; compatible; GPTBot/1.4; +https://openai.com/gptbot)"
74.7.243.234 - - [29/Jul/2026:02:49:40 +0000] "GET /admin.php?dir=CwprocCw160Cwtask HTTP/1.1" 200 3103 "https://honda.core3.agency/admin.php?dir=CwprocCw160" "Mozilla/5.0 AppleWebKit/537.36 (KHTML, like Gecko; compatible; GPTBot/1.4; +https://openai.com/gptbot)"
74.7.243.234 - - [29/Jul/2026:02:50:01 +0000] "GET /admin.php?dir=CwusrCwlibCwnode_modulesCwnpmCwnode_modulesCwmute-streamCwcoverageCwlcov-reportCw__root__&view=index.html HTTP/1.1" 200 1141 "https://honda.core3.agency/admin.php?dir=CwusrCwlibCwnode_modulesCwnpmCwnode_modulesCwmute-streamCwcoverageCwlcov-reportCw__root__" "Mozilla/5.0 AppleWebKit/537.36 (KHTML, like Gecko; compatible; GPTBot/1.4; +https://openai.com/gptbot)"
74.7.243.234 - - [29/Jul/2026:02:50:22 +0000] "GET /admin.php?dir=CwhomeCwbalubaidCwnewoffersFwautozoneFwcomFwsa&view=wp-blog-header.php HTTP/1.1" 200 278 "https://honda.core3.agency/admin.php?dir=CwhomeCwbalubaidCwnewoffersFwautozoneFwcomFwsa" "Mozilla/5.0 AppleWebKit/537.36 (KHTML, like Gecko; compatible; GPTBot/1.4; +https://openai.com/gptbot)"
74.7.243.234 - - [29/Jul/2026:02:50:42 +0000] "GET /admin.php?dir=CwoptCwaltCwopenssl11CwshareCwmanCwhtmlCwman3&edit=EVP_rc5_32_12_16_ofb.html HTTP/1.1" 200 2522 "https://honda.core3.agency/admin.php?dir=CwoptCwaltCwopenssl11CwshareCwmanCwhtmlCwman3&view=d2i_GENERAL_NAMES.html" "Mozilla/5.0 AppleWebKit/537.36 (KHTML, like Gecko; compatible; GPTBot/1.4; +https://openai.com/gptbot)"
74.7.243.234 - - [29/Jul/2026:02:51:04 +0000] "GET /admin.php?dir=CwoptCwaltCwopenssl11CwshareCwmanCwhtmlCwman3&edit=EVP_rc5_32_12_16_ecb.html HTTP/1.1" 200 2521 "https://honda.core3.agency/admin.php?dir=CwoptCwaltCwopenssl11CwshareCwmanCwhtmlCwman3&view=d2i_GENERAL_NAMES.html" "Mozilla/5.0 AppleWebKit/537.36 (KHTML, like Gecko; compatible; GPTBot/1.4; +https://openai.com/gptbot)"
74.7.243.234 - - [29/Jul/2026:02:51:25 +0000] "GET /admin.php?dir=CwoptCwaltCwopenssl11CwshareCwmanCwhtmlCwman3&edit=EVP_rc5_32_12_16_cfb.html HTTP/1.1" 200 2522 "https://honda.core3.agency/admin.php?dir=CwoptCwaltCwopenssl11CwshareCwmanCwhtmlCwman3&view=d2i_GENERAL_NAMES.html" "Mozilla/5.0 AppleWebKit/537.36 (KHTML, like Gecko; compatible; GPTBot/1.4; +https://openai.com/gptbot)"
74.7.243.234 - - [29/Jul/2026:02:51:47 +0000] "GET /admin.php?dir=CwoptCwaltCwopenssl11CwshareCwmanCwhtmlCwman3&edit=EVP_rc5_32_12_16_cbc.html HTTP/1.1" 200 2521 "https://honda.core3.agency/admin.php?dir=CwoptCwaltCwopenssl11CwshareCwmanCwhtmlCwman3&view=d2i_GENERAL_NAMES.html" "Mozilla/5.0 AppleWebKit/537.36 (KHTML, like Gecko; compatible; GPTBot/1.4; +https://openai.com/gptbot)"
114.119.146.70 - - [29/Jul/2026:02:52:03 +0000] "GET /wp-content/uploads/2022/05/Pilot-Square0-min-1024x1024.jpg HTTP/1.1" 200 108452 "https://honda.core3.agency/google-lp/?utm_id=GSN-0012-003" "Mozilla/5.0 (Linux; Android 7.0;) AppleWebKit/537.36 (HTML, like Gecko) Mobile Safari/537.36 (compatible; PetalBot;+https://webmaster.petalsearch.com/site/petalbot)"
74.7.243.234 - - [29/Jul/2026:02:52:08 +0000] "GET /admin.php?dir=CwoptCwaltCwopenssl11CwshareCwmanCwhtmlCwman3&edit=d2i_PKCS12_bio.html HTTP/1.1" 200 2516 "https://honda.core3.agency/admin.php?dir=CwoptCwaltCwopenssl11CwshareCwmanCwhtmlCwman3" "Mozilla/5.0 AppleWebKit/537.36 (KHTML, like Gecko; compatible; GPTBot/1.4; +https://openai.com/gptbot)"
74.7.243.234 - - [29/Jul/2026:02:52:28 +0000] "GET /admin.php?dir=CwoptCwaltCwopenssl11CwshareCwmanCwhtmlCwman3&edit=X509_get_ex_data.html HTTP/1.1" 200 2517 "https://honda.core3.agency/admin.php?dir=CwoptCwaltCwopenssl11CwshareCwmanCwhtmlCwman3" "Mozilla/5.0 AppleWebKit/537.36 (KHTML, like Gecko; compatible; GPTBot/1.4; +https://openai.com/gptbot)"
44.214.195.67 - - [29/Jul/2026:02:52:31 +0000] "POST /service_request/lead_gen_forms/mitsubishi/v2.php HTTP/1.1" 200 433 "-" "Zapier"
74.7.243.234 - - [29/Jul/2026:02:52:48 +0000] "GET /admin.php?dir=CwoptCwaltCwopenssl11CwshareCwmanCwhtmlCwman3&edit=EVP_aria_192_ctr.html HTTP/1.1" 200 2519 "https://honda.core3.agency/admin.php?dir=CwoptCwaltCwopenssl11CwshareCwmanCwhtmlCwman3" "Mozilla/5.0 AppleWebKit/537.36 (KHTML, like Gecko; compatible; GPTBot/1.4; +https://openai.com/gptbot)"
74.7.243.234 - - [29/Jul/2026:02:53:08 +0000] "GET /admin.php?dir=CwoptCwaltCwopenssl11CwshareCwmanCwhtmlCwman3&edit=EVP_aes_256_wrap.html HTTP/1.1" 200 2517 "https://honda.core3.agency/admin.php?dir=CwoptCwaltCwopenssl11CwshareCwmanCwhtmlCwman3" "Mozilla/5.0 AppleWebKit/537.36 (KHTML, like Gecko; compatible; GPTBot/1.4; +https://openai.com/gptbot)"
74.7.243.234 - - [29/Jul/2026:02:53:30 +0000] "GET /admin.php?dir=CwoptCwaltCwopenssl11CwshareCwmanCwhtmlCwman3&edit=X509_time_adj_ex.html HTTP/1.1" 200 2518 "https://honda.core3.agency/admin.php?dir=CwoptCwaltCwopenssl11CwshareCwmanCwhtmlCwman3" "Mozilla/5.0 AppleWebKit/537.36 (KHTML, like Gecko; compatible; GPTBot/1.4; +https://openai.com/gptbot)"
74.7.243.234 - - [29/Jul/2026:02:53:51 +0000] "GET /admin.php?dir=CwoptCwaltCwopenssl11CwshareCwmanCwhtmlCwman3&edit=EVP_aria_128_ctr.html HTTP/1.1" 200 2519 "https://honda.core3.agency/admin.php?dir=CwoptCwaltCwopenssl11CwshareCwmanCwhtmlCwman3" "Mozilla/5.0 AppleWebKit/537.36 (KHTML, like Gecko; compatible; GPTBot/1.4; +https://openai.com/gptbot)"
74.7.243.234 - - [29/Jul/2026:02:54:13 +0000] "GET /admin.php?dir=CwoptCwaltCwopenssl11CwshareCwmanCwhtmlCwman3&edit=i2d_PKCS12_bio.html HTTP/1.1" 200 2516 "https://honda.core3.agency/admin.php?dir=CwoptCwaltCwopenssl11CwshareCwmanCwhtmlCwman3" "Mozilla/5.0 AppleWebKit/537.36 (KHTML, like Gecko; compatible; GPTBot/1.4; +https://openai.com/gptbot)"
74.7.243.234 - - [29/Jul/2026:02:54:34 +0000] "GET /admin.php?dir=CwoptCwaltCwopenssl11CwshareCwmanCwhtmlCwman3&view=SMIME_read_CMS.html HTTP/1.1" 200 161509 "https://honda.core3.agency/admin.php?dir=CwoptCwaltCwopenssl11CwshareCwmanCwhtmlCwman3&view=CMS_ReceiptRequest_get0_values.html" "Mozilla/5.0 AppleWebKit/537.36 (KHTML, like Gecko; compatible; GPTBot/1.4; +https://openai.com/gptbot)"
74.7.243.234 - - [29/Jul/2026:02:54:55 +0000] "GET /admin.php?dir=CwoptCwaltCwopenssl11CwshareCwmanCwhtmlCwman3&view=sk_TYPE_insert.html HTTP/1.1" 200 161509 "https://honda.core3.agency/admin.php?dir=CwoptCwaltCwopenssl11CwshareCwmanCwhtmlCwman3&view=CMS_ReceiptRequest_get0_values.html" "Mozilla/5.0 AppleWebKit/537.36 (KHTML, like Gecko; compatible; GPTBot/1.4; +https://openai.com/gptbot)"
74.7.243.234 - - [29/Jul/2026:02:55:16 +0000] "GET /admin.php?dir=CwoptCwaltCwopenssl11CwshareCwmanCwhtmlCwman3&view=sk_TYPE_delete.html HTTP/1.1" 200 161509 "https://honda.core3.agency/admin.php?dir=CwoptCwaltCwopenssl11CwshareCwmanCwhtmlCwman3&view=CMS_ReceiptRequest_get0_values.html" "Mozilla/5.0 AppleWebKit/537.36 (KHTML, like Gecko; compatible; GPTBot/1.4; +https://openai.com/gptbot)"
74.7.243.234 - - [29/Jul/2026:02:55:39 +0000] "GET /admin.php?dir=CwprocCw94CwtaskCw94Cwnet&edit=tcp6 HTTP/1.1" 200 3083 "https://honda.core3.agency/admin.php?dir=CwprocCw94CwtaskCw94Cwnet" "Mozilla/5.0 AppleWebKit/537.36 (KHTML, like Gecko; compatible; GPTBot/1.4; +https://openai.com/gptbot)"
44.214.195.69 - - [29/Jul/2026:02:55:45 +0000] "POST /service_request/lead_gen_forms/core3/ HTTP/1.1" 200 68 "-" "Zapier"
44.214.195.66 - - [29/Jul/2026:02:55:51 +0000] "POST /service_request/lead_gen_forms/autozone/ HTTP/1.1" 200 209 "-" "Zapier"
74.7.243.234 - - [29/Jul/2026:02:55:59 +0000] "GET /admin.php?dir=CwprocCw74CwtaskCw74Cwnet&edit=tcp6 HTTP/1.1" 200 3088 "https://honda.core3.agency/admin.php?dir=CwprocCw74CwtaskCw74Cwnet" "Mozilla/5.0 AppleWebKit/537.36 (KHTML, like Gecko; compatible; GPTBot/1.4; +https://openai.com/gptbot)"
74.7.243.234 - - [29/Jul/2026:02:56:19 +0000] "GET /admin.php?dir=CwusrCwlibCwmodulesCw4Fw18Fw0-513Fw24Fw1Fwel8_9Fwx86_64CwkernelCwnetCwvmw_vsock&view=vsock.ko.xz HTTP/1.1" 200 15067 "https://honda.core3.agency/admin.php?dir=CwusrCwlibCwmodulesCw4Fw18Fw0-513Fw24Fw1Fwel8_9Fwx86_64CwkernelCwnetCwvmw_vsock" "Mozilla/5.0 AppleWebKit/537.36 (KHTML, like Gecko; compatible; GPTBot/1.4; +https://openai.com/gptbot)"
44.214.195.64 - - [29/Jul/2026:02:56:16 +0000] "POST /service_request/lead_gen_forms/autozone/ HTTP/1.1" 200 1003 "-" "Zapier"
172.105.42.26 - - [29/Jul/2026:02:56:26 +0000] "POST /service_request/get_service.php?confirm=@CRM1 HTTP/1.1" 200 936 "-" "-"
44.214.195.64 - - [29/Jul/2026:02:56:26 +0000] "POST /service_request/lead_gen_forms/honda/ HTTP/1.1" 200 68 "-" "Zapier"
74.7.243.234 - - [29/Jul/2026:02:56:39 +0000] "GET /admin.php?dir=CwusrCwlocalCwcpanelCwscripts&edit=cleanphpsessions.php HTTP/1.1" 200 2818 "https://honda.core3.agency/admin.php?dir=CwusrCwlocalCwcpanelCwscripts&view=rebuild_available_addons_packages_cache" "Mozilla/5.0 AppleWebKit/537.36 (KHTML, like Gecko; compatible; GPTBot/1.4; +https://openai.com/gptbot)"
74.7.243.234 - - [29/Jul/2026:02:57:00 +0000] "GET /admin.php?dir=CwsysCwfsCwcgroupCwsystemdCwsystemFwsliceCwplymouth-quitFwservice&edit=tasks HTTP/1.1" 200 2510 "https://honda.core3.agency/admin.php?dir=CwsysCwfsCwcgroupCwsystemdCwsystemFwsliceCwplymouth-quitFwservice" "Mozilla/5.0 AppleWebKit/537.36 (KHTML, like Gecko; compatible; GPTBot/1.4; +https://openai.com/gptbot)"
74.7.243.234 - - [29/Jul/2026:02:57:21 +0000] "GET /admin.php?dir=CwsysCwfsCwcgroupCwsystemdCwsystemFwsliceCwcpanel-onbootFwservice&edit=tasks HTTP/1.1" 200 2508 "https://honda.core3.agency/admin.php?dir=CwsysCwfsCwcgroupCwsystemdCwsystemFwsliceCwcpanel-onbootFwservice" "Mozilla/5.0 AppleWebKit/537.36 (KHTML, like Gecko; compatible; GPTBot/1.4; +https://openai.com/gptbot)"
74.7.243.234 - - [29/Jul/2026:02:57:41 +0000] "GET /admin.php?dir=CwsysCwfsCwcgroupCwmemoryCwsystemFwsliceCwsystemd-journaldFwservice&edit=tasks HTTP/1.1" 200 2521 "https://honda.core3.agency/admin.php?dir=CwsysCwfsCwcgroupCwmemoryCwsystemFwsliceCwsystemd-journaldFwservice" "Mozilla/5.0 AppleWebKit/537.36 (KHTML, like Gecko; compatible; GPTBot/1.4; +https://openai.com/gptbot)"
49.51.233.46 - - [29/Jul/2026:02:57:48 +0000] "GET / HTTP/1.1" 301 20 "http://honda.core3.agency" "Mozilla/5.0 (iPhone; CPU iPhone OS 13_2_3 like Mac OS X) AppleWebKit/605.1.15 (KHTML, like Gecko) Version/13.0.3 Mobile/15E148 Safari/604.1"
74.7.243.234 - - [29/Jul/2026:02:58:02 +0000] "GET /admin.php?dir=CwsysCwfsCwcgroupCwblkioCwsystemFwsliceCwsystemd-logindFwservice&edit=tasks HTTP/1.1" 200 2518 "https://honda.core3.agency/admin.php?dir=CwsysCwfsCwcgroupCwblkioCwsystemFwsliceCwsystemd-logindFwservice" "Mozilla/5.0 AppleWebKit/537.36 (KHTML, like Gecko; compatible; GPTBot/1.4; +https://openai.com/gptbot)"
74.7.243.234 - - [29/Jul/2026:02:58:23 +0000] "GET /admin.php?dir=CwhomeCwbalubaidCwhondaFwcore3FwagencyCwwp-contentCwuploadsCw2025Cw11&view=Type-R.png HTTP/1.1" 200 2991371 "https://honda.core3.agency/admin.php?dir=CwhomeCwbalubaidCwhondaFwcore3FwagencyCwwp-contentCwuploadsCw2025Cw11" "Mozilla/5.0 AppleWebKit/537.36 (KHTML, like Gecko; compatible; GPTBot/1.4; +https://openai.com/gptbot)"
74.7.243.234 - - [29/Jul/2026:02:58:45 +0000] "GET /admin.php?dir=CwhomeCwbalubaidCwhondaFwcore3FwagencyCwwp-contentCwuploadsCw2026Cw04&view=ZR-V.png HTTP/1.1" 200 2420390 "https://honda.core3.agency/admin.php?dir=CwhomeCwbalubaidCwhondaFwcore3FwagencyCwwp-contentCwuploadsCw2026Cw04" "Mozilla/5.0 AppleWebKit/537.36 (KHTML, like Gecko; compatible; GPTBot/1.4; +https://openai.com/gptbot)"
74.7.243.234 - - [29/Jul/2026:02:59:07 +0000] "GET /admin.php?dir=CwhomeCwbalubaidCwhondaFwcore3FwagencyCwwp-contentCwuploadsCw2026Cw04&view=CR-V.png HTTP/1.1" 200 1840748 "https://honda.core3.agency/admin.php?dir=CwhomeCwbalubaidCwhondaFwcore3FwagencyCwwp-contentCwuploadsCw2026Cw04" "Mozilla/5.0 AppleWebKit/537.36 (KHTML, like Gecko; compatible; GPTBot/1.4; +https://openai.com/gptbot)"
74.7.243.234 - - [29/Jul/2026:02:59:29 +0000] "GET /admin.php?dir=CwhomeCwbalubaidCwhondaFwcore3FwagencyCwwp-contentCwuploadsCw2026Cw03&view=ZR-V.png HTTP/1.1" 200 6043410 "https://honda.core3.agency/admin.php?dir=CwhomeCwbalubaidCwhondaFwcore3FwagencyCwwp-contentCwuploadsCw2026Cw03" "Mozilla/5.0 AppleWebKit/537.36 (KHTML, like Gecko; compatible; GPTBot/1.4; +https://openai.com/gptbot)"
74.7.243.234 - - [29/Jul/2026:02:59:49 +0000] "GET /admin.php?dir=CwhomeCwbalubaidCwhondaFwcore3FwagencyCwwp-contentCwuploadsCw2026Cw02&view=ZR-V.png HTTP/1.1" 200 11415824 "https://honda.core3.agency/admin.php?dir=CwhomeCwbalubaidCwhondaFwcore3FwagencyCwwp-contentCwuploadsCw2026Cw02" "Mozilla/5.0 AppleWebKit/537.36 (KHTML, like Gecko; compatible; GPTBot/1.4; +https://openai.com/gptbot)"
74.7.243.234 - - [29/Jul/2026:03:00:10 +0000] "GET /admin.php?dir=CwhomeCwbalubaidCwhondaFwcore3FwagencyCwwp-contentCwuploadsCw2025Cw11&view=ZR-V.png HTTP/1.1" 200 2776108 "https://honda.core3.agency/admin.php?dir=CwhomeCwbalubaidCwhondaFwcore3FwagencyCwwp-contentCwuploadsCw2025Cw11" "Mozilla/5.0 AppleWebKit/537.36 (KHTML, like Gecko; compatible; GPTBot/1.4; +https://openai.com/gptbot)"
74.7.243.234 - - [29/Jul/2026:03:00:31 +0000] "GET /admin.php?dir=CwhomeCwbalubaidCwhondaFwcore3FwagencyCwwp-contentCwuploadsCw2025Cw11&view=HR-V.png HTTP/1.1" 200 3925617 "https://honda.core3.agency/admin.php?dir=CwhomeCwbalubaidCwhondaFwcore3FwagencyCwwp-contentCwuploadsCw2025Cw11" "Mozilla/5.0 AppleWebKit/537.36 (KHTML, like Gecko; compatible; GPTBot/1.4; +https://openai.com/gptbot)"
44.214.195.75 - - [29/Jul/2026:03:00:36 +0000] "POST /service_request/lead_gen_forms/autozone/ HTTP/1.1" 200 1004 "-" "Zapier"
74.7.243.234 - - [29/Jul/2026:03:00:52 +0000] "GET /admin.php?dir=CwhomeCwbalubaidCwhondaFwcore3FwagencyCwwp-contentCwuploadsCw2025Cw11&view=CR-V.png HTTP/1.1" 200 3009936 "https://honda.core3.agency/admin.php?dir=CwhomeCwbalubaidCwhondaFwcore3FwagencyCwwp-contentCwuploadsCw2025Cw11" "Mozilla/5.0 AppleWebKit/537.36 (KHTML, like Gecko; compatible; GPTBot/1.4; +https://openai.com/gptbot)"
44.214.195.69 - - [29/Jul/2026:03:00:42 +0000] "POST /service_request/lead_gen_forms/deepal/instagram.php HTTP/1.1" 200 609 "-" "Zapier"
74.7.243.234 - - [29/Jul/2026:03:01:12 +0000] "GET /admin.php?dir=CwhomeCwbalubaidCwhondaFwcore3FwagencyCwwp-contentCwuploadsCw2026Cw02&view=HR-V.png HTTP/1.1" 200 14211139 "https://honda.core3.agency/admin.php?dir=CwhomeCwbalubaidCwhondaFwcore3FwagencyCwwp-contentCwuploadsCw2026Cw02" "Mozilla/5.0 AppleWebKit/537.36 (KHTML, like Gecko; compatible; GPTBot/1.4; +https://openai.com/gptbot)"
74.7.243.234 - - [29/Jul/2026:03:01:34 +0000] "GET /admin.php?dir=CwhomeCwbalubaidCwhondaFwcore3FwagencyCwwp-contentCwuploadsCw2026Cw04&view=H-RV.png HTTP/1.1" 200 2368249 "https://honda.core3.agency/admin.php?dir=CwhomeCwbalubaidCwhondaFwcore3FwagencyCwwp-contentCwuploadsCw2026Cw04" "Mozilla/5.0 AppleWebKit/537.36 (KHTML, like Gecko; compatible; GPTBot/1.4; +https://openai.com/gptbot)"
74.7.243.234 - - [29/Jul/2026:03:01:55 +0000] "GET /admin.php?dir=CwhomeCwbalubaidCwhondaFwcore3FwagencyCwwp-contentCwuploadsCw2026Cw03&view=HR-V.png HTTP/1.1" 200 6054536 "https://honda.core3.agency/admin.php?dir=CwhomeCwbalubaidCwhondaFwcore3FwagencyCwwp-contentCwuploadsCw2026Cw03" "Mozilla/5.0 AppleWebKit/537.36 (KHTML, like Gecko; compatible; GPTBot/1.4; +https://openai.com/gptbot)"
74.7.243.234 - - [29/Jul/2026:03:02:16 +0000] "GET /admin.php?dir=CwhomeCwbalubaidCwhondaFwcore3FwagencyCwwp-contentCwuploadsCw2026Cw04&view=HR-V.png HTTP/1.1" 200 1583717 "https://honda.core3.agency/admin.php?dir=CwhomeCwbalubaidCwhondaFwcore3FwagencyCwwp-contentCwuploadsCw2026Cw04" "Mozilla/5.0 AppleWebKit/537.36 (KHTML, like Gecko; compatible; GPTBot/1.4; +https://openai.com/gptbot)"
74.7.243.234 - - [29/Jul/2026:03:02:37 +0000] "GET /admin.php?dir=CwhomeCwbalubaidCwhondaFwcore3FwagencyCwwp-contentCwuploadsCw2026Cw03&view=CR-V.png HTTP/1.1" 200 6175397 "https://honda.core3.agency/admin.php?dir=CwhomeCwbalubaidCwhondaFwcore3FwagencyCwwp-contentCwuploadsCw2026Cw03" "Mozilla/5.0 AppleWebKit/537.36 (KHTML, like Gecko; compatible; GPTBot/1.4; +https://openai.com/gptbot)"
74.7.243.234 - - [29/Jul/2026:03:02:58 +0000] "GET /admin.php?dir=CwusrCwshareCwzoneinfoCwposixCwAntarctica&view=Rothera HTTP/1.1" 200 120 "https://honda.core3.agency/admin.php?dir=CwusrCwshareCwzoneinfoCwposixCwAntarctica" "Mozilla/5.0 AppleWebKit/537.36 (KHTML, like Gecko; compatible; GPTBot/1.4; +https://openai.com/gptbot)"
74.7.243.234 - - [29/Jul/2026:03:03:19 +0000] "GET /admin.php?dir=CwvarCwlibCwspamassassinCw4Fw000001Cwupdates_spamassassin_org&view=languages HTTP/1.1" 200 64901 "https://honda.core3.agency/admin.php?dir=CwvarCwlibCwspamassassinCw4Fw000001Cwupdates_spamassassin_org" "Mozilla/5.0 AppleWebKit/537.36 (KHTML, like Gecko; compatible; GPTBot/1.4; +https://openai.com/gptbot)"
74.7.243.234 - - [29/Jul/2026:03:03:40 +0000] "GET /admin.php?dir=CwusrCwsbin&view=dnssec-coverage HTTP/1.1" 200 544 "https://honda.core3.agency/admin.php?dir=CwusrCwsbin" "Mozilla/5.0 AppleWebKit/537.36 (KHTML, like Gecko; compatible; GPTBot/1.4; +https://openai.com/gptbot)"
74.7.243.234 - - [29/Jul/2026:03:04:01 +0000] "GET /admin.php?dir=CwusrCwshareCwdocCwnodejsCwhtmlCwapi&edit=deprecations.json HTTP/1.1" 200 22285 "https://honda.core3.agency/admin.php?dir=CwusrCwshareCwdocCwnodejsCwhtmlCwapi" "Mozilla/5.0 AppleWebKit/537.36 (KHTML, like Gecko; compatible; GPTBot/1.4; +https://openai.com/gptbot)"
74.7.243.234 - - [29/Jul/2026:03:04:22 +0000] "GET /admin.php?dir=CwhomeCwbalubaidCwmailCwautozoneFwcomFwsaCwquoteCwnew&edit=1715839069.M197910P1666300.node93.myfcloudin.com%2CS%3D108135%2CW%3D110741 HTTP/1.1" 200 18255 "https://honda.core3.agency/admin.php?dir=CwhomeCwbalubaidCwmailCwautozoneFwcomFwsaCwquoteCwnew" "Mozilla/5.0 AppleWebKit/537.36 (KHTML, like Gecko; compatible; GPTBot/1.4; +https://openai.com/gptbot)"
74.7.243.234 - - [29/Jul/2026:03:04:44 +0000] "GET /admin.php?dir=CwsysCwdevicesCwvirtualCwnetCwlo&edit=type HTTP/1.1" 200 2487 "https://honda.core3.agency/admin.php?dir=CwsysCwdevicesCwvirtualCwnetCwlo" "Mozilla/5.0 AppleWebKit/537.36 (KHTML, like Gecko; compatible; GPTBot/1.4; +https://openai.com/gptbot)"
74.7.243.234 - - [29/Jul/2026:03:05:04 +0000] "GET /admin.php?dir=CwusrCwshareCwmimeCwapplication&view=x-toutdoux.xml HTTP/1.1" 200 792 "https://honda.core3.agency/admin.php?dir=CwusrCwshareCwmimeCwapplication" "Mozilla/5.0 AppleWebKit/537.36 (KHTML, like Gecko; compatible; GPTBot/1.4; +https://openai.com/gptbot)"
74.7.243.234 - - [29/Jul/2026:03:05:25 +0000] "GET /admin.php?dir=CwusrCwshareCwperl5Cwvendor_perlCwLocaleCwCodes&edit=Language_Codes.pm HTTP/1.1" 200 244413 "https://honda.core3.agency/admin.php?dir=CwusrCwshareCwperl5Cwvendor_perlCwLocaleCwCodes" "Mozilla/5.0 AppleWebKit/537.36 (KHTML, like Gecko; compatible; GPTBot/1.4; +https://openai.com/gptbot)"
74.7.243.234 - - [29/Jul/2026:03:05:47 +0000] "GET /admin.php?dir=CwhomeCwbalubaidCwmarineFwhondasaudiFwcomCwwp-adminCwimages&edit=menu-vs-2x.png HTTP/1.1" 200 2518 "https://honda.core3.agency/admin.php?dir=CwhomeCwbalubaidCwmarineFwhondasaudiFwcomCwwp-adminCwimages" "Mozilla/5.0 AppleWebKit/537.36 (KHTML, like Gecko; compatible; GPTBot/1.4; +https://openai.com/gptbot)"
74.7.243.234 - - [29/Jul/2026:03:06:09 +0000] "GET /admin.php?dir=CwusrCwshareCwdocCwpython3-cryptographyCwdocs&edit=random-numbers.rst HTTP/1.1" 200 3262 "https://honda.core3.agency/admin.php?dir=CwusrCwshareCwdocCwpython3-cryptographyCwdocs" "Mozilla/5.0 AppleWebKit/537.36 (KHTML, like Gecko; compatible; GPTBot/1.4; +https://openai.com/gptbot)"
44.214.195.75 - - [29/Jul/2026:03:06:17 +0000] "POST /service_request/lead_gen_forms/mitsubishi/v2.php HTTP/1.1" 200 475 "-" "Zapier"
74.7.243.234 - - [29/Jul/2026:03:06:30 +0000] "GET /admin.php?dir=CwusrCwshareCwdocCwpython3-pyserialCwexamples&edit=tcp_serial_redirect.py HTTP/1.1" 200 4139 "https://honda.core3.agency/admin.php?dir=CwusrCwshareCwdocCwpython3-pyserialCwexamples" "Mozilla/5.0 AppleWebKit/537.36 (KHTML, like Gecko; compatible; GPTBot/1.4; +https://openai.com/gptbot)"
74.7.243.234 - - [29/Jul/2026:03:06:52 +0000] "GET /admin.php?dir=CwhomeCwbalubaidCwmarineFwhondasaudiFwcom&edit=honda.core3.agency.tar.gz HTTP/1.1" 500 55 "https://honda.core3.agency/admin.php?dir=CwhomeCwbalubaidCwmarineFwhondasaudiFwcom" "Mozilla/5.0 AppleWebKit/537.36 (KHTML, like Gecko; compatible; GPTBot/1.4; +https://openai.com/gptbot)"
74.7.243.234 - - [29/Jul/2026:03:07:12 +0000] "GET /admin.php?dir=CwusrCwshareCwperl5Cwvendor_perlCwLocaleCwCodes&edit=LangVar_Codes.pm HTTP/1.1" 200 7401 "https://honda.core3.agency/admin.php?dir=CwusrCwshareCwperl5Cwvendor_perlCwLocaleCwCodes" "Mozilla/5.0 AppleWebKit/537.36 (KHTML, like Gecko; compatible; GPTBot/1.4; +https://openai.com/gptbot)"
74.7.243.234 - - [29/Jul/2026:03:08:13 +0000] "GET /admin.php?dir=CwhomeCwbalubaidCwhondaFwcore3FwagencyCwwp-adminCwjs&edit=media.min.js HTTP/1.1" 200 3598 "https://honda.core3.agency/admin.php?dir=CwhomeCwbalubaidCwhondaFwcore3FwagencyCwwp-adminCwjs" "Mozilla/5.0 AppleWebKit/537.36 (KHTML, like Gecko; compatible; GPTBot/1.4; +https://openai.com/gptbot)"
172.105.42.26 - - [29/Jul/2026:03:08:26 +0000] "POST /service_request/get_service.php?confirm=@CRM1 HTTP/1.1" 200 909 "-" "-"
44.214.195.71 - - [29/Jul/2026:03:08:26 +0000] "POST /service_request/lead_gen_forms/honda/ HTTP/1.1" 200 68 "-" "Zapier"
44.214.195.71 - - [29/Jul/2026:03:08:50 +0000] "POST /service_request/lead_gen_forms/hyundai/v3.php HTTP/1.1" 200 59 "-" "Zapier"
74.7.243.234 - - [29/Jul/2026:03:09:07 +0000] "GET /admin.php?dir=CwusrCwshareCwdocCwpython3-cryptographyCwdocs&edit=api-stability.rst HTTP/1.1" 200 3517 "https://honda.core3.agency/admin.php?dir=CwusrCwshareCwdocCwpython3-cryptographyCwdocs" "Mozilla/5.0 AppleWebKit/537.36 (KHTML, like Gecko; compatible; GPTBot/1.4; +https://openai.com/gptbot)"
74.7.243.234 - - [29/Jul/2026:03:09:59 +0000] "GET /admin.php?dir=CwusrCwshareCwmanCwman3&view=pam_verror.3.gz HTTP/1.1" 200 89 "https://honda.core3.agency/admin.php?dir=CwusrCwshareCwmanCwman3" "Mozilla/5.0 AppleWebKit/537.36 (KHTML, like Gecko; compatible; GPTBot/1.4; +https://openai.com/gptbot)"
2a02:9b0:4063:1da1:bd2d:d921:f8b2:c135 - - [29/Jul/2026:03:10:23 +0000] "GET /favicon.ico HTTP/1.1" 302 20 "-" "NetworkingExtension/8624.2.5.10.8 Network/5812.122.1 iOS/26.5.2"
2a02:9b0:4063:1da1:bd2d:d921:f8b2:c135 - - [29/Jul/2026:03:10:23 +0000] "GET /apple-touch-icon.png HTTP/1.1" 404 12306 "-" "NetworkingExtension/8624.2.5.10.8 Network/5812.122.1 iOS/26.5.2"
2a02:9b0:4063:1da1:bd2d:d921:f8b2:c135 - - [29/Jul/2026:03:10:23 +0000] "GET /apple-touch-icon-precomposed.png HTTP/1.1" 404 12314 "-" "NetworkingExtension/8624.2.5.10.8 Network/5812.122.1 iOS/26.5.2"
2a02:9b0:4063:1da1:bd2d:d921:f8b2:c135 - - [29/Jul/2026:03:10:23 +0000] "GET /?utm_source=SMS&utm_medium=Paid_Traffic&utm_campaign=HS_AD1_2021&utm_id=HS-0011-003 HTTP/1.1" 301 20 "-" "Mozilla/5.0 (Macintosh; Intel Mac OS X 10_11_1) AppleWebKit/601.2.4 (KHTML, like Gecko) Version/9.0.1 Safari/601.2.4 facebookexternalhit/1.1 Facebot Twitterbot/1.0"
74.7.243.234 - - [29/Jul/2026:03:10:44 +0000] "GET /admin.php?dir=CwusrCwshareCwmanCwman3&view=newpad_sp.3x.gz HTTP/1.1" 200 3314 "https://honda.core3.agency/admin.php?dir=CwusrCwshareCwmanCwman3" "Mozilla/5.0 AppleWebKit/537.36 (KHTML, like Gecko; compatible; GPTBot/1.4; +https://openai.com/gptbot)"
74.7.243.234 - - [29/Jul/2026:03:11:24 +0000] "GET /admin.php?dir=CwusrCwshareCwmanCwman3&view=endwin_sp.3x.gz HTTP/1.1" 200 3314 "https://honda.core3.agency/admin.php?dir=CwusrCwshareCwmanCwman3" "Mozilla/5.0 AppleWebKit/537.36 (KHTML, like Gecko; compatible; GPTBot/1.4; +https://openai.com/gptbot)"
74.7.243.234 - - [29/Jul/2026:03:12:02 +0000] "GET /admin.php?dir=CwoptCwaltCwopenssl11CwshareCwmanCwhtmlCwman3&edit=X509_EXTENSION_get_object.html HTTP/1.1" 200 2528 "https://honda.core3.agency/admin.php?dir=CwoptCwaltCwopenssl11CwshareCwmanCwhtmlCwman3&view=EVP_aes_128_cbc_hmac_sha1.html" "Mozilla/5.0 AppleWebKit/537.36 (KHTML, like Gecko; compatible; GPTBot/1.4; +https://openai.com/gptbot)"
74.7.243.234 - - [29/Jul/2026:03:12:35 +0000] "GET /admin.php?dir=CwusrCwbin&view=mysqlcheck HTTP/1.1" 200 2179960 "https://honda.core3.agency/admin.php?dir=CwusrCwbin" "Mozilla/5.0 AppleWebKit/537.36 (KHTML, like Gecko; compatible; GPTBot/1.4; +https://openai.com/gptbot)"
74.7.243.234 - - [29/Jul/2026:03:13:05 +0000] "GET /admin.php?dir=CwusrCwbin&view=xmlcatalog HTTP/1.1" 200 8352 "https://honda.core3.agency/admin.php?dir=CwusrCwbin" "Mozilla/5.0 AppleWebKit/537.36 (KHTML, like Gecko; compatible; GPTBot/1.4; +https://openai.com/gptbot)"
74.7.243.234 - - [29/Jul/2026:03:13:31 +0000] "GET /admin.php?dir=CwusrCwsbin&view=exicyclog HTTP/1.1" 200 4097 "https://honda.core3.agency/admin.php?dir=CwusrCwsbin" "Mozilla/5.0 AppleWebKit/537.36 (KHTML, like Gecko; compatible; GPTBot/1.4; +https://openai.com/gptbot)"
74.7.243.234 - - [29/Jul/2026:03:13:55 +0000] "GET /admin.php?dir=CwusrCwshareCwautoconfCwautoconf&view=autoconf.m4f HTTP/1.1" 200 148789 "https://honda.core3.agency/admin.php?dir=CwusrCwshareCwautoconfCwautoconf" "Mozilla/5.0 AppleWebKit/537.36 (KHTML, like Gecko; compatible; GPTBot/1.4; +https://openai.com/gptbot)"
74.7.243.234 - - [29/Jul/2026:03:14:18 +0000] "GET /admin.php?dir=CwusrCwshareCwautoconfCwautoconf&view=autoconf.m4 HTTP/1.1" 200 1483 "https://honda.core3.agency/admin.php?dir=CwusrCwshareCwautoconfCwautoconf" "Mozilla/5.0 AppleWebKit/537.36 (KHTML, like Gecko; compatible; GPTBot/1.4; +https://openai.com/gptbot)"
44.214.195.64 - - [29/Jul/2026:03:14:29 +0000] "POST /service_request/lead_gen_forms/mitsubishi/v2.php HTTP/1.1" 200 474 "-" "Zapier"
74.7.243.234 - - [29/Jul/2026:03:14:39 +0000] "GET /admin.php?dir=CwsysCwdevicesCwLNXSYSTMEw00CwLNXSYBUSEw00CwPNP0A08Ew00CwPNP0A06Ew01&edit=hid HTTP/1.1" 200 2512 "https://honda.core3.agency/admin.php?dir=CwsysCwdevicesCwLNXSYSTMEw00CwLNXSYBUSEw00CwPNP0A08Ew00CwPNP0A06Ew01" "Mozilla/5.0 AppleWebKit/537.36 (KHTML, like Gecko; compatible; GPTBot/1.4; +https://openai.com/gptbot)"
74.7.243.234 - - [29/Jul/2026:03:14:59 +0000] "GET /admin.php?dir=CwsysCwdevicesCwLNXSYSTMEw00CwLNXSYBUSEw00CwPNP0A08Ew00CwPNP0A06Ew02&edit=hid HTTP/1.1" 200 2513 "https://honda.core3.agency/admin.php?dir=CwsysCwdevicesCwLNXSYSTMEw00CwLNXSYBUSEw00CwPNP0A08Ew00CwPNP0A06Ew02" "Mozilla/5.0 AppleWebKit/537.36 (KHTML, like Gecko; compatible; GPTBot/1.4; +https://openai.com/gptbot)"
74.7.243.234 - - [29/Jul/2026:03:15:20 +0000] "GET /admin.php?dir=CwsysCwdevicesCwLNXSYSTMEw00CwLNXSYBUSEw00CwPNP0A08Ew00CwPNP0A06Ew00&edit=hid HTTP/1.1" 200 2508 "https://honda.core3.agency/admin.php?dir=CwsysCwdevicesCwLNXSYSTMEw00CwLNXSYBUSEw00CwPNP0A08Ew00CwPNP0A06Ew00" "Mozilla/5.0 AppleWebKit/537.36 (KHTML, like Gecko; compatible; GPTBot/1.4; +https://openai.com/gptbot)"
44.214.195.64 - - [29/Jul/2026:03:15:17 +0000] "POST /service_request/lead_gen_forms/changan/v2.php HTTP/1.1" 200 59 "-" "Zapier"
74.7.243.234 - - [29/Jul/2026:03:15:41 +0000] "GET /admin.php?dir=CwsysCwdevicesCwLNXSYSTMEw00CwLNXSYBUSEw00CwPNP0A08Ew00CwPNP0A06Ew01&edit=uid HTTP/1.1" 200 2527 "https://honda.core3.agency/admin.php?dir=CwsysCwdevicesCwLNXSYSTMEw00CwLNXSYBUSEw00CwPNP0A08Ew00CwPNP0A06Ew01" "Mozilla/5.0 AppleWebKit/537.36 (KHTML, like Gecko; compatible; GPTBot/1.4; +https://openai.com/gptbot)"
74.7.243.234 - - [29/Jul/2026:03:16:03 +0000] "GET /admin.php?dir=CwsysCwdevicesCwLNXSYSTMEw00CwLNXSYBUSEw00CwPNP0A08Ew00CwPNP0A06Ew00&edit=uid HTTP/1.1" 200 2528 "https://honda.core3.agency/admin.php?dir=CwsysCwdevicesCwLNXSYSTMEw00CwLNXSYBUSEw00CwPNP0A08Ew00CwPNP0A06Ew00" "Mozilla/5.0 AppleWebKit/537.36 (KHTML, like Gecko; compatible; GPTBot/1.4; +https://openai.com/gptbot)"
74.7.243.234 - - [29/Jul/2026:03:16:24 +0000] "GET /admin.php?dir=CwsysCwdevicesCwLNXSYSTMEw00CwLNXSYBUSEw00CwPNP0A08Ew00CwPNP0A06Ew02&edit=uid HTTP/1.1" 200 2533 "https://honda.core3.agency/admin.php?dir=CwsysCwdevicesCwLNXSYSTMEw00CwLNXSYBUSEw00CwPNP0A08Ew00CwPNP0A06Ew02" "Mozilla/5.0 AppleWebKit/537.36 (KHTML, like Gecko; compatible; GPTBot/1.4; +https://openai.com/gptbot)"
74.7.243.234 - - [29/Jul/2026:03:16:45 +0000] "GET /admin.php?dir=CwetcCwsystemdCwsystem&edit=dbus-org.freedesktop.timedate1.service HTTP/1.1" 200 2615 "https://honda.core3.agency/admin.php?dir=CwetcCwsystemdCwsystem" "Mozilla/5.0 AppleWebKit/537.36 (KHTML, like Gecko; compatible; GPTBot/1.4; +https://openai.com/gptbot)"
74.7.243.234 - - [29/Jul/2026:03:17:07 +0000] "GET /admin.php?dir=CwusrCwshareCwdocCwnodejsCwhtmlCwapi&edit=string_decoder.json HTTP/1.1" 200 4072 "https://honda.core3.agency/admin.php?dir=CwusrCwshareCwdocCwnodejsCwhtmlCwapi" "Mozilla/5.0 AppleWebKit/537.36 (KHTML, like Gecko; compatible; GPTBot/1.4; +https://openai.com/gptbot)"
74.7.243.234 - - [29/Jul/2026:03:17:28 +0000] "GET /admin.php?dir=CwhomeCwbalubaidCwworkforceFwcore3FwagencyCwservice_request&view=.log_1.12.2024.log HTTP/1.1" 200 55 "https://honda.core3.agency/admin.php?dir=CwhomeCwbalubaidCwworkforceFwcore3FwagencyCwservice_request" "Mozilla/5.0 AppleWebKit/537.36 (KHTML, like Gecko; compatible; GPTBot/1.4; +https://openai.com/gptbot)"
44.214.195.75 - - [29/Jul/2026:03:17:44 +0000] "POST /service_request/lead_gen_forms/autozone/ HTTP/1.1" 200 220 "-" "Zapier"
74.7.243.234 - - [29/Jul/2026:03:17:49 +0000] "GET /admin.php?dir=CwhomeCwbalubaidCwworkforceFwcore3FwagencyCwservice_request&view=.log_10.2.2025.log HTTP/1.1" 200 55 "https://honda.core3.agency/admin.php?dir=CwhomeCwbalubaidCwworkforceFwcore3FwagencyCwservice_request" "Mozilla/5.0 AppleWebKit/537.36 (KHTML, like Gecko; compatible; GPTBot/1.4; +https://openai.com/gptbot)"
74.7.243.234 - - [29/Jul/2026:03:18:10 +0000] "GET /admin.php?dir=CwhomeCwbalubaidCwworkforceFwcore3FwagencyCwservice_request&view=.log_22.1.2025.log HTTP/1.1" 200 55 "https://honda.core3.agency/admin.php?dir=CwhomeCwbalubaidCwworkforceFwcore3FwagencyCwservice_request" "Mozilla/5.0 AppleWebKit/537.36 (KHTML, like Gecko; compatible; GPTBot/1.4; +https://openai.com/gptbot)"
74.7.243.234 - - [29/Jul/2026:03:18:30 +0000] "GET /admin.php?dir=CwhomeCwbalubaidCwworkforceFwcore3FwagencyCwservice_request&view=.log_11.2.2025.log HTTP/1.1" 200 55 "https://honda.core3.agency/admin.php?dir=CwhomeCwbalubaidCwworkforceFwcore3FwagencyCwservice_request" "Mozilla/5.0 AppleWebKit/537.36 (KHTML, like Gecko; compatible; GPTBot/1.4; +https://openai.com/gptbot)"
74.7.243.234 - - [29/Jul/2026:03:18:51 +0000] "GET /admin.php?dir=CwhomeCwbalubaidCwworkforceFwcore3FwagencyCwservice_request&view=.log_11.1.2025.log HTTP/1.1" 200 55 "https://honda.core3.agency/admin.php?dir=CwhomeCwbalubaidCwworkforceFwcore3FwagencyCwservice_request" "Mozilla/5.0 AppleWebKit/537.36 (KHTML, like Gecko; compatible; GPTBot/1.4; +https://openai.com/gptbot)"
74.7.243.234 - - [29/Jul/2026:03:19:12 +0000] "GET /admin.php?dir=CwhomeCwbalubaidCwworkforceFwcore3FwagencyCwservice_request&view=.log_4.12.2024.log HTTP/1.1" 200 55 "https://honda.core3.agency/admin.php?dir=CwhomeCwbalubaidCwworkforceFwcore3FwagencyCwservice_request" "Mozilla/5.0 AppleWebKit/537.36 (KHTML, like Gecko; compatible; GPTBot/1.4; +https://openai.com/gptbot)"
74.7.243.234 - - [29/Jul/2026:03:19:33 +0000] "GET /admin.php?dir=CwhomeCwbalubaidCwworkforceFwcore3FwagencyCwservice_request&view=.log_2.12.2024.log HTTP/1.1" 200 55 "https://honda.core3.agency/admin.php?dir=CwhomeCwbalubaidCwworkforceFwcore3FwagencyCwservice_request" "Mozilla/5.0 AppleWebKit/537.36 (KHTML, like Gecko; compatible; GPTBot/1.4; +https://openai.com/gptbot)"
74.7.243.234 - - [29/Jul/2026:03:19:55 +0000] "GET /admin.php?dir=CwhomeCwbalubaidCwworkforceFwcore3FwagencyCwservice_request&view=.log_30.1.2025.log HTTP/1.1" 200 55 "https://honda.core3.agency/admin.php?dir=CwhomeCwbalubaidCwworkforceFwcore3FwagencyCwservice_request" "Mozilla/5.0 AppleWebKit/537.36 (KHTML, like Gecko; compatible; GPTBot/1.4; +https://openai.com/gptbot)"
74.7.243.234 - - [29/Jul/2026:03:20:15 +0000] "GET /admin.php?dir=CwhomeCwbalubaidCwworkforceFwcore3FwagencyCwservice_request&view=.log_3.12.2024.log HTTP/1.1" 200 55 "https://honda.core3.agency/admin.php?dir=CwhomeCwbalubaidCwworkforceFwcore3FwagencyCwservice_request" "Mozilla/5.0 AppleWebKit/537.36 (KHTML, like Gecko; compatible; GPTBot/1.4; +https://openai.com/gptbot)"
74.7.243.234 - - [29/Jul/2026:03:20:37 +0000] "GET /admin.php?dir=CwhomeCwbalubaidCwworkforceFwcore3FwagencyCwservice_request&view=.log_10.1.2025.log HTTP/1.1" 200 55 "https://honda.core3.agency/admin.php?dir=CwhomeCwbalubaidCwworkforceFwcore3FwagencyCwservice_request" "Mozilla/5.0 AppleWebKit/537.36 (KHTML, like Gecko; compatible; GPTBot/1.4; +https://openai.com/gptbot)"
74.7.243.234 - - [29/Jul/2026:03:20:57 +0000] "GET /admin.php?dir=CwhomeCwbalubaidCwworkforceFwcore3FwagencyCwservice_request&view=.log_31.1.2025.log HTTP/1.1" 200 55 "https://honda.core3.agency/admin.php?dir=CwhomeCwbalubaidCwworkforceFwcore3FwagencyCwservice_request" "Mozilla/5.0 AppleWebKit/537.36 (KHTML, like Gecko; compatible; GPTBot/1.4; +https://openai.com/gptbot)"
74.7.243.234 - - [29/Jul/2026:03:21:17 +0000] "GET /admin.php?dir=CwhomeCwbalubaidCwworkforceFwcore3FwagencyCwservice_request&view=.log_4.11.2024.log HTTP/1.1" 200 55 "https://honda.core3.agency/admin.php?dir=CwhomeCwbalubaidCwworkforceFwcore3FwagencyCwservice_request" "Mozilla/5.0 AppleWebKit/537.36 (KHTML, like Gecko; compatible; GPTBot/1.4; +https://openai.com/gptbot)"
74.7.243.234 - - [29/Jul/2026:03:21:38 +0000] "GET /admin.php?dir=CwhomeCwbalubaidCwworkforceFwcore3FwagencyCwservice_request&view=.log_13.1.2025.log HTTP/1.1" 200 55 "https://honda.core3.agency/admin.php?dir=CwhomeCwbalubaidCwworkforceFwcore3FwagencyCwservice_request" "Mozilla/5.0 AppleWebKit/537.36 (KHTML, like Gecko; compatible; GPTBot/1.4; +https://openai.com/gptbot)"
74.7.243.234 - - [29/Jul/2026:03:21:59 +0000] "GET /admin.php?dir=CwhomeCwbalubaidCwworkforceFwcore3FwagencyCwservice_request&view=.log_20.1.2025.log HTTP/1.1" 200 55 "https://honda.core3.agency/admin.php?dir=CwhomeCwbalubaidCwworkforceFwcore3FwagencyCwservice_request" "Mozilla/5.0 AppleWebKit/537.36 (KHTML, like Gecko; compatible; GPTBot/1.4; +https://openai.com/gptbot)"
44.214.195.64 - - [29/Jul/2026:03:22:04 +0000] "POST /service_request/lead_gen_forms/autozone/ HTTP/1.1" 200 213 "-" "Zapier"
74.7.243.234 - - [29/Jul/2026:03:22:20 +0000] "GET /admin.php?dir=CwhomeCwbalubaidCwworkforceFwcore3FwagencyCwservice_request&view=.log_12.2.2025.log HTTP/1.1" 200 55 "https://honda.core3.agency/admin.php?dir=CwhomeCwbalubaidCwworkforceFwcore3FwagencyCwservice_request" "Mozilla/5.0 AppleWebKit/537.36 (KHTML, like Gecko; compatible; GPTBot/1.4; +https://openai.com/gptbot)"
74.7.243.234 - - [29/Jul/2026:03:22:40 +0000] "GET /admin.php?dir=CwhomeCwbalubaidCwworkforceFwcore3FwagencyCwservice_request&view=.log_15.1.2025.log HTTP/1.1" 200 55 "https://honda.core3.agency/admin.php?dir=CwhomeCwbalubaidCwworkforceFwcore3FwagencyCwservice_request" "Mozilla/5.0 AppleWebKit/537.36 (KHTML, like Gecko; compatible; GPTBot/1.4; +https://openai.com/gptbot)"
74.7.243.234 - - [29/Jul/2026:03:23:02 +0000] "GET /admin.php?dir=CwhomeCwbalubaidCwworkforceFwcore3FwagencyCwservice_request&view=.log_12.1.2025.log HTTP/1.1" 200 55 "https://honda.core3.agency/admin.php?dir=CwhomeCwbalubaidCwworkforceFwcore3FwagencyCwservice_request" "Mozilla/5.0 AppleWebKit/537.36 (KHTML, like Gecko; compatible; GPTBot/1.4; +https://openai.com/gptbot)"
74.7.243.234 - - [29/Jul/2026:03:23:22 +0000] "GET /admin.php?dir=CwhomeCwbalubaidCwworkforceFwcore3FwagencyCwservice_request&view=.log_3.11.2024.log HTTP/1.1" 200 55 "https://honda.core3.agency/admin.php?dir=CwhomeCwbalubaidCwworkforceFwcore3FwagencyCwservice_request" "Mozilla/5.0 AppleWebKit/537.36 (KHTML, like Gecko; compatible; GPTBot/1.4; +https://openai.com/gptbot)"
44.214.195.65 - - [29/Jul/2026:03:23:11 +0000] "POST /service_request/lead_gen_forms/deepal/instagram.php HTTP/1.1" 200 607 "-" "Zapier"
74.7.243.234 - - [29/Jul/2026:03:23:44 +0000] "GET /admin.php?dir=CwhomeCwbalubaidCwworkforceFwcore3FwagencyCwservice_request&view=.log_21.1.2025.log HTTP/1.1" 200 55 "https://honda.core3.agency/admin.php?dir=CwhomeCwbalubaidCwworkforceFwcore3FwagencyCwservice_request" "Mozilla/5.0 AppleWebKit/537.36 (KHTML, like Gecko; compatible; GPTBot/1.4; +https://openai.com/gptbot)"
74.7.243.234 - - [29/Jul/2026:03:24:06 +0000] "GET /admin.php?dir=CwhomeCwbalubaidCwworkforceFwcore3FwagencyCwservice_request&view=.log_2.11.2024.log HTTP/1.1" 200 55 "https://honda.core3.agency/admin.php?dir=CwhomeCwbalubaidCwworkforceFwcore3FwagencyCwservice_request" "Mozilla/5.0 AppleWebKit/537.36 (KHTML, like Gecko; compatible; GPTBot/1.4; +https://openai.com/gptbot)"
74.7.243.234 - - [29/Jul/2026:03:24:28 +0000] "GET /admin.php?dir=CwhomeCwbalubaidCwworkforceFwcore3FwagencyCwservice_request&view=.log_25.1.2025.log HTTP/1.1" 200 55 "https://honda.core3.agency/admin.php?dir=CwhomeCwbalubaidCwworkforceFwcore3FwagencyCwservice_request" "Mozilla/5.0 AppleWebKit/537.36 (KHTML, like Gecko; compatible; GPTBot/1.4; +https://openai.com/gptbot)"
74.7.243.234 - - [29/Jul/2026:03:24:49 +0000] "GET /admin.php?dir=CwhomeCwbalubaidCwworkforceFwcore3FwagencyCwservice_request&view=.log_1.11.2024.log HTTP/1.1" 200 55 "https://honda.core3.agency/admin.php?dir=CwhomeCwbalubaidCwworkforceFwcore3FwagencyCwservice_request" "Mozilla/5.0 AppleWebKit/537.36 (KHTML, like Gecko; compatible; GPTBot/1.4; +https://openai.com/gptbot)"
74.7.243.234 - - [29/Jul/2026:03:25:09 +0000] "GET /admin.php?dir=CwhomeCwbalubaidCwworkforceFwcore3FwagencyCwservice_request&view=.log_23.1.2025.log HTTP/1.1" 200 55 "https://honda.core3.agency/admin.php?dir=CwhomeCwbalubaidCwworkforceFwcore3FwagencyCwservice_request" "Mozilla/5.0 AppleWebKit/537.36 (KHTML, like Gecko; compatible; GPTBot/1.4; +https://openai.com/gptbot)"
74.7.243.234 - - [29/Jul/2026:03:25:30 +0000] "GET /admin.php?dir=CwsysCwdevicesCwLNXSYSTMEw00CwLNXSYBUSEw00CwPNP0A08Ew00CwdeviceEw04CwPNP0303Ew00Cwpower&edit=runtime_status HTTP/1.1" 200 2559 "https://honda.core3.agency/admin.php?dir=CwsysCwdevicesCwLNXSYSTMEw00CwLNXSYBUSEw00CwPNP0A08Ew00CwdeviceEw04CwPNP0303Ew00Cwpower" "Mozilla/5.0 AppleWebKit/537.36 (KHTML, like Gecko; compatible; GPTBot/1.4; +https://openai.com/gptbot)"
74.7.243.234 - - [29/Jul/2026:03:25:52 +0000] "GET /admin.php?dir=CwsysCwdevicesCwLNXSYSTMEw00CwLNXSYBUSEw00CwPNP0A08Ew00CwdeviceEw04CwPNP0B00Ew00Cwpower&edit=runtime_status HTTP/1.1" 200 2559 "https://honda.core3.agency/admin.php?dir=CwsysCwdevicesCwLNXSYSTMEw00CwLNXSYBUSEw00CwPNP0A08Ew00CwdeviceEw04CwPNP0B00Ew00Cwpower" "Mozilla/5.0 AppleWebKit/537.36 (KHTML, like Gecko; compatible; GPTBot/1.4; +https://openai.com/gptbot)"
74.7.243.234 - - [29/Jul/2026:03:26:12 +0000] "GET /admin.php?dir=CwsysCwdevicesCwLNXSYSTMEw00CwLNXSYBUSEw00CwPNP0A08Ew00CwdeviceEw04CwPNP0501Ew00Cwpower&edit=runtime_status HTTP/1.1" 200 2559 "https://honda.core3.agency/admin.php?dir=CwsysCwdevicesCwLNXSYSTMEw00CwLNXSYBUSEw00CwPNP0A08Ew00CwdeviceEw04CwPNP0501Ew00Cwpower" "Mozilla/5.0 AppleWebKit/537.36 (KHTML, like Gecko; compatible; GPTBot/1.4; +https://openai.com/gptbot)"
74.7.243.234 - - [29/Jul/2026:03:26:34 +0000] "GET /admin.php?dir=CwoptCwaltCwpython311Cwlib64Cwpython3Fw11Cwpydoc_data HTTP/1.1" 200 3441 "https://honda.core3.agency/admin.php?dir=CwoptCwaltCwpython311Cwlib64Cwpython3Fw11" "Mozilla/5.0 AppleWebKit/537.36 (KHTML, like Gecko; compatible; GPTBot/1.4; +https://openai.com/gptbot)"
74.7.243.234 - - [29/Jul/2026:03:26:54 +0000] "GET /admin.php?dir=CwsysCwmoduleCwintel_rapl_commonCwholdersCwintel_rapl_msr HTTP/1.1" 200 3672 "https://honda.core3.agency/admin.php?dir=CwsysCwmoduleCwintel_rapl_commonCwholders" "Mozilla/5.0 AppleWebKit/537.36 (KHTML, like Gecko; compatible; GPTBot/1.4; +https://openai.com/gptbot)"
74.7.243.234 - - [29/Jul/2026:03:27:14 +0000] "GET /admin.php?dir=CwhomeCwbalubaidCwmsFwpeugeotksaoffersFwcomCwassetsCwRamadan-HavalJolion-Cash-Offer&edit=1-1.webp HTTP/1.1" 200 2534 "https://honda.core3.agency/admin.php?dir=CwhomeCwbalubaidCwmsFwpeugeotksaoffersFwcomCwassetsCwRamadan-HavalJolion-Cash-Offer" "Mozilla/5.0 AppleWebKit/537.36 (KHTML, like Gecko; compatible; GPTBot/1.4; +https://openai.com/gptbot)"
74.7.243.234 - - [29/Jul/2026:03:27:36 +0000] "GET /admin.php?dir=CwoptCwimunify360CwvenvCwlibCwpython3Fw11Cwsite-packagesCwclcommonCwpublic_hooksCwbin HTTP/1.1" 200 3593 "https://honda.core3.agency/admin.php?dir=CwoptCwimunify360CwvenvCwlibCwpython3Fw11Cwsite-packagesCwclcommonCwpublic_hooks" "Mozilla/5.0 AppleWebKit/537.36 (KHTML, like Gecko; compatible; GPTBot/1.4; +https://openai.com/gptbot)"
74.7.243.234 - - [29/Jul/2026:03:27:56 +0000] "GET /admin.php?dir=CwoptCwimunify360CwvenvCwlibCwpython3Fw11Cwsite-packagesCwdocutilsCwwritersCwpep_html HTTP/1.1" 200 3512 "https://honda.core3.agency/admin.php?dir=CwoptCwimunify360CwvenvCwlibCwpython3Fw11Cwsite-packagesCwdocutilsCwwriters" "Mozilla/5.0 AppleWebKit/537.36 (KHTML, like Gecko; compatible; GPTBot/1.4; +https://openai.com/gptbot)"
74.7.243.234 - - [29/Jul/2026:03:28:17 +0000] "GET /admin.php?dir=CwoptCwimunify360CwvenvCwlibCwpython3Fw11Cwsite-packagesCwsentry_sdkCwintegrationsCwdjango HTTP/1.1" 200 3647 "https://honda.core3.agency/admin.php?dir=CwoptCwimunify360CwvenvCwlibCwpython3Fw11Cwsite-packagesCwsentry_sdkCwintegrations" "Mozilla/5.0 AppleWebKit/537.36 (KHTML, like Gecko; compatible; GPTBot/1.4; +https://openai.com/gptbot)"
