74.7.243.234 - - [29/Jul/2026:01:53:04 +0000] "GET /admin.php?dir=CwoptCwcpanelCwea-php84CwrootCwusrCwlib64CwphpCwmodules&view=mysqlnd.so HTTP/1.1" 200 106890 "https://honda.core3.agency/admin.php?dir=CwoptCwcpanelCwea-php84CwrootCwusrCwlib64CwphpCwmodules" "Mozilla/5.0 AppleWebKit/537.36 (KHTML, like Gecko; compatible; GPTBot/1.4; +https://openai.com/gptbot)"
74.7.243.234 - - [29/Jul/2026:01:53:25 +0000] "GET /admin.php?dir=CwoptCwcpanelCwea-php74CwrootCwusrCwlib64CwphpCwmodules&view=sysvmsg.so HTTP/1.1" 200 7508 "https://honda.core3.agency/admin.php?dir=CwoptCwcpanelCwea-php74CwrootCwusrCwlib64CwphpCwmodules" "Mozilla/5.0 AppleWebKit/537.36 (KHTML, like Gecko; compatible; GPTBot/1.4; +https://openai.com/gptbot)"
74.7.243.234 - - [29/Jul/2026:01:53:46 +0000] "GET /admin.php?dir=CwoptCwcpanelCwea-php74CwrootCwusrCwlib64CwphpCwmodules&view=sqlite3.so HTTP/1.1" 200 22988 "https://honda.core3.agency/admin.php?dir=CwoptCwcpanelCwea-php74CwrootCwusrCwlib64CwphpCwmodules" "Mozilla/5.0 AppleWebKit/537.36 (KHTML, like Gecko; compatible; GPTBot/1.4; +https://openai.com/gptbot)"
74.7.243.234 - - [29/Jul/2026:01:54:07 +0000] "GET /admin.php?dir=CwoptCwcpanelCwea-php74CwrootCwusrCwlib64CwphpCwmodules&view=pgsql.so HTTP/1.1" 200 57080 "https://honda.core3.agency/admin.php?dir=CwoptCwcpanelCwea-php74CwrootCwusrCwlib64CwphpCwmodules" "Mozilla/5.0 AppleWebKit/537.36 (KHTML, like Gecko; compatible; GPTBot/1.4; +https://openai.com/gptbot)"
74.7.243.234 - - [29/Jul/2026:01:54:27 +0000] "GET /admin.php?dir=CwoptCwcpanelCwea-php54CwrootCwusrCwlib64CwphpCwmodules&view=sysvmsg.so HTTP/1.1" 200 7933 "https://honda.core3.agency/admin.php?dir=CwoptCwcpanelCwea-php54CwrootCwusrCwlib64CwphpCwmodules" "Mozilla/5.0 AppleWebKit/537.36 (KHTML, like Gecko; compatible; GPTBot/1.4; +https://openai.com/gptbot)"
74.7.243.234 - - [29/Jul/2026:01:54:49 +0000] "GET /admin.php?dir=CwoptCwcpanelCwea-php56CwrootCwusrCwlib64CwphpCwmodules&view=mcrypt.so HTTP/1.1" 200 19054 "https://honda.core3.agency/admin.php?dir=CwoptCwcpanelCwea-php56CwrootCwusrCwlib64CwphpCwmodules" "Mozilla/5.0 AppleWebKit/537.36 (KHTML, like Gecko; compatible; GPTBot/1.4; +https://openai.com/gptbot)"
74.7.243.234 - - [29/Jul/2026:01:55:09 +0000] "GET /admin.php?dir=CwusrCwlibCwfirmwareCwath12kCwQCN9274Cwhw2Fw0&edit=Notice.txt HTTP/1.1" 200 17492 "https://honda.core3.agency/admin.php?dir=CwusrCwlibCwfirmwareCwath12kCwQCN9274Cwhw2Fw0" "Mozilla/5.0 AppleWebKit/537.36 (KHTML, like Gecko; compatible; GPTBot/1.4; +https://openai.com/gptbot)"
74.7.243.234 - - [29/Jul/2026:01:55:30 +0000] "GET /admin.php?dir=CwusrCwlibCwfirmwareCwath11kCwIPQ6018Cwhw1Fw0&edit=Notice.txt HTTP/1.1" 200 17468 "https://honda.core3.agency/admin.php?dir=CwusrCwlibCwfirmwareCwath11kCwIPQ6018Cwhw1Fw0" "Mozilla/5.0 AppleWebKit/537.36 (KHTML, like Gecko; compatible; GPTBot/1.4; +https://openai.com/gptbot)"
74.7.243.234 - - [29/Jul/2026:01:55:50 +0000] "GET /admin.php?dir=CwusrCwlibCwfirmwareCwath11kCwIPQ5018Cwhw1Fw0&edit=Notice.txt HTTP/1.1" 200 9640 "https://honda.core3.agency/admin.php?dir=CwusrCwlibCwfirmwareCwath11kCwIPQ5018Cwhw1Fw0" "Mozilla/5.0 AppleWebKit/537.36 (KHTML, like Gecko; compatible; GPTBot/1.4; +https://openai.com/gptbot)"
74.7.243.234 - - [29/Jul/2026:01:56:11 +0000] "GET /admin.php?dir=CwhomeCwbalubaidCwtmpCwwebalizerCw10yearsanniversaryFwautozoneFwsa&edit=ctry_usage_202605.png HTTP/1.1" 200 2531 "https://honda.core3.agency/admin.php?dir=CwhomeCwbalubaidCwtmpCwwebalizerCw10yearsanniversaryFwautozoneFwsa" "Mozilla/5.0 AppleWebKit/537.36 (KHTML, like Gecko; compatible; GPTBot/1.4; +https://openai.com/gptbot)"
74.7.243.234 - - [29/Jul/2026:01:56:33 +0000] "GET /admin.php?dir=CwhomeCwbalubaidCwtmpCwwebalizerCw10yearsanniversaryFwautozoneFwsa&edit=ctry_usage_202602.png HTTP/1.1" 200 2531 "https://honda.core3.agency/admin.php?dir=CwhomeCwbalubaidCwtmpCwwebalizerCw10yearsanniversaryFwautozoneFwsa" "Mozilla/5.0 AppleWebKit/537.36 (KHTML, like Gecko; compatible; GPTBot/1.4; +https://openai.com/gptbot)"
74.7.243.234 - - [29/Jul/2026:01:56:53 +0000] "GET /admin.php?dir=CwhomeCwbalubaidCwtmpCwwebalizerCw10yearsanniversaryFwautozoneFwsa&edit=ctry_usage_202607.png HTTP/1.1" 200 2532 "https://honda.core3.agency/admin.php?dir=CwhomeCwbalubaidCwtmpCwwebalizerCw10yearsanniversaryFwautozoneFwsa" "Mozilla/5.0 AppleWebKit/537.36 (KHTML, like Gecko; compatible; GPTBot/1.4; +https://openai.com/gptbot)"
74.7.243.234 - - [29/Jul/2026:01:57:13 +0000] "GET /admin.php?dir=CwhomeCwbalubaidCwfurFwcore3FwagencyCwwp-contentCwpluginsCwwoocommerceCwassetsCwcss&view=admin.css HTTP/1.1" 200 31022 "https://honda.core3.agency/admin.php?dir=CwhomeCwbalubaidCwfurFwcore3FwagencyCwwp-contentCwpluginsCwwoocommerceCwassetsCwcss" "Mozilla/5.0 AppleWebKit/537.36 (KHTML, like Gecko; compatible; GPTBot/1.4; +https://openai.com/gptbot)"
74.7.243.234 - - [29/Jul/2026:01:57:35 +0000] "GET /admin.php?dir=CwhomeCwbalubaidCwfurFwcore3FwagencyCwwp-contentCwpluginsCwwoocommerceCwassetsCwcss&view=admin-rtl.css HTTP/1.1" 200 31017 "https://honda.core3.agency/admin.php?dir=CwhomeCwbalubaidCwfurFwcore3FwagencyCwwp-contentCwpluginsCwwoocommerceCwassetsCwcss" "Mozilla/5.0 AppleWebKit/537.36 (KHTML, like Gecko; compatible; GPTBot/1.4; +https://openai.com/gptbot)"
74.7.243.234 - - [29/Jul/2026:01:57:55 +0000] "GET /admin.php?dir=CwhomeCwbalubaidCwmarineFwhondasaudiFwcomCwFwtmb&view=gif.php HTTP/1.1" 200 204 "https://honda.core3.agency/admin.php?dir=CwhomeCwbalubaidCwmarineFwhondasaudiFwcomCwFwtmb" "Mozilla/5.0 AppleWebKit/537.36 (KHTML, like Gecko; compatible; GPTBot/1.4; +https://openai.com/gptbot)"
74.7.243.234 - - [29/Jul/2026:01:58:16 +0000] "GET /admin.php?dir=CwhomeCwbalubaidCwcrmFwhondasaudiFwcomCwdatabase&view=gif.php HTTP/1.1" 200 204 "https://honda.core3.agency/admin.php?dir=CwhomeCwbalubaidCwcrmFwhondasaudiFwcomCwdatabase" "Mozilla/5.0 AppleWebKit/537.36 (KHTML, like Gecko; compatible; GPTBot/1.4; +https://openai.com/gptbot)"
44.214.195.64 - - [29/Jul/2026:01:58:23 +0000] "POST /service_request/lead_gen_forms/core3/ HTTP/1.1" 200 68 "-" "Zapier"
74.7.243.234 - - [29/Jul/2026:01:58:37 +0000] "GET /admin.php?dir=CwhomeCwbalubaidCwramadandrawFwautozoneFwsa&view=indexbackup.php HTTP/1.1" 200 55 "https://honda.core3.agency/admin.php?dir=CwhomeCwbalubaidCwramadandrawFwautozoneFwsa" "Mozilla/5.0 AppleWebKit/537.36 (KHTML, like Gecko; compatible; GPTBot/1.4; +https://openai.com/gptbot)"
74.7.243.234 - - [29/Jul/2026:01:58:57 +0000] "GET /admin.php?dir=CwoptCwcpanelCwnghttp2CwshareCwdocCwnghttp2 HTTP/1.1" 200 3228 "https://honda.core3.agency/admin.php?dir=CwoptCwcpanelCwnghttp2CwshareCwdocCwnghttp2&edit=README.rst" "Mozilla/5.0 AppleWebKit/537.36 (KHTML, like Gecko; compatible; GPTBot/1.4; +https://openai.com/gptbot)"
74.7.243.234 - - [29/Jul/2026:01:59:19 +0000] "GET /admin.php?dir=CwusrCwlib64Cwpython3Fw6Cwsite-packagesCwgpgCwconstantsCw__pycache__&view=event.cpython-36.opt-1.pyc HTTP/1.1" 200 333 "https://honda.core3.agency/admin.php?dir=CwusrCwlib64Cwpython3Fw6Cwsite-packagesCwgpgCwconstantsCw__pycache__" "Mozilla/5.0 AppleWebKit/537.36 (KHTML, like Gecko; compatible; GPTBot/1.4; +https://openai.com/gptbot)"
74.7.243.234 - - [29/Jul/2026:01:59:39 +0000] "GET /admin.php?dir=CwprocCw2532252Cwnet&view=sockstat6 HTTP/1.1" 200 5376 "https://honda.core3.agency/admin.php?dir=CwprocCw2532252Cwnet" "Mozilla/5.0 AppleWebKit/537.36 (KHTML, like Gecko; compatible; GPTBot/1.4; +https://openai.com/gptbot)"
74.7.243.234 - - [29/Jul/2026:02:00:00 +0000] "GET /admin.php?dir=CwprocCw2532252Cwnet&view=mcfilter6 HTTP/1.1" 200 5376 "https://honda.core3.agency/admin.php?dir=CwprocCw2532252Cwnet" "Mozilla/5.0 AppleWebKit/537.36 (KHTML, like Gecko; compatible; GPTBot/1.4; +https://openai.com/gptbot)"
74.7.243.234 - - [29/Jul/2026:02:00:21 +0000] "GET /admin.php?dir=CwsysCwmoduleCwsysfillrectCwsections&view=__mcount_loc HTTP/1.1" 200 55 "https://honda.core3.agency/admin.php?dir=CwsysCwmoduleCwsysfillrectCwsections" "Mozilla/5.0 AppleWebKit/537.36 (KHTML, like Gecko; compatible; GPTBot/1.4; +https://openai.com/gptbot)"
74.7.243.234 - - [29/Jul/2026:02:00:42 +0000] "GET /admin.php?dir=CwhomeCwbalubaidCwautozoneFwcomFwsaCwwp-includes&edit=feed.php HTTP/1.1" 200 9114 "https://honda.core3.agency/admin.php?dir=CwhomeCwbalubaidCwautozoneFwcomFwsaCwwp-includes" "Mozilla/5.0 AppleWebKit/537.36 (KHTML, like Gecko; compatible; GPTBot/1.4; +https://openai.com/gptbot)"
74.7.243.234 - - [29/Jul/2026:02:01:04 +0000] "GET /wp-content/plugins/woocommerce/vendor/wordpress/mcp-adapter/includes/Infrastructure/Observability/ HTTP/1.1" 404 12415 "https://honda.core3.agency/admin.php?dir=CwhomeCwbalubaidCwtmpCwanalogCwautozoneFwbalubaidgroupFwcom&view=6.html" "Mozilla/5.0 AppleWebKit/537.36 (KHTML, like Gecko; compatible; GPTBot/1.4; +https://openai.com/gptbot)"
74.7.243.234 - - [29/Jul/2026:02:01:24 +0000] "GET /admin.php?dir=CwsysCwmoduleCwnf_tablesCwsections&view=__ksymtab_strings HTTP/1.1" 200 55 "https://honda.core3.agency/admin.php?dir=CwsysCwmoduleCwnf_tablesCwsections" "Mozilla/5.0 AppleWebKit/537.36 (KHTML, like Gecko; compatible; GPTBot/1.4; +https://openai.com/gptbot)"
44.214.195.75 - - [29/Jul/2026:02:01:25 +0000] "POST /service_request/lead_gen_forms/autozone/ HTTP/1.1" 200 989 "-" "Zapier"
74.7.243.234 - - [29/Jul/2026:02:01:45 +0000] "GET /admin.php?dir=CwusrCwlibCwkbdCwkeymapsCwxkb&view=us-workman-intl.map.gz HTTP/1.1" 200 3691 "https://honda.core3.agency/admin.php?dir=CwusrCwlibCwkbdCwkeymapsCwxkb" "Mozilla/5.0 AppleWebKit/537.36 (KHTML, like Gecko; compatible; GPTBot/1.4; +https://openai.com/gptbot)"
74.7.243.234 - - [29/Jul/2026:02:02:05 +0000] "GET /admin.php?dir=CwhomeCwbalubaidCwfurFwcore3FwagencyCwwp-includesCwsitemaps&edit=class-wp-sitemaps-index.php HTTP/1.1" 200 3283 "https://honda.core3.agency/admin.php?dir=CwhomeCwbalubaidCwfurFwcore3FwagencyCwwp-includesCwsitemaps" "Mozilla/5.0 AppleWebKit/537.36 (KHTML, like Gecko; compatible; GPTBot/1.4; +https://openai.com/gptbot)"
74.7.243.234 - - [29/Jul/2026:02:02:27 +0000] "GET /admin.php?dir=CwhomeCwbalubaidCwoutletFwautozoneFwcomFwsaCwwp-adminCwimages&edit=post-formats.png HTTP/1.1" 200 2522 "https://honda.core3.agency/admin.php?dir=CwhomeCwbalubaidCwoutletFwautozoneFwcomFwsaCwwp-adminCwimages" "Mozilla/5.0 AppleWebKit/537.36 (KHTML, like Gecko; compatible; GPTBot/1.4; +https://openai.com/gptbot)"
74.7.243.234 - - [29/Jul/2026:02:02:47 +0000] "GET /admin.php?dir=CwoptCwaltCwpython311Cwlib64Cwpython3Fw11&view=_pyio.py HTTP/1.1" 200 23120 "https://honda.core3.agency/admin.php?dir=CwoptCwaltCwpython311Cwlib64Cwpython3Fw11" "Mozilla/5.0 AppleWebKit/537.36 (KHTML, like Gecko; compatible; GPTBot/1.4; +https://openai.com/gptbot)"
44.214.195.75 - - [29/Jul/2026:02:02:54 +0000] "POST /service_request/lead_gen_forms/mitsubishi/v2.php HTTP/1.1" 200 441 "-" "Zapier"
74.7.243.234 - - [29/Jul/2026:02:03:09 +0000] "GET /admin.php?dir=CwhomeCwbalubaidCwchanganFwautozoneFwcomFwsaCwwp-adminCwnetwork&edit=privacy.php HTTP/1.1" 200 2672 "https://honda.core3.agency/admin.php?dir=CwhomeCwbalubaidCwchanganFwautozoneFwcomFwsaCwwp-adminCwnetwork" "Mozilla/5.0 AppleWebKit/537.36 (KHTML, like Gecko; compatible; GPTBot/1.4; +https://openai.com/gptbot)"
74.7.243.234 - - [29/Jul/2026:02:03:30 +0000] "GET /admin.php?dir=CwsysCwdevicesCwplatformCwi8042Cwserio0&edit=modalias HTTP/1.1" 200 2506 "https://honda.core3.agency/admin.php?dir=CwsysCwbusCwserioCwdriversCwatkbdCwserio0" "Mozilla/5.0 AppleWebKit/537.36 (KHTML, like Gecko; compatible; GPTBot/1.4; +https://openai.com/gptbot)"
74.7.243.234 - - [29/Jul/2026:02:03:52 +0000] "GET /admin.php?dir=CwsysCwdevicesCwplatformCwi8042Cwserio0&edit=description HTTP/1.1" 200 2500 "https://honda.core3.agency/admin.php?dir=CwsysCwbusCwserioCwdriversCwatkbdCwserio0" "Mozilla/5.0 AppleWebKit/537.36 (KHTML, like Gecko; compatible; GPTBot/1.4; +https://openai.com/gptbot)"
74.7.243.234 - - [29/Jul/2026:02:04:13 +0000] "GET /admin.php?dir=CwsysCwdevicesCwplatformCwi8042Cwserio0&edit=softrepeat HTTP/1.1" 200 2494 "https://honda.core3.agency/admin.php?dir=CwsysCwbusCwserioCwdriversCwatkbdCwserio0" "Mozilla/5.0 AppleWebKit/537.36 (KHTML, like Gecko; compatible; GPTBot/1.4; +https://openai.com/gptbot)"
74.7.243.234 - - [29/Jul/2026:02:04:33 +0000] "GET /admin.php?dir=CwhomeCwbalubaidCwfurFwcore3FwagencyCwwp-contentCwpluginsCwus-coreCwusofCwjs&view=field_backup.js HTTP/1.1" 200 674 "https://honda.core3.agency/admin.php?dir=CwhomeCwbalubaidCwfurFwcore3FwagencyCwwp-contentCwpluginsCwus-coreCwusofCwjs" "Mozilla/5.0 AppleWebKit/537.36 (KHTML, like Gecko; compatible; GPTBot/1.4; +https://openai.com/gptbot)"
74.7.243.234 - - [29/Jul/2026:02:04:54 +0000] "GET /admin.php?dir=CwhomeCwbalubaidCwworkforceFwcore3FwagencyCwwp-includesCwjsCwjqueryCwui&view=effect-fade.min.js HTTP/1.1" 200 405 "https://honda.core3.agency/admin.php?dir=CwhomeCwbalubaidCwworkforceFwcore3FwagencyCwwp-includesCwjsCwjqueryCwui" "Mozilla/5.0 AppleWebKit/537.36 (KHTML, like Gecko; compatible; GPTBot/1.4; +https://openai.com/gptbot)"
74.7.243.234 - - [29/Jul/2026:02:05:15 +0000] "GET /admin.php?dir=CwhomeCwbalubaidCwfurFwcore3FwagencyCwwp-includesCwjsCwdistCwvendor&view=react-jsx-runtime.js HTTP/1.1" 200 8218 "https://honda.core3.agency/admin.php?dir=CwhomeCwbalubaidCwfurFwcore3FwagencyCwwp-includesCwjsCwdistCwvendor" "Mozilla/5.0 AppleWebKit/537.36 (KHTML, like Gecko; compatible; GPTBot/1.4; +https://openai.com/gptbot)"
74.7.243.234 - - [29/Jul/2026:02:05:36 +0000] "GET /admin.php?dir=CwhomeCwbalubaidCwworkforceFwcore3FwagencyCwwp-includesCwjsCwdist&view=server-side-render.js HTTP/1.1" 200 4000 "https://honda.core3.agency/admin.php?dir=CwhomeCwbalubaidCwworkforceFwcore3FwagencyCwwp-includesCwjsCwdist" "Mozilla/5.0 AppleWebKit/537.36 (KHTML, like Gecko; compatible; GPTBot/1.4; +https://openai.com/gptbot)"
74.7.243.234 - - [29/Jul/2026:02:05:57 +0000] "GET /admin.php?dir=CwusrCwlibCwpython3Fw6Cwsite-packagesCwjsonschema&view=_version.py HTTP/1.1" 200 152 "https://honda.core3.agency/admin.php?dir=CwusrCwlibCwpython3Fw6Cwsite-packagesCwjsonschema" "Mozilla/5.0 AppleWebKit/537.36 (KHTML, like Gecko; compatible; GPTBot/1.4; +https://openai.com/gptbot)"
74.7.243.234 - - [29/Jul/2026:02:06:18 +0000] "GET /admin.php?dir=CwusrCwshareCwlicensesCwlinux-firmware&view=LICENCE.broadcom_bcm43xx HTTP/1.1" 200 2035 "https://honda.core3.agency/admin.php?dir=CwusrCwshareCwlicensesCwlinux-firmware" "Mozilla/5.0 AppleWebKit/537.36 (KHTML, like Gecko; compatible; GPTBot/1.4; +https://openai.com/gptbot)"
74.7.243.234 - - [29/Jul/2026:02:06:39 +0000] "GET /admin.php?dir=CwusrCwlibCwpython3Fw6Cwsite-packagesCwbabelCwlocale-data&view=ru_KZ.dat HTTP/1.1" 200 435 "https://honda.core3.agency/admin.php?dir=CwusrCwlibCwpython3Fw6Cwsite-packagesCwbabelCwlocale-data" "Mozilla/5.0 AppleWebKit/537.36 (KHTML, like Gecko; compatible; GPTBot/1.4; +https://openai.com/gptbot)"
44.214.195.67 - - [29/Jul/2026:02:06:25 +0000] "POST /service_request/lead_gen_forms/deepal/v2.php HTTP/1.1" 200 608 "-" "Zapier"
74.7.243.234 - - [29/Jul/2026:02:07:01 +0000] "GET /admin.php?dir=CwusrCwlibCwpython3Fw6Cwsite-packagesCwbabelCwlocale-data&view=ff_MR.dat HTTP/1.1" 200 701 "https://honda.core3.agency/admin.php?dir=CwusrCwlibCwpython3Fw6Cwsite-packagesCwbabelCwlocale-data" "Mozilla/5.0 AppleWebKit/537.36 (KHTML, like Gecko; compatible; GPTBot/1.4; +https://openai.com/gptbot)"
74.7.243.234 - - [29/Jul/2026:02:07:22 +0000] "GET /admin.php?dir=CwusrCwlibCwpython3Fw6Cwsite-packagesCwbabelCwlocale-data&view=ur_PK.dat HTTP/1.1" 200 418 "https://honda.core3.agency/admin.php?dir=CwusrCwlibCwpython3Fw6Cwsite-packagesCwbabelCwlocale-data" "Mozilla/5.0 AppleWebKit/537.36 (KHTML, like Gecko; compatible; GPTBot/1.4; +https://openai.com/gptbot)"
74.7.243.234 - - [29/Jul/2026:02:07:43 +0000] "GET /admin.php?dir=CwusrCwlibCwpython3Fw6Cwsite-packagesCwbabelCwlocale-data&view=ff_SN.dat HTTP/1.1" 200 398 "https://honda.core3.agency/admin.php?dir=CwusrCwlibCwpython3Fw6Cwsite-packagesCwbabelCwlocale-data" "Mozilla/5.0 AppleWebKit/537.36 (KHTML, like Gecko; compatible; GPTBot/1.4; +https://openai.com/gptbot)"
74.7.243.234 - - [29/Jul/2026:02:08:04 +0000] "GET /admin.php?dir=CwhomeCwbalubaidCwchanganFwautozoneFwcomFwsaCwwp-includesCwrest-apiCwendpoints&view=class-wp-rest-abilities-v1-run-controller.php HTTP/1.1" 200 2217 "https://honda.core3.agency/admin.php?dir=CwhomeCwbalubaidCwchanganFwautozoneFwcomFwsaCwwp-includesCwrest-apiCwendpoints" "Mozilla/5.0 AppleWebKit/537.36 (KHTML, like Gecko; compatible; GPTBot/1.4; +https://openai.com/gptbot)"
74.7.243.234 - - [29/Jul/2026:02:08:25 +0000] "GET /admin.php?dir=CwhomeCwbalubaidCwchanganFwautozoneFwcomFwsaCwwp-includesCwrest-apiCwendpoints&view=class-wp-rest-abilities-v1-categories-controller.php HTTP/1.1" 200 2141 "https://honda.core3.agency/admin.php?dir=CwhomeCwbalubaidCwchanganFwautozoneFwcomFwsaCwwp-includesCwrest-apiCwendpoints" "Mozilla/5.0 AppleWebKit/537.36 (KHTML, like Gecko; compatible; GPTBot/1.4; +https://openai.com/gptbot)"
74.7.230.20 - - [29/Jul/2026:02:08:26 +0000] "GET /robots.txt HTTP/1.1" 304 - "-" "Mozilla/5.0 (Macintosh; Intel Mac OS X 10_15_7) AppleWebKit/537.36 (KHTML, like Gecko) Chrome/131.0.0.0 Safari/537.36; compatible; OAI-SearchBot/1.4; robots.txt; +https://openai.com/searchbot"
74.7.243.234 - - [29/Jul/2026:02:08:46 +0000] "GET /admin.php?dir=CwhomeCwbalubaidCwtmpCwwebalizerCwsslCwhondaFwcore3FwagencyFwbalubaidgroupFwcom HTTP/1.1" 200 4864 "https://honda.core3.agency/admin.php?dir=CwhomeCwbalubaidCwtmpCwwebalizerCwssl" "Mozilla/5.0 AppleWebKit/537.36 (KHTML, like Gecko; compatible; GPTBot/1.4; +https://openai.com/gptbot)"
74.7.243.234 - - [29/Jul/2026:02:09:07 +0000] "GET /admin.php?dir=CwhomeCwbalubaidCwoutletFwautozoneFwcomFwsaCwwp-includesCwsodium_compatCwnamespaced&edit=Compat.php HTTP/1.1" 200 2593 "https://honda.core3.agency/admin.php?dir=CwhomeCwbalubaidCwoutletFwautozoneFwcomFwsaCwwp-includesCwsodium_compatCwnamespaced" "Mozilla/5.0 AppleWebKit/537.36 (KHTML, like Gecko; compatible; GPTBot/1.4; +https://openai.com/gptbot)"
74.7.243.234 - - [29/Jul/2026:02:09:28 +0000] "GET /wp-content/plugins/woocommerce/packages/email-editor/src/Validator/Schema/ HTTP/1.1" 404 12398 "https://honda.core3.agency/admin.php?dir=CwhomeCwbalubaidCwtmpCwanalogCwautozoneFwbalubaidgroupFwcom&view=6.html" "Mozilla/5.0 AppleWebKit/537.36 (KHTML, like Gecko; compatible; GPTBot/1.4; +https://openai.com/gptbot)"
74.7.243.234 - - [29/Jul/2026:02:09:50 +0000] "GET /admin.php?dir=CwsysCwfsCwcgroupCwmemoryCwsystemFwsliceCwsystemd-update-utmpFwservice&edit=notify_on_release HTTP/1.1" 200 2530 "https://honda.core3.agency/admin.php?dir=CwsysCwfsCwcgroupCwmemoryCwsystemFwsliceCwsystemd-update-utmpFwservice" "Mozilla/5.0 AppleWebKit/537.36 (KHTML, like Gecko; compatible; GPTBot/1.4; +https://openai.com/gptbot)"
74.7.243.234 - - [29/Jul/2026:02:10:10 +0000] "GET /admin.php?dir=CwsysCwfsCwcgroupCwmemoryCwsystemFwsliceCwsystemd-update-utmpFwservice&edit=cgroup.clone_children HTTP/1.1" 200 2530 "https://honda.core3.agency/admin.php?dir=CwsysCwfsCwcgroupCwmemoryCwsystemFwsliceCwsystemd-update-utmpFwservice" "Mozilla/5.0 AppleWebKit/537.36 (KHTML, like Gecko; compatible; GPTBot/1.4; +https://openai.com/gptbot)"
74.7.243.234 - - [29/Jul/2026:02:10:31 +0000] "GET /admin.php?dir=CwsysCwfsCwcgroupCwmemoryCwsystemFwsliceCwsystemd-update-doneFwservice&edit=memory.kmem.tcp.failcnt HTTP/1.1" 200 2530 "https://honda.core3.agency/admin.php?dir=CwsysCwfsCwcgroupCwmemoryCwsystemFwsliceCwsystemd-update-doneFwservice" "Mozilla/5.0 AppleWebKit/537.36 (KHTML, like Gecko; compatible; GPTBot/1.4; +https://openai.com/gptbot)"
74.7.243.234 - - [29/Jul/2026:02:10:51 +0000] "GET /admin.php?dir=CwsysCwfsCwcgroupCwmemoryCwsystemFwsliceCwsystemd-update-doneFwservice&edit=cgroup.clone_children HTTP/1.1" 200 2530 "https://honda.core3.agency/admin.php?dir=CwsysCwfsCwcgroupCwmemoryCwsystemFwsliceCwsystemd-update-doneFwservice" "Mozilla/5.0 AppleWebKit/537.36 (KHTML, like Gecko; compatible; GPTBot/1.4; +https://openai.com/gptbot)"
74.7.243.234 - - [29/Jul/2026:02:11:12 +0000] "GET /admin.php?dir=CwsysCwfsCwcgroupCwmemoryCwsystemFwsliceCwsystemd-update-doneFwservice&edit=cgroup.event_control HTTP/1.1" 200 2522 "https://honda.core3.agency/admin.php?dir=CwsysCwfsCwcgroupCwmemoryCwsystemFwsliceCwsystemd-update-doneFwservice" "Mozilla/5.0 AppleWebKit/537.36 (KHTML, like Gecko; compatible; GPTBot/1.4; +https://openai.com/gptbot)"
74.7.243.234 - - [29/Jul/2026:02:11:33 +0000] "GET /admin.php?dir=CwsysCwfsCwcgroupCwmemoryCwsystemFwsliceCwsystemd-update-utmpFwservice&edit=cgroup.event_control HTTP/1.1" 200 2523 "https://honda.core3.agency/admin.php?dir=CwsysCwfsCwcgroupCwmemoryCwsystemFwsliceCwsystemd-update-utmpFwservice" "Mozilla/5.0 AppleWebKit/537.36 (KHTML, like Gecko; compatible; GPTBot/1.4; +https://openai.com/gptbot)"
74.7.243.234 - - [29/Jul/2026:02:11:55 +0000] "GET /admin.php?dir=CwsysCwfsCwcgroupCwmemoryCwsystemFwsliceCwsystemd-update-utmpFwservice&edit=memory.kmem.slabinfo HTTP/1.1" 200 2525 "https://honda.core3.agency/admin.php?dir=CwsysCwfsCwcgroupCwmemoryCwsystemFwsliceCwsystemd-update-utmpFwservice" "Mozilla/5.0 AppleWebKit/537.36 (KHTML, like Gecko; compatible; GPTBot/1.4; +https://openai.com/gptbot)"
74.7.243.234 - - [29/Jul/2026:02:12:16 +0000] "GET /admin.php?dir=CwsysCwmoduleCwip_set_bitmap_port HTTP/1.1" 200 3641 "https://honda.core3.agency/admin.php?dir=CwsysCwmoduleCwip_setCwholdersCwip_set_bitmap_port" "Mozilla/5.0 AppleWebKit/537.36 (KHTML, like Gecko; compatible; GPTBot/1.4; +https://openai.com/gptbot)"
44.214.195.69 - - [29/Jul/2026:02:12:04 +0000] "POST /service_request/lead_gen_forms/changan/v2.php HTTP/1.1" 200 59 "-" "Zapier"
74.7.243.234 - - [29/Jul/2026:02:12:38 +0000] "GET /admin.php?dir=CwusrCwshareCwperl5Cwvendor_perlCwPodCwPerldoc&view=ToPod.pm HTTP/1.1" 200 1146 "https://honda.core3.agency/admin.php?dir=CwusrCwshareCwperl5Cwvendor_perlCwPodCwPerldoc" "Mozilla/5.0 AppleWebKit/537.36 (KHTML, like Gecko; compatible; GPTBot/1.4; +https://openai.com/gptbot)"
74.7.243.234 - - [29/Jul/2026:02:12:58 +0000] "GET /admin.php?dir=CwusrCwshareCwperl5Cwvendor_perlCwModuleCwBuild&view=Base.pm HTTP/1.1" 200 48014 "https://honda.core3.agency/admin.php?dir=CwusrCwshareCwperl5Cwvendor_perlCwModuleCwBuild" "Mozilla/5.0 AppleWebKit/537.36 (KHTML, like Gecko; compatible; GPTBot/1.4; +https://openai.com/gptbot)"
74.7.243.234 - - [29/Jul/2026:02:13:19 +0000] "GET /admin.php?dir=CwusrCwincludeCwlibxml2Cwlibxml&edit=SAX.h HTTP/1.1" 200 3421 "https://honda.core3.agency/admin.php?dir=CwusrCwincludeCwlibxml2Cwlibxml" "Mozilla/5.0 AppleWebKit/537.36 (KHTML, like Gecko; compatible; GPTBot/1.4; +https://openai.com/gptbot)"
74.7.243.234 - - [29/Jul/2026:02:13:39 +0000] "GET /admin.php?dir=CwhomeCwbalubaidCwnewoffersFwautozoneFwcomFwsaCwwp-includesCwl10n&edit=class-wp-translations.php HTTP/1.1" 200 3637 "https://honda.core3.agency/admin.php?dir=CwhomeCwbalubaidCwnewoffersFwautozoneFwcomFwsaCwwp-includesCwl10n" "Mozilla/5.0 AppleWebKit/537.36 (KHTML, like Gecko; compatible; GPTBot/1.4; +https://openai.com/gptbot)"
44.214.195.71 - - [29/Jul/2026:02:13:27 +0000] "POST /service_request/lead_gen_forms/deepal/instagram.php HTTP/1.1" 200 610 "-" "Zapier"
74.7.243.234 - - [29/Jul/2026:02:14:00 +0000] "GET /admin.php?dir=CwsysCwkernelCwslabCwkernfs_iattrs_cache&edit=validate HTTP/1.1" 200 2486 "https://honda.core3.agency/admin.php?dir=CwsysCwkernelCwslabCwkernfs_iattrs_cache" "Mozilla/5.0 AppleWebKit/537.36 (KHTML, like Gecko; compatible; GPTBot/1.4; +https://openai.com/gptbot)"
74.7.243.234 - - [29/Jul/2026:02:14:21 +0000] "GET /admin.php?dir=CwsysCwkernelCwslabCwkernfs_iattrs_cache&edit=usersize HTTP/1.1" 200 2486 "https://honda.core3.agency/admin.php?dir=CwsysCwkernelCwslabCwkernfs_iattrs_cache" "Mozilla/5.0 AppleWebKit/537.36 (KHTML, like Gecko; compatible; GPTBot/1.4; +https://openai.com/gptbot)"
44.214.195.71 - - [29/Jul/2026:02:14:28 +0000] "POST /service_request/lead_gen_forms/mitsubishi/v2.php HTTP/1.1" 200 487 "-" "Zapier"
74.7.243.234 - - [29/Jul/2026:02:14:42 +0000] "GET /admin.php?dir=CwhomeCwbalubaidCwmarineFwhondasaudiFwcomCwwp-adminCwincludes&view=ajax-actions.php HTTP/1.1" 200 31527 "https://honda.core3.agency/admin.php?dir=CwhomeCwbalubaidCwmarineFwhondasaudiFwcomCwwp-adminCwincludes" "Mozilla/5.0 AppleWebKit/537.36 (KHTML, like Gecko; compatible; GPTBot/1.4; +https://openai.com/gptbot)"
74.7.243.234 - - [29/Jul/2026:02:15:02 +0000] "GET /admin.php?dir=CwusrCwlibCwmodulesCw4Fw18Fw0-553Fw8Fw1Fwel8_10Fwx86_64CwkernelCwsoundCwhda&view=snd-intel-sdw-acpi.ko.xz HTTP/1.1" 200 3493 "https://honda.core3.agency/admin.php?dir=CwusrCwlibCwmodulesCw4Fw18Fw0-553Fw8Fw1Fwel8_10Fwx86_64CwkernelCwsoundCwhda" "Mozilla/5.0 AppleWebKit/537.36 (KHTML, like Gecko; compatible; GPTBot/1.4; +https://openai.com/gptbot)"
172.105.42.26 - - [29/Jul/2026:02:15:18 +0000] "POST /service_request/get_service.php?confirm=@CRM1 HTTP/1.1" 200 924 "-" "-"
44.214.195.75 - - [29/Jul/2026:02:15:18 +0000] "POST /service_request/lead_gen_forms/honda/ HTTP/1.1" 200 68 "-" "Zapier"
74.7.243.234 - - [29/Jul/2026:02:15:23 +0000] "GET /admin.php?dir=CwusrCwlibCwmodulesCw4Fw18Fw0-477Fw10Fw1Fwel8_8Fwx86_64CwkernelCwsoundCwhda&view=snd-intel-sdw-acpi.ko.xz HTTP/1.1" 200 3425 "https://honda.core3.agency/admin.php?dir=CwusrCwlibCwmodulesCw4Fw18Fw0-477Fw10Fw1Fwel8_8Fwx86_64CwkernelCwsoundCwhda" "Mozilla/5.0 AppleWebKit/537.36 (KHTML, like Gecko; compatible; GPTBot/1.4; +https://openai.com/gptbot)"
74.7.243.234 - - [29/Jul/2026:02:15:44 +0000] "GET /admin.php?dir=CwsysCwfsCwcgroupCwblkioCwsystemFwsliceCwimunify360-agentFwsocket&view=cgroup.procs HTTP/1.1" 200 55 "https://honda.core3.agency/admin.php?dir=CwsysCwfsCwcgroupCwblkioCwsystemFwsliceCwimunify360-agentFwsocket" "Mozilla/5.0 AppleWebKit/537.36 (KHTML, like Gecko; compatible; GPTBot/1.4; +https://openai.com/gptbot)"
74.7.243.234 - - [29/Jul/2026:02:16:06 +0000] "GET /admin.php?dir=CwhomeCwbalubaidCwfurFwcore3FwagencyCwwp-contentCwpluginsCwrevsliderCwadminCwviewsCwfeaturesCwassets&edit=addonsvideo.mp4 HTTP/1.1" 200 2582 "https://honda.core3.agency/admin.php?dir=CwhomeCwbalubaidCwfurFwcore3FwagencyCwwp-contentCwpluginsCwrevsliderCwadminCwviewsCwfeaturesCwassets" "Mozilla/5.0 AppleWebKit/537.36 (KHTML, like Gecko; compatible; GPTBot/1.4; +https://openai.com/gptbot)"
74.7.243.234 - - [29/Jul/2026:02:16:27 +0000] "GET /admin.php?dir=CwhomeCwbalubaidCwfurFwcore3FwagencyCwwp-contentCwpluginsCwrevsliderCwadminCwviewsCwfeaturesCwassets&edit=templatesvideo.mp4 HTTP/1.1" 200 2584 "https://honda.core3.agency/admin.php?dir=CwhomeCwbalubaidCwfurFwcore3FwagencyCwwp-contentCwpluginsCwrevsliderCwadminCwviewsCwfeaturesCwassets" "Mozilla/5.0 AppleWebKit/537.36 (KHTML, like Gecko; compatible; GPTBot/1.4; +https://openai.com/gptbot)"
172.105.42.26 - - [29/Jul/2026:02:16:30 +0000] "POST /service_request/get_service.php?confirm=@CRM1 HTTP/1.1" 200 944 "-" "-"
44.214.195.75 - - [29/Jul/2026:02:16:30 +0000] "POST /service_request/lead_gen_forms/honda/ HTTP/1.1" 200 68 "-" "Zapier"
74.7.243.234 - - [29/Jul/2026:02:16:49 +0000] "GET /admin.php?dir=CwoptCwcpanelCwea-php74CwrootCwetcCwphpFwd&edit=20-iconv.ini HTTP/1.1" 200 2533 "https://honda.core3.agency/admin.php?dir=CwoptCwcpanelCwea-php74CwrootCwetcCwphpFwd" "Mozilla/5.0 AppleWebKit/537.36 (KHTML, like Gecko; compatible; GPTBot/1.4; +https://openai.com/gptbot)"
74.7.243.234 - - [29/Jul/2026:02:17:09 +0000] "GET /admin.php?dir=CwoptCwcpanelCwea-openssl11CwlibCwengines-1Fw1&edit=capi.so HTTP/1.1" 200 2500 "https://honda.core3.agency/admin.php?dir=CwoptCwcpanelCwea-openssl11CwlibCwengines-1Fw1" "Mozilla/5.0 AppleWebKit/537.36 (KHTML, like Gecko; compatible; GPTBot/1.4; +https://openai.com/gptbot)"
74.7.243.234 - - [29/Jul/2026:02:17:31 +0000] "GET /admin.php?dir=CwoptCwcpanelCwea-php81CwrootCwetcCwphpFwd&edit=20-iconv.ini HTTP/1.1" 200 2533 "https://honda.core3.agency/admin.php?dir=CwoptCwcpanelCwea-php81CwrootCwetcCwphpFwd" "Mozilla/5.0 AppleWebKit/537.36 (KHTML, like Gecko; compatible; GPTBot/1.4; +https://openai.com/gptbot)"
44.214.195.73 - - [29/Jul/2026:02:17:26 +0000] "POST /service_request/lead_gen_forms/autozone/ HTTP/1.1" 200 1034 "-" "Zapier"
74.7.243.234 - - [29/Jul/2026:02:17:52 +0000] "GET /admin.php?dir=CwoptCwcpanelCwea-php73CwrootCwetcCwphpFwd&edit=20-iconv.ini HTTP/1.1" 200 2533 "https://honda.core3.agency/admin.php?dir=CwoptCwcpanelCwea-php73CwrootCwetcCwphpFwd" "Mozilla/5.0 AppleWebKit/537.36 (KHTML, like Gecko; compatible; GPTBot/1.4; +https://openai.com/gptbot)"
74.7.243.234 - - [29/Jul/2026:02:18:12 +0000] "GET /admin.php?dir=CwoptCwcpanelCwea-php71CwrootCwetcCwphpFwd&edit=20-shmop.ini HTTP/1.1" 200 2534 "https://honda.core3.agency/admin.php?dir=CwoptCwcpanelCwea-php71CwrootCwetcCwphpFwd" "Mozilla/5.0 AppleWebKit/537.36 (KHTML, like Gecko; compatible; GPTBot/1.4; +https://openai.com/gptbot)"
74.7.243.234 - - [29/Jul/2026:02:18:33 +0000] "GET /admin.php?dir=CwoptCwcpanelCwea-php71CwrootCwetcCwphpFwd&edit=20-iconv.ini HTTP/1.1" 200 2533 "https://honda.core3.agency/admin.php?dir=CwoptCwcpanelCwea-php71CwrootCwetcCwphpFwd" "Mozilla/5.0 AppleWebKit/537.36 (KHTML, like Gecko; compatible; GPTBot/1.4; +https://openai.com/gptbot)"
74.7.243.234 - - [29/Jul/2026:02:18:55 +0000] "GET /admin.php?dir=CwsysCwfsCwcgroupCwpidsCwsystemFwsliceCwlibcareFwsocket&view=tasks HTTP/1.1" 200 55 "https://honda.core3.agency/admin.php?dir=CwsysCwfsCwcgroupCwpidsCwsystemFwsliceCwlibcareFwsocket" "Mozilla/5.0 AppleWebKit/537.36 (KHTML, like Gecko; compatible; GPTBot/1.4; +https://openai.com/gptbot)"
74.7.243.234 - - [29/Jul/2026:02:19:16 +0000] "GET /admin.php?dir=CwsysCwfsCwcgroupCwmemoryCwsystemFwsliceCwkdumpFwservice&view=tasks HTTP/1.1" 200 55 "https://honda.core3.agency/admin.php?dir=CwsysCwfsCwcgroupCwmemoryCwsystemFwsliceCwkdumpFwservice" "Mozilla/5.0 AppleWebKit/537.36 (KHTML, like Gecko; compatible; GPTBot/1.4; +https://openai.com/gptbot)"
74.7.243.234 - - [29/Jul/2026:02:19:37 +0000] "GET /admin.php?dir=CwsysCwfsCwcgroupCwmemoryCwsystemFwsliceCwdbusFwservice&view=tasks HTTP/1.1" 200 63 "https://honda.core3.agency/admin.php?dir=CwsysCwfsCwcgroupCwmemoryCwsystemFwsliceCwdbusFwservice" "Mozilla/5.0 AppleWebKit/537.36 (KHTML, like Gecko; compatible; GPTBot/1.4; +https://openai.com/gptbot)"
44.214.195.69 - - [29/Jul/2026:02:19:56 +0000] "POST /service_request/lead_gen_forms/mitsubishi/v2.php HTTP/1.1" 200 445 "-" "Zapier"
74.7.243.234 - - [29/Jul/2026:02:19:57 +0000] "GET /admin.php?dir=CwsysCwfsCwcgroupCwmemoryCwsystemFwsliceCwhttpdFwservice&view=tasks HTTP/1.1" 200 603 "https://honda.core3.agency/admin.php?dir=CwsysCwfsCwcgroupCwmemoryCwsystemFwsliceCwhttpdFwservice" "Mozilla/5.0 AppleWebKit/537.36 (KHTML, like Gecko; compatible; GPTBot/1.4; +https://openai.com/gptbot)"
74.7.243.234 - - [29/Jul/2026:02:20:19 +0000] "GET /admin.php?dir=CwsysCwfsCwcgroupCwpidsCwsystemFwsliceCwrpcbindFwsocket&view=tasks HTTP/1.1" 200 55 "https://honda.core3.agency/admin.php?dir=CwsysCwfsCwcgroupCwpidsCwsystemFwsliceCwrpcbindFwsocket" "Mozilla/5.0 AppleWebKit/537.36 (KHTML, like Gecko; compatible; GPTBot/1.4; +https://openai.com/gptbot)"
44.214.195.66 - - [29/Jul/2026:02:20:05 +0000] "POST /service_request/lead_gen_forms/deepal/instagram.php HTTP/1.1" 200 606 "-" "Zapier"
74.7.243.234 - - [29/Jul/2026:02:20:41 +0000] "GET /admin.php?dir=CwsysCwfsCwcgroupCwblkioCwsystemFwsliceCwsshdFwservice&view=tasks HTTP/1.1" 200 62 "https://honda.core3.agency/admin.php?dir=CwsysCwfsCwcgroupCwblkioCwsystemFwsliceCwsshdFwservice" "Mozilla/5.0 AppleWebKit/537.36 (KHTML, like Gecko; compatible; GPTBot/1.4; +https://openai.com/gptbot)"
74.7.243.234 - - [29/Jul/2026:02:21:02 +0000] "GET /admin.php?dir=CwsysCwfsCwselinuxCwclassCwsecurityCwperms&view=setcheckreqprot HTTP/1.1" 200 57 "https://honda.core3.agency/admin.php?dir=CwsysCwfsCwselinuxCwclassCwsecurityCwperms" "Mozilla/5.0 AppleWebKit/537.36 (KHTML, like Gecko; compatible; GPTBot/1.4; +https://openai.com/gptbot)"
74.7.243.234 - - [29/Jul/2026:02:21:22 +0000] "GET /admin.php?dir=CwsysCwfsCwcgroupCwmemoryCwsystemFwsliceCwcrondFwservice&view=tasks HTTP/1.1" 200 79 "https://honda.core3.agency/admin.php?dir=CwsysCwfsCwcgroupCwmemoryCwsystemFwsliceCwcrondFwservice" "Mozilla/5.0 AppleWebKit/537.36 (KHTML, like Gecko; compatible; GPTBot/1.4; +https://openai.com/gptbot)"
74.7.243.234 - - [29/Jul/2026:02:21:42 +0000] "GET /admin.php?dir=CwsysCwfsCwcgroupCwmemoryCwsystemFwsliceCwtunedFwservice&view=tasks HTTP/1.1" 200 74 "https://honda.core3.agency/admin.php?dir=CwsysCwfsCwcgroupCwmemoryCwsystemFwsliceCwtunedFwservice" "Mozilla/5.0 AppleWebKit/537.36 (KHTML, like Gecko; compatible; GPTBot/1.4; +https://openai.com/gptbot)"
74.7.243.234 - - [29/Jul/2026:02:22:02 +0000] "GET /admin.php?dir=CwhomeCwbalubaidCwpowerproductsFwhondasaudiFwcomCwwp-adminCwimages&view=comment-grey-bubble.png HTTP/1.1" 200 162 "https://honda.core3.agency/admin.php?dir=CwhomeCwbalubaidCwpowerproductsFwhondasaudiFwcomCwwp-adminCwimages" "Mozilla/5.0 AppleWebKit/537.36 (KHTML, like Gecko; compatible; GPTBot/1.4; +https://openai.com/gptbot)"
74.7.243.234 - - [29/Jul/2026:02:22:23 +0000] "GET /admin.php?dir=CwhomeCwbalubaidCwchanganFwautozoneFwcomFwsaCwwp-adminCwimages&view=comment-grey-bubble.png HTTP/1.1" 200 162 "https://honda.core3.agency/admin.php?dir=CwhomeCwbalubaidCwchanganFwautozoneFwcomFwsaCwwp-adminCwimages" "Mozilla/5.0 AppleWebKit/537.36 (KHTML, like Gecko; compatible; GPTBot/1.4; +https://openai.com/gptbot)"
74.7.243.234 - - [29/Jul/2026:02:22:45 +0000] "GET /admin.php?dir=CwusrCwlibexecCwsssd&view=sssd_be HTTP/1.1" 200 100771 "https://honda.core3.agency/admin.php?dir=CwusrCwlibexecCwsssd" "Mozilla/5.0 AppleWebKit/537.36 (KHTML, like Gecko; compatible; GPTBot/1.4; +https://openai.com/gptbot)"
114.119.133.14 - - [29/Jul/2026:02:22:53 +0000] "GET /?utm_id=HS-0001-022 HTTP/1.1" 301 20 "https://extrastoresoffers.com/car-offers-in-saudi-arabia/%D8%B9%D8%B1%D9%88%D8%B6-%D9%87%D9%88%D9%86%D8%AF%D8%A7-%D8%A7%D9%84%D8%B3%D8%B9%D9%88%D8%AF%D9%8A%D8%A9-%D8%B1%D9%85%D8%B6%D8%A7%D9%86-2022/" "Mozilla/5.0 (Linux; Android 7.0;) AppleWebKit/537.36 (HTML, like Gecko) Mobile Safari/537.36 (compatible; PetalBot;+https://webmaster.petalsearch.com/site/petalbot)"
74.7.243.234 - - [29/Jul/2026:02:23:06 +0000] "GET /po_overview/uk.messages.bz2 HTTP/1.1" 404 12318 "https://honda.core3.agency/admin.php?dir=CwusrCwshareCwgettextCwprojectsCwKDE&view=teams.html" "Mozilla/5.0 AppleWebKit/537.36 (KHTML, like Gecko; compatible; GPTBot/1.4; +https://openai.com/gptbot)"
172.105.42.26 - - [29/Jul/2026:02:23:26 +0000] "POST /service_request/get_service.php?confirm=@CRM1 HTTP/1.1" 200 913 "-" "-"
44.214.195.69 - - [29/Jul/2026:02:23:26 +0000] "POST /service_request/lead_gen_forms/honda/ HTTP/1.1" 200 68 "-" "Zapier"
74.7.243.234 - - [29/Jul/2026:02:23:27 +0000] "GET /po_overview/lt.messages.bz2 HTTP/1.1" 404 12318 "https://honda.core3.agency/admin.php?dir=CwusrCwshareCwgettextCwprojectsCwKDE&view=teams.html" "Mozilla/5.0 AppleWebKit/537.36 (KHTML, like Gecko; compatible; GPTBot/1.4; +https://openai.com/gptbot)"
74.7.243.234 - - [29/Jul/2026:02:23:48 +0000] "GET /po_overview/hu.messages.bz2 HTTP/1.1" 404 12318 "https://honda.core3.agency/admin.php?dir=CwusrCwshareCwgettextCwprojectsCwKDE&view=teams.html" "Mozilla/5.0 AppleWebKit/537.36 (KHTML, like Gecko; compatible; GPTBot/1.4; +https://openai.com/gptbot)"
44.214.195.75 - - [29/Jul/2026:02:23:39 +0000] "POST /service_request/lead_gen_forms/deepal/instagram.php HTTP/1.1" 200 606 "-" "Zapier"
44.214.195.65 - - [29/Jul/2026:02:23:52 +0000] "POST /service_request/lead_gen_forms/core3/ HTTP/1.1" 200 68 "-" "Zapier"
74.7.243.234 - - [29/Jul/2026:02:24:10 +0000] "GET /po_overview/th.messages.bz2 HTTP/1.1" 404 12318 "https://honda.core3.agency/admin.php?dir=CwusrCwshareCwgettextCwprojectsCwKDE&view=teams.html" "Mozilla/5.0 AppleWebKit/537.36 (KHTML, like Gecko; compatible; GPTBot/1.4; +https://openai.com/gptbot)"
74.7.243.234 - - [29/Jul/2026:02:24:30 +0000] "GET /po_overview/nl.messages.bz2 HTTP/1.1" 404 12317 "https://honda.core3.agency/admin.php?dir=CwusrCwshareCwgettextCwprojectsCwKDE&view=teams.html" "Mozilla/5.0 AppleWebKit/537.36 (KHTML, like Gecko; compatible; GPTBot/1.4; +https://openai.com/gptbot)"
74.7.243.234 - - [29/Jul/2026:02:24:51 +0000] "GET /po_overview/cy.messages.bz2 HTTP/1.1" 404 12318 "https://honda.core3.agency/admin.php?dir=CwusrCwshareCwgettextCwprojectsCwKDE&view=teams.html" "Mozilla/5.0 AppleWebKit/537.36 (KHTML, like Gecko; compatible; GPTBot/1.4; +https://openai.com/gptbot)"
74.7.243.234 - - [29/Jul/2026:02:25:13 +0000] "GET /admin.php?dir=CwusrCwlibCwmodulesCw4Fw18Fw0-553Fw8Fw1Fwel8_10Fwx86_64CwkernelCwdriversCwthermalCwintel&view=intel_soc_dts_iosf.ko.xz HTTP/1.1" 200 4940 "https://honda.core3.agency/admin.php?dir=CwusrCwlibCwmodulesCw4Fw18Fw0-553Fw8Fw1Fwel8_10Fwx86_64CwkernelCwdriversCwthermalCwintel" "Mozilla/5.0 AppleWebKit/537.36 (KHTML, like Gecko; compatible; GPTBot/1.4; +https://openai.com/gptbot)"
172.105.42.26 - - [29/Jul/2026:02:25:28 +0000] "POST /service_request/get_service.php?confirm=@CRM1 HTTP/1.1" 200 908 "-" "-"
44.214.195.69 - - [29/Jul/2026:02:25:28 +0000] "POST /service_request/lead_gen_forms/honda/ HTTP/1.1" 200 68 "-" "Zapier"
74.7.243.234 - - [29/Jul/2026:02:25:34 +0000] "GET /admin.php?dir=CwhomeCwbalubaidCwpowerproductsFwhondasaudiFwcomCwwp-contentCwthemesCwtwentytwentyfiveCwpatterns HTTP/1.1" 200 8084 "https://honda.core3.agency/admin.php?dir=CwhomeCwbalubaidCwpowerproductsFwhondasaudiFwcomCwwp-contentCwthemesCwtwentytwentyfiveCwpatterns&edit=contact-info-locations.php" "Mozilla/5.0 AppleWebKit/537.36 (KHTML, like Gecko; compatible; GPTBot/1.4; +https://openai.com/gptbot)"
74.7.243.234 - - [29/Jul/2026:02:25:54 +0000] "GET /admin.php?dir=CwusrCwlibCwfirmware&edit=a300_pm4.fw HTTP/1.1" 200 2466 "https://honda.core3.agency/admin.php?dir=CwusrCwlibCwfirmware" "Mozilla/5.0 AppleWebKit/537.36 (KHTML, like Gecko; compatible; GPTBot/1.4; +https://openai.com/gptbot)"
74.7.243.234 - - [29/Jul/2026:02:26:15 +0000] "GET /admin.php?dir=CwsysCwkernelCwslabCwkhugepaged_mm_slot&view=objects_partial HTTP/1.1" 200 55 "https://honda.core3.agency/admin.php?dir=CwsysCwkernelCwslabCwkhugepaged_mm_slot" "Mozilla/5.0 AppleWebKit/537.36 (KHTML, like Gecko; compatible; GPTBot/1.4; +https://openai.com/gptbot)"
44.214.195.65 - - [29/Jul/2026:02:26:16 +0000] "POST /service_request/lead_gen_forms/changan/v2.php HTTP/1.1" 200 59 "-" "Zapier"
74.7.243.234 - - [29/Jul/2026:02:26:35 +0000] "GET /admin.php?dir=CwsysCwfsCwselinuxCwclassCwsecurityCwperms&edit=compute_relabel HTTP/1.1" 200 2499 "https://honda.core3.agency/admin.php?dir=CwsysCwfsCwselinuxCwclassCwsecurityCwperms" "Mozilla/5.0 AppleWebKit/537.36 (KHTML, like Gecko; compatible; GPTBot/1.4; +https://openai.com/gptbot)"
74.7.243.234 - - [29/Jul/2026:02:26:57 +0000] "GET /admin.php?dir=CwsysCwfsCwselinuxCwclassCwsecurityCwperms&edit=check_context HTTP/1.1" 200 2498 "https://honda.core3.agency/admin.php?dir=CwsysCwfsCwselinuxCwclassCwsecurityCwperms" "Mozilla/5.0 AppleWebKit/537.36 (KHTML, like Gecko; compatible; GPTBot/1.4; +https://openai.com/gptbot)"
74.7.243.234 - - [29/Jul/2026:02:27:17 +0000] "GET /admin.php?dir=CwusrCwlibCwpython3Fw6Cwsite-packagesCwjinja2&edit=ext.py HTTP/1.1" 200 9673 "https://honda.core3.agency/admin.php?dir=CwusrCwlibCwpython3Fw6Cwsite-packagesCwjinja2" "Mozilla/5.0 AppleWebKit/537.36 (KHTML, like Gecko; compatible; GPTBot/1.4; +https://openai.com/gptbot)"
74.7.243.234 - - [29/Jul/2026:02:27:39 +0000] "GET /admin.php?dir=CwusrCwshareCwghostscriptCwlib&edit=docie.ps HTTP/1.1" 200 4586 "https://honda.core3.agency/admin.php?dir=CwusrCwshareCwghostscriptCwlib" "Mozilla/5.0 AppleWebKit/537.36 (KHTML, like Gecko; compatible; GPTBot/1.4; +https://openai.com/gptbot)"
74.7.243.234 - - [29/Jul/2026:02:28:00 +0000] "GET /admin.php?dir=CwusrCwlibCwfirmwareCwmyricom&edit=lanai.bin HTTP/1.1" 200 2480 "https://honda.core3.agency/admin.php?dir=CwusrCwlibCwfirmwareCwmyricom" "Mozilla/5.0 AppleWebKit/537.36 (KHTML, like Gecko; compatible; GPTBot/1.4; +https://openai.com/gptbot)"
74.7.243.234 - - [29/Jul/2026:02:28:20 +0000] "GET /admin.php?dir=CwusrCwshareCwgettextCwintl&edit=threadlib.c HTTP/1.1" 200 3417 "https://honda.core3.agency/admin.php?dir=CwusrCwshareCwgettextCwintl" "Mozilla/5.0 AppleWebKit/537.36 (KHTML, like Gecko; compatible; GPTBot/1.4; +https://openai.com/gptbot)"
74.7.243.234 - - [29/Jul/2026:02:28:41 +0000] "GET /admin.php?dir=CwusrCwshareCwdocCwnodejs&edit=onboarding.md HTTP/1.1" 200 7827 "https://honda.core3.agency/admin.php?dir=CwusrCwshareCwdocCwnodejs" "Mozilla/5.0 AppleWebKit/537.36 (KHTML, like Gecko; compatible; GPTBot/1.4; +https://openai.com/gptbot)"
74.7.243.234 - - [29/Jul/2026:02:29:02 +0000] "GET /admin.php?dir=CwusrCwshareCwghostscriptCwlib&edit=lines.ps HTTP/1.1" 200 3725 "https://honda.core3.agency/admin.php?dir=CwusrCwshareCwghostscriptCwlib" "Mozilla/5.0 AppleWebKit/537.36 (KHTML, like Gecko; compatible; GPTBot/1.4; +https://openai.com/gptbot)"
74.7.243.234 - - [29/Jul/2026:02:29:23 +0000] "GET /admin.php?dir=CwusrCwshareCwgettextCwintl&edit=setlocale.c HTTP/1.1" 200 11795 "https://honda.core3.agency/admin.php?dir=CwusrCwshareCwgettextCwintl" "Mozilla/5.0 AppleWebKit/537.36 (KHTML, like Gecko; compatible; GPTBot/1.4; +https://openai.com/gptbot)"
74.7.243.234 - - [29/Jul/2026:02:29:44 +0000] "GET /admin.php?dir=CwusrCwshareCwghostscriptCwlib&edit=gsnup.ps HTTP/1.1" 200 3641 "https://honda.core3.agency/admin.php?dir=CwusrCwshareCwghostscriptCwlib" "Mozilla/5.0 AppleWebKit/537.36 (KHTML, like Gecko; compatible; GPTBot/1.4; +https://openai.com/gptbot)"
74.7.243.234 - - [29/Jul/2026:02:30:06 +0000] "GET /admin.php?dir=CwusrCwshareCwanacondaCwboot&edit=splash.lss HTTP/1.1" 200 2475 "https://honda.core3.agency/admin.php?dir=CwusrCwshareCwanacondaCwboot" "Mozilla/5.0 AppleWebKit/537.36 (KHTML, like Gecko; compatible; GPTBot/1.4; +https://openai.com/gptbot)"
74.7.243.234 - - [29/Jul/2026:02:30:27 +0000] "GET /admin.php?dir=CwusrCwlibCwmodulesCw4Fw18Fw0-553Fw8Fw1Fwel8_10Fwx86_64CwkernelCwdriversCwhwtracingCwstm&edit=stm_p_sys-t.ko.xz HTTP/1.1" 200 2579 "https://honda.core3.agency/admin.php?dir=CwusrCwlibCwmodulesCw4Fw18Fw0-553Fw8Fw1Fwel8_10Fwx86_64CwkernelCwdriversCwhwtracingCwstm" "Mozilla/5.0 AppleWebKit/537.36 (KHTML, like Gecko; compatible; GPTBot/1.4; +https://openai.com/gptbot)"
74.7.243.234 - - [29/Jul/2026:02:30:47 +0000] "GET /admin.php?dir=CwusrCwlibCwmodulesCw4Fw18Fw0-553Fw8Fw1Fwel8_10Fwx86_64CwkernelCwdriversCwhid&edit=hid-roccat-pyra.ko.xz HTTP/1.1" 200 2565 "https://honda.core3.agency/admin.php?dir=CwusrCwlibCwmodulesCw4Fw18Fw0-553Fw8Fw1Fwel8_10Fwx86_64CwkernelCwdriversCwhid" "Mozilla/5.0 AppleWebKit/537.36 (KHTML, like Gecko; compatible; GPTBot/1.4; +https://openai.com/gptbot)"
74.7.243.234 - - [29/Jul/2026:02:31:08 +0000] "GET /admin.php?dir=CwusrCwlibCwfirmwareCwqcomCwx1e80100CwLENOVOCw83ED HTTP/1.1" 200 3831 "https://honda.core3.agency/admin.php?dir=CwusrCwlibCwfirmwareCwqcomCwx1e80100CwLENOVOCw83ED&edit=qccdsp8380.mbn" "Mozilla/5.0 AppleWebKit/537.36 (KHTML, like Gecko; compatible; GPTBot/1.4; +https://openai.com/gptbot)"
74.7.243.234 - - [29/Jul/2026:02:31:29 +0000] "GET /wp-content/plugins/woocommerce/packages/ HTTP/1.1" 404 12372 "https://honda.core3.agency/admin.php?dir=CwhomeCwbalubaidCwtmpCwanalogCwautozoneFwbalubaidgroupFwcom&view=6.html" "Mozilla/5.0 AppleWebKit/537.36 (KHTML, like Gecko; compatible; GPTBot/1.4; +https://openai.com/gptbot)"
74.7.243.234 - - [29/Jul/2026:02:31:49 +0000] "GET /wp-content/plugins/woocommerce/includes/ HTTP/1.1" 404 12369 "https://honda.core3.agency/admin.php?dir=CwhomeCwbalubaidCwtmpCwanalogCwautozoneFwbalubaidgroupFwcom&view=6.html" "Mozilla/5.0 AppleWebKit/537.36 (KHTML, like Gecko; compatible; GPTBot/1.4; +https://openai.com/gptbot)"
74.7.243.234 - - [29/Jul/2026:02:32:11 +0000] "GET /admin.php?dir=Cwdev&edit=vga_arbiter HTTP/1.1" 200 2440 "https://honda.core3.agency/admin.php?dir=Cwdev&view=ppp" "Mozilla/5.0 AppleWebKit/537.36 (KHTML, like Gecko; compatible; GPTBot/1.4; +https://openai.com/gptbot)"
74.7.243.234 - - [29/Jul/2026:02:32:32 +0000] "GET /admin.php?dir=CwusrCwlib64CwsssdCwconf&edit=sssd.conf HTTP/1.1" 200 2583 "https://honda.core3.agency/admin.php?dir=CwusrCwlib64CwsssdCwconf" "Mozilla/5.0 AppleWebKit/537.36 (KHTML, like Gecko; compatible; GPTBot/1.4; +https://openai.com/gptbot)"
74.7.243.234 - - [29/Jul/2026:02:32:52 +0000] "GET /admin.php?dir=CwprocCw160CwnetCwdev_snmp6&view=eth0 HTTP/1.1" 200 559 "https://honda.core3.agency/admin.php?dir=CwprocCw160CwnetCwdev_snmp6" "Mozilla/5.0 AppleWebKit/537.36 (KHTML, like Gecko; compatible; GPTBot/1.4; +https://openai.com/gptbot)"
74.7.243.234 - - [29/Jul/2026:02:33:13 +0000] "GET /admin.php?dir=CwprocCw161CwnetCwdev_snmp6&view=eth0 HTTP/1.1" 200 559 "https://honda.core3.agency/admin.php?dir=CwprocCw161CwnetCwdev_snmp6" "Mozilla/5.0 AppleWebKit/537.36 (KHTML, like Gecko; compatible; GPTBot/1.4; +https://openai.com/gptbot)"
74.7.243.234 - - [29/Jul/2026:02:33:34 +0000] "GET /cli-commands/npm-ping HTTP/1.1" 404 12311 "https://honda.core3.agency/admin.php?dir=CwusrCwshareCwdocCwnodejsCwnpmCwdocsCwpublicCwcli-commandsCwnpm-dist-tag&view=index.html" "Mozilla/5.0 AppleWebKit/537.36 (KHTML, like Gecko; compatible; GPTBot/1.4; +https://openai.com/gptbot)"
74.7.243.234 - - [29/Jul/2026:02:33:55 +0000] "GET /cli-commands/npm-edit HTTP/1.1" 404 12311 "https://honda.core3.agency/admin.php?dir=CwusrCwshareCwdocCwnodejsCwnpmCwdocsCwpublicCwcli-commandsCwnpm-dist-tag&view=index.html" "Mozilla/5.0 AppleWebKit/537.36 (KHTML, like Gecko; compatible; GPTBot/1.4; +https://openai.com/gptbot)"
74.7.243.234 - - [29/Jul/2026:02:34:16 +0000] "GET /cli-commands/npm-docs HTTP/1.1" 404 12311 "https://honda.core3.agency/admin.php?dir=CwusrCwshareCwdocCwnodejsCwnpmCwdocsCwpublicCwcli-commandsCwnpm-dist-tag&view=index.html" "Mozilla/5.0 AppleWebKit/537.36 (KHTML, like Gecko; compatible; GPTBot/1.4; +https://openai.com/gptbot)"
74.7.243.234 - - [29/Jul/2026:02:34:38 +0000] "GET /cli-commands/npm-bugs HTTP/1.1" 404 12311 "https://honda.core3.agency/admin.php?dir=CwusrCwshareCwdocCwnodejsCwnpmCwdocsCwpublicCwcli-commandsCwnpm-dist-tag&view=index.html" "Mozilla/5.0 AppleWebKit/537.36 (KHTML, like Gecko; compatible; GPTBot/1.4; +https://openai.com/gptbot)"
74.7.243.234 - - [29/Jul/2026:02:34:59 +0000] "GET /cli-commands/npm-init HTTP/1.1" 404 12310 "https://honda.core3.agency/admin.php?dir=CwusrCwshareCwdocCwnodejsCwnpmCwdocsCwpublicCwcli-commandsCwnpm-dist-tag&view=index.html" "Mozilla/5.0 AppleWebKit/537.36 (KHTML, like Gecko; compatible; GPTBot/1.4; +https://openai.com/gptbot)"
74.7.243.234 - - [29/Jul/2026:02:35:21 +0000] "GET /cli-commands/npm-link HTTP/1.1" 404 12310 "https://honda.core3.agency/admin.php?dir=CwusrCwshareCwdocCwnodejsCwnpmCwdocsCwpublicCwcli-commandsCwnpm-dist-tag&view=index.html" "Mozilla/5.0 AppleWebKit/537.36 (KHTML, like Gecko; compatible; GPTBot/1.4; +https://openai.com/gptbot)"
74.7.243.234 - - [29/Jul/2026:02:35:41 +0000] "GET /cli-commands/npm-repo HTTP/1.1" 404 12312 "https://honda.core3.agency/admin.php?dir=CwusrCwshareCwdocCwnodejsCwnpmCwdocsCwpublicCwcli-commandsCwnpm-dist-tag&view=index.html" "Mozilla/5.0 AppleWebKit/537.36 (KHTML, like Gecko; compatible; GPTBot/1.4; +https://openai.com/gptbot)"
74.7.243.234 - - [29/Jul/2026:02:36:02 +0000] "GET /cli-commands/npm-pack HTTP/1.1" 404 12312 "https://honda.core3.agency/admin.php?dir=CwusrCwshareCwdocCwnodejsCwnpmCwdocsCwpublicCwcli-commandsCwnpm-dist-tag&view=index.html" "Mozilla/5.0 AppleWebKit/537.36 (KHTML, like Gecko; compatible; GPTBot/1.4; +https://openai.com/gptbot)"
74.7.243.234 - - [29/Jul/2026:02:36:23 +0000] "GET /cli-commands/npm-team HTTP/1.1" 404 12312 "https://honda.core3.agency/admin.php?dir=CwusrCwshareCwdocCwnodejsCwnpmCwdocsCwpublicCwcli-commandsCwnpm-dist-tag&view=index.html" "Mozilla/5.0 AppleWebKit/537.36 (KHTML, like Gecko; compatible; GPTBot/1.4; +https://openai.com/gptbot)"
74.7.243.234 - - [29/Jul/2026:02:36:44 +0000] "GET /cli-commands/npm-hook HTTP/1.1" 404 12313 "https://honda.core3.agency/admin.php?dir=CwusrCwshareCwdocCwnodejsCwnpmCwdocsCwpublicCwcli-commandsCwnpm-dist-tag&view=index.html" "Mozilla/5.0 AppleWebKit/537.36 (KHTML, like Gecko; compatible; GPTBot/1.4; +https://openai.com/gptbot)"
74.7.243.234 - - [29/Jul/2026:02:37:05 +0000] "GET /cli-commands/npm-stop HTTP/1.1" 404 12313 "https://honda.core3.agency/admin.php?dir=CwusrCwshareCwdocCwnodejsCwnpmCwdocsCwpublicCwcli-commandsCwnpm-dist-tag&view=index.html" "Mozilla/5.0 AppleWebKit/537.36 (KHTML, like Gecko; compatible; GPTBot/1.4; +https://openai.com/gptbot)"
74.7.243.234 - - [29/Jul/2026:02:37:26 +0000] "GET /cli-commands/npm-fund HTTP/1.1" 404 12312 "https://honda.core3.agency/admin.php?dir=CwusrCwshareCwdocCwnodejsCwnpmCwdocsCwpublicCwcli-commandsCwnpm-dist-tag&view=index.html" "Mozilla/5.0 AppleWebKit/537.36 (KHTML, like Gecko; compatible; GPTBot/1.4; +https://openai.com/gptbot)"
74.7.243.234 - - [29/Jul/2026:02:37:48 +0000] "GET /cli-commands/npm-star HTTP/1.1" 404 12311 "https://honda.core3.agency/admin.php?dir=CwusrCwshareCwdocCwnodejsCwnpmCwdocsCwpublicCwcli-commandsCwnpm-dist-tag&view=index.html" "Mozilla/5.0 AppleWebKit/537.36 (KHTML, like Gecko; compatible; GPTBot/1.4; +https://openai.com/gptbot)"
74.7.243.234 - - [29/Jul/2026:02:38:09 +0000] "GET /cli-commands/npm-root HTTP/1.1" 404 12311 "https://honda.core3.agency/admin.php?dir=CwusrCwshareCwdocCwnodejsCwnpmCwdocsCwpublicCwcli-commandsCwnpm-dist-tag&view=index.html" "Mozilla/5.0 AppleWebKit/537.36 (KHTML, like Gecko; compatible; GPTBot/1.4; +https://openai.com/gptbot)"
44.214.195.67 - - [29/Jul/2026:02:38:27 +0000] "POST /service_request/lead_gen_forms/mitsubishi/v2.php HTTP/1.1" 200 441 "-" "Zapier"
74.7.243.234 - - [29/Jul/2026:02:38:29 +0000] "GET /admin.php?dir=CwsysCwkernelCwslabCwkey_jar&edit=validate HTTP/1.1" 200 2478 "https://honda.core3.agency/admin.php?dir=CwsysCwkernelCwslabCwkey_jar" "Mozilla/5.0 AppleWebKit/537.36 (KHTML, like Gecko; compatible; GPTBot/1.4; +https://openai.com/gptbot)"
44.214.195.69 - - [29/Jul/2026:02:38:40 +0000] "POST /service_request/lead_gen_forms/deepal/v3.php HTTP/1.1" 200 86 "-" "Zapier"
