199.67.82.21 - - [28/Jul/2026:23:55:41 +0000] "GET /service_request/syncleads/core3/jsonexport/?offset=75000&limit=1000 HTTP/1.1" 200 137 "-" "Zoho_Analytics"
74.7.243.234 - - [28/Jul/2026:23:56:19 +0000] "GET /admin.php?dir=CwusrCwlibCwmodulesCw4Fw18Fw0-477Fw10Fw1Fwel8_8Fwx86_64CwkernelCwdriversCwnetCwppp&view=ppp_synctty.ko.xz HTTP/1.1" 200 6295 "https://honda.core3.agency/admin.php?dir=CwusrCwlibCwmodulesCw4Fw18Fw0-477Fw10Fw1Fwel8_8Fwx86_64CwkernelCwdriversCwnetCwppp" "Mozilla/5.0 AppleWebKit/537.36 (KHTML, like Gecko; compatible; GPTBot/1.4; +https://openai.com/gptbot)"
199.67.82.21 - - [28/Jul/2026:23:56:01 +0000] "GET /service_request/syncleads/core3/jsonexport/?offset=76000&limit=1000 HTTP/1.1" 200 137 "-" "Zoho_Analytics"
74.7.243.234 - - [28/Jul/2026:23:56:39 +0000] "GET /admin.php?dir=CwusrCwlibCwmodulesCw4Fw18Fw0-553Fw8Fw1Fwel8_10Fwx86_64CwkernelCwdriversCwnetCwppp&view=ppp_synctty.ko.xz HTTP/1.1" 200 6442 "https://honda.core3.agency/admin.php?dir=CwusrCwlibCwmodulesCw4Fw18Fw0-553Fw8Fw1Fwel8_10Fwx86_64CwkernelCwdriversCwnetCwppp" "Mozilla/5.0 AppleWebKit/537.36 (KHTML, like Gecko; compatible; GPTBot/1.4; +https://openai.com/gptbot)"
199.67.82.21 - - [28/Jul/2026:23:56:22 +0000] "GET /service_request/syncleads/core3/jsonexport/?offset=77000&limit=1000 HTTP/1.1" 200 137 "-" "Zoho_Analytics"
74.7.243.234 - - [28/Jul/2026:23:57:01 +0000] "GET /admin.php?dir=CwhomeCwbalubaidCwnewoffersFwautozoneFwcomFwsaCwwp-includes&edit=spl-autoload-compat.php HTTP/1.1" 200 2793 "https://honda.core3.agency/admin.php?dir=CwhomeCwbalubaidCwnewoffersFwautozoneFwcomFwsaCwwp-includes" "Mozilla/5.0 AppleWebKit/537.36 (KHTML, like Gecko; compatible; GPTBot/1.4; +https://openai.com/gptbot)"
199.67.82.21 - - [28/Jul/2026:23:56:42 +0000] "GET /service_request/syncleads/core3/jsonexport/?offset=78000&limit=1000 HTTP/1.1" 200 137 "-" "Zoho_Analytics"
74.7.243.234 - - [28/Jul/2026:23:57:22 +0000] "GET /admin.php?dir=CwhomeCwbalubaidCwautozoneFwcomFwsaCwwp-includesCwassets&edit=script-loader-packages.php HTTP/1.1" 200 5029 "https://honda.core3.agency/admin.php?dir=CwhomeCwbalubaidCwautozoneFwcomFwsaCwwp-includesCwassets" "Mozilla/5.0 AppleWebKit/537.36 (KHTML, like Gecko; compatible; GPTBot/1.4; +https://openai.com/gptbot)"
199.67.82.21 - - [28/Jul/2026:23:57:03 +0000] "GET /service_request/syncleads/core3/jsonexport/?offset=79000&limit=1000 HTTP/1.1" 200 137 "-" "Zoho_Analytics"
199.67.82.21 - - [28/Jul/2026:23:57:23 +0000] "GET /service_request/syncleads/core3/jsonexport/?offset=80000&limit=1000 HTTP/1.1" 200 137 "-" "Zoho_Analytics"
74.7.243.234 - - [28/Jul/2026:23:57:43 +0000] "GET /admin.php?dir=CwoptCwaltCwopenssl11CwshareCwmanCwhtmlCwman3&edit=X509_set_ex_data.html HTTP/1.1" 200 2516 "https://honda.core3.agency/admin.php?dir=CwoptCwaltCwopenssl11CwshareCwmanCwhtmlCwman3" "Mozilla/5.0 AppleWebKit/537.36 (KHTML, like Gecko; compatible; GPTBot/1.4; +https://openai.com/gptbot)"
199.67.82.21 - - [28/Jul/2026:23:57:43 +0000] "GET /service_request/syncleads/core3/jsonexport/?offset=81000&limit=1000 HTTP/1.1" 200 136 "-" "Zoho_Analytics"
74.7.243.234 - - [28/Jul/2026:23:58:05 +0000] "GET /admin.php?dir=CwusrCwshareCwmanCwman8&edit=sssd_krb5_localauth_plugin.8.gz HTTP/1.1" 200 2493 "https://honda.core3.agency/admin.php?dir=CwusrCwshareCwmanCwman8" "Mozilla/5.0 AppleWebKit/537.36 (KHTML, like Gecko; compatible; GPTBot/1.4; +https://openai.com/gptbot)"
199.67.82.21 - - [28/Jul/2026:23:58:03 +0000] "GET /service_request/syncleads/core3/jsonexport/?offset=82000&limit=1000 HTTP/1.1" 200 137 "-" "Zoho_Analytics"
74.7.243.234 - - [28/Jul/2026:23:58:25 +0000] "GET /cgi-bin/ HTTP/1.1" 404 12304 "http://honda.core3.agency" "Mozilla/5.0 AppleWebKit/537.36 (KHTML, like Gecko; compatible; GPTBot/1.4; +https://openai.com/gptbot)"
199.67.82.21 - - [28/Jul/2026:23:58:24 +0000] "GET /service_request/syncleads/core3/jsonexport/?offset=83000&limit=1000 HTTP/1.1" 200 137 "-" "Zoho_Analytics"
74.7.243.234 - - [28/Jul/2026:23:58:46 +0000] "GET /admin.php?dir=CwhomeCwbalubaidCwautozoneFwcomFwsaCwwp-includes&edit=user.php HTTP/1.1" 200 40269 "https://honda.core3.agency/admin.php?dir=CwhomeCwbalubaidCwautozoneFwcomFwsaCwwp-includes" "Mozilla/5.0 AppleWebKit/537.36 (KHTML, like Gecko; compatible; GPTBot/1.4; +https://openai.com/gptbot)"
199.67.82.21 - - [28/Jul/2026:23:58:44 +0000] "GET /service_request/syncleads/core3/jsonexport/?offset=84000&limit=1000 HTTP/1.1" 200 137 "-" "Zoho_Analytics"
74.7.243.234 - - [28/Jul/2026:23:59:08 +0000] "GET /admin.php?dir=CwsysCwdevicesCwplatformCwi8042Cwpower&view=runtime_suspended_time HTTP/1.1" 200 57 "https://honda.core3.agency/admin.php?dir=CwsysCwdevicesCwplatformCwi8042Cwpower" "Mozilla/5.0 AppleWebKit/537.36 (KHTML, like Gecko; compatible; GPTBot/1.4; +https://openai.com/gptbot)"
199.67.82.21 - - [28/Jul/2026:23:59:06 +0000] "GET /service_request/syncleads/core3/jsonexport/?offset=85000&limit=1000 HTTP/1.1" 200 137 "-" "Zoho_Analytics"
74.7.243.234 - - [28/Jul/2026:23:59:28 +0000] "GET /admin.php?dir=CwoptCwcpanelCwea-php56CwrootCwusrCwlib64CwphpCwmodules&view=bz2.so HTTP/1.1" 200 11973 "https://honda.core3.agency/admin.php?dir=CwoptCwcpanelCwea-php56CwrootCwusrCwlib64CwphpCwmodules" "Mozilla/5.0 AppleWebKit/537.36 (KHTML, like Gecko; compatible; GPTBot/1.4; +https://openai.com/gptbot)"
199.67.82.21 - - [28/Jul/2026:23:59:26 +0000] "GET /service_request/syncleads/core3/jsonexport/?offset=86000&limit=1000 HTTP/1.1" 200 137 "-" "Zoho_Analytics"
74.7.243.234 - - [28/Jul/2026:23:59:50 +0000] "GET /admin.php?dir=CwsysCwdevicesCwplatformCwi8042Cwserio0Cwpower&view=wakeup_last_time_ms HTTP/1.1" 200 56 "https://honda.core3.agency/admin.php?dir=CwsysCwdevicesCwplatformCwi8042Cwserio0Cwpower" "Mozilla/5.0 AppleWebKit/537.36 (KHTML, like Gecko; compatible; GPTBot/1.4; +https://openai.com/gptbot)"
199.67.82.21 - - [28/Jul/2026:23:59:46 +0000] "GET /service_request/syncleads/core3/jsonexport/?offset=87000&limit=1000 HTTP/1.1" 200 137 "-" "Zoho_Analytics"
199.67.82.21 - - [29/Jul/2026:00:00:07 +0000] "GET /service_request/syncleads/core3/jsonexport/?offset=88000&limit=1000 HTTP/1.1" 200 131 "-" "Zoho_Analytics"
199.67.82.21 - - [29/Jul/2026:00:00:07 +0000] "GET /service_request/syncleads/core3/jsonexport/?offset=89000&limit=1000 HTTP/1.1" 200 132 "-" "Zoho_Analytics"
199.67.82.21 - - [29/Jul/2026:00:00:07 +0000] "GET /service_request/syncleads/core3/jsonexport/?offset=90000&limit=1000 HTTP/1.1" 200 131 "-" "Zoho_Analytics"
199.67.82.21 - - [29/Jul/2026:00:00:08 +0000] "GET /service_request/syncleads/core3/jsonexport/?offset=91000&limit=1000 HTTP/1.1" 200 130 "-" "Zoho_Analytics"
199.67.82.21 - - [29/Jul/2026:00:00:08 +0000] "GET /service_request/syncleads/core3/jsonexport/?offset=92000&limit=1000 HTTP/1.1" 200 132 "-" "Zoho_Analytics"
199.67.82.21 - - [29/Jul/2026:00:00:08 +0000] "GET /service_request/syncleads/core3/jsonexport/?offset=93000&limit=1000 HTTP/1.1" 200 132 "-" "Zoho_Analytics"
199.67.82.21 - - [29/Jul/2026:00:00:08 +0000] "GET /service_request/syncleads/core3/jsonexport/?offset=94000&limit=1000 HTTP/1.1" 200 132 "-" "Zoho_Analytics"
199.67.82.21 - - [29/Jul/2026:00:00:08 +0000] "GET /service_request/syncleads/core3/jsonexport/?offset=95000&limit=1000 HTTP/1.1" 200 132 "-" "Zoho_Analytics"
199.67.82.21 - - [29/Jul/2026:00:00:09 +0000] "GET /service_request/syncleads/core3/jsonexport/?offset=96000&limit=1000 HTTP/1.1" 200 135 "-" "Zoho_Analytics"
199.67.82.21 - - [29/Jul/2026:00:00:09 +0000] "GET /service_request/syncleads/core3/jsonexport/?offset=97000&limit=1000 HTTP/1.1" 200 135 "-" "Zoho_Analytics"
199.67.82.21 - - [29/Jul/2026:00:00:09 +0000] "GET /service_request/syncleads/core3/jsonexport/?offset=98000&limit=1000 HTTP/1.1" 200 134 "-" "Zoho_Analytics"
199.67.82.21 - - [29/Jul/2026:00:00:09 +0000] "GET /service_request/syncleads/core3/jsonexport/?offset=99000&limit=1000 HTTP/1.1" 200 134 "-" "Zoho_Analytics"
74.7.243.234 - - [29/Jul/2026:00:00:12 +0000] "GET /admin.php?dir=CwoptCwcpanelCwea-php74CwrootCwusrCwlib64CwphpCwmodules&view=bz2.so HTTP/1.1" 200 10974 "https://honda.core3.agency/admin.php?dir=CwoptCwcpanelCwea-php74CwrootCwusrCwlib64CwphpCwmodules" "Mozilla/5.0 AppleWebKit/537.36 (KHTML, like Gecko; compatible; GPTBot/1.4; +https://openai.com/gptbot)"
44.214.195.75 - - [29/Jul/2026:00:00:29 +0000] "POST /service_request/lead_gen_forms/mitsubishi/v2.php HTTP/1.1" 200 225 "-" "Zapier"
74.7.243.234 - - [29/Jul/2026:00:00:33 +0000] "GET /admin.php?dir=CwoptCwcpanelCwea-php54CwrootCwusrCwlib64CwphpCwmodules&view=bz2.so HTTP/1.1" 200 11934 "https://honda.core3.agency/admin.php?dir=CwoptCwcpanelCwea-php54CwrootCwusrCwlib64CwphpCwmodules" "Mozilla/5.0 AppleWebKit/537.36 (KHTML, like Gecko; compatible; GPTBot/1.4; +https://openai.com/gptbot)"
74.7.243.234 - - [29/Jul/2026:00:00:54 +0000] "GET /admin.php?dir=CwoptCwcpanelCwea-php84CwrootCwusrCwlib64CwphpCwmodules&view=bz2.so HTTP/1.1" 200 12524 "https://honda.core3.agency/admin.php?dir=CwoptCwcpanelCwea-php84CwrootCwusrCwlib64CwphpCwmodules" "Mozilla/5.0 AppleWebKit/537.36 (KHTML, like Gecko; compatible; GPTBot/1.4; +https://openai.com/gptbot)"
74.7.243.234 - - [29/Jul/2026:00:01:15 +0000] "GET /admin.php?dir=CwsysCwdevicesCwplatformCwi8042Cwserio0Cwpower&view=wakeup_total_time_ms HTTP/1.1" 200 56 "https://honda.core3.agency/admin.php?dir=CwsysCwdevicesCwplatformCwi8042Cwserio0Cwpower" "Mozilla/5.0 AppleWebKit/537.36 (KHTML, like Gecko; compatible; GPTBot/1.4; +https://openai.com/gptbot)"
74.7.243.234 - - [29/Jul/2026:00:01:36 +0000] "GET /admin.php?dir=CwusrCwlibCwfirmwareCwi915&view=icl_guc_33.0.0.bin HTTP/1.1" 200 121917 "https://honda.core3.agency/admin.php?dir=CwusrCwlibCwfirmwareCwi915" "Mozilla/5.0 AppleWebKit/537.36 (KHTML, like Gecko; compatible; GPTBot/1.4; +https://openai.com/gptbot)"
74.7.243.234 - - [29/Jul/2026:00:01:57 +0000] "GET /admin.php?dir=CwusrCwlibCwfirmwareCwi915&view=icl_guc_70.1.1.bin HTTP/1.1" 200 111453 "https://honda.core3.agency/admin.php?dir=CwusrCwlibCwfirmwareCwi915" "Mozilla/5.0 AppleWebKit/537.36 (KHTML, like Gecko; compatible; GPTBot/1.4; +https://openai.com/gptbot)"
74.7.243.234 - - [29/Jul/2026:00:02:18 +0000] "GET /admin.php?dir=CwusrCwlib64Cwgraphviz&view=libgvplugin_neato_layout.so.6 HTTP/1.1" 200 359284 "https://honda.core3.agency/admin.php?dir=CwusrCwlib64Cwgraphviz" "Mozilla/5.0 AppleWebKit/537.36 (KHTML, like Gecko; compatible; GPTBot/1.4; +https://openai.com/gptbot)"
74.7.243.234 - - [29/Jul/2026:00:02:38 +0000] "GET /admin.php?dir=CwoptCwimunify360CwvenvCwlibCwpython3Fw11Cwsite-packagesCwimavCwmalwarelibCwscanCwai_bolit HTTP/1.1" 200 3559 "https://honda.core3.agency/admin.php?dir=CwoptCwimunify360CwvenvCwlibCwpython3Fw11Cwsite-packagesCwimavCwmalwarelibCwscan" "Mozilla/5.0 AppleWebKit/537.36 (KHTML, like Gecko; compatible; GPTBot/1.4; +https://openai.com/gptbot)"
44.214.195.75 - - [29/Jul/2026:00:02:46 +0000] "POST /service_request/lead_gen_forms/hyundai/v3.php HTTP/1.1" 200 86 "-" "Zapier"
74.7.243.234 - - [29/Jul/2026:00:03:00 +0000] "GET /admin.php?dir=CwsysCwdevicesCwLNXSYSTMEw00 HTTP/1.1" 200 3530 "https://honda.core3.agency/admin.php?dir=CwsysCwbusCwacpiCwdevicesCwQEMU0002Ew00" "Mozilla/5.0 AppleWebKit/537.36 (KHTML, like Gecko; compatible; GPTBot/1.4; +https://openai.com/gptbot)"
44.214.195.69 - - [29/Jul/2026:00:03:01 +0000] "POST /service_request/lead_gen_forms/autozone/ HTTP/1.1" 200 208 "-" "Zapier"
74.7.243.234 - - [29/Jul/2026:00:03:20 +0000] "GET /admin.php?dir=CwusrCwshareCwautomake-1Fw16CwAutomake&edit=ItemDef.pm HTTP/1.1" 200 3455 "https://honda.core3.agency/admin.php?dir=CwusrCwshareCwautomake-1Fw16CwAutomake" "Mozilla/5.0 AppleWebKit/537.36 (KHTML, like Gecko; compatible; GPTBot/1.4; +https://openai.com/gptbot)"
74.7.243.234 - - [29/Jul/2026:00:03:40 +0000] "GET /admin.php?dir=CwusrCwshareCwautomake-1Fw16CwAutomake&edit=General.pm HTTP/1.1" 200 3585 "https://honda.core3.agency/admin.php?dir=CwusrCwshareCwautomake-1Fw16CwAutomake" "Mozilla/5.0 AppleWebKit/537.36 (KHTML, like Gecko; compatible; GPTBot/1.4; +https://openai.com/gptbot)"
74.7.243.234 - - [29/Jul/2026:00:04:02 +0000] "GET /admin.php?dir=CwusrCwshareCwautomake-1Fw16CwAutomake&edit=RuleDef.pm HTTP/1.1" 200 3553 "https://honda.core3.agency/admin.php?dir=CwusrCwshareCwautomake-1Fw16CwAutomake" "Mozilla/5.0 AppleWebKit/537.36 (KHTML, like Gecko; compatible; GPTBot/1.4; +https://openai.com/gptbot)"
74.7.243.234 - - [29/Jul/2026:00:04:22 +0000] "GET /admin.php?dir=CwhomeCwbalubaidCwchanganFwautozoneFwcomFwsaCwwp-admin&view=edit.php HTTP/1.1" 200 5643 "https://honda.core3.agency/admin.php?dir=CwhomeCwbalubaidCwchanganFwautozoneFwcomFwsaCwwp-admin" "Mozilla/5.0 AppleWebKit/537.36 (KHTML, like Gecko; compatible; GPTBot/1.4; +https://openai.com/gptbot)"
74.7.243.234 - - [29/Jul/2026:00:04:42 +0000] "GET /admin.php?dir=CwhomeCwbalubaidCwchanganFwautozoneFwcomFwsaCwwp-admin&view=menu.php HTTP/1.1" 200 4714 "https://honda.core3.agency/admin.php?dir=CwhomeCwbalubaidCwchanganFwautozoneFwcomFwsaCwwp-admin" "Mozilla/5.0 AppleWebKit/537.36 (KHTML, like Gecko; compatible; GPTBot/1.4; +https://openai.com/gptbot)"
74.7.243.234 - - [29/Jul/2026:00:05:03 +0000] "GET /admin.php?dir=CwhomeCwbalubaidCwoutletFwautozoneFwcomFwsaCwwp-admin&view=about.php HTTP/1.1" 200 5096 "https://honda.core3.agency/admin.php?dir=CwhomeCwbalubaidCwoutletFwautozoneFwcomFwsaCwwp-admin" "Mozilla/5.0 AppleWebKit/537.36 (KHTML, like Gecko; compatible; GPTBot/1.4; +https://openai.com/gptbot)"
74.7.243.234 - - [29/Jul/2026:00:05:24 +0000] "GET /admin.php?dir=CwhomeCwbalubaidCwoutletFwautozoneFwcomFwsaCwwp-admin&view=media.php HTTP/1.1" 200 470 "https://honda.core3.agency/admin.php?dir=CwhomeCwbalubaidCwoutletFwautozoneFwcomFwsaCwwp-admin" "Mozilla/5.0 AppleWebKit/537.36 (KHTML, like Gecko; compatible; GPTBot/1.4; +https://openai.com/gptbot)"
74.7.243.234 - - [29/Jul/2026:00:05:45 +0000] "GET /admin.php?dir=CwvarCwlog&view=secure-20260719 HTTP/1.1" 200 55 "https://honda.core3.agency/admin.php?dir=CwvarCwlog&view=exim_rejectlog-20260621.gz" "Mozilla/5.0 AppleWebKit/537.36 (KHTML, like Gecko; compatible; GPTBot/1.4; +https://openai.com/gptbot)"
74.7.243.234 - - [29/Jul/2026:00:06:06 +0000] "GET /admin.php?dir=CwoptCwcpanelCwea-php85CwrootCwusrCwlocalCwlibexec HTTP/1.1" 200 2987 "https://honda.core3.agency/admin.php?dir=CwoptCwcpanelCwea-php85CwrootCwusrCwlocal" "Mozilla/5.0 AppleWebKit/537.36 (KHTML, like Gecko; compatible; GPTBot/1.4; +https://openai.com/gptbot)"
74.7.243.234 - - [29/Jul/2026:00:06:28 +0000] "GET /admin.php?dir=CwoptCwcpanelCwea-php72CwrootCwusrCwlocalCwlibexec HTTP/1.1" 200 2987 "https://honda.core3.agency/admin.php?dir=CwoptCwcpanelCwea-php72CwrootCwusrCwlocal" "Mozilla/5.0 AppleWebKit/537.36 (KHTML, like Gecko; compatible; GPTBot/1.4; +https://openai.com/gptbot)"
172.105.42.26 - - [29/Jul/2026:00:06:30 +0000] "POST /service_request/get_service.php?confirm=@CRM1 HTTP/1.1" 200 926 "-" "-"
44.214.195.65 - - [29/Jul/2026:00:06:30 +0000] "POST /service_request/lead_gen_forms/honda/ HTTP/1.1" 200 68 "-" "Zapier"
74.7.243.234 - - [29/Jul/2026:00:06:49 +0000] "GET /admin.php?dir=CwoptCwcpanelCwea-php56CwrootCwusrCwlocalCwlibexec HTTP/1.1" 200 2987 "https://honda.core3.agency/admin.php?dir=CwoptCwcpanelCwea-php56CwrootCwusrCwlocal" "Mozilla/5.0 AppleWebKit/537.36 (KHTML, like Gecko; compatible; GPTBot/1.4; +https://openai.com/gptbot)"
74.7.243.234 - - [29/Jul/2026:00:07:11 +0000] "GET /admin.php?dir=CwoptCwcpanelCwea-php71CwrootCwusrCwlocalCwlibexec HTTP/1.1" 200 2987 "https://honda.core3.agency/admin.php?dir=CwoptCwcpanelCwea-php71CwrootCwusrCwlocal" "Mozilla/5.0 AppleWebKit/537.36 (KHTML, like Gecko; compatible; GPTBot/1.4; +https://openai.com/gptbot)"
74.7.243.234 - - [29/Jul/2026:00:07:31 +0000] "GET /admin.php?dir=CwoptCwcpanelCwea-php53CwrootCwusrCwlocalCwlibexec HTTP/1.1" 200 2987 "https://honda.core3.agency/admin.php?dir=CwoptCwcpanelCwea-php53CwrootCwusrCwlocal" "Mozilla/5.0 AppleWebKit/537.36 (KHTML, like Gecko; compatible; GPTBot/1.4; +https://openai.com/gptbot)"
74.7.243.234 - - [29/Jul/2026:00:07:52 +0000] "GET /admin.php?dir=CwoptCwcpanelCwea-php74CwrootCwusrCwlocalCwlibexec HTTP/1.1" 200 2987 "https://honda.core3.agency/admin.php?dir=CwoptCwcpanelCwea-php74CwrootCwusrCwlocal" "Mozilla/5.0 AppleWebKit/537.36 (KHTML, like Gecko; compatible; GPTBot/1.4; +https://openai.com/gptbot)"
74.7.243.234 - - [29/Jul/2026:00:08:13 +0000] "GET /admin.php?dir=CwoptCwcpanelCwea-php82CwrootCwusrCwlocalCwlibexec HTTP/1.1" 200 2987 "https://honda.core3.agency/admin.php?dir=CwoptCwcpanelCwea-php82CwrootCwusrCwlocal" "Mozilla/5.0 AppleWebKit/537.36 (KHTML, like Gecko; compatible; GPTBot/1.4; +https://openai.com/gptbot)"
44.214.195.67 - - [29/Jul/2026:00:08:17 +0000] "POST /service_request/lead_gen_forms/mitsubishi/v2.php HTTP/1.1" 200 467 "-" "Zapier"
74.7.243.234 - - [29/Jul/2026:00:08:34 +0000] "GET /admin.php?dir=CwoptCwcpanelCwea-php80CwrootCwusrCwlocalCwlibexec HTTP/1.1" 200 2986 "https://honda.core3.agency/admin.php?dir=CwoptCwcpanelCwea-php80CwrootCwusrCwlocal" "Mozilla/5.0 AppleWebKit/537.36 (KHTML, like Gecko; compatible; GPTBot/1.4; +https://openai.com/gptbot)"
74.7.243.234 - - [29/Jul/2026:00:08:55 +0000] "GET /admin.php?dir=CwoptCwcpanelCwea-php81CwrootCwusrCwlocalCwlibexec HTTP/1.1" 200 2987 "https://honda.core3.agency/admin.php?dir=CwoptCwcpanelCwea-php81CwrootCwusrCwlocal" "Mozilla/5.0 AppleWebKit/537.36 (KHTML, like Gecko; compatible; GPTBot/1.4; +https://openai.com/gptbot)"
44.214.195.70 - - [29/Jul/2026:00:09:14 +0000] "POST /service_request/lead_gen_forms/mitsubishi/v2.php HTTP/1.1" 200 462 "-" "Zapier"
74.7.243.234 - - [29/Jul/2026:00:09:16 +0000] "GET /admin.php?dir=CwoptCwcpanelCwea-php84CwrootCwusrCwlocalCwlibexec HTTP/1.1" 200 2987 "https://honda.core3.agency/admin.php?dir=CwoptCwcpanelCwea-php84CwrootCwusrCwlocal" "Mozilla/5.0 AppleWebKit/537.36 (KHTML, like Gecko; compatible; GPTBot/1.4; +https://openai.com/gptbot)"
44.214.195.70 - - [29/Jul/2026:00:09:26 +0000] "POST /service_request/lead_gen_forms/mitsubishi/v2.php HTTP/1.1" 200 447 "-" "Zapier"
74.7.243.234 - - [29/Jul/2026:00:09:37 +0000] "GET /admin.php?dir=CwoptCwcpanelCwea-php70CwrootCwusrCwlocalCwlibexec HTTP/1.1" 200 2987 "https://honda.core3.agency/admin.php?dir=CwoptCwcpanelCwea-php70CwrootCwusrCwlocal" "Mozilla/5.0 AppleWebKit/537.36 (KHTML, like Gecko; compatible; GPTBot/1.4; +https://openai.com/gptbot)"
74.7.243.234 - - [29/Jul/2026:00:09:57 +0000] "GET /admin.php?dir=CwoptCwcpanelCwea-php54CwrootCwusrCwlocalCwlibexec HTTP/1.1" 200 2987 "https://honda.core3.agency/admin.php?dir=CwoptCwcpanelCwea-php54CwrootCwusrCwlocal" "Mozilla/5.0 AppleWebKit/537.36 (KHTML, like Gecko; compatible; GPTBot/1.4; +https://openai.com/gptbot)"
74.7.243.234 - - [29/Jul/2026:00:10:17 +0000] "GET /admin.php?dir=CwusrCwlocalCwcpanelCwscripts&view=fixrndc HTTP/1.1" 200 4926 "https://honda.core3.agency/admin.php?dir=CwusrCwlocalCwcpanelCwscripts&view=rebuild_available_addons_packages_cache" "Mozilla/5.0 AppleWebKit/537.36 (KHTML, like Gecko; compatible; GPTBot/1.4; +https://openai.com/gptbot)"
74.7.243.234 - - [29/Jul/2026:00:10:39 +0000] "GET /admin.php?dir=CwusrCwlocalCwcpanelCwscripts&view=pkgacct HTTP/1.1" 200 22429 "https://honda.core3.agency/admin.php?dir=CwusrCwlocalCwcpanelCwscripts&view=rebuild_available_addons_packages_cache" "Mozilla/5.0 AppleWebKit/537.36 (KHTML, like Gecko; compatible; GPTBot/1.4; +https://openai.com/gptbot)"
74.7.243.234 - - [29/Jul/2026:00:10:59 +0000] "GET /admin.php?dir=CwusrCwlocalCwcpanelCwscripts&view=dumpcdb HTTP/1.1" 200 502 "https://honda.core3.agency/admin.php?dir=CwusrCwlocalCwcpanelCwscripts&view=rebuild_available_addons_packages_cache" "Mozilla/5.0 AppleWebKit/537.36 (KHTML, like Gecko; compatible; GPTBot/1.4; +https://openai.com/gptbot)"
74.7.243.234 - - [29/Jul/2026:00:11:20 +0000] "GET /admin.php?dir=CwhomeCwbalubaidCwnewoffersFwautozoneFwcomFwsa&view=wp-config-sample.php HTTP/1.1" 200 1375 "https://honda.core3.agency/admin.php?dir=CwhomeCwbalubaidCwnewoffersFwautozoneFwcomFwsa" "Mozilla/5.0 AppleWebKit/537.36 (KHTML, like Gecko; compatible; GPTBot/1.4; +https://openai.com/gptbot)"
74.7.243.234 - - [29/Jul/2026:00:11:40 +0000] "GET /admin.php?dir=CwusrCwshareCwapache2Cwerror&view=HTTP_BAD_GATEWAY.html.var HTTP/1.1" 200 2107 "https://honda.core3.agency/admin.php?dir=CwusrCwshareCwapache2Cwerror" "Mozilla/5.0 AppleWebKit/537.36 (KHTML, like Gecko; compatible; GPTBot/1.4; +https://openai.com/gptbot)"
74.7.243.234 - - [29/Jul/2026:00:12:01 +0000] "GET /admin.php?dir=CwusrCwbin&view=nl-tctree-list HTTP/1.1" 200 5150 "https://honda.core3.agency/admin.php?dir=CwusrCwbin" "Mozilla/5.0 AppleWebKit/537.36 (KHTML, like Gecko; compatible; GPTBot/1.4; +https://openai.com/gptbot)"
74.7.243.234 - - [29/Jul/2026:00:12:21 +0000] "GET /admin.php?dir=CwusrCwshareCwdocCwperl-DB_File&edit=Changes HTTP/1.1" 200 9282 "https://honda.core3.agency/admin.php?dir=CwusrCwshareCwdocCwperl-DB_File" "Mozilla/5.0 AppleWebKit/537.36 (KHTML, like Gecko; compatible; GPTBot/1.4; +https://openai.com/gptbot)"
74.7.243.234 - - [29/Jul/2026:00:12:42 +0000] "GET /admin.php?dir=CwusrCwshareCwdocCwperl-Time-HiRes&edit=TODO HTTP/1.1" 200 2602 "https://honda.core3.agency/admin.php?dir=CwusrCwshareCwdocCwperl-Time-HiRes" "Mozilla/5.0 AppleWebKit/537.36 (KHTML, like Gecko; compatible; GPTBot/1.4; +https://openai.com/gptbot)"
74.7.243.234 - - [29/Jul/2026:00:13:03 +0000] "GET /admin.php?dir=CwusrCwshareCwdocCwperl-CPAN-Meta&edit=Todo HTTP/1.1" 200 2642 "https://honda.core3.agency/admin.php?dir=CwusrCwshareCwdocCwperl-CPAN-Meta" "Mozilla/5.0 AppleWebKit/537.36 (KHTML, like Gecko; compatible; GPTBot/1.4; +https://openai.com/gptbot)"
74.7.243.234 - - [29/Jul/2026:00:13:25 +0000] "GET /admin.php?dir=CwusrCwshareCwdocCwcpanel-pure-ftpd&edit=FAQ HTTP/1.1" 200 15531 "https://honda.core3.agency/admin.php?dir=CwusrCwshareCwdocCwcpanel-pure-ftpd" "Mozilla/5.0 AppleWebKit/537.36 (KHTML, like Gecko; compatible; GPTBot/1.4; +https://openai.com/gptbot)"
74.7.243.234 - - [29/Jul/2026:00:13:46 +0000] "GET /admin.php?dir=CwusrCwshareCwdocCwperl-Test-SimpleCwtCwlibCwDev&view=Null.pm HTTP/1.1" 200 136 "https://honda.core3.agency/admin.php?dir=CwusrCwshareCwdocCwperl-Test-SimpleCwtCwlibCwDev" "Mozilla/5.0 AppleWebKit/537.36 (KHTML, like Gecko; compatible; GPTBot/1.4; +https://openai.com/gptbot)"
74.7.243.234 - - [29/Jul/2026:00:14:07 +0000] "GET /admin.php?dir=CwusrCwlocalCwlib64Cwperl5&edit=version.pod HTTP/1.1" 200 6222 "https://honda.core3.agency/admin.php?dir=CwusrCwlocalCwlib64Cwperl5" "Mozilla/5.0 AppleWebKit/537.36 (KHTML, like Gecko; compatible; GPTBot/1.4; +https://openai.com/gptbot)"
44.214.195.64 - - [29/Jul/2026:00:14:06 +0000] "POST /service_request/lead_gen_forms/autozone/ HTTP/1.1" 200 1017 "-" "Zapier"
74.7.243.234 - - [29/Jul/2026:00:14:29 +0000] "GET /admin.php?dir=CwusrCwlib64Cwperl5Cwsys&edit=ttydefaults.ph HTTP/1.1" 200 3163 "https://honda.core3.agency/admin.php?dir=CwusrCwlib64Cwperl5Cwsys" "Mozilla/5.0 AppleWebKit/537.36 (KHTML, like Gecko; compatible; GPTBot/1.4; +https://openai.com/gptbot)"
74.7.243.234 - - [29/Jul/2026:00:14:51 +0000] "GET /admin.php?dir=CwusrCwlibCwfirmwareCwimxCwsdma&view=sdma-imx7d.bin HTTP/1.1" 200 1859 "https://honda.core3.agency/admin.php?dir=CwusrCwlibCwfirmwareCwimxCwsdma" "Mozilla/5.0 AppleWebKit/537.36 (KHTML, like Gecko; compatible; GPTBot/1.4; +https://openai.com/gptbot)"
44.214.195.64 - - [29/Jul/2026:00:14:38 +0000] "POST /service_request/lead_gen_forms/deepal/instagram.php HTTP/1.1" 200 608 "-" "Zapier"
74.7.243.234 - - [29/Jul/2026:00:15:12 +0000] "GET /admin.php?dir=CwsysCwmoduleCwloopCwsections&edit=.rodata.str1.8 HTTP/1.1" 200 2477 "https://honda.core3.agency/admin.php?dir=CwsysCwmoduleCwloopCwsections" "Mozilla/5.0 AppleWebKit/537.36 (KHTML, like Gecko; compatible; GPTBot/1.4; +https://openai.com/gptbot)"
74.7.243.234 - - [29/Jul/2026:00:15:33 +0000] "GET /admin.php?dir=CwsysCwmoduleCwahciCwsections&edit=.rodata.str1.8 HTTP/1.1" 200 2477 "https://honda.core3.agency/admin.php?dir=CwsysCwmoduleCwahciCwsections" "Mozilla/5.0 AppleWebKit/537.36 (KHTML, like Gecko; compatible; GPTBot/1.4; +https://openai.com/gptbot)"
74.7.243.234 - - [29/Jul/2026:00:15:54 +0000] "GET /admin.php?dir=CwusrCwlibCwmodulesCw4Fw18Fw0-477Fw10Fw1Fwel8_8Fwx86_64CwkernelCwdriversCwmediaCwrcCwkeymaps&edit=rc-winfast-usbii-deluxe.ko.xz HTTP/1.1" 200 2594 "https://honda.core3.agency/admin.php?dir=CwusrCwlibCwmodulesCw4Fw18Fw0-477Fw10Fw1Fwel8_8Fwx86_64CwkernelCwdriversCwmediaCwrcCwkeymaps" "Mozilla/5.0 AppleWebKit/537.36 (KHTML, like Gecko; compatible; GPTBot/1.4; +https://openai.com/gptbot)"
74.7.243.234 - - [29/Jul/2026:00:16:16 +0000] "GET /admin.php?dir=CwsysCwdevicesCwpci0000Ew00Cw0000Ew00Ew03Fw0Cwvirtio1CwnetCweth0CwqueuesCwtx-0Cwbyte_queue_limits&view=limit_max HTTP/1.1" 200 66 "https://honda.core3.agency/admin.php?dir=CwsysCwdevicesCwpci0000Ew00Cw0000Ew00Ew03Fw0Cwvirtio1CwnetCweth0CwqueuesCwtx-0Cwbyte_queue_limits" "Mozilla/5.0 AppleWebKit/537.36 (KHTML, like Gecko; compatible; GPTBot/1.4; +https://openai.com/gptbot)"
74.7.243.234 - - [29/Jul/2026:00:16:37 +0000] "GET /admin.php?dir=CwsysCwdevicesCwpci0000Ew00Cw0000Ew00Ew03Fw0Cwvirtio1CwnetCweth0CwqueuesCwtx-0Cwbyte_queue_limits&view=limit_min HTTP/1.1" 200 57 "https://honda.core3.agency/admin.php?dir=CwsysCwdevicesCwpci0000Ew00Cw0000Ew00Ew03Fw0Cwvirtio1CwnetCweth0CwqueuesCwtx-0Cwbyte_queue_limits" "Mozilla/5.0 AppleWebKit/537.36 (KHTML, like Gecko; compatible; GPTBot/1.4; +https://openai.com/gptbot)"
74.7.243.234 - - [29/Jul/2026:00:16:58 +0000] "GET /admin.php?dir=CwhomeCwbalubaidCwtmpCwanalogCwnissan-test-driveFwcore3FwagencyFwbalubaidgroupFwcom&view=12.html HTTP/1.1" 200 2721 "https://honda.core3.agency/admin.php?dir=CwhomeCwbalubaidCwtmpCwanalogCwnissan-test-driveFwcore3FwagencyFwbalubaidgroupFwcom" "Mozilla/5.0 AppleWebKit/537.36 (KHTML, like Gecko; compatible; GPTBot/1.4; +https://openai.com/gptbot)"
74.7.243.234 - - [29/Jul/2026:00:17:19 +0000] "GET /admin.php?dir=CwusrCwlibCwpython3Fw6Cwsite-packagesCwpkg_resourcesCw_vendorCwpackagingCw__pycache__&view=specifiers.cpython-36.pyc HTTP/1.1" 200 6882 "https://honda.core3.agency/admin.php?dir=CwusrCwlibCwpython3Fw6Cwsite-packagesCwpkg_resourcesCw_vendorCwpackagingCw__pycache__" "Mozilla/5.0 AppleWebKit/537.36 (KHTML, like Gecko; compatible; GPTBot/1.4; +https://openai.com/gptbot)"
74.7.243.234 - - [29/Jul/2026:00:17:40 +0000] "GET /admin.php?dir=CwusrCwlibCwpython3Fw6Cwsite-packagesCwpkg_resourcesCw_vendorCwpackagingCw__pycache__&view=requirements.cpython-36.pyc HTTP/1.1" 200 2279 "https://honda.core3.agency/admin.php?dir=CwusrCwlibCwpython3Fw6Cwsite-packagesCwpkg_resourcesCw_vendorCwpackagingCw__pycache__" "Mozilla/5.0 AppleWebKit/537.36 (KHTML, like Gecko; compatible; GPTBot/1.4; +https://openai.com/gptbot)"
74.7.243.234 - - [29/Jul/2026:00:18:02 +0000] "GET /admin.php?dir=CwusrCwshareCwmanCwman8&edit=pam_sss.8.gz HTTP/1.1" 200 2474 "https://honda.core3.agency/admin.php?dir=CwusrCwshareCwmanCwman8" "Mozilla/5.0 AppleWebKit/537.36 (KHTML, like Gecko; compatible; GPTBot/1.4; +https://openai.com/gptbot)"
74.7.243.234 - - [29/Jul/2026:00:18:24 +0000] "GET /admin.php?dir=CwsysCwkernelCwslabCwext4_prealloc_space&view=slab_size HTTP/1.1" 200 55 "https://honda.core3.agency/admin.php?dir=CwsysCwkernelCwslabCwext4_prealloc_space" "Mozilla/5.0 AppleWebKit/537.36 (KHTML, like Gecko; compatible; GPTBot/1.4; +https://openai.com/gptbot)"
74.7.243.234 - - [29/Jul/2026:00:18:46 +0000] "GET /admin.php?dir=CwsysCwkernelCwslabCwjbd2_journal_head&view=align HTTP/1.1" 200 55 "https://honda.core3.agency/admin.php?dir=CwsysCwkernelCwslabCwjbd2_journal_head" "Mozilla/5.0 AppleWebKit/537.36 (KHTML, like Gecko; compatible; GPTBot/1.4; +https://openai.com/gptbot)"
74.7.243.234 - - [29/Jul/2026:00:19:07 +0000] "GET /admin.php?dir=CwsysCwkernelCwslabCwjbd2_journal_head&view=shrink HTTP/1.1" 200 55 "https://honda.core3.agency/admin.php?dir=CwsysCwkernelCwslabCwjbd2_journal_head" "Mozilla/5.0 AppleWebKit/537.36 (KHTML, like Gecko; compatible; GPTBot/1.4; +https://openai.com/gptbot)"
74.7.243.234 - - [29/Jul/2026:00:19:28 +0000] "GET /admin.php?dir=CwsysCwkernelCwslabCwext4_prealloc_space&view=ctor HTTP/1.1" 200 55 "https://honda.core3.agency/admin.php?dir=CwsysCwkernelCwslabCwext4_prealloc_space" "Mozilla/5.0 AppleWebKit/537.36 (KHTML, like Gecko; compatible; GPTBot/1.4; +https://openai.com/gptbot)"
74.7.243.234 - - [29/Jul/2026:00:19:48 +0000] "GET /admin.php?dir=CwsysCwkernelCwslabCwjbd2_journal_head&view=alloc_calls HTTP/1.1" 200 55 "https://honda.core3.agency/admin.php?dir=CwsysCwkernelCwslabCwjbd2_journal_head" "Mozilla/5.0 AppleWebKit/537.36 (KHTML, like Gecko; compatible; GPTBot/1.4; +https://openai.com/gptbot)"
74.7.243.234 - - [29/Jul/2026:00:20:09 +0000] "GET /admin.php?dir=CwsysCwkernelCwslabCwjbd2_journal_head&view=min_partial HTTP/1.1" 200 55 "https://honda.core3.agency/admin.php?dir=CwsysCwkernelCwslabCwjbd2_journal_head" "Mozilla/5.0 AppleWebKit/537.36 (KHTML, like Gecko; compatible; GPTBot/1.4; +https://openai.com/gptbot)"
44.214.195.69 - - [29/Jul/2026:00:20:18 +0000] "POST /service_request/lead_gen_forms/mitsubishi/v2.php HTTP/1.1" 200 437 "-" "Zapier"
74.7.243.234 - - [29/Jul/2026:00:20:29 +0000] "GET /admin.php?dir=CwsysCwkernelCwslabCwjbd2_journal_handle&view=cpu_slabs HTTP/1.1" 200 55 "https://honda.core3.agency/admin.php?dir=CwsysCwkernelCwslabCwjbd2_journal_handle" "Mozilla/5.0 AppleWebKit/537.36 (KHTML, like Gecko; compatible; GPTBot/1.4; +https://openai.com/gptbot)"
44.214.195.71 - - [29/Jul/2026:00:20:36 +0000] "POST /service_request/lead_gen_forms/autozone/ HTTP/1.1" 400 86 "-" "Zapier"
74.7.243.234 - - [29/Jul/2026:00:20:50 +0000] "GET /admin.php?dir=CwsysCwkernelCwslabCwjbd2_journal_handle&view=cache_dma HTTP/1.1" 200 55 "https://honda.core3.agency/admin.php?dir=CwsysCwkernelCwslabCwjbd2_journal_handle" "Mozilla/5.0 AppleWebKit/537.36 (KHTML, like Gecko; compatible; GPTBot/1.4; +https://openai.com/gptbot)"
74.7.243.234 - - [29/Jul/2026:00:21:11 +0000] "GET /admin.php?dir=CwsysCwkernelCwslabCwkmalloc-2k&view=hwcache_align HTTP/1.1" 200 55 "https://honda.core3.agency/admin.php?dir=CwsysCwkernelCwslabCwkmalloc-2k" "Mozilla/5.0 AppleWebKit/537.36 (KHTML, like Gecko; compatible; GPTBot/1.4; +https://openai.com/gptbot)"
74.7.243.234 - - [29/Jul/2026:00:21:32 +0000] "GET /admin.php?dir=CwsysCwkernelCwslabCwext4_prealloc_space&view=cpu_slabs HTTP/1.1" 200 55 "https://honda.core3.agency/admin.php?dir=CwsysCwkernelCwslabCwext4_prealloc_space" "Mozilla/5.0 AppleWebKit/537.36 (KHTML, like Gecko; compatible; GPTBot/1.4; +https://openai.com/gptbot)"
44.214.195.70 - - [29/Jul/2026:00:21:22 +0000] "POST /service_request/lead_gen_forms/deepal/instagram.php HTTP/1.1" 200 609 "-" "Zapier"
74.7.243.234 - - [29/Jul/2026:00:21:54 +0000] "GET /admin.php?dir=CwsysCwkernelCwslabCwext4_prealloc_space&view=cache_dma HTTP/1.1" 200 55 "https://honda.core3.agency/admin.php?dir=CwsysCwkernelCwslabCwext4_prealloc_space" "Mozilla/5.0 AppleWebKit/537.36 (KHTML, like Gecko; compatible; GPTBot/1.4; +https://openai.com/gptbot)"
74.7.243.234 - - [29/Jul/2026:00:22:14 +0000] "GET /admin.php?dir=CwsysCwkernelCwslabCwkmalloc-4k&view=hwcache_align HTTP/1.1" 200 55 "https://honda.core3.agency/admin.php?dir=CwsysCwkernelCwslabCwkmalloc-4k" "Mozilla/5.0 AppleWebKit/537.36 (KHTML, like Gecko; compatible; GPTBot/1.4; +https://openai.com/gptbot)"
74.7.243.234 - - [29/Jul/2026:00:22:34 +0000] "GET /admin.php?dir=CwsysCwkernelCwslabCwjbd2_journal_head&view=poison HTTP/1.1" 200 55 "https://honda.core3.agency/admin.php?dir=CwsysCwkernelCwslabCwjbd2_journal_head" "Mozilla/5.0 AppleWebKit/537.36 (KHTML, like Gecko; compatible; GPTBot/1.4; +https://openai.com/gptbot)"
74.7.243.234 - - [29/Jul/2026:00:22:54 +0000] "GET /admin.php?dir=CwsysCwkernelCwslabCwkmalloc-8k&view=hwcache_align HTTP/1.1" 200 55 "https://honda.core3.agency/admin.php?dir=CwsysCwkernelCwslabCwkmalloc-8k" "Mozilla/5.0 AppleWebKit/537.36 (KHTML, like Gecko; compatible; GPTBot/1.4; +https://openai.com/gptbot)"
74.7.243.234 - - [29/Jul/2026:00:23:16 +0000] "GET /admin.php?dir=CwsysCwkernelCwslabCwjbd2_journal_handle&view=slab_size HTTP/1.1" 200 55 "https://honda.core3.agency/admin.php?dir=CwsysCwkernelCwslabCwjbd2_journal_handle" "Mozilla/5.0 AppleWebKit/537.36 (KHTML, like Gecko; compatible; GPTBot/1.4; +https://openai.com/gptbot)"
74.7.243.234 - - [29/Jul/2026:00:23:38 +0000] "GET /admin.php?dir=CwsysCwkernelCwslabCwkmalloc-1k&view=hwcache_align HTTP/1.1" 200 55 "https://honda.core3.agency/admin.php?dir=CwsysCwkernelCwslabCwkmalloc-1k" "Mozilla/5.0 AppleWebKit/537.36 (KHTML, like Gecko; compatible; GPTBot/1.4; +https://openai.com/gptbot)"
74.7.243.234 - - [29/Jul/2026:00:23:59 +0000] "GET /admin.php?dir=CwusrCwlibCwmodulesCw4Fw18Fw0-513Fw24Fw1Fwel8_9Fwx86_64CwkernelCwdriversCwplatformCwx86&view=asus-nb-wmi.ko.xz HTTP/1.1" 200 3724 "https://honda.core3.agency/admin.php?dir=CwusrCwlibCwmodulesCw4Fw18Fw0-513Fw24Fw1Fwel8_9Fwx86_64CwkernelCwdriversCwplatformCwx86" "Mozilla/5.0 AppleWebKit/537.36 (KHTML, like Gecko; compatible; GPTBot/1.4; +https://openai.com/gptbot)"
74.7.243.234 - - [29/Jul/2026:00:24:20 +0000] "GET /admin.php?dir=CwsysCwdevicesCwvirtualCwvcCwvcsa4&view=dev HTTP/1.1" 200 61 "https://honda.core3.agency/admin.php?dir=CwsysCwdevicesCwvirtualCwvcCwvcsa4" "Mozilla/5.0 AppleWebKit/537.36 (KHTML, like Gecko; compatible; GPTBot/1.4; +https://openai.com/gptbot)"
74.7.243.234 - - [29/Jul/2026:00:24:41 +0000] "GET /admin.php?dir=CwsysCwdevicesCwvirtualCwvcCwvcsa6&view=dev HTTP/1.1" 200 61 "https://honda.core3.agency/admin.php?dir=CwsysCwdevicesCwvirtualCwvcCwvcsa6" "Mozilla/5.0 AppleWebKit/537.36 (KHTML, like Gecko; compatible; GPTBot/1.4; +https://openai.com/gptbot)"
74.7.243.234 - - [29/Jul/2026:00:25:01 +0000] "GET /admin.php?dir=CwsysCwdevicesCwvirtualCwvcCwvcsa5&view=dev HTTP/1.1" 200 61 "https://honda.core3.agency/admin.php?dir=CwsysCwdevCwcharCw7Ew133" "Mozilla/5.0 AppleWebKit/537.36 (KHTML, like Gecko; compatible; GPTBot/1.4; +https://openai.com/gptbot)"
74.7.243.234 - - [29/Jul/2026:00:25:23 +0000] "GET /admin.php?dir=CwsysCwdevicesCwvirtualCwvcCwvcsa3&view=dev HTTP/1.1" 200 61 "https://honda.core3.agency/admin.php?dir=CwsysCwdevCwcharCw7Ew131" "Mozilla/5.0 AppleWebKit/537.36 (KHTML, like Gecko; compatible; GPTBot/1.4; +https://openai.com/gptbot)"
74.7.243.234 - - [29/Jul/2026:00:25:44 +0000] "GET /admin.php?dir=CwsysCwdevicesCwvirtualCwvcCwvcsa2&view=dev HTTP/1.1" 200 61 "https://honda.core3.agency/admin.php?dir=CwsysCwdevicesCwvirtualCwvcCwvcsa2" "Mozilla/5.0 AppleWebKit/537.36 (KHTML, like Gecko; compatible; GPTBot/1.4; +https://openai.com/gptbot)"
44.214.195.72 - - [29/Jul/2026:00:25:50 +0000] "POST /service_request/lead_gen_forms/changan/v2.php HTTP/1.1" 200 59 "-" "Zapier"
74.7.243.234 - - [29/Jul/2026:00:26:06 +0000] "GET /admin.php?dir=CwsysCwdevicesCwvirtualCwvcCwvcsa1&view=dev HTTP/1.1" 200 61 "https://honda.core3.agency/admin.php?dir=CwsysCwdevCwcharCw7Ew129" "Mozilla/5.0 AppleWebKit/537.36 (KHTML, like Gecko; compatible; GPTBot/1.4; +https://openai.com/gptbot)"
44.214.195.72 - - [29/Jul/2026:00:26:07 +0000] "POST /service_request/lead_gen_forms/autozone/ HTTP/1.1" 200 219 "-" "Zapier"
74.7.243.234 - - [29/Jul/2026:00:26:26 +0000] "GET /admin.php?dir=CwusrCwshareCwmanCwfrCwman5&view=sssd-simple.5.gz HTTP/1.1" 200 2026 "https://honda.core3.agency/admin.php?dir=CwusrCwshareCwmanCwfrCwman5" "Mozilla/5.0 AppleWebKit/537.36 (KHTML, like Gecko; compatible; GPTBot/1.4; +https://openai.com/gptbot)"
74.7.243.234 - - [29/Jul/2026:00:26:48 +0000] "GET /admin.php?dir=CwusrCwshareCwmanCwcaCwman5&view=sssd-simple.5.gz HTTP/1.1" 200 2090 "https://honda.core3.agency/admin.php?dir=CwusrCwshareCwmanCwcaCwman5" "Mozilla/5.0 AppleWebKit/537.36 (KHTML, like Gecko; compatible; GPTBot/1.4; +https://openai.com/gptbot)"
74.7.243.234 - - [29/Jul/2026:00:27:09 +0000] "GET /admin.php?dir=CwusrCwshareCwmanCwjaCwman5&view=sssd-simple.5.gz HTTP/1.1" 200 2189 "https://honda.core3.agency/admin.php?dir=CwusrCwshareCwmanCwjaCwman5" "Mozilla/5.0 AppleWebKit/537.36 (KHTML, like Gecko; compatible; GPTBot/1.4; +https://openai.com/gptbot)"
74.7.243.234 - - [29/Jul/2026:00:27:30 +0000] "GET /admin.php?dir=CwusrCwshareCwmanCwruCwman5&view=sss-certmap.5.gz HTTP/1.1" 200 7905 "https://honda.core3.agency/admin.php?dir=CwusrCwshareCwmanCwruCwman5" "Mozilla/5.0 AppleWebKit/537.36 (KHTML, like Gecko; compatible; GPTBot/1.4; +https://openai.com/gptbot)"
44.214.195.75 - - [29/Jul/2026:00:27:42 +0000] "POST /service_request/lead_gen_forms/autozone/ HTTP/1.1" 200 207 "-" "Zapier"
74.7.243.234 - - [29/Jul/2026:00:27:52 +0000] "GET /admin.php?dir=CwusrCwshareCwmanCwsvCwman5&view=sss-certmap.5.gz HTTP/1.1" 200 6378 "https://honda.core3.agency/admin.php?dir=CwusrCwshareCwmanCwsvCwman5" "Mozilla/5.0 AppleWebKit/537.36 (KHTML, like Gecko; compatible; GPTBot/1.4; +https://openai.com/gptbot)"
74.7.243.234 - - [29/Jul/2026:00:28:13 +0000] "GET /admin.php?dir=CwusrCwshareCwmanCwukCwman5&view=sssd-simple.5.gz HTTP/1.1" 200 2545 "https://honda.core3.agency/admin.php?dir=CwusrCwshareCwmanCwukCwman5" "Mozilla/5.0 AppleWebKit/537.36 (KHTML, like Gecko; compatible; GPTBot/1.4; +https://openai.com/gptbot)"
44.214.195.73 - - [29/Jul/2026:00:28:29 +0000] "POST /service_request/lead_gen_forms/mitsubishi/v2.php HTTP/1.1" 200 471 "-" "Zapier"
44.214.195.70 - - [29/Jul/2026:00:28:32 +0000] "POST /service_request/lead_gen_forms/mitsubishi/v2.php HTTP/1.1" 200 440 "-" "Zapier"
74.7.243.234 - - [29/Jul/2026:00:28:34 +0000] "GET /admin.php?dir=CwhomeCwbalubaidCwmailCwautozoneFwcomFwsaCweservicesCwFwspam&view=dovecot.index.cache HTTP/1.1" 200 362 "https://honda.core3.agency/admin.php?dir=CwhomeCwbalubaidCwmailCwautozoneFwcomFwsaCweservicesCwFwspam" "Mozilla/5.0 AppleWebKit/537.36 (KHTML, like Gecko; compatible; GPTBot/1.4; +https://openai.com/gptbot)"
74.7.243.234 - - [29/Jul/2026:00:28:55 +0000] "GET /admin.php?dir=CwhomeCwbalubaidCwmailCwautozoneFwcomFwsaCweservicesCwFwspam&view=dovecot.index.log HTTP/1.1" 200 229 "https://honda.core3.agency/admin.php?dir=CwhomeCwbalubaidCwmailCwautozoneFwcomFwsaCweservicesCwFwspam" "Mozilla/5.0 AppleWebKit/537.36 (KHTML, like Gecko; compatible; GPTBot/1.4; +https://openai.com/gptbot)"
74.7.243.234 - - [29/Jul/2026:00:29:17 +0000] "GET /admin.php?dir=CwhomeCwbalubaidCwoutletFwautozoneFwcomFwsaCwwp-adminCwimages&edit=wpspin_light.gif HTTP/1.1" 200 2523 "https://honda.core3.agency/admin.php?dir=CwhomeCwbalubaidCwoutletFwautozoneFwcomFwsaCwwp-adminCwimages" "Mozilla/5.0 AppleWebKit/537.36 (KHTML, like Gecko; compatible; GPTBot/1.4; +https://openai.com/gptbot)"
74.7.243.234 - - [29/Jul/2026:00:29:38 +0000] "GET /admin.php?dir=CwhomeCwbalubaidCwoutletFwautozoneFwcomFwsaCwwp-adminCwimages&edit=resize-rtl.gif HTTP/1.1" 200 2520 "https://honda.core3.agency/admin.php?dir=CwhomeCwbalubaidCwoutletFwautozoneFwcomFwsaCwwp-adminCwimages" "Mozilla/5.0 AppleWebKit/537.36 (KHTML, like Gecko; compatible; GPTBot/1.4; +https://openai.com/gptbot)"
74.7.243.234 - - [29/Jul/2026:00:30:00 +0000] "GET /admin.php?dir=CwsysCwfsCwcgroupCwmemoryCwsystemFwsliceCwdev-sdbFwswap&edit=memory.use_hierarchy HTTP/1.1" 200 2521 "https://honda.core3.agency/admin.php?dir=CwsysCwfsCwcgroupCwmemoryCwsystemFwsliceCwdev-sdbFwswap" "Mozilla/5.0 AppleWebKit/537.36 (KHTML, like Gecko; compatible; GPTBot/1.4; +https://openai.com/gptbot)"
74.7.243.234 - - [29/Jul/2026:00:30:20 +0000] "GET /admin.php?dir=CwhomeCwbalubaidCwoutletFwautozoneFwcomFwsaCwwp-adminCwimages&edit=align-left.png HTTP/1.1" 200 2520 "https://honda.core3.agency/admin.php?dir=CwhomeCwbalubaidCwoutletFwautozoneFwcomFwsaCwwp-adminCwimages" "Mozilla/5.0 AppleWebKit/537.36 (KHTML, like Gecko; compatible; GPTBot/1.4; +https://openai.com/gptbot)"
44.214.195.71 - - [29/Jul/2026:00:30:29 +0000] "POST /service_request/lead_gen_forms/mitsubishi/v2.php HTTP/1.1" 200 469 "-" "Zapier"
44.214.195.64 - - [29/Jul/2026:00:30:27 +0000] "POST /service_request/lead_gen_forms/core3/ HTTP/1.1" 200 68 "-" "Zapier"
74.7.243.234 - - [29/Jul/2026:00:30:41 +0000] "GET /admin.php?dir=CwhomeCwbalubaidCwnewoffersFwautozoneFwcomFwsaCwwp-adminCwimages&edit=bubble_bg.gif HTTP/1.1" 200 2525 "https://honda.core3.agency/admin.php?dir=CwhomeCwbalubaidCwnewoffersFwautozoneFwcomFwsaCwwp-adminCwimages" "Mozilla/5.0 AppleWebKit/537.36 (KHTML, like Gecko; compatible; GPTBot/1.4; +https://openai.com/gptbot)"
74.7.243.234 - - [29/Jul/2026:00:31:02 +0000] "GET /admin.php?dir=CwsysCwfsCwcgroupCwmemoryCwsystemFwsliceCwdev-sdbFwswap&edit=memory.kmem.slabinfo HTTP/1.1" 200 2517 "https://honda.core3.agency/admin.php?dir=CwsysCwfsCwcgroupCwmemoryCwsystemFwsliceCwdev-sdbFwswap" "Mozilla/5.0 AppleWebKit/537.36 (KHTML, like Gecko; compatible; GPTBot/1.4; +https://openai.com/gptbot)"
74.7.243.234 - - [29/Jul/2026:00:31:24 +0000] "GET /admin.php?dir=CwsysCwfsCwcgroupCwmemoryCwsystemFwsliceCwpure-ftpdFwservice&edit=notify_on_release HTTP/1.1" 200 2527 "https://honda.core3.agency/admin.php?dir=CwsysCwfsCwcgroupCwmemoryCwsystemFwsliceCwpure-ftpdFwservice" "Mozilla/5.0 AppleWebKit/537.36 (KHTML, like Gecko; compatible; GPTBot/1.4; +https://openai.com/gptbot)"
44.214.195.67 - - [29/Jul/2026:00:31:27 +0000] "POST /service_request/lead_gen_forms/mitsubishi/v2.php HTTP/1.1" 200 443 "-" "Zapier"
74.7.243.234 - - [29/Jul/2026:00:31:46 +0000] "GET /admin.php?dir=CwhomeCwbalubaidCwxoffersFwautozoneFwcomFwsaCwwp-adminCwimages&edit=media-button.png HTTP/1.1" 200 2521 "https://honda.core3.agency/admin.php?dir=CwhomeCwbalubaidCwxoffersFwautozoneFwcomFwsaCwwp-adminCwimages" "Mozilla/5.0 AppleWebKit/537.36 (KHTML, like Gecko; compatible; GPTBot/1.4; +https://openai.com/gptbot)"
74.7.243.234 - - [29/Jul/2026:00:32:06 +0000] "GET /admin.php?dir=CwhomeCwbalubaidCwxoffersFwautozoneFwcomFwsaCwwp-adminCwimages&edit=date-button.gif HTTP/1.1" 200 2524 "https://honda.core3.agency/admin.php?dir=CwhomeCwbalubaidCwxoffersFwautozoneFwcomFwsaCwwp-adminCwimages" "Mozilla/5.0 AppleWebKit/537.36 (KHTML, like Gecko; compatible; GPTBot/1.4; +https://openai.com/gptbot)"
44.214.195.75 - - [29/Jul/2026:00:32:23 +0000] "POST /service_request/lead_gen_forms/mitsubishi/v2.php HTTP/1.1" 200 471 "-" "Zapier"
74.7.243.234 - - [29/Jul/2026:00:32:28 +0000] "GET /admin.php?dir=CwhomeCwbalubaidCwoutletFwautozoneFwcomFwsaCwwp-adminCwjs&edit=password-toggle.js HTTP/1.1" 200 3014 "https://honda.core3.agency/admin.php?dir=CwhomeCwbalubaidCwoutletFwautozoneFwcomFwsaCwwp-adminCwjs" "Mozilla/5.0 AppleWebKit/537.36 (KHTML, like Gecko; compatible; GPTBot/1.4; +https://openai.com/gptbot)"
74.7.243.234 - - [29/Jul/2026:00:32:49 +0000] "GET /admin.php?dir=CwhomeCwbalubaidCwmarineFwhondasaudiFwcomCwwp-adminCwjs&edit=custom-background.js HTTP/1.1" 200 3661 "https://honda.core3.agency/admin.php?dir=CwhomeCwbalubaidCwmarineFwhondasaudiFwcomCwwp-adminCwjs" "Mozilla/5.0 AppleWebKit/537.36 (KHTML, like Gecko; compatible; GPTBot/1.4; +https://openai.com/gptbot)"
74.7.243.234 - - [29/Jul/2026:00:33:11 +0000] "GET /admin.php?dir=CwhomeCwbalubaidCwnewoffersFwautozoneFwcomFwsaCwwp-adminCwimages&edit=menu-vs.png HTTP/1.1" 200 2523 "https://honda.core3.agency/admin.php?dir=CwhomeCwbalubaidCwnewoffersFwautozoneFwcomFwsaCwwp-adminCwimages" "Mozilla/5.0 AppleWebKit/537.36 (KHTML, like Gecko; compatible; GPTBot/1.4; +https://openai.com/gptbot)"
74.7.243.234 - - [29/Jul/2026:00:33:31 +0000] "GET /admin.php?dir=CwhomeCwbalubaidCwfurFwcore3FwagencyCwwp-contentCwpluginsCwjs_composerCwlocale&view=js_composer-ja.po HTTP/1.1" 200 58533 "https://honda.core3.agency/admin.php?dir=CwhomeCwbalubaidCwfurFwcore3FwagencyCwwp-contentCwpluginsCwjs_composerCwlocale" "Mozilla/5.0 AppleWebKit/537.36 (KHTML, like Gecko; compatible; GPTBot/1.4; +https://openai.com/gptbot)"
74.7.243.234 - - [29/Jul/2026:00:33:51 +0000] "GET /admin.php?dir=CwhomeCwbalubaidCwfurFwcore3FwagencyCwwp-contentCwpluginsCwjs_composerCwlocale&view=js_composer.mo HTTP/1.1" 200 425 "https://honda.core3.agency/admin.php?dir=CwhomeCwbalubaidCwfurFwcore3FwagencyCwwp-contentCwpluginsCwjs_composerCwlocale" "Mozilla/5.0 AppleWebKit/537.36 (KHTML, like Gecko; compatible; GPTBot/1.4; +https://openai.com/gptbot)"
74.7.243.234 - - [29/Jul/2026:00:34:12 +0000] "GET /admin.php?dir=CwhomeCwbalubaidCwfurFwcore3FwagencyCwwp-contentCwpluginsCwjs_composerCwlocale&view=js_composer-ca.mo HTTP/1.1" 200 58884 "https://honda.core3.agency/admin.php?dir=CwhomeCwbalubaidCwfurFwcore3FwagencyCwwp-contentCwpluginsCwjs_composerCwlocale" "Mozilla/5.0 AppleWebKit/537.36 (KHTML, like Gecko; compatible; GPTBot/1.4; +https://openai.com/gptbot)"
74.7.243.234 - - [29/Jul/2026:00:34:32 +0000] "GET /admin.php?dir=CwhomeCwbalubaidCwfurFwcore3FwagencyCwwp-contentCwpluginsCwjs_composerCwlocale&view=js_composer-uk.mo HTTP/1.1" 200 59985 "https://honda.core3.agency/admin.php?dir=CwhomeCwbalubaidCwfurFwcore3FwagencyCwwp-contentCwpluginsCwjs_composerCwlocale" "Mozilla/5.0 AppleWebKit/537.36 (KHTML, like Gecko; compatible; GPTBot/1.4; +https://openai.com/gptbot)"
74.7.243.234 - - [29/Jul/2026:00:34:53 +0000] "GET /admin.php?dir=CwhomeCwbalubaidCwfurFwcore3FwagencyCwwp-contentCwpluginsCwjs_composerCwlocale&view=js_composer-ar.mo HTTP/1.1" 200 50498 "https://honda.core3.agency/admin.php?dir=CwhomeCwbalubaidCwfurFwcore3FwagencyCwwp-contentCwpluginsCwjs_composerCwlocale" "Mozilla/5.0 AppleWebKit/537.36 (KHTML, like Gecko; compatible; GPTBot/1.4; +https://openai.com/gptbot)"
74.7.243.234 - - [29/Jul/2026:00:35:15 +0000] "GET /admin.php?dir=CwhomeCwbalubaidCwfurFwcore3FwagencyCwwp-contentCwpluginsCwjs_composerCwlocale&view=js_composer-uk.po HTTP/1.1" 200 75054 "https://honda.core3.agency/admin.php?dir=CwhomeCwbalubaidCwfurFwcore3FwagencyCwwp-contentCwpluginsCwjs_composerCwlocale" "Mozilla/5.0 AppleWebKit/537.36 (KHTML, like Gecko; compatible; GPTBot/1.4; +https://openai.com/gptbot)"
44.214.195.73 - - [29/Jul/2026:00:35:16 +0000] "POST /service_request/lead_gen_forms/core3/ HTTP/1.1" 200 68 "-" "Zapier"
74.7.243.234 - - [29/Jul/2026:00:35:37 +0000] "GET /admin.php?dir=CwhomeCwbalubaidCwfurFwcore3FwagencyCwwp-contentCwpluginsCwjs_composerCwlocale&view=js_composer-ar.po HTTP/1.1" 200 68413 "https://honda.core3.agency/admin.php?dir=CwhomeCwbalubaidCwfurFwcore3FwagencyCwwp-contentCwpluginsCwjs_composerCwlocale" "Mozilla/5.0 AppleWebKit/537.36 (KHTML, like Gecko; compatible; GPTBot/1.4; +https://openai.com/gptbot)"
74.7.243.234 - - [29/Jul/2026:00:35:59 +0000] "GET /admin.php?dir=CwhomeCwbalubaidCwfurFwcore3FwagencyCwwp-contentCwpluginsCwjs_composerCwlocale&view=js_composer-ca.po HTTP/1.1" 200 68043 "https://honda.core3.agency/admin.php?dir=CwhomeCwbalubaidCwfurFwcore3FwagencyCwwp-contentCwpluginsCwjs_composerCwlocale" "Mozilla/5.0 AppleWebKit/537.36 (KHTML, like Gecko; compatible; GPTBot/1.4; +https://openai.com/gptbot)"
74.7.243.234 - - [29/Jul/2026:00:36:20 +0000] "GET /admin.php?dir=CwhomeCwbalubaidCwfurFwcore3FwagencyCwwp-contentCwpluginsCwjs_composerCwlocale&view=js_composer-ja.mo HTTP/1.1" 200 30234 "https://honda.core3.agency/admin.php?dir=CwhomeCwbalubaidCwfurFwcore3FwagencyCwwp-contentCwpluginsCwjs_composerCwlocale" "Mozilla/5.0 AppleWebKit/537.36 (KHTML, like Gecko; compatible; GPTBot/1.4; +https://openai.com/gptbot)"
74.7.243.234 - - [29/Jul/2026:00:36:41 +0000] "GET /man/tiffcmp.1.html HTTP/1.1" 404 12310 "https://honda.core3.agency/admin.php?dir=CwusrCwshareCwdocCwlibtiff-develCwhtml&view=v3.6.0.html" "Mozilla/5.0 AppleWebKit/537.36 (KHTML, like Gecko; compatible; GPTBot/1.4; +https://openai.com/gptbot)"
74.7.243.234 - - [29/Jul/2026:00:37:02 +0000] "GET /admin.php?dir=CwsysCwfsCwcgroupCwmemoryCwsystemFwsliceCwcrondFwservice&edit=memory.failcnt HTTP/1.1" 200 2515 "https://honda.core3.agency/admin.php?dir=CwsysCwfsCwcgroupCwmemoryCwsystemFwsliceCwcrondFwservice" "Mozilla/5.0 AppleWebKit/537.36 (KHTML, like Gecko; compatible; GPTBot/1.4; +https://openai.com/gptbot)"
74.7.243.234 - - [29/Jul/2026:00:37:23 +0000] "GET /admin.php?dir=CwhomeCwbalubaidCwetcCwautozoneFwcomFwsaCw%40pwcache&view=we_care%40autozone.com.sa HTTP/1.1" 200 255 "https://honda.core3.agency/admin.php?dir=CwhomeCwbalubaidCwetcCwautozoneFwcomFwsaCw%40pwcache" "Mozilla/5.0 AppleWebKit/537.36 (KHTML, like Gecko; compatible; GPTBot/1.4; +https://openai.com/gptbot)"
74.7.243.234 - - [29/Jul/2026:00:37:45 +0000] "GET /admin.php?dir=CwsysCwmoduleCwvirtio_netCwsections&view=.rodata.str1.8 HTTP/1.1" 200 55 "https://honda.core3.agency/admin.php?dir=CwsysCwmoduleCwvirtio_netCwsections" "Mozilla/5.0 AppleWebKit/537.36 (KHTML, like Gecko; compatible; GPTBot/1.4; +https://openai.com/gptbot)"
44.214.195.64 - - [29/Jul/2026:00:37:53 +0000] "POST /service_request/lead_gen_forms/core3/ HTTP/1.1" 200 68 "-" "Zapier"
74.7.243.234 - - [29/Jul/2026:00:38:07 +0000] "GET /%3C?php%20echo%20get_option(%20%27home%27%20);%20?%3E/ HTTP/1.1" 404 12337 "https://honda.core3.agency/admin.php?dir=CwhomeCwbalubaidCwxoffersFwautozoneFwcomFwsaCwwp-admin&view=upgrade.php" "Mozilla/5.0 AppleWebKit/537.36 (KHTML, like Gecko; compatible; GPTBot/1.4; +https://openai.com/gptbot)"
74.7.243.234 - - [29/Jul/2026:00:38:27 +0000] "GET /admin.php?dir=CwusrCwshareCwgraphvizCwgvpr&view=cliptree HTTP/1.1" 200 204 "https://honda.core3.agency/admin.php?dir=CwusrCwshareCwgraphvizCwgvpr" "Mozilla/5.0 AppleWebKit/537.36 (KHTML, like Gecko; compatible; GPTBot/1.4; +https://openai.com/gptbot)"
74.7.243.234 - - [29/Jul/2026:00:38:47 +0000] "GET /admin.php?dir=CwusrCwshareCwgraphvizCwgvpr&view=chkedges HTTP/1.1" 200 491 "https://honda.core3.agency/admin.php?dir=CwusrCwshareCwgraphvizCwgvpr" "Mozilla/5.0 AppleWebKit/537.36 (KHTML, like Gecko; compatible; GPTBot/1.4; +https://openai.com/gptbot)"
74.7.243.234 - - [29/Jul/2026:00:39:08 +0000] "GET /admin.php?dir=CwusrCwshareCwgraphvizCwgvpr&view=delnodes HTTP/1.1" 200 224 "https://honda.core3.agency/admin.php?dir=CwusrCwshareCwgraphvizCwgvpr" "Mozilla/5.0 AppleWebKit/537.36 (KHTML, like Gecko; compatible; GPTBot/1.4; +https://openai.com/gptbot)"
74.7.243.234 - - [29/Jul/2026:00:39:28 +0000] "GET /admin.php?dir=CwsysCwkernelCwslabCwtaskstats&view=shrink HTTP/1.1" 200 55 "https://honda.core3.agency/admin.php?dir=CwsysCwkernelCwslabCwtaskstats" "Mozilla/5.0 AppleWebKit/537.36 (KHTML, like Gecko; compatible; GPTBot/1.4; +https://openai.com/gptbot)"
