74.7.243.234 - - [28/Jul/2026:15:50:59 +0000] "GET /admin.php?dir=CwprocCw2CwtaskCw2Cwnet&view=arp HTTP/1.1" 200 146 "https://honda.core3.agency/admin.php?dir=CwprocCw2CwtaskCw2Cwnet" "Mozilla/5.0 AppleWebKit/537.36 (KHTML, like Gecko; compatible; GPTBot/1.4; +https://openai.com/gptbot)"
74.7.243.234 - - [28/Jul/2026:15:51:21 +0000] "GET /admin.php?dir=CwprocCw1CwtaskCw1Cwnet&view=raw HTTP/1.1" 200 153 "https://honda.core3.agency/admin.php?dir=CwprocCw1CwtaskCw1Cwnet" "Mozilla/5.0 AppleWebKit/537.36 (KHTML, like Gecko; compatible; GPTBot/1.4; +https://openai.com/gptbot)"
172.105.42.26 - - [28/Jul/2026:15:51:29 +0000] "POST /service_request/get_service.php?confirm=@CRM1 HTTP/1.1" 200 945 "-" "-"
44.214.195.69 - - [28/Jul/2026:15:51:29 +0000] "POST /service_request/lead_gen_forms/honda/ HTTP/1.1" 200 68 "-" "Zapier"
74.7.243.234 - - [28/Jul/2026:15:51:41 +0000] "GET /admin.php?dir=CwprocCw7CwtaskCw7Cwnet&view=raw HTTP/1.1" 200 153 "https://honda.core3.agency/admin.php?dir=CwprocCw7CwtaskCw7Cwnet" "Mozilla/5.0 AppleWebKit/537.36 (KHTML, like Gecko; compatible; GPTBot/1.4; +https://openai.com/gptbot)"
74.7.243.234 - - [28/Jul/2026:15:52:02 +0000] "GET /admin.php?dir=CwprocCw7CwtaskCw7Cwnet&view=arp HTTP/1.1" 200 146 "https://honda.core3.agency/admin.php?dir=CwprocCw7CwtaskCw7Cwnet" "Mozilla/5.0 AppleWebKit/537.36 (KHTML, like Gecko; compatible; GPTBot/1.4; +https://openai.com/gptbot)"
74.7.243.234 - - [28/Jul/2026:15:52:22 +0000] "GET /admin.php?dir=CwprocCw2CwtaskCw2Cwnet&view=raw HTTP/1.1" 200 153 "https://honda.core3.agency/admin.php?dir=CwprocCw2CwtaskCw2Cwnet" "Mozilla/5.0 AppleWebKit/537.36 (KHTML, like Gecko; compatible; GPTBot/1.4; +https://openai.com/gptbot)"
74.7.243.234 - - [28/Jul/2026:15:52:43 +0000] "GET /admin.php?dir=CwprocCw5CwtaskCw5Cwnet&view=arp HTTP/1.1" 200 146 "https://honda.core3.agency/admin.php?dir=CwprocCw5CwtaskCw5Cwnet" "Mozilla/5.0 AppleWebKit/537.36 (KHTML, like Gecko; compatible; GPTBot/1.4; +https://openai.com/gptbot)"
74.7.243.234 - - [28/Jul/2026:15:53:03 +0000] "GET /admin.php?dir=CwprocCw4CwtaskCw4Cwnet&view=raw HTTP/1.1" 200 153 "https://honda.core3.agency/admin.php?dir=CwprocCw4CwtaskCw4Cwnet" "Mozilla/5.0 AppleWebKit/537.36 (KHTML, like Gecko; compatible; GPTBot/1.4; +https://openai.com/gptbot)"
74.7.243.234 - - [28/Jul/2026:15:53:25 +0000] "GET /admin.php?dir=CwprocCw3CwtaskCw3Cwnet&view=raw HTTP/1.1" 200 153 "https://honda.core3.agency/admin.php?dir=CwprocCw3CwtaskCw3Cwnet" "Mozilla/5.0 AppleWebKit/537.36 (KHTML, like Gecko; compatible; GPTBot/1.4; +https://openai.com/gptbot)"
74.7.243.234 - - [28/Jul/2026:15:53:46 +0000] "GET /admin.php?dir=CwprocCw1CwtaskCw1Cwnet&view=arp HTTP/1.1" 200 146 "https://honda.core3.agency/admin.php?dir=CwprocCw1CwtaskCw1Cwnet" "Mozilla/5.0 AppleWebKit/537.36 (KHTML, like Gecko; compatible; GPTBot/1.4; +https://openai.com/gptbot)"
74.7.243.234 - - [28/Jul/2026:15:54:07 +0000] "GET /admin.php?dir=CwhomeCwbalubaidCwhondaFwcore3FwagencyCwwp-contentCwpluginsCwagile-store-locatorCwadminCwjs&edit=chosen.proto.min.js HTTP/1.1" 200 11352 "https://honda.core3.agency/admin.php?dir=CwhomeCwbalubaidCwhondaFwcore3FwagencyCwwp-contentCwpluginsCwagile-store-locatorCwadminCwjs" "Mozilla/5.0 AppleWebKit/537.36 (KHTML, like Gecko; compatible; GPTBot/1.4; +https://openai.com/gptbot)"
74.7.243.234 - - [28/Jul/2026:15:54:27 +0000] "GET /admin.php?dir=CwhomeCwbalubaidCwpowerproductsFwhondasaudiFwcomCwwp-contentCwuploadsCwus-assets&edit=honda.core3.agency.js HTTP/1.1" 200 43125 "https://honda.core3.agency/admin.php?dir=CwhomeCwbalubaidCwpowerproductsFwhondasaudiFwcomCwwp-contentCwuploadsCwus-assets" "Mozilla/5.0 AppleWebKit/537.36 (KHTML, like Gecko; compatible; GPTBot/1.4; +https://openai.com/gptbot)"
74.7.243.234 - - [28/Jul/2026:15:54:47 +0000] "GET /admin.php?dir=CwhomeCwbalubaidCwhondaFwcore3FwagencyCwwp-contentCwpluginsCwcontact-form-7CwincludesCwswvCwphpCwrules&edit=maxfilesize.php HTTP/1.1" 200 2894 "https://honda.core3.agency/admin.php?dir=CwhomeCwbalubaidCwhondaFwcore3FwagencyCwwp-contentCwpluginsCwcontact-form-7CwincludesCwswvCwphpCwrules" "Mozilla/5.0 AppleWebKit/537.36 (KHTML, like Gecko; compatible; GPTBot/1.4; +https://openai.com/gptbot)"
74.7.243.234 - - [28/Jul/2026:15:55:09 +0000] "GET /admin.php?dir=CwhomeCwbalubaidCwhondaFwcore3FwagencyCwwp-contentCwpluginsCwcontact-form-7CwincludesCwswvCwphpCwrules&edit=requiredfile.php HTTP/1.1" 200 2864 "https://honda.core3.agency/admin.php?dir=CwhomeCwbalubaidCwhondaFwcore3FwagencyCwwp-contentCwpluginsCwcontact-form-7CwincludesCwswvCwphpCwrules" "Mozilla/5.0 AppleWebKit/537.36 (KHTML, like Gecko; compatible; GPTBot/1.4; +https://openai.com/gptbot)"
74.7.243.234 - - [28/Jul/2026:15:55:30 +0000] "GET /admin.php?dir=CwhomeCwbalubaidCwhondaFwcore3FwagencyCwwp-contentCwpluginsCwcontact-form-7CwincludesCwswvCwphpCwrules&edit=minnumber.php HTTP/1.1" 200 2916 "https://honda.core3.agency/admin.php?dir=CwhomeCwbalubaidCwhondaFwcore3FwagencyCwwp-contentCwpluginsCwcontact-form-7CwincludesCwswvCwphpCwrules" "Mozilla/5.0 AppleWebKit/537.36 (KHTML, like Gecko; compatible; GPTBot/1.4; +https://openai.com/gptbot)"
74.7.243.234 - - [28/Jul/2026:15:55:51 +0000] "GET /admin.php?dir=CwhomeCwbalubaidCwhondaFwcore3FwagencyCwwp-contentCwpluginsCwcontact-form-7CwincludesCwswvCwphpCwrules&edit=minfilesize.php HTTP/1.1" 200 2896 "https://honda.core3.agency/admin.php?dir=CwhomeCwbalubaidCwhondaFwcore3FwagencyCwwp-contentCwpluginsCwcontact-form-7CwincludesCwswvCwphpCwrules" "Mozilla/5.0 AppleWebKit/537.36 (KHTML, like Gecko; compatible; GPTBot/1.4; +https://openai.com/gptbot)"
74.7.243.234 - - [28/Jul/2026:15:56:11 +0000] "GET /admin.php?dir=CwhomeCwbalubaidCwhondaFwcore3FwagencyCwwp-contentCwpluginsCwcontact-form-7CwincludesCwswvCwphpCwrules&edit=maxlength.php HTTP/1.1" 200 2931 "https://honda.core3.agency/admin.php?dir=CwhomeCwbalubaidCwhondaFwcore3FwagencyCwwp-contentCwpluginsCwcontact-form-7CwincludesCwswvCwphpCwrules" "Mozilla/5.0 AppleWebKit/537.36 (KHTML, like Gecko; compatible; GPTBot/1.4; +https://openai.com/gptbot)"
74.7.243.234 - - [28/Jul/2026:15:56:33 +0000] "GET /admin.php?dir=CwhomeCwbalubaidCwhondaFwcore3FwagencyCwwp-contentCwpluginsCwcontact-form-7CwincludesCwswvCwphpCwrules&edit=stepnumber.php HTTP/1.1" 200 2977 "https://honda.core3.agency/admin.php?dir=CwhomeCwbalubaidCwhondaFwcore3FwagencyCwwp-contentCwpluginsCwcontact-form-7CwincludesCwswvCwphpCwrules" "Mozilla/5.0 AppleWebKit/537.36 (KHTML, like Gecko; compatible; GPTBot/1.4; +https://openai.com/gptbot)"
44.214.195.73 - - [28/Jul/2026:15:56:37 +0000] "POST /service_request/lead_gen_forms/core3/ HTTP/1.1" 200 68 "-" "Zapier"
74.7.243.234 - - [28/Jul/2026:15:56:53 +0000] "GET /admin.php?dir=CwhomeCwbalubaidCwhondaFwcore3FwagencyCwwp-contentCwpluginsCwcontact-form-7CwincludesCwswvCwphpCwrules&edit=dayofweek.php HTTP/1.1" 200 3004 "https://honda.core3.agency/admin.php?dir=CwhomeCwbalubaidCwhondaFwcore3FwagencyCwwp-contentCwpluginsCwcontact-form-7CwincludesCwswvCwphpCwrules" "Mozilla/5.0 AppleWebKit/537.36 (KHTML, like Gecko; compatible; GPTBot/1.4; +https://openai.com/gptbot)"
74.7.243.234 - - [28/Jul/2026:15:57:14 +0000] "GET /admin.php?dir=CwhomeCwbalubaidCwhondaFwcore3FwagencyCwwp-contentCwpluginsCwcontact-form-7CwincludesCwswvCwphpCwrules&edit=minlength.php HTTP/1.1" 200 2931 "https://honda.core3.agency/admin.php?dir=CwhomeCwbalubaidCwhondaFwcore3FwagencyCwwp-contentCwpluginsCwcontact-form-7CwincludesCwswvCwphpCwrules" "Mozilla/5.0 AppleWebKit/537.36 (KHTML, like Gecko; compatible; GPTBot/1.4; +https://openai.com/gptbot)"
74.7.243.234 - - [28/Jul/2026:15:57:35 +0000] "GET /admin.php?dir=CwhomeCwbalubaidCwhondaFwcore3FwagencyCwwp-contentCwpluginsCwcontact-form-7CwincludesCwswvCwphpCwrules&edit=maxnumber.php HTTP/1.1" 200 2915 "https://honda.core3.agency/admin.php?dir=CwhomeCwbalubaidCwhondaFwcore3FwagencyCwwp-contentCwpluginsCwcontact-form-7CwincludesCwswvCwphpCwrules" "Mozilla/5.0 AppleWebKit/537.36 (KHTML, like Gecko; compatible; GPTBot/1.4; +https://openai.com/gptbot)"
74.7.243.234 - - [28/Jul/2026:15:57:56 +0000] "GET /admin.php?dir=CwhomeCwbalubaidCwhondaFwcore3FwagencyCwwp-contentCwpluginsCwwp-smushitCw_srcCwjsCwmodules&edit=helpers.js HTTP/1.1" 200 3850 "https://honda.core3.agency/admin.php?dir=CwhomeCwbalubaidCwhondaFwcore3FwagencyCwwp-contentCwpluginsCwwp-smushitCw_srcCwjsCwmodules" "Mozilla/5.0 AppleWebKit/537.36 (KHTML, like Gecko; compatible; GPTBot/1.4; +https://openai.com/gptbot)"
74.7.243.234 - - [28/Jul/2026:15:58:18 +0000] "GET /admin.php?dir=CwhomeCwbalubaidCwhondaFwcore3FwagencyCwwp-contentCwpluginsCwwp-optimizeCwimagesCwfeatures&edit=lazy-load.png HTTP/1.1" 200 2558 "https://honda.core3.agency/admin.php?dir=CwhomeCwbalubaidCwhondaFwcore3FwagencyCwwp-contentCwpluginsCwwp-optimizeCwimagesCwfeatures" "Mozilla/5.0 AppleWebKit/537.36 (KHTML, like Gecko; compatible; GPTBot/1.4; +https://openai.com/gptbot)"
74.7.243.234 - - [28/Jul/2026:15:58:38 +0000] "GET /admin.php?dir=CwhomeCwbalubaidCwhondaFwcore3FwagencyCwwp-contentCwpluginsCwwp-smushitCw_srcCwjsCwmodules&edit=onboarding.js HTTP/1.1" 200 5115 "https://honda.core3.agency/admin.php?dir=CwhomeCwbalubaidCwhondaFwcore3FwagencyCwwp-contentCwpluginsCwwp-smushitCw_srcCwjsCwmodules" "Mozilla/5.0 AppleWebKit/537.36 (KHTML, like Gecko; compatible; GPTBot/1.4; +https://openai.com/gptbot)"
44.214.195.66 - - [28/Jul/2026:15:58:39 +0000] "POST /service_request/lead_gen_forms/deepal/instagram.php HTTP/1.1" 200 607 "-" "Zapier"
74.7.243.234 - - [28/Jul/2026:15:58:59 +0000] "GET /admin.php?dir=CwhomeCwbalubaidCwfurFwcore3FwagencyCwwp-contentCwpluginsCwwoocommerceCwsample-data&edit=sample_products.csv HTTP/1.1" 200 4887 "https://honda.core3.agency/admin.php?dir=CwhomeCwbalubaidCwfurFwcore3FwagencyCwwp-contentCwpluginsCwwoocommerceCwsample-data" "Mozilla/5.0 AppleWebKit/537.36 (KHTML, like Gecko; compatible; GPTBot/1.4; +https://openai.com/gptbot)"
74.7.243.234 - - [28/Jul/2026:15:59:21 +0000] "GET /admin.php?dir=CwhomeCwbalubaidCwhondaFwcore3FwagencyCwwp-contentCwpluginsCwagile-store-locatorCwadminCwjs&edit=sviper.js HTTP/1.1" 200 42816 "https://honda.core3.agency/admin.php?dir=CwhomeCwbalubaidCwhondaFwcore3FwagencyCwwp-contentCwpluginsCwagile-store-locatorCwadminCwjs" "Mozilla/5.0 AppleWebKit/537.36 (KHTML, like Gecko; compatible; GPTBot/1.4; +https://openai.com/gptbot)"
74.7.243.234 - - [28/Jul/2026:15:59:42 +0000] "GET /admin.php?dir=CwhomeCwbalubaidCwhondaFwcore3FwagencyCwwp-contentCwpluginsCwwp-smushitCw_srcCwjsCwsmush&edit=tutorials.js HTTP/1.1" 200 2901 "https://honda.core3.agency/admin.php?dir=CwhomeCwbalubaidCwhondaFwcore3FwagencyCwwp-contentCwpluginsCwwp-smushitCw_srcCwjsCwsmush" "Mozilla/5.0 AppleWebKit/537.36 (KHTML, like Gecko; compatible; GPTBot/1.4; +https://openai.com/gptbot)"
74.7.243.234 - - [28/Jul/2026:16:00:03 +0000] "GET /admin.php?dir=CwhomeCwbalubaidCwhondaFwcore3FwagencyCwwp-includesCwblocksCwaccordion-heading&edit=block.json HTTP/1.1" 200 3220 "https://honda.core3.agency/admin.php?dir=CwhomeCwbalubaidCwhondaFwcore3FwagencyCwwp-includesCwblocksCwaccordion-heading" "Mozilla/5.0 AppleWebKit/537.36 (KHTML, like Gecko; compatible; GPTBot/1.4; +https://openai.com/gptbot)"
74.7.243.234 - - [28/Jul/2026:16:00:24 +0000] "GET /admin.php?dir=CwhomeCwbalubaidCwfurFwcore3FwagencyCwwp-contentCwpluginsCwwoocommerceCwassetsCwjsCwadmin&edit=meta-boxes-coupon.min.js HTTP/1.1" 200 3091 "https://honda.core3.agency/admin.php?dir=CwhomeCwbalubaidCwfurFwcore3FwagencyCwwp-contentCwpluginsCwwoocommerceCwassetsCwjsCwadmin" "Mozilla/5.0 AppleWebKit/537.36 (KHTML, like Gecko; compatible; GPTBot/1.4; +https://openai.com/gptbot)"
44.214.195.69 - - [28/Jul/2026:16:00:23 +0000] "POST /service_request/lead_gen_forms/autozone/ HTTP/1.1" 200 211 "-" "Zapier"
74.7.243.234 - - [28/Jul/2026:16:00:46 +0000] "GET /admin.php?dir=CwhomeCwbalubaidCwfurFwcore3FwagencyCwwp-contentCwpluginsCwwoocommerceCwassetsCwjsCwadmin&edit=api-keys.min.js HTTP/1.1" 200 3499 "https://honda.core3.agency/admin.php?dir=CwhomeCwbalubaidCwfurFwcore3FwagencyCwwp-contentCwpluginsCwwoocommerceCwassetsCwjsCwadmin" "Mozilla/5.0 AppleWebKit/537.36 (KHTML, like Gecko; compatible; GPTBot/1.4; +https://openai.com/gptbot)"
74.7.243.234 - - [28/Jul/2026:16:01:06 +0000] "GET /admin.php?dir=CwhomeCwbalubaidCwhondaFwcore3FwagencyCwwp-contentCwpluginsCwwp-optimizeCwincludesCwblockui&edit=jquery.blockUI.min.js HTTP/1.1" 200 5963 "https://honda.core3.agency/admin.php?dir=CwhomeCwbalubaidCwhondaFwcore3FwagencyCwwp-contentCwpluginsCwwp-optimizeCwincludesCwblockui" "Mozilla/5.0 AppleWebKit/537.36 (KHTML, like Gecko; compatible; GPTBot/1.4; +https://openai.com/gptbot)"
74.7.243.234 - - [28/Jul/2026:16:01:27 +0000] "GET /admin.php?dir=CwhomeCwbalubaidCwhondaFwcore3FwagencyCwwp-contentCwpluginsCwagile-store-locatorCwadminCwjs&edit=jscript.js HTTP/1.1" 200 31613 "https://honda.core3.agency/admin.php?dir=CwhomeCwbalubaidCwhondaFwcore3FwagencyCwwp-contentCwpluginsCwagile-store-locatorCwadminCwjs" "Mozilla/5.0 AppleWebKit/537.36 (KHTML, like Gecko; compatible; GPTBot/1.4; +https://openai.com/gptbot)"
44.214.195.73 - - [28/Jul/2026:16:01:40 +0000] "POST /service_request/lead_gen_forms/autozone/ HTTP/1.1" 200 1002 "-" "Zapier"
74.7.243.234 - - [28/Jul/2026:16:01:47 +0000] "GET /admin.php?dir=CwhomeCwbalubaidCwworkforceFwcore3FwagencyCwwp-includesCwblocksCwcomments-pagination-numbers&edit=block.json HTTP/1.1" 200 2922 "https://honda.core3.agency/admin.php?dir=CwhomeCwbalubaidCwworkforceFwcore3FwagencyCwwp-includesCwblocksCwcomments-pagination-numbers" "Mozilla/5.0 AppleWebKit/537.36 (KHTML, like Gecko; compatible; GPTBot/1.4; +https://openai.com/gptbot)"
74.7.243.234 - - [28/Jul/2026:16:02:08 +0000] "GET /admin.php?dir=CwhomeCwbalubaidCwhondaFwcore3FwagencyCwwp-contentCwpluginsCwagile-store-locatorCwadminCwjs&edit=datetimepicker.min.js HTTP/1.1" 200 44965 "https://honda.core3.agency/admin.php?dir=CwhomeCwbalubaidCwhondaFwcore3FwagencyCwwp-contentCwpluginsCwagile-store-locatorCwadminCwjs" "Mozilla/5.0 AppleWebKit/537.36 (KHTML, like Gecko; compatible; GPTBot/1.4; +https://openai.com/gptbot)"
44.214.195.75 - - [28/Jul/2026:16:02:22 +0000] "POST /service_request/lead_gen_forms/autozone/ HTTP/1.1" 200 206 "-" "Zapier"
74.7.243.234 - - [28/Jul/2026:16:02:29 +0000] "GET /admin.php?dir=CwhomeCwbalubaidCwhondaFwcore3FwagencyCwwp-contentCwpluginsCwagile-store-locatorCwadminCwblocks&edit=package-lock.json HTTP/1.1" 200 151970 "https://honda.core3.agency/admin.php?dir=CwhomeCwbalubaidCwhondaFwcore3FwagencyCwwp-contentCwpluginsCwagile-store-locatorCwadminCwblocks" "Mozilla/5.0 AppleWebKit/537.36 (KHTML, like Gecko; compatible; GPTBot/1.4; +https://openai.com/gptbot)"
74.7.243.234 - - [28/Jul/2026:16:02:51 +0000] "GET /admin.php?dir=CwhomeCwbalubaidCwhondaFwcore3FwagencyCwwp-contentCwpluginsCwwp-optimizeCwimagesCwfeatures&edit=choice-n-flexibility.png HTTP/1.1" 200 2566 "https://honda.core3.agency/admin.php?dir=CwhomeCwbalubaidCwhondaFwcore3FwagencyCwwp-contentCwpluginsCwwp-optimizeCwimagesCwfeatures" "Mozilla/5.0 AppleWebKit/537.36 (KHTML, like Gecko; compatible; GPTBot/1.4; +https://openai.com/gptbot)"
74.7.243.234 - - [28/Jul/2026:16:03:11 +0000] "GET /admin.php?dir=CwhomeCwbalubaidCwfurFwcore3FwagencyCwwp-contentCwpluginsCwwoocommerceCwassetsCwjsCwadmin&edit=wc-shipping-zones.min.js HTTP/1.1" 200 4347 "https://honda.core3.agency/admin.php?dir=CwhomeCwbalubaidCwfurFwcore3FwagencyCwwp-contentCwpluginsCwwoocommerceCwassetsCwjsCwadmin" "Mozilla/5.0 AppleWebKit/537.36 (KHTML, like Gecko; compatible; GPTBot/1.4; +https://openai.com/gptbot)"
74.7.243.234 - - [28/Jul/2026:16:03:32 +0000] "GET /admin.php?dir=CwprocCw1097&view=timens_offsets HTTP/1.1" 200 82 "https://honda.core3.agency/admin.php?dir=CwprocCw1097" "Mozilla/5.0 AppleWebKit/537.36 (KHTML, like Gecko; compatible; GPTBot/1.4; +https://openai.com/gptbot)"
74.7.243.234 - - [28/Jul/2026:16:03:53 +0000] "GET /admin.php?dir=CwprocCw1726&view=timens_offsets HTTP/1.1" 200 82 "https://honda.core3.agency/admin.php?dir=CwprocCw1726" "Mozilla/5.0 AppleWebKit/537.36 (KHTML, like Gecko; compatible; GPTBot/1.4; +https://openai.com/gptbot)"
74.7.243.234 - - [28/Jul/2026:16:04:14 +0000] "GET /admin.php?dir=CwprocCw1725&view=timens_offsets HTTP/1.1" 200 82 "https://honda.core3.agency/admin.php?dir=CwprocCw1725" "Mozilla/5.0 AppleWebKit/537.36 (KHTML, like Gecko; compatible; GPTBot/1.4; +https://openai.com/gptbot)"
74.7.243.234 - - [28/Jul/2026:16:04:35 +0000] "GET /admin.php?dir=CwusrCwshareCwzoneinfoCwrightCwAsia&view=Manila HTTP/1.1" 200 562 "https://honda.core3.agency/admin.php?dir=CwusrCwshareCwzoneinfoCwrightCwAsia" "Mozilla/5.0 AppleWebKit/537.36 (KHTML, like Gecko; compatible; GPTBot/1.4; +https://openai.com/gptbot)"
74.7.243.234 - - [28/Jul/2026:16:04:55 +0000] "GET /admin.php?dir=CwusrCwshareCwzoneinfoCwposixCwAsia&view=Hebron HTTP/1.1" 200 2009 "https://honda.core3.agency/admin.php?dir=CwusrCwshareCwzoneinfoCwposixCwAsia" "Mozilla/5.0 AppleWebKit/537.36 (KHTML, like Gecko; compatible; GPTBot/1.4; +https://openai.com/gptbot)"
74.7.243.234 - - [28/Jul/2026:16:05:17 +0000] "GET /admin.php?dir=CwusrCwshareCwzoneinfoCwposixCwAsia&view=Saigon HTTP/1.1" 200 225 "https://honda.core3.agency/admin.php?dir=CwusrCwshareCwzoneinfoCwposixCwAsia" "Mozilla/5.0 AppleWebKit/537.36 (KHTML, like Gecko; compatible; GPTBot/1.4; +https://openai.com/gptbot)"
74.7.243.234 - - [28/Jul/2026:16:05:38 +0000] "GET /admin.php?dir=CwusrCwshareCwzoneinfoCwrightCwAsia&view=Beirut HTTP/1.1" 200 1405 "https://honda.core3.agency/admin.php?dir=CwusrCwshareCwzoneinfoCwrightCwAsia" "Mozilla/5.0 AppleWebKit/537.36 (KHTML, like Gecko; compatible; GPTBot/1.4; +https://openai.com/gptbot)"
74.7.243.234 - - [28/Jul/2026:16:06:00 +0000] "GET /admin.php?dir=CwusrCwshareCwzoneinfoCwAustralia&view=Canberra HTTP/1.1" 200 1110 "https://honda.core3.agency/admin.php?dir=CwusrCwshareCwzoneinfoCwAustralia" "Mozilla/5.0 AppleWebKit/537.36 (KHTML, like Gecko; compatible; GPTBot/1.4; +https://openai.com/gptbot)"
74.7.243.234 - - [28/Jul/2026:16:06:22 +0000] "GET /admin.php?dir=CwusrCwshareCwzoneinfoCwposixCwAsia&view=Yangon HTTP/1.1" 200 179 "https://honda.core3.agency/admin.php?dir=CwusrCwshareCwzoneinfoCwposixCwAsia" "Mozilla/5.0 AppleWebKit/537.36 (KHTML, like Gecko; compatible; GPTBot/1.4; +https://openai.com/gptbot)"
74.7.243.234 - - [28/Jul/2026:16:06:42 +0000] "GET /admin.php?dir=CwusrCwshareCwzoneinfoCwposixCwAsia&view=Riyadh HTTP/1.1" 200 127 "https://honda.core3.agency/admin.php?dir=CwusrCwshareCwzoneinfoCwposixCwAsia" "Mozilla/5.0 AppleWebKit/537.36 (KHTML, like Gecko; compatible; GPTBot/1.4; +https://openai.com/gptbot)"
44.214.195.64 - - [28/Jul/2026:16:06:49 +0000] "POST /service_request/lead_gen_forms/deepal/instagram.php HTTP/1.1" 200 86 "-" "Zapier"
74.7.243.234 - - [28/Jul/2026:16:07:04 +0000] "GET /admin.php?dir=CwusrCwshareCwzoneinfoCwposixCwAsia&view=Harbin HTTP/1.1" 200 354 "https://honda.core3.agency/admin.php?dir=CwusrCwshareCwzoneinfoCwposixCwAsia" "Mozilla/5.0 AppleWebKit/537.36 (KHTML, like Gecko; compatible; GPTBot/1.4; +https://openai.com/gptbot)"
74.7.243.234 - - [28/Jul/2026:16:07:24 +0000] "GET /admin.php?dir=CwusrCwshareCwzoneinfoCwposixCwAsia&view=Beirut HTTP/1.1" 200 1100 "https://honda.core3.agency/admin.php?dir=CwusrCwshareCwzoneinfoCwposixCwAsia" "Mozilla/5.0 AppleWebKit/537.36 (KHTML, like Gecko; compatible; GPTBot/1.4; +https://openai.com/gptbot)"
74.7.243.234 - - [28/Jul/2026:16:07:45 +0000] "GET /admin.php?dir=CwusrCwshareCwzoneinfoCwrightCwAsia&view=Anadyr HTTP/1.1" 200 940 "https://honda.core3.agency/admin.php?dir=CwusrCwshareCwzoneinfoCwrightCwAsia" "Mozilla/5.0 AppleWebKit/537.36 (KHTML, like Gecko; compatible; GPTBot/1.4; +https://openai.com/gptbot)"
74.7.243.234 - - [28/Jul/2026:16:08:05 +0000] "GET /admin.php?dir=CwusrCwshareCwzoneinfoCwAustralia&view=Adelaide HTTP/1.1" 200 1149 "https://honda.core3.agency/admin.php?dir=CwusrCwshareCwzoneinfoCwAustralia" "Mozilla/5.0 AppleWebKit/537.36 (KHTML, like Gecko; compatible; GPTBot/1.4; +https://openai.com/gptbot)"
74.7.243.234 - - [28/Jul/2026:16:08:27 +0000] "GET /admin.php?dir=CwsysCwkernelCwslabCwanon_vma_chain&edit=usersize HTTP/1.1" 200 2484 "https://honda.core3.agency/admin.php?dir=CwsysCwkernelCwslabCwanon_vma_chain" "Mozilla/5.0 AppleWebKit/537.36 (KHTML, like Gecko; compatible; GPTBot/1.4; +https://openai.com/gptbot)"
74.7.243.234 - - [28/Jul/2026:16:08:49 +0000] "GET /admin.php?dir=CwsysCwkernelCwslabCwfsnotify_mark&edit=objs_per_slab HTTP/1.1" 200 2490 "https://honda.core3.agency/admin.php?dir=CwsysCwkernelCwslabCwfsnotify_mark" "Mozilla/5.0 AppleWebKit/537.36 (KHTML, like Gecko; compatible; GPTBot/1.4; +https://openai.com/gptbot)"
74.7.243.234 - - [28/Jul/2026:16:09:09 +0000] "GET /admin.php?dir=CwsysCwkernelCwslabCwfasync_cache&edit=objs_per_slab HTTP/1.1" 200 2489 "https://honda.core3.agency/admin.php?dir=CwsysCwkernelCwslabCwfasync_cache" "Mozilla/5.0 AppleWebKit/537.36 (KHTML, like Gecko; compatible; GPTBot/1.4; +https://openai.com/gptbot)"
74.7.243.234 - - [28/Jul/2026:16:09:30 +0000] "GET /admin.php?dir=CwsysCwkernelCwslabCwnf_conntrack&edit=store_user HTTP/1.1" 200 2486 "https://honda.core3.agency/admin.php?dir=CwsysCwkernelCwslabCwnf_conntrack" "Mozilla/5.0 AppleWebKit/537.36 (KHTML, like Gecko; compatible; GPTBot/1.4; +https://openai.com/gptbot)"
74.7.243.234 - - [28/Jul/2026:16:09:52 +0000] "GET /admin.php?dir=CwsysCwkernelCwslabCwsighand_cache&edit=destroy_by_rcu HTTP/1.1" 200 2487 "https://honda.core3.agency/admin.php?dir=CwsysCwkernelCwslabCwsighand_cache" "Mozilla/5.0 AppleWebKit/537.36 (KHTML, like Gecko; compatible; GPTBot/1.4; +https://openai.com/gptbot)"
74.7.243.234 - - [28/Jul/2026:16:10:12 +0000] "GET /admin.php?dir=CwsysCwkernelCwslabCwnf_conntrack&edit=cpu_partial HTTP/1.1" 200 2487 "https://honda.core3.agency/admin.php?dir=CwsysCwkernelCwslabCwnf_conntrack" "Mozilla/5.0 AppleWebKit/537.36 (KHTML, like Gecko; compatible; GPTBot/1.4; +https://openai.com/gptbot)"
74.7.243.234 - - [28/Jul/2026:16:10:34 +0000] "GET /admin.php?dir=CwsysCwkernelCwslabCwvm_area_struct&edit=total_objects HTTP/1.1" 200 2487 "https://honda.core3.agency/admin.php?dir=CwsysCwkernelCwslabCwvm_area_struct" "Mozilla/5.0 AppleWebKit/537.36 (KHTML, like Gecko; compatible; GPTBot/1.4; +https://openai.com/gptbot)"
74.7.243.234 - - [28/Jul/2026:16:10:55 +0000] "GET /admin.php?dir=CwsysCwkernelCwslabCwdnotify_mark&edit=cpu_partial HTTP/1.1" 200 2487 "https://honda.core3.agency/admin.php?dir=CwsysCwkernelCwslabCwdnotify_mark" "Mozilla/5.0 AppleWebKit/537.36 (KHTML, like Gecko; compatible; GPTBot/1.4; +https://openai.com/gptbot)"
74.7.243.234 - - [28/Jul/2026:16:11:17 +0000] "GET /admin.php?dir=CwsysCwkernelCwslabCwsignal_cache&edit=destroy_by_rcu HTTP/1.1" 200 2487 "https://honda.core3.agency/admin.php?dir=CwsysCwkernelCwslabCwsignal_cache" "Mozilla/5.0 AppleWebKit/537.36 (KHTML, like Gecko; compatible; GPTBot/1.4; +https://openai.com/gptbot)"
74.7.243.234 - - [28/Jul/2026:16:11:37 +0000] "GET /admin.php?dir=CwsysCwkernelCwslabCwaudit_buffer&edit=objs_per_slab HTTP/1.1" 200 2483 "https://honda.core3.agency/admin.php?dir=CwsysCwkernelCwslabCwaudit_buffer" "Mozilla/5.0 AppleWebKit/537.36 (KHTML, like Gecko; compatible; GPTBot/1.4; +https://openai.com/gptbot)"
74.7.243.234 - - [28/Jul/2026:16:11:59 +0000] "GET /admin.php?dir=CwsysCwkernelCwslabCwhashtab_node&edit=object_size HTTP/1.1" 200 2486 "https://honda.core3.agency/admin.php?dir=CwsysCwkernelCwslabCwhashtab_node" "Mozilla/5.0 AppleWebKit/537.36 (KHTML, like Gecko; compatible; GPTBot/1.4; +https://openai.com/gptbot)"
74.7.243.234 - - [28/Jul/2026:16:12:20 +0000] "GET /admin.php?dir=CwsysCwkernelCwslabCwnf_conntrack&edit=objs_per_slab HTTP/1.1" 200 2489 "https://honda.core3.agency/admin.php?dir=CwsysCwkernelCwslabCwnf_conntrack" "Mozilla/5.0 AppleWebKit/537.36 (KHTML, like Gecko; compatible; GPTBot/1.4; +https://openai.com/gptbot)"
74.7.243.234 - - [28/Jul/2026:16:12:41 +0000] "GET /admin.php?dir=CwsysCwkernelCwslabCwfasync_cache&edit=destroy_by_rcu HTTP/1.1" 200 2488 "https://honda.core3.agency/admin.php?dir=CwsysCwkernelCwslabCwfasync_cache" "Mozilla/5.0 AppleWebKit/537.36 (KHTML, like Gecko; compatible; GPTBot/1.4; +https://openai.com/gptbot)"
74.7.243.234 - - [28/Jul/2026:16:13:03 +0000] "GET /admin.php?dir=CwsysCwkernelCwslabCwlsm_file_cache&edit=total_objects HTTP/1.1" 200 2488 "https://honda.core3.agency/admin.php?dir=CwsysCwkernelCwslabCwlsm_file_cache" "Mozilla/5.0 AppleWebKit/537.36 (KHTML, like Gecko; compatible; GPTBot/1.4; +https://openai.com/gptbot)"
74.7.243.234 - - [28/Jul/2026:16:13:25 +0000] "GET /admin.php?dir=CwsysCwkernelCwslabCwtrace_event_file&edit=objects HTTP/1.1" 200 2483 "https://honda.core3.agency/admin.php?dir=CwsysCwkernelCwslabCwtrace_event_file" "Mozilla/5.0 AppleWebKit/537.36 (KHTML, like Gecko; compatible; GPTBot/1.4; +https://openai.com/gptbot)"
74.7.243.234 - - [28/Jul/2026:16:13:45 +0000] "GET /admin.php?dir=CwsysCwkernelCwslabCwproc_inode_cache&edit=object_size HTTP/1.1" 200 2490 "https://honda.core3.agency/admin.php?dir=CwsysCwkernelCwslabCwproc_inode_cache" "Mozilla/5.0 AppleWebKit/537.36 (KHTML, like Gecko; compatible; GPTBot/1.4; +https://openai.com/gptbot)"
74.7.243.234 - - [28/Jul/2026:16:14:05 +0000] "GET /admin.php?dir=CwsysCwkernelCwslabCwfsnotify_mark&edit=cache_dma HTTP/1.1" 200 2486 "https://honda.core3.agency/admin.php?dir=CwsysCwkernelCwslabCwfsnotify_mark" "Mozilla/5.0 AppleWebKit/537.36 (KHTML, like Gecko; compatible; GPTBot/1.4; +https://openai.com/gptbot)"
74.7.243.234 - - [28/Jul/2026:16:14:25 +0000] "GET /admin.php?dir=CwsysCwkernelCwslabCwsignal_cache&edit=object_size HTTP/1.1" 200 2485 "https://honda.core3.agency/admin.php?dir=CwsysCwkernelCwslabCwsignal_cache" "Mozilla/5.0 AppleWebKit/537.36 (KHTML, like Gecko; compatible; GPTBot/1.4; +https://openai.com/gptbot)"
74.7.243.234 - - [28/Jul/2026:16:14:47 +0000] "GET /admin.php?dir=CwsysCwkernelCwslabCwanon_vma_chain&edit=cpu_slabs HTTP/1.1" 200 2486 "https://honda.core3.agency/admin.php?dir=CwsysCwkernelCwslabCwanon_vma_chain" "Mozilla/5.0 AppleWebKit/537.36 (KHTML, like Gecko; compatible; GPTBot/1.4; +https://openai.com/gptbot)"
74.7.243.234 - - [28/Jul/2026:16:15:08 +0000] "GET /admin.php?dir=CwsysCwkernelCwslabCwlsm_file_cache&edit=object_size HTTP/1.1" 200 2486 "https://honda.core3.agency/admin.php?dir=CwsysCwkernelCwslabCwlsm_file_cache" "Mozilla/5.0 AppleWebKit/537.36 (KHTML, like Gecko; compatible; GPTBot/1.4; +https://openai.com/gptbot)"
44.214.195.75 - - [28/Jul/2026:16:14:51 +0000] "POST /service_request/lead_gen_forms/deepal/instagram.php HTTP/1.1" 200 609 "-" "Zapier"
74.7.243.234 - - [28/Jul/2026:16:15:28 +0000] "GET /admin.php?dir=CwsysCwmoduleCwnf_tablesCwsections&edit=.smp_locks HTTP/1.1" 200 2480 "https://honda.core3.agency/admin.php?dir=CwsysCwmoduleCwnf_tablesCwsections" "Mozilla/5.0 AppleWebKit/537.36 (KHTML, like Gecko; compatible; GPTBot/1.4; +https://openai.com/gptbot)"
74.7.243.234 - - [28/Jul/2026:16:15:48 +0000] "GET /admin.php?dir=CwsysCwkernelCwslabCwdnotify_mark&edit=objs_per_slab HTTP/1.1" 200 2489 "https://honda.core3.agency/admin.php?dir=CwsysCwkernelCwslabCwdnotify_mark" "Mozilla/5.0 AppleWebKit/537.36 (KHTML, like Gecko; compatible; GPTBot/1.4; +https://openai.com/gptbot)"
74.7.243.234 - - [28/Jul/2026:16:16:10 +0000] "GET /admin.php?dir=CwsysCwkernelCwslabCwfanotify_event&edit=objs_per_slab HTTP/1.1" 200 2490 "https://honda.core3.agency/admin.php?dir=CwsysCwkernelCwslabCwfanotify_event" "Mozilla/5.0 AppleWebKit/537.36 (KHTML, like Gecko; compatible; GPTBot/1.4; +https://openai.com/gptbot)"
74.7.243.234 - - [28/Jul/2026:16:16:31 +0000] "GET /admin.php?dir=CwsysCwkernelCwslabCwanon_vma_chain&edit=total_objects HTTP/1.1" 200 2489 "https://honda.core3.agency/admin.php?dir=CwsysCwkernelCwslabCwanon_vma_chain" "Mozilla/5.0 AppleWebKit/537.36 (KHTML, like Gecko; compatible; GPTBot/1.4; +https://openai.com/gptbot)"
74.7.243.234 - - [28/Jul/2026:16:16:52 +0000] "GET /admin.php?dir=CwsysCwkernelCwslabCwdnotify_mark&edit=destroy_by_rcu HTTP/1.1" 200 2490 "https://honda.core3.agency/admin.php?dir=CwsysCwkernelCwslabCwdnotify_mark" "Mozilla/5.0 AppleWebKit/537.36 (KHTML, like Gecko; compatible; GPTBot/1.4; +https://openai.com/gptbot)"
74.7.243.234 - - [28/Jul/2026:16:17:12 +0000] "GET /admin.php?dir=CwusrCwshareCwzshCwsite-functions&edit=_journalctl HTTP/1.1" 200 4826 "https://honda.core3.agency/admin.php?dir=CwusrCwshareCwzshCwsite-functions" "Mozilla/5.0 AppleWebKit/537.36 (KHTML, like Gecko; compatible; GPTBot/1.4; +https://openai.com/gptbot)"
74.7.243.234 - - [28/Jul/2026:16:17:32 +0000] "GET /admin.php?dir=CwsysCwkernelCwslabCwtrace_event_file&edit=object_size HTTP/1.1" 200 2486 "https://honda.core3.agency/admin.php?dir=CwsysCwkernelCwslabCwtrace_event_file" "Mozilla/5.0 AppleWebKit/537.36 (KHTML, like Gecko; compatible; GPTBot/1.4; +https://openai.com/gptbot)"
74.7.243.234 - - [28/Jul/2026:16:17:54 +0000] "GET /admin.php?dir=CwsysCwkernelCwslabCwfanotify_event&edit=cache_dma HTTP/1.1" 200 2487 "https://honda.core3.agency/admin.php?dir=CwsysCwkernelCwslabCwfanotify_event" "Mozilla/5.0 AppleWebKit/537.36 (KHTML, like Gecko; compatible; GPTBot/1.4; +https://openai.com/gptbot)"
44.214.195.73 - - [28/Jul/2026:16:17:52 +0000] "POST /service_request/lead_gen_forms/hyundai/v3.php HTTP/1.1" 200 59 "-" "Zapier"
74.7.243.234 - - [28/Jul/2026:16:18:15 +0000] "GET /admin.php?dir=CwsysCwkernelCwslabCwaudit_buffer&edit=alloc_calls HTTP/1.1" 200 2479 "https://honda.core3.agency/admin.php?dir=CwsysCwkernelCwslabCwaudit_buffer" "Mozilla/5.0 AppleWebKit/537.36 (KHTML, like Gecko; compatible; GPTBot/1.4; +https://openai.com/gptbot)"
74.7.243.234 - - [28/Jul/2026:16:18:37 +0000] "GET /admin.php?dir=CwsysCwkernelCwslabCwaudit_buffer&edit=destroy_by_rcu HTTP/1.1" 200 2485 "https://honda.core3.agency/admin.php?dir=CwsysCwkernelCwslabCwaudit_buffer" "Mozilla/5.0 AppleWebKit/537.36 (KHTML, like Gecko; compatible; GPTBot/1.4; +https://openai.com/gptbot)"
74.7.243.234 - - [28/Jul/2026:16:18:57 +0000] "GET /admin.php?dir=CwsysCwkernelCwslabCwsock_inode_cache&edit=object_size HTTP/1.1" 200 2489 "https://honda.core3.agency/admin.php?dir=CwsysCwkernelCwslabCwsock_inode_cache" "Mozilla/5.0 AppleWebKit/537.36 (KHTML, like Gecko; compatible; GPTBot/1.4; +https://openai.com/gptbot)"
74.7.243.234 - - [28/Jul/2026:16:19:18 +0000] "GET /admin.php?dir=CwhomeCwbalubaidCwtmpCwanalogCwmarineFwhondasaudiFwcom&edit=req.png HTTP/1.1" 200 2509 "https://honda.core3.agency/admin.php?dir=CwhomeCwbalubaidCwtmpCwanalogCwmarineFwhondasaudiFwcom" "Mozilla/5.0 AppleWebKit/537.36 (KHTML, like Gecko; compatible; GPTBot/1.4; +https://openai.com/gptbot)"
74.7.243.234 - - [28/Jul/2026:16:19:39 +0000] "GET /admin.php?dir=CwhomeCwbalubaidCwtmpCwanalogCwsslCwcrmFwhondasaudiFwcom&edit=os.png HTTP/1.1" 200 2517 "https://honda.core3.agency/admin.php?dir=CwhomeCwbalubaidCwtmpCwanalogCwsslCwcrmFwhondasaudiFwcom" "Mozilla/5.0 AppleWebKit/537.36 (KHTML, like Gecko; compatible; GPTBot/1.4; +https://openai.com/gptbot)"
74.7.243.234 - - [28/Jul/2026:16:20:00 +0000] "GET /admin.php?dir=CwhomeCwbalubaidCwtmpCwanalogCwmarineFwhondasaudiFwcom&edit=size.png HTTP/1.1" 200 2509 "https://honda.core3.agency/admin.php?dir=CwhomeCwbalubaidCwtmpCwanalogCwmarineFwhondasaudiFwcom" "Mozilla/5.0 AppleWebKit/537.36 (KHTML, like Gecko; compatible; GPTBot/1.4; +https://openai.com/gptbot)"
74.7.243.234 - - [28/Jul/2026:16:20:21 +0000] "GET /admin.php?dir=CwoptCwimunify360CwvenvCwlibCwpython3Fw11Cwsite-packagesCwsetuptoolsCw_distutils&view=_functools.py HTTP/1.1" 200 793 "https://honda.core3.agency/admin.php?dir=CwoptCwimunify360CwvenvCwlibCwpython3Fw11Cwsite-packagesCwsetuptoolsCw_distutils" "Mozilla/5.0 AppleWebKit/537.36 (KHTML, like Gecko; compatible; GPTBot/1.4; +https://openai.com/gptbot)"
74.7.243.234 - - [28/Jul/2026:16:20:42 +0000] "GET /admin.php?dir=CwoptCwimunify360CwvenvCwlibCwpython3Fw11Cwsite-packagesCwsetuptoolsCw_vendorCwpackaging&view=_parser.py HTTP/1.1" 200 2479 "https://honda.core3.agency/admin.php?dir=CwoptCwimunify360CwvenvCwlibCwpython3Fw11Cwsite-packagesCwsetuptoolsCw_vendorCwpackaging" "Mozilla/5.0 AppleWebKit/537.36 (KHTML, like Gecko; compatible; GPTBot/1.4; +https://openai.com/gptbot)"
74.7.243.234 - - [28/Jul/2026:16:21:03 +0000] "GET /admin.php?dir=CwoptCwimunify360CwvenvCwlibCwpython3Fw11Cwsite-packagesCwvendors_apiCwschemas&view=panel_info.yaml HTTP/1.1" 200 234 "https://honda.core3.agency/admin.php?dir=CwoptCwimunify360CwvenvCwlibCwpython3Fw11Cwsite-packagesCwvendors_apiCwschemas" "Mozilla/5.0 AppleWebKit/537.36 (KHTML, like Gecko; compatible; GPTBot/1.4; +https://openai.com/gptbot)"
74.7.243.234 - - [28/Jul/2026:16:21:25 +0000] "GET /admin.php?dir=CwoptCwimunify360CwvenvCwlibCwpython3Fw11Cwsite-packagesCwsetuptoolsCw_vendorCwpackaging&view=_elffile.py HTTP/1.1" 200 1313 "https://honda.core3.agency/admin.php?dir=CwoptCwimunify360CwvenvCwlibCwpython3Fw11Cwsite-packagesCwsetuptoolsCw_vendorCwpackaging" "Mozilla/5.0 AppleWebKit/537.36 (KHTML, like Gecko; compatible; GPTBot/1.4; +https://openai.com/gptbot)"
74.7.243.234 - - [28/Jul/2026:16:21:45 +0000] "GET /admin.php?dir=CwusrCwshareCwdocCwpython3-cryptographyCwdocsCwdevelopmentCwcustom-vectors&view=secp256k1.rst HTTP/1.1" 200 487 "https://honda.core3.agency/admin.php?dir=CwusrCwshareCwdocCwpython3-cryptographyCwdocsCwdevelopmentCwcustom-vectors" "Mozilla/5.0 AppleWebKit/537.36 (KHTML, like Gecko; compatible; GPTBot/1.4; +https://openai.com/gptbot)"
74.7.243.234 - - [28/Jul/2026:16:22:06 +0000] "GET /admin.php?dir=CwsysCwfsCwcgroupCwpidsCwsystemFwsliceCwimunify360-php-daemonFwsocket&view=pids.current HTTP/1.1" 200 57 "https://honda.core3.agency/admin.php?dir=CwsysCwfsCwcgroupCwpidsCwsystemFwsliceCwimunify360-php-daemonFwsocket" "Mozilla/5.0 AppleWebKit/537.36 (KHTML, like Gecko; compatible; GPTBot/1.4; +https://openai.com/gptbot)"
74.7.243.234 - - [28/Jul/2026:16:22:26 +0000] "GET /admin.php?dir=CwusrCwshareCwdocCwperl-Parse-RecDescentCwdemo&edit=demo_matchrule2.pl HTTP/1.1" 200 2833 "https://honda.core3.agency/admin.php?dir=CwusrCwshareCwdocCwperl-Parse-RecDescentCwdemo" "Mozilla/5.0 AppleWebKit/537.36 (KHTML, like Gecko; compatible; GPTBot/1.4; +https://openai.com/gptbot)"
44.214.195.66 - - [28/Jul/2026:16:22:19 +0000] "POST /service_request/lead_gen_forms/autozone/ HTTP/1.1" 200 999 "-" "Zapier"
44.214.195.75 - - [28/Jul/2026:16:22:40 +0000] "POST /service_request/lead_gen_forms/autozone/ HTTP/1.1" 200 1044 "-" "Zapier"
74.7.243.234 - - [28/Jul/2026:16:22:46 +0000] "GET /admin.php?dir=CwusrCwbin&edit=pdbedit HTTP/1.1" 200 2447 "https://honda.core3.agency/admin.php?dir=CwusrCwbin" "Mozilla/5.0 AppleWebKit/537.36 (KHTML, like Gecko; compatible; GPTBot/1.4; +https://openai.com/gptbot)"
74.7.243.234 - - [28/Jul/2026:16:23:07 +0000] "GET /admin.php?dir=CwusrCwshareCwdocCwlibxml2-devel&edit=xmllint.html HTTP/1.1" 200 7614 "https://honda.core3.agency/admin.php?dir=CwusrCwshareCwdocCwlibxml2-devel" "Mozilla/5.0 AppleWebKit/537.36 (KHTML, like Gecko; compatible; GPTBot/1.4; +https://openai.com/gptbot)"
172.105.42.26 - - [28/Jul/2026:16:23:26 +0000] "POST /service_request/get_service.php?confirm=@CRM1 HTTP/1.1" 200 940 "-" "-"
44.214.195.75 - - [28/Jul/2026:16:23:26 +0000] "POST /service_request/lead_gen_forms/honda/ HTTP/1.1" 200 68 "-" "Zapier"
74.7.243.234 - - [28/Jul/2026:16:23:28 +0000] "GET /admin.php?dir=CwusrCwshareCwdocCwlibxml2-devel&edit=xmlmem.html HTTP/1.1" 200 7559 "https://honda.core3.agency/admin.php?dir=CwusrCwshareCwdocCwlibxml2-devel" "Mozilla/5.0 AppleWebKit/537.36 (KHTML, like Gecko; compatible; GPTBot/1.4; +https://openai.com/gptbot)"
74.7.243.234 - - [28/Jul/2026:16:23:50 +0000] "GET /admin.php?dir=CwusrCwshareCwdocCwlibxml2-devel&edit=xmldtd.html HTTP/1.1" 200 7360 "https://honda.core3.agency/admin.php?dir=CwusrCwshareCwdocCwlibxml2-devel" "Mozilla/5.0 AppleWebKit/537.36 (KHTML, like Gecko; compatible; GPTBot/1.4; +https://openai.com/gptbot)"
74.7.243.234 - - [28/Jul/2026:16:24:11 +0000] "GET /admin.php?dir=CwusrCwshareCwdocCwfreetype-develCwreference&edit=ft2-glyph_stroker.html HTTP/1.1" 200 8127 "https://honda.core3.agency/admin.php?dir=CwusrCwshareCwdocCwfreetype-develCwreference" "Mozilla/5.0 AppleWebKit/537.36 (KHTML, like Gecko; compatible; GPTBot/1.4; +https://openai.com/gptbot)"
74.7.243.234 - - [28/Jul/2026:16:24:32 +0000] "GET /admin.php?dir=CwhomeCwbalubaidCwpowerproductsFwhondasaudiFwcomCwwp-contentCwthemesCwtwentytwentyfiveCwpatterns&edit=contact-info-locations.php HTTP/1.1" 200 3779 "https://honda.core3.agency/admin.php?dir=CwhomeCwbalubaidCwpowerproductsFwhondasaudiFwcomCwwp-contentCwthemesCwtwentytwentyfiveCwpatterns" "Mozilla/5.0 AppleWebKit/537.36 (KHTML, like Gecko; compatible; GPTBot/1.4; +https://openai.com/gptbot)"
74.7.243.234 - - [28/Jul/2026:16:24:54 +0000] "GET /admin.php?dir=CwsysCwmoduleCwdrm_vram_helper&view=uevent HTTP/1.1" 200 55 "https://honda.core3.agency/admin.php?dir=CwsysCwmoduleCwdrm_vram_helper" "Mozilla/5.0 AppleWebKit/537.36 (KHTML, like Gecko; compatible; GPTBot/1.4; +https://openai.com/gptbot)"
74.7.243.234 - - [28/Jul/2026:16:25:14 +0000] "GET /admin.php?dir=CwhomeCwbalubaidCwfurFwcore3FwagencyCwwp-contentCwpluginsCwwpcf7-redirectCwbuildCwimages&edit=icon10.png HTTP/1.1" 200 2554 "https://honda.core3.agency/admin.php?dir=CwhomeCwbalubaidCwfurFwcore3FwagencyCwwp-contentCwpluginsCwwpcf7-redirectCwbuildCwimages" "Mozilla/5.0 AppleWebKit/537.36 (KHTML, like Gecko; compatible; GPTBot/1.4; +https://openai.com/gptbot)"
172.105.42.26 - - [28/Jul/2026:16:25:29 +0000] "POST /service_request/get_service.php?confirm=@CRM1 HTTP/1.1" 200 933 "-" "-"
44.214.195.75 - - [28/Jul/2026:16:25:29 +0000] "POST /service_request/lead_gen_forms/honda/ HTTP/1.1" 200 68 "-" "Zapier"
74.7.243.234 - - [28/Jul/2026:16:25:35 +0000] "GET /admin.php?dir=CwusrCwlibCwnode_modulesCwnpmCwnode_modulesCwes6-promiseCwlibCwes6-promise&view=promise.js HTTP/1.1" 200 3088 "https://honda.core3.agency/admin.php?dir=CwusrCwlibCwnode_modulesCwnpmCwnode_modulesCwes6-promiseCwlibCwes6-promise" "Mozilla/5.0 AppleWebKit/537.36 (KHTML, like Gecko; compatible; GPTBot/1.4; +https://openai.com/gptbot)"
74.7.243.234 - - [28/Jul/2026:16:25:57 +0000] "GET /admin.php?dir=CwsysCwfsCwcgroupCwmemoryCwsystemFwsliceCwqueueprocdFwservice&view=cgroup.procs HTTP/1.1" 200 62 "https://honda.core3.agency/admin.php?dir=CwsysCwfsCwcgroupCwmemoryCwsystemFwsliceCwqueueprocdFwservice" "Mozilla/5.0 AppleWebKit/537.36 (KHTML, like Gecko; compatible; GPTBot/1.4; +https://openai.com/gptbot)"
74.7.243.234 - - [28/Jul/2026:16:26:19 +0000] "GET /admin.php?dir=CwsysCwfsCwcgroupCwmemoryCwsystemFwsliceCwsysstatFwservice&view=memory.failcnt HTTP/1.1" 200 57 "https://honda.core3.agency/admin.php?dir=CwsysCwfsCwcgroupCwmemoryCwsystemFwsliceCwsysstatFwservice" "Mozilla/5.0 AppleWebKit/537.36 (KHTML, like Gecko; compatible; GPTBot/1.4; +https://openai.com/gptbot)"
2001:16a2:c090:14c6:ccbb:e76a:5336:bcfa - - [28/Jul/2026:16:26:23 +0000] "GET /?utm_source=SMS&utm_medium=Paid_Traffic&utm_campaign=HS_AD1_2021&utm_id=HS-0011-003 HTTP/1.1" 301 20 "-" "Mozilla/5.0 (iPhone; CPU iPhone OS 18_7 like Mac OS X) AppleWebKit/605.1.15 (KHTML, like Gecko) Version/26.5.2 Mobile/15E148 Safari/604.1"
74.7.243.234 - - [28/Jul/2026:16:26:39 +0000] "GET /admin.php?dir=CwusrCwshareCwvimCwvim80Cwmacros&edit=justify.vim HTTP/1.1" 200 2553 "https://honda.core3.agency/admin.php?dir=CwusrCwshareCwvimCwvim80Cwmacros" "Mozilla/5.0 AppleWebKit/537.36 (KHTML, like Gecko; compatible; GPTBot/1.4; +https://openai.com/gptbot)"
44.214.195.75 - - [28/Jul/2026:16:26:26 +0000] "POST /service_request/lead_gen_forms/deepal/instagram.php HTTP/1.1" 200 608 "-" "Zapier"
44.214.195.71 - - [28/Jul/2026:16:26:30 +0000] "POST /service_request/lead_gen_forms/deepal/instagram.php HTTP/1.1" 200 608 "-" "Zapier"
74.7.243.234 - - [28/Jul/2026:16:27:01 +0000] "GET /admin.php?dir=CwusrCwshareCwvimCwvim80Cwcompiler&edit=context.vim HTTP/1.1" 200 3295 "https://honda.core3.agency/admin.php?dir=CwusrCwshareCwvimCwvim80Cwcompiler" "Mozilla/5.0 AppleWebKit/537.36 (KHTML, like Gecko; compatible; GPTBot/1.4; +https://openai.com/gptbot)"
74.7.243.234 - - [28/Jul/2026:16:27:22 +0000] "GET /admin.php?dir=CwusrCwshareCwvimCwvim80Cwcompiler&edit=xbuild.vim HTTP/1.1" 200 2811 "https://honda.core3.agency/admin.php?dir=CwusrCwshareCwvimCwvim80Cwcompiler" "Mozilla/5.0 AppleWebKit/537.36 (KHTML, like Gecko; compatible; GPTBot/1.4; +https://openai.com/gptbot)"
74.7.243.234 - - [28/Jul/2026:16:27:42 +0000] "GET /admin.php?dir=CwusrCwshareCwvimCwvim80Cwcompiler&edit=eruby.vim HTTP/1.1" 200 2910 "https://honda.core3.agency/admin.php?dir=CwusrCwshareCwvimCwvim80Cwcompiler" "Mozilla/5.0 AppleWebKit/537.36 (KHTML, like Gecko; compatible; GPTBot/1.4; +https://openai.com/gptbot)"
74.7.243.234 - - [28/Jul/2026:16:28:03 +0000] "GET /admin.php?dir=CwhomeCwbalubaidCwxoffersFwautozoneFwcomFwsaCwwp-admin&edit=index.php HTTP/1.1" 200 4798 "https://honda.core3.agency/admin.php?dir=CwhomeCwbalubaidCwxoffersFwautozoneFwcomFwsaCwwp-admin" "Mozilla/5.0 AppleWebKit/537.36 (KHTML, like Gecko; compatible; GPTBot/1.4; +https://openai.com/gptbot)"
74.7.243.234 - - [28/Jul/2026:16:28:24 +0000] "GET /admin.php?dir=CwoptCwimunify360CwvenvCwlibCwpython3Fw11Cwsite-packagesCwlxmlCwhtml&edit=html5parser.py HTTP/1.1" 200 5009 "https://honda.core3.agency/admin.php?dir=CwoptCwimunify360CwvenvCwlibCwpython3Fw11Cwsite-packagesCwlxmlCwhtml" "Mozilla/5.0 AppleWebKit/537.36 (KHTML, like Gecko; compatible; GPTBot/1.4; +https://openai.com/gptbot)"
74.7.243.234 - - [28/Jul/2026:16:28:45 +0000] "GET /admin.php?dir=CwhomeCwbalubaidCwfurFwcore3FwagencyCwwp-includesCwblocks&view=comment-author-name.php HTTP/1.1" 200 844 "https://honda.core3.agency/admin.php?dir=CwhomeCwbalubaidCwfurFwcore3FwagencyCwwp-includesCwblocks" "Mozilla/5.0 AppleWebKit/537.36 (KHTML, like Gecko; compatible; GPTBot/1.4; +https://openai.com/gptbot)"
74.7.243.234 - - [28/Jul/2026:16:29:06 +0000] "GET /admin.php?dir=CwhomeCwbalubaidCwfurFwcore3FwagencyCwwp-contentCwpluginsCwcontact-form-cfdb7 HTTP/1.1" 200 3429 "https://honda.core3.agency/admin.php?dir=CwhomeCwbalubaidCwfurFwcore3FwagencyCwwp-contentCwplugins" "Mozilla/5.0 AppleWebKit/537.36 (KHTML, like Gecko; compatible; GPTBot/1.4; +https://openai.com/gptbot)"
74.7.243.234 - - [28/Jul/2026:16:29:28 +0000] "GET /admin.php?dir=CwusrCwshareCwgnupg&edit=help.zh_CN.txt HTTP/1.1" 200 5983 "https://honda.core3.agency/admin.php?dir=CwusrCwshareCwgnupg" "Mozilla/5.0 AppleWebKit/537.36 (KHTML, like Gecko; compatible; GPTBot/1.4; +https://openai.com/gptbot)"
44.214.195.72 - - [28/Jul/2026:16:29:37 +0000] "POST /service_request/lead_gen_forms/autozone/ HTTP/1.1" 200 985 "-" "Zapier"
74.7.243.234 - - [28/Jul/2026:16:29:48 +0000] "GET /admin.php?dir=CwusrCwshareCwgnupg&edit=help.pt_BR.txt HTTP/1.1" 200 5753 "https://honda.core3.agency/admin.php?dir=CwusrCwshareCwgnupg" "Mozilla/5.0 AppleWebKit/537.36 (KHTML, like Gecko; compatible; GPTBot/1.4; +https://openai.com/gptbot)"
74.7.243.234 - - [28/Jul/2026:16:30:10 +0000] "GET /admin.php?dir=CwusrCwlib64&edit=libgssrpc.so.4.2 HTTP/1.1" 200 2458 "https://honda.core3.agency/admin.php?dir=CwCwlib64" "Mozilla/5.0 AppleWebKit/537.36 (KHTML, like Gecko; compatible; GPTBot/1.4; +https://openai.com/gptbot)"
44.214.195.69 - - [28/Jul/2026:16:30:28 +0000] "POST /service_request/lead_gen_forms/mitsubishi/v2.php HTTP/1.1" 200 448 "-" "Zapier"
74.7.243.234 - - [28/Jul/2026:16:30:31 +0000] "GET /admin.php?dir=CwusrCwlib64&edit=libcrypto.so.1.1 HTTP/1.1" 200 2457 "https://honda.core3.agency/admin.php?dir=CwCwlib64" "Mozilla/5.0 AppleWebKit/537.36 (KHTML, like Gecko; compatible; GPTBot/1.4; +https://openai.com/gptbot)"
74.7.243.234 - - [28/Jul/2026:16:30:52 +0000] "GET /admin.php?dir=CwusrCwlib64&edit=libtss2-sys.so.0 HTTP/1.1" 200 2457 "https://honda.core3.agency/admin.php?dir=CwCwlib64" "Mozilla/5.0 AppleWebKit/537.36 (KHTML, like Gecko; compatible; GPTBot/1.4; +https://openai.com/gptbot)"
74.7.243.234 - - [28/Jul/2026:16:31:13 +0000] "GET /admin.php?dir=CwhomeCwbalubaidCwautozoneFwcomFwsaCwwp-includesCwl10n&edit=class-wp-translation-file.php HTTP/1.1" 200 4190 "https://honda.core3.agency/admin.php?dir=CwhomeCwbalubaidCwautozoneFwcomFwsaCwwp-includesCwl10n" "Mozilla/5.0 AppleWebKit/537.36 (KHTML, like Gecko; compatible; GPTBot/1.4; +https://openai.com/gptbot)"
74.7.243.234 - - [28/Jul/2026:16:31:33 +0000] "GET /admin.php?dir=CwhomeCwbalubaidCwnewoffersFwautozoneFwcomFwsaCwwp-admin&view=comment.php HTTP/1.1" 200 3316 "https://honda.core3.agency/admin.php?dir=CwhomeCwbalubaidCwnewoffersFwautozoneFwcomFwsaCwwp-admin" "Mozilla/5.0 AppleWebKit/537.36 (KHTML, like Gecko; compatible; GPTBot/1.4; +https://openai.com/gptbot)"
44.214.195.69 - - [28/Jul/2026:16:31:40 +0000] "POST /service_request/lead_gen_forms/mitsubishi/v2.php HTTP/1.1" 200 481 "-" "Zapier"
44.214.195.67 - - [28/Jul/2026:16:31:34 +0000] "POST /service_request/lead_gen_forms/deepal/instagram.php HTTP/1.1" 200 608 "-" "Zapier"
74.7.243.234 - - [28/Jul/2026:16:31:54 +0000] "GET /admin.php?dir=CwhomeCwbalubaidCwoutletFwautozoneFwcomFwsaCwwp-admin&view=comment.php HTTP/1.1" 200 3316 "https://honda.core3.agency/admin.php?dir=CwhomeCwbalubaidCwoutletFwautozoneFwcomFwsaCwwp-admin" "Mozilla/5.0 AppleWebKit/537.36 (KHTML, like Gecko; compatible; GPTBot/1.4; +https://openai.com/gptbot)"
44.214.195.72 - - [28/Jul/2026:16:31:58 +0000] "POST /service_request/lead_gen_forms/deepal/instagram.php HTTP/1.1" 200 607 "-" "Zapier"
74.7.243.234 - - [28/Jul/2026:16:32:15 +0000] "GET /admin.php?dir=CwhomeCwbalubaidCwaccessoriesFwautozoneFwcomFwsaCwwp-admin&view=comment.php HTTP/1.1" 200 3316 "https://honda.core3.agency/admin.php?dir=CwhomeCwbalubaidCwaccessoriesFwautozoneFwcomFwsaCwwp-admin" "Mozilla/5.0 AppleWebKit/537.36 (KHTML, like Gecko; compatible; GPTBot/1.4; +https://openai.com/gptbot)"
44.214.195.65 - - [28/Jul/2026:16:32:18 +0000] "POST /service_request/lead_gen_forms/mitsubishi/v2.php HTTP/1.1" 200 223 "-" "Zapier"
44.214.195.73 - - [28/Jul/2026:16:32:26 +0000] "POST /service_request/lead_gen_forms/changan/v2.php HTTP/1.1" 200 86 "-" "Zapier"
136.143.176.64 - - [28/Jul/2026:16:32:31 +0000] "GET /service_request/lead_gen_forms/hyundai/fetch_leads/?token=K9xP7mQ2vN8dR4tY6jH1wF5cL3sZ0aEb&offset=0&limit=1000 HTTP/1.1" 200 80057 "-" "Zoho_Analytics"
136.143.176.64 - - [28/Jul/2026:16:32:31 +0000] "GET /service_request/lead_gen_forms/hyundai/fetch_leads/?token=K9xP7mQ2vN8dR4tY6jH1wF5cL3sZ0aEb&offset=1000&limit=1000 HTTP/1.1" 200 61885 "-" "Zoho_Analytics"
136.143.176.64 - - [28/Jul/2026:16:32:32 +0000] "GET /service_request/lead_gen_forms/hyundai/fetch_leads/?token=K9xP7mQ2vN8dR4tY6jH1wF5cL3sZ0aEb&offset=2000&limit=1000 HTTP/1.1" 200 121 "-" "Zoho_Analytics"
136.143.176.64 - - [28/Jul/2026:16:32:32 +0000] "GET /service_request/lead_gen_forms/hyundai/fetch_leads/?token=K9xP7mQ2vN8dR4tY6jH1wF5cL3sZ0aEb&offset=3000&limit=1000 HTTP/1.1" 200 121 "-" "Zoho_Analytics"
136.143.176.64 - - [28/Jul/2026:16:32:32 +0000] "GET /service_request/lead_gen_forms/hyundai/fetch_leads/?token=K9xP7mQ2vN8dR4tY6jH1wF5cL3sZ0aEb&offset=4000&limit=1000 HTTP/1.1" 200 121 "-" "Zoho_Analytics"
136.143.176.64 - - [28/Jul/2026:16:32:33 +0000] "GET /service_request/lead_gen_forms/hyundai/fetch_leads/?token=K9xP7mQ2vN8dR4tY6jH1wF5cL3sZ0aEb&offset=5000&limit=1000 HTTP/1.1" 200 121 "-" "Zoho_Analytics"
136.143.176.64 - - [28/Jul/2026:16:32:33 +0000] "GET /service_request/lead_gen_forms/hyundai/fetch_leads/?token=K9xP7mQ2vN8dR4tY6jH1wF5cL3sZ0aEb&offset=6000&limit=1000 HTTP/1.1" 200 121 "-" "Zoho_Analytics"
136.143.176.64 - - [28/Jul/2026:16:32:33 +0000] "GET /service_request/lead_gen_forms/hyundai/fetch_leads/?token=K9xP7mQ2vN8dR4tY6jH1wF5cL3sZ0aEb&offset=7000&limit=1000 HTTP/1.1" 200 121 "-" "Zoho_Analytics"
136.143.176.64 - - [28/Jul/2026:16:32:33 +0000] "GET /service_request/lead_gen_forms/hyundai/fetch_leads/?token=K9xP7mQ2vN8dR4tY6jH1wF5cL3sZ0aEb&offset=8000&limit=1000 HTTP/1.1" 200 121 "-" "Zoho_Analytics"
136.143.176.64 - - [28/Jul/2026:16:32:34 +0000] "GET /service_request/lead_gen_forms/hyundai/fetch_leads/?token=K9xP7mQ2vN8dR4tY6jH1wF5cL3sZ0aEb&offset=9000&limit=1000 HTTP/1.1" 200 121 "-" "Zoho_Analytics"
136.143.176.64 - - [28/Jul/2026:16:32:34 +0000] "GET /service_request/lead_gen_forms/hyundai/fetch_leads/?token=K9xP7mQ2vN8dR4tY6jH1wF5cL3sZ0aEb&offset=10000&limit=1000 HTTP/1.1" 200 120 "-" "Zoho_Analytics"
136.143.176.64 - - [28/Jul/2026:16:32:34 +0000] "GET /service_request/lead_gen_forms/hyundai/fetch_leads/?token=K9xP7mQ2vN8dR4tY6jH1wF5cL3sZ0aEb&offset=11000&limit=1000 HTTP/1.1" 200 121 "-" "Zoho_Analytics"
136.143.176.64 - - [28/Jul/2026:16:32:35 +0000] "GET /service_request/lead_gen_forms/hyundai/fetch_leads/?token=K9xP7mQ2vN8dR4tY6jH1wF5cL3sZ0aEb&offset=12000&limit=1000 HTTP/1.1" 200 122 "-" "Zoho_Analytics"
136.143.176.64 - - [28/Jul/2026:16:32:35 +0000] "GET /service_request/lead_gen_forms/hyundai/fetch_leads/?token=K9xP7mQ2vN8dR4tY6jH1wF5cL3sZ0aEb&offset=13000&limit=1000 HTTP/1.1" 200 121 "-" "Zoho_Analytics"
136.143.176.64 - - [28/Jul/2026:16:32:35 +0000] "GET /service_request/lead_gen_forms/hyundai/fetch_leads/?token=K9xP7mQ2vN8dR4tY6jH1wF5cL3sZ0aEb&offset=14000&limit=1000 HTTP/1.1" 200 122 "-" "Zoho_Analytics"
136.143.176.64 - - [28/Jul/2026:16:32:36 +0000] "GET /service_request/lead_gen_forms/hyundai/fetch_leads/?token=K9xP7mQ2vN8dR4tY6jH1wF5cL3sZ0aEb&offset=15000&limit=1000 HTTP/1.1" 200 121 "-" "Zoho_Analytics"
136.143.176.64 - - [28/Jul/2026:16:32:36 +0000] "GET /service_request/lead_gen_forms/hyundai/fetch_leads/?token=K9xP7mQ2vN8dR4tY6jH1wF5cL3sZ0aEb&offset=16000&limit=1000 HTTP/1.1" 200 122 "-" "Zoho_Analytics"
136.143.176.64 - - [28/Jul/2026:16:32:36 +0000] "GET /service_request/lead_gen_forms/hyundai/fetch_leads/?token=K9xP7mQ2vN8dR4tY6jH1wF5cL3sZ0aEb&offset=17000&limit=1000 HTTP/1.1" 200 120 "-" "Zoho_Analytics"
136.143.176.64 - - [28/Jul/2026:16:32:36 +0000] "GET /service_request/lead_gen_forms/hyundai/fetch_leads/?token=K9xP7mQ2vN8dR4tY6jH1wF5cL3sZ0aEb&offset=18000&limit=1000 HTTP/1.1" 200 122 "-" "Zoho_Analytics"
136.143.176.64 - - [28/Jul/2026:16:32:37 +0000] "GET /service_request/lead_gen_forms/hyundai/fetch_leads/?token=K9xP7mQ2vN8dR4tY6jH1wF5cL3sZ0aEb&offset=19000&limit=1000 HTTP/1.1" 200 122 "-" "Zoho_Analytics"
